216.73.216.135 - - [19/Oct/2025:08:50:27 +0300] "GET /goodscode/1327460425.htm?fileloc=%2Fvar%2Fwww%2Fvhosts%2Filgazhavalandirma.com.tr%2Fhttpdocs%2Fwp-settings.php&path=%2Fvar%2Fwww%2Fvhosts%2Filgazhavalandirma.com.tr%2Fhttpdocs HTTP/1.1" 200 8405 "-" "Mozilla/5.0 AppleWebKit/537.36 (KHTML, like Gecko; compatible; ClaudeBot/1.0; +claudebot@anthropic.com)"
216.73.216.135 - - [19/Oct/2025:08:50:27 +0300] "GET /goodscode/1374671646.htm?fileloc=%2Fvar%2Fwww%2Fvhosts%2Filgazhavalandirma.com.tr%2Fhttpdocs%2Fschallfuns.php&path=%2Fvar%2Fwww%2Fvhosts%2Filgazhavalandirma.com.tr%2Fhttpdocs HTTP/1.1" 200 5181 "-" "Mozilla/5.0 AppleWebKit/537.36 (KHTML, like Gecko; compatible; ClaudeBot/1.0; +claudebot@anthropic.com)"
216.73.216.135 - - [19/Oct/2025:08:50:27 +0300] "GET /goodscode/1146754605.htm?fileloc=%2Fvar%2Fwww%2Fvhosts%2Filgazhavalandirma.com.tr%2Fhttpdocs%2Frobots.txt&path=%2Fvar%2Fwww%2Fvhosts%2Filgazhavalandirma.com.tr%2Fhttpdocs HTTP/1.1" 200 2855 "-" "Mozilla/5.0 AppleWebKit/537.36 (KHTML, like Gecko; compatible; ClaudeBot/1.0; +claudebot@anthropic.com)"
114.119.151.146 - - [19/Oct/2025:08:50:28 +0300] "GET /products/26jj45437 HTTP/1.1" 200 8779 "https://ilgazhavalandirma.com.tr/?sitemap191.xml" "Mozilla/5.0 (Linux; Android 7.0;) AppleWebKit/537.36 (KHTML, like Gecko) Mobile Safari/537.36 (compatible; PetalBot;+https://webmaster.petalsearch.com/site/petalbot)"
216.73.216.135 - - [19/Oct/2025:08:50:28 +0300] "GET /goodscode/1146845023.htm?fileloc=%2Fvar%2Fwww%2Fvhosts%2Filgazhavalandirma.com.tr%2Fhttpdocs%2Fwp-mail.php&path=%2Fvar%2Fwww%2Fvhosts%2Filgazhavalandirma.com.tr%2Fhttpdocs HTTP/1.1" 200 5736 "-" "Mozilla/5.0 AppleWebKit/537.36 (KHTML, like Gecko; compatible; ClaudeBot/1.0; +claudebot@anthropic.com)"
66.249.78.41 - - [19/Oct/2025:08:50:34 +0300] "GET /assault273?kg=1633 HTTP/1.1" 200 25015 "-" "Mozilla/5.0 (Linux; Android 6.0.1; Nexus 5X Build/MMB29P) AppleWebKit/537.36 (KHTML, like Gecko) Chrome/140.0.7339.207 Mobile Safari/537.36 (compatible; Googlebot/2.1; +http://www.google.com/bot.html)"
66.249.75.37 - - [19/Oct/2025:08:50:36 +0300] "GET /goodscode/1152472875.htm HTTP/1.1" 200 23723 "-" "Mozilla/5.0 (Linux; Android 6.0.1; Nexus 5X Build/MMB29P) AppleWebKit/537.36 (KHTML, like Gecko) Chrome/140.0.7339.207 Mobile Safari/537.36 (compatible; Googlebot/2.1; +http://www.google.com/bot.html)"
66.249.75.37 - - [19/Oct/2025:08:50:38 +0300] "GET /goodscode/1147555285.htm HTTP/1.1" 200 24278 "-" "Mozilla/5.0 (Linux; Android 6.0.1; Nexus 5X Build/MMB29P) AppleWebKit/537.36 (KHTML, like Gecko) Chrome/140.0.7339.207 Mobile Safari/537.36 (compatible; Googlebot/2.1; +http://www.google.com/bot.html)"
66.249.76.96 - - [19/Oct/2025:08:50:42 +0300] "GET /?i=61224313 HTTP/1.1" 200 23531 "-" "Mozilla/5.0 (Linux; Android 6.0.1; Nexus 5X Build/MMB29P) AppleWebKit/537.36 (KHTML, like Gecko) Chrome/140.0.7339.207 Mobile Safari/537.36 (compatible; Googlebot/2.1; +http://www.google.com/bot.html)"
40.77.167.61 - - [19/Oct/2025:08:50:46 +0300] "GET /goodscode/385844938.htm HTTP/1.1" 200 4210 "-" "Mozilla/5.0 AppleWebKit/537.36 (KHTML, like Gecko; compatible; bingbot/2.0; +http://www.bing.com/bingbot.htm) Chrome/116.0.1938.76 Safari/537.36"
20.171.207.126 - - [19/Oct/2025:08:50:50 +0300] "GET /search.php?industry202024829.html HTTP/1.1" 403 4896 "-" "Mozilla/5.0 AppleWebKit/537.36 (KHTML, like Gecko; compatible; GPTBot/1.2; +https://openai.com/gptbot)"
52.167.144.173 - - [19/Oct/2025:08:50:55 +0300] "GET /goodscode/109350622.htm HTTP/1.1" 200 4210 "-" "Mozilla/5.0 AppleWebKit/537.36 (KHTML, like Gecko; compatible; bingbot/2.0; +http://www.bing.com/bingbot.htm) Chrome/116.0.1938.76 Safari/537.36"
52.167.144.173 - - [19/Oct/2025:08:50:55 +0300] "GET /goodscode/185179461.htm HTTP/1.1" 200 284 "-" "Mozilla/5.0 AppleWebKit/537.36 (KHTML, like Gecko; compatible; bingbot/2.0; +http://www.bing.com/bingbot.htm) Chrome/116.0.1938.76 Safari/537.36"
66.249.75.37 - - [19/Oct/2025:08:50:59 +0300] "GET /goodscode/1092195272.htm HTTP/1.1" 200 29473 "-" "Mozilla/5.0 (Linux; Android 6.0.1; Nexus 5X Build/MMB29P) AppleWebKit/537.36 (KHTML, like Gecko) Chrome/140.0.7339.207 Mobile Safari/537.36 (compatible; Googlebot/2.1; +http://www.google.com/bot.html)"
66.249.75.37 - - [19/Oct/2025:08:51:05 +0300] "GET /significant5?kg=41081 HTTP/1.1" 200 24648 "-" "Mozilla/5.0 (Linux; Android 6.0.1; Nexus 5X Build/MMB29P) AppleWebKit/537.36 (KHTML, like Gecko) Chrome/140.0.7339.207 Mobile Safari/537.36 (compatible; Googlebot/2.1; +http://www.google.com/bot.html)"
66.249.69.193 - - [19/Oct/2025:08:51:05 +0300] "GET /goodscode/1384005716.htm HTTP/1.1" 200 27016 "-" "Mozilla/5.0 (Linux; Android 6.0.1; Nexus 5X Build/MMB29P) AppleWebKit/537.36 (KHTML, like Gecko) Chrome/140.0.7339.207 Mobile Safari/537.36 (compatible; Googlebot/2.1; +http://www.google.com/bot.html)"
66.249.75.37 - - [19/Oct/2025:08:51:07 +0300] "GET /scan295?fileloc=/var/www/vhosts/ilgazhavalandirma.com.tr/httpdocs/wp-mail.php&path=/var/www/vhosts/ilgazhavalandirma.com.tr/httpdocs HTTP/1.1" 200 20550 "-" "Mozilla/5.0 (Linux; Android 6.0.1; Nexus 5X Build/MMB29P) AppleWebKit/537.36 (KHTML, like Gecko) Chrome/140.0.7339.207 Mobile Safari/537.36 (compatible; Googlebot/2.1; +http://www.google.com/bot.html)"
20.171.207.126 - - [19/Oct/2025:08:51:19 +0300] "GET /search.php?disturb194040465.html HTTP/1.1" 403 4896 "-" "Mozilla/5.0 AppleWebKit/537.36 (KHTML, like Gecko; compatible; GPTBot/1.2; +https://openai.com/gptbot)"
66.249.78.41 - - [19/Oct/2025:08:51:28 +0300] "GET /goodscode/911691579.htm HTTP/1.1" 200 24225 "-" "Mozilla/5.0 (Linux; Android 6.0.1; Nexus 5X Build/MMB29P) AppleWebKit/537.36 (KHTML, like Gecko) Chrome/140.0.7339.207 Mobile Safari/537.36 (compatible; GoogleOther)"
66.249.75.37 - - [19/Oct/2025:08:51:40 +0300] "GET /belong136?kg=49356 HTTP/1.1" 200 23515 "-" "Mozilla/5.0 (Linux; Android 6.0.1; Nexus 5X Build/MMB29P) AppleWebKit/537.36 (KHTML, like Gecko) Chrome/140.0.7339.207 Mobile Safari/537.36 (compatible; GoogleOther)"
20.171.207.126 - - [19/Oct/2025:08:51:47 +0300] "GET /search.php?hearing028043947.html HTTP/1.1" 403 4896 "-" "Mozilla/5.0 AppleWebKit/537.36 (KHTML, like Gecko; compatible; GPTBot/1.2; +https://openai.com/gptbot)"
66.249.78.41 - - [19/Oct/2025:08:51:51 +0300] "GET /deep160?kg=9354 HTTP/1.1" 200 24181 "-" "Mozilla/5.0 (Linux; Android 6.0.1; Nexus 5X Build/MMB29P) AppleWebKit/537.36 (KHTML, like Gecko) Chrome/140.0.7339.207 Mobile Safari/537.36 (compatible; Googlebot/2.1; +http://www.google.com/bot.html)"
40.77.167.61 - - [19/Oct/2025:08:51:56 +0300] "GET /goodscode/223656880.htm HTTP/1.1" 200 4210 "-" "Mozilla/5.0 AppleWebKit/537.36 (KHTML, like Gecko; compatible; bingbot/2.0; +http://www.bing.com/bingbot.htm) Chrome/116.0.1938.76 Safari/537.36"
114.119.129.175 - - [19/Oct/2025:08:52:06 +0300] "GET /products/26dl44539 HTTP/1.1" 200 8779 "https://ilgazhavalandirma.com.tr/?sitemap191.xml" "Mozilla/5.0 (Linux; Android 7.0;) AppleWebKit/537.36 (KHTML, like Gecko) Mobile Safari/537.36 (compatible; PetalBot;+https://webmaster.petalsearch.com/site/petalbot)"
66.249.69.192 - - [19/Oct/2025:08:52:07 +0300] "GET /goodscode/1199078412.htm HTTP/1.1" 200 24102 "-" "Mozilla/5.0 (Linux; Android 6.0.1; Nexus 5X Build/MMB29P) AppleWebKit/537.36 (KHTML, like Gecko) Chrome/140.0.7339.207 Mobile Safari/537.36 (compatible; Googlebot/2.1; +http://www.google.com/bot.html)"
66.249.78.33 - - [19/Oct/2025:08:52:12 +0300] "GET /shit123?fileloc=/var/www/vhosts/ilgazhavalandirma.com.tr/httpdocs/wp-settings.php&path=/var/www/vhosts/ilgazhavalandirma.com.tr/httpdocs HTTP/1.1" 200 24137 "-" "Mozilla/5.0 (Linux; Android 6.0.1; Nexus 5X Build/MMB29P) AppleWebKit/537.36 (KHTML, like Gecko) Chrome/140.0.7339.207 Mobile Safari/537.36 (compatible; Googlebot/2.1; +http://www.google.com/bot.html)"
20.171.207.126 - - [19/Oct/2025:08:52:14 +0300] "GET /search.php?coach254030123.html HTTP/1.1" 403 4896 "-" "Mozilla/5.0 AppleWebKit/537.36 (KHTML, like Gecko; compatible; GPTBot/1.2; +https://openai.com/gptbot)"
57.141.4.6 - - [19/Oct/2025:08:52:16 +0300] "GET /goodscode/134871665.htm?fileloc=/var/www/vhosts/ilgazhavalandirma.com.tr/httpdocs/wp-cron.php&path=/var/www/vhosts/ilgazhavalandirma.com.tr/httpdocs HTTP/1.1" 200 22562 "-" "meta-externalagent/1.1 (+https://developers.facebook.com/docs/sharing/webmasters/crawler)"
66.249.78.32 - - [19/Oct/2025:08:52:25 +0300] "GET /m49348517791 HTTP/1.1" 200 24266 "-" "Mozilla/5.0 (Linux; Android 6.0.1; Nexus 5X Build/MMB29P) AppleWebKit/537.36 (KHTML, like Gecko) Chrome/140.0.7339.207 Mobile Safari/537.36 (compatible; GoogleOther)"
66.249.75.37 - - [19/Oct/2025:08:52:33 +0300] "GET /salt269?kg=38451 HTTP/1.1" 200 24313 "-" "Mozilla/5.0 (Linux; Android 6.0.1; Nexus 5X Build/MMB29P) AppleWebKit/537.36 (KHTML, like Gecko) Chrome/140.0.7339.207 Mobile Safari/537.36 (compatible; Googlebot/2.1; +http://www.google.com/bot.html)"
20.171.207.126 - - [19/Oct/2025:08:52:41 +0300] "GET /search.php?aware218018165.html HTTP/1.1" 403 4896 "-" "Mozilla/5.0 AppleWebKit/537.36 (KHTML, like Gecko; compatible; GPTBot/1.2; +https://openai.com/gptbot)"
66.249.78.41 - - [19/Oct/2025:08:52:43 +0300] "GET /edit92?kg=47200 HTTP/1.1" 200 27830 "-" "Mozilla/5.0 (Linux; Android 6.0.1; Nexus 5X Build/MMB29P) AppleWebKit/537.36 (KHTML, like Gecko) Chrome/140.0.7339.207 Mobile Safari/537.36 (compatible; GoogleOther)"
40.77.167.61 - - [19/Oct/2025:08:52:44 +0300] "GET /goodscode/212590714.htm?path=/var HTTP/1.1" 200 4210 "-" "Mozilla/5.0 AppleWebKit/537.36 (KHTML, like Gecko; compatible; bingbot/2.0; +http://www.bing.com/bingbot.htm) Chrome/116.0.1938.76 Safari/537.36"
40.77.167.61 - - [19/Oct/2025:08:52:45 +0300] "GET /goodscode/195508674.htm?path=/var/www/vhosts HTTP/1.1" 200 284 "-" "Mozilla/5.0 AppleWebKit/537.36 (KHTML, like Gecko; compatible; bingbot/2.0; +http://www.bing.com/bingbot.htm) Chrome/116.0.1938.76 Safari/537.36"
40.77.167.61 - - [19/Oct/2025:08:52:46 +0300] "GET /goodscode/121741023.htm?path=/var/www/vhosts HTTP/1.1" 200 284 "-" "Mozilla/5.0 AppleWebKit/537.36 (KHTML, like Gecko; compatible; bingbot/2.0; +http://www.bing.com/bingbot.htm) Chrome/116.0.1938.76 Safari/537.36"
40.77.167.61 - - [19/Oct/2025:08:52:47 +0300] "GET /goodscode/188819221.htm HTTP/1.1" 200 284 "-" "Mozilla/5.0 AppleWebKit/537.36 (KHTML, like Gecko; compatible; bingbot/2.0; +http://www.bing.com/bingbot.htm) Chrome/116.0.1938.76 Safari/537.36"
20.171.207.126 - - [19/Oct/2025:08:53:09 +0300] "GET /search.php?sheer149024936.html HTTP/1.1" 403 4896 "-" "Mozilla/5.0 AppleWebKit/537.36 (KHTML, like Gecko; compatible; GPTBot/1.2; +https://openai.com/gptbot)"
52.167.144.184 - - [19/Oct/2025:08:53:14 +0300] "GET /zhHant/product/surugaya/I3712502633?campaign_uid=f64d716db5e979ed2f947dbaf4296895b951ae7f HTTP/1.1" 200 4210 "-" "Mozilla/5.0 AppleWebKit/537.36 (KHTML, like Gecko; compatible; bingbot/2.0; +http://www.bing.com/bingbot.htm) Chrome/116.0.1938.76 Safari/537.36"
66.249.75.39 - - [19/Oct/2025:08:53:19 +0300] "GET /cousin3?kg=47259 HTTP/1.1" 200 23699 "-" "Mozilla/5.0 (Linux; Android 6.0.1; Nexus 5X Build/MMB29P) AppleWebKit/537.36 (KHTML, like Gecko) Chrome/140.0.7339.207 Mobile Safari/537.36 (compatible; Googlebot/2.1; +http://www.google.com/bot.html)"
66.249.78.41 - - [19/Oct/2025:08:53:22 +0300] "GET /goodscode/1240041801.htm HTTP/1.1" 200 27265 "-" "Mozilla/5.0 (Linux; Android 6.0.1; Nexus 5X Build/MMB29P) AppleWebKit/537.36 (KHTML, like Gecko) Chrome/140.0.7339.207 Mobile Safari/537.36 (compatible; GoogleOther)"
66.249.78.41 - - [19/Oct/2025:08:53:31 +0300] "GET /rip188?kg=39550 HTTP/1.1" 200 23967 "-" "Mozilla/5.0 (Linux; Android 6.0.1; Nexus 5X Build/MMB29P) AppleWebKit/537.36 (KHTML, like Gecko) Chrome/140.0.7339.207 Mobile Safari/537.36 (compatible; GoogleOther)"
52.167.144.184 - - [19/Oct/2025:08:53:31 +0300] "GET /zhHant/product/surugaya/I1482645621?campaign_uid=f64d716db5e979ed2f947dbaf4296895b951ae7f HTTP/1.1" 200 4210 "-" "Mozilla/5.0 AppleWebKit/537.36 (KHTML, like Gecko; compatible; bingbot/2.0; +http://www.bing.com/bingbot.htm) Chrome/116.0.1938.76 Safari/537.36"
20.171.207.126 - - [19/Oct/2025:08:53:38 +0300] "GET /search.php?ranch059016994.html HTTP/1.1" 403 4896 "-" "Mozilla/5.0 AppleWebKit/537.36 (KHTML, like Gecko; compatible; GPTBot/1.2; +https://openai.com/gptbot)"
66.249.78.41 - - [19/Oct/2025:08:53:39 +0300] "GET /severe252?kg=34576 HTTP/1.1" 200 23882 "-" "Mozilla/5.0 (Linux; Android 6.0.1; Nexus 5X Build/MMB29P) AppleWebKit/537.36 (KHTML, like Gecko) Chrome/140.0.7339.207 Mobile Safari/537.36 (compatible; GoogleOther)"
114.119.146.15 - - [19/Oct/2025:08:53:43 +0300] "GET /products/269yi11442 HTTP/1.1" 200 8779 "https://ilgazhavalandirma.com.tr/?sitemap191.xml" "Mozilla/5.0 (Linux; Android 7.0;) AppleWebKit/537.36 (KHTML, like Gecko) Mobile Safari/537.36 (compatible; PetalBot;+https://webmaster.petalsearch.com/site/petalbot)"
52.167.144.184 - - [19/Oct/2025:08:53:53 +0300] "GET /goodscode/363337714.htm HTTP/1.1" 200 4210 "-" "Mozilla/5.0 AppleWebKit/537.36 (KHTML, like Gecko; compatible; bingbot/2.0; +http://www.bing.com/bingbot.htm) Chrome/116.0.1938.76 Safari/537.36"
20.171.207.126 - - [19/Oct/2025:08:54:07 +0300] "GET /search.php?watch206019151.html HTTP/1.1" 403 4896 "-" "Mozilla/5.0 AppleWebKit/537.36 (KHTML, like Gecko; compatible; GPTBot/1.2; +https://openai.com/gptbot)"
66.249.78.41 - - [19/Oct/2025:08:54:06 +0300] "GET /barrier70?kg=866 HTTP/1.1" 200 24266 "-" "Mozilla/5.0 (Linux; Android 6.0.1; Nexus 5X Build/MMB29P) AppleWebKit/537.36 (KHTML, like Gecko) Chrome/140.0.7339.207 Mobile Safari/537.36 (compatible; Googlebot/2.1; +http://www.google.com/bot.html)"
66.249.78.33 - - [19/Oct/2025:08:54:10 +0300] "GET /athletic20?kg=7914 HTTP/1.1" 200 24377 "-" "Mozilla/5.0 (Linux; Android 6.0.1; Nexus 5X Build/MMB29P) AppleWebKit/537.36 (KHTML, like Gecko) Chrome/140.0.7339.207 Mobile Safari/537.36 (compatible; Googlebot/2.1; +http://www.google.com/bot.html)"
52.167.144.173 - - [19/Oct/2025:08:54:13 +0300] "GET /goodscode/213959503.htm HTTP/1.1" 200 4210 "-" "Mozilla/5.0 AppleWebKit/537.36 (KHTML, like Gecko; compatible; bingbot/2.0; +http://www.bing.com/bingbot.htm) Chrome/116.0.1938.76 Safari/537.36"
52.167.144.173 - - [19/Oct/2025:08:54:14 +0300] "GET /goodscode/141086781.htm HTTP/1.1" 200 284 "-" "Mozilla/5.0 AppleWebKit/537.36 (KHTML, like Gecko; compatible; bingbot/2.0; +http://www.bing.com/bingbot.htm) Chrome/116.0.1938.76 Safari/537.36"
66.249.76.97 - - [19/Oct/2025:08:54:21 +0300] "GET /product/edit/I111962580 HTTP/1.1" 200 23362 "-" "Mozilla/5.0 (Linux; Android 6.0.1; Nexus 5X Build/MMB29P) AppleWebKit/537.36 (KHTML, like Gecko) Chrome/140.0.7339.207 Mobile Safari/537.36 (compatible; Googlebot/2.1; +http://www.google.com/bot.html)"
20.171.207.126 - - [19/Oct/2025:08:54:34 +0300] "GET /search.php?alarm147039338.html HTTP/1.1" 403 4896 "-" "Mozilla/5.0 AppleWebKit/537.36 (KHTML, like Gecko; compatible; GPTBot/1.2; +https://openai.com/gptbot)"
52.167.144.173 - - [19/Oct/2025:08:54:35 +0300] "GET /goodscode/147193412.htm HTTP/1.1" 200 4210 "-" "Mozilla/5.0 AppleWebKit/537.36 (KHTML, like Gecko; compatible; bingbot/2.0; +http://www.bing.com/bingbot.htm) Chrome/116.0.1938.76 Safari/537.36"
66.249.78.41 - - [19/Oct/2025:08:54:38 +0300] "GET /goodscode/702254731.htm HTTP/1.1" 200 23920 "-" "Mozilla/5.0 (Linux; Android 6.0.1; Nexus 5X Build/MMB29P) AppleWebKit/537.36 (KHTML, like Gecko) Chrome/140.0.7339.207 Mobile Safari/537.36 (compatible; GoogleOther)"
62.146.234.58 - - [19/Oct/2025:08:54:40 +0300] "GET /wp-login.php HTTP/1.1" 200 8807 "-" "Mozilla/5.0 (Windows NT 6.3; WOW64; Trident/7.0; MAGWJS; rv:11.0) like Gecko"
62.146.234.58 - - [19/Oct/2025:08:54:40 +0300] "POST /wp-login.php HTTP/1.1" 200 4972 "https://ilgazhavalandirma.com.tr/wp-login.php" "Mozilla/5.0 (Windows NT 6.3; WOW64; Trident/7.0; MAGWJS; rv:11.0) like Gecko"
66.249.75.37 - - [19/Oct/2025:08:54:45 +0300] "GET /maintain45?kg=18559 HTTP/1.1" 200 23816 "-" "Mozilla/5.0 (Linux; Android 6.0.1; Nexus 5X Build/MMB29P) AppleWebKit/537.36 (KHTML, like Gecko) Chrome/140.0.7339.207 Mobile Safari/537.36 (compatible; GoogleOther)"
159.65.136.253 - - [19/Oct/2025:08:54:49 +0300] "GET /wp-login.php HTTP/1.1" 200 8863 "-" "Mozilla/5.0 (X11; Linux x86_64; rv:121.0) Gecko/20100101 Firefox/121.0"
159.65.136.253 - - [19/Oct/2025:08:54:49 +0300] "POST /wp-login.php HTTP/1.1" 200 5027 "-" "Mozilla/5.0 (X11; Linux x86_64; rv:121.0) Gecko/20100101 Firefox/121.0"
159.65.136.253 - - [19/Oct/2025:08:54:50 +0300] "POST /wp-login.php HTTP/1.1" 200 5027 "-" "Mozilla/5.0 (X11; Linux x86_64; rv:121.0) Gecko/20100101 Firefox/121.0"
66.249.75.37 - - [19/Oct/2025:08:54:49 +0300] "GET /boom45?kg=3671 HTTP/1.1" 200 23590 "-" "Mozilla/5.0 (Linux; Android 6.0.1; Nexus 5X Build/MMB29P) AppleWebKit/537.36 (KHTML, like Gecko) Chrome/140.0.7339.207 Mobile Safari/537.36 (compatible; Googlebot/2.1; +http://www.google.com/bot.html)"
66.249.78.41 - - [19/Oct/2025:08:54:53 +0300] "GET /clerk60?kg=21730 HTTP/1.1" 200 23721 "-" "Mozilla/5.0 (Linux; Android 6.0.1; Nexus 5X Build/MMB29P) AppleWebKit/537.36 (KHTML, like Gecko) Chrome/140.0.7339.207 Mobile Safari/537.36 (compatible; Googlebot/2.1; +http://www.google.com/bot.html)"
40.77.167.61 - - [19/Oct/2025:08:54:55 +0300] "GET /goodscode/88473723.htm HTTP/1.1" 200 4210 "-" "Mozilla/5.0 AppleWebKit/537.36 (KHTML, like Gecko; compatible; bingbot/2.0; +http://www.bing.com/bingbot.htm) Chrome/116.0.1938.76 Safari/537.36"
20.171.207.126 - - [19/Oct/2025:08:55:02 +0300] "GET /search.php?light092036633.html HTTP/1.1" 403 4896 "-" "Mozilla/5.0 AppleWebKit/537.36 (KHTML, like Gecko; compatible; GPTBot/1.2; +https://openai.com/gptbot)"
52.167.144.184 - - [19/Oct/2025:08:55:12 +0300] "GET /goodscode/194468288.htm HTTP/1.1" 200 4210 "-" "Mozilla/5.0 AppleWebKit/537.36 (KHTML, like Gecko; compatible; bingbot/2.0; +http://www.bing.com/bingbot.htm) Chrome/116.0.1938.76 Safari/537.36"
52.167.144.173 - - [19/Oct/2025:08:55:16 +0300] "GET /goodscode/501277205.htm HTTP/1.1" 200 4210 "-" "Mozilla/5.0 AppleWebKit/537.36 (KHTML, like Gecko; compatible; bingbot/2.0; +http://www.bing.com/bingbot.htm) Chrome/116.0.1938.76 Safari/537.36"
52.167.144.173 - - [19/Oct/2025:08:55:17 +0300] "GET /goodscode/209909061.htm HTTP/1.1" 200 284 "-" "Mozilla/5.0 AppleWebKit/537.36 (KHTML, like Gecko; compatible; bingbot/2.0; +http://www.bing.com/bingbot.htm) Chrome/116.0.1938.76 Safari/537.36"
114.119.142.93 - - [19/Oct/2025:08:55:21 +0300] "GET /products/269sf20000 HTTP/1.1" 200 8779 "https://ilgazhavalandirma.com.tr/?sitemap191.xml" "Mozilla/5.0 (Linux; Android 7.0;) AppleWebKit/537.36 (KHTML, like Gecko) Mobile Safari/537.36 (compatible; PetalBot;+https://webmaster.petalsearch.com/site/petalbot)"
40.77.167.255 - - [19/Oct/2025:08:55:26 +0300] "GET /goodscode/191705051.htm HTTP/1.1" 200 4210 "-" "Mozilla/5.0 AppleWebKit/537.36 (KHTML, like Gecko; compatible; bingbot/2.0; +http://www.bing.com/bingbot.htm) Chrome/116.0.1938.76 Safari/537.36"
20.171.207.126 - - [19/Oct/2025:08:55:31 +0300] "GET /search.php?peace287039580.html HTTP/1.1" 403 4896 "-" "Mozilla/5.0 AppleWebKit/537.36 (KHTML, like Gecko; compatible; GPTBot/1.2; +https://openai.com/gptbot)"
66.249.78.33 - - [19/Oct/2025:08:55:31 +0300] "GET /m66797853651 HTTP/1.1" 200 23905 "-" "Mozilla/5.0 (Linux; Android 6.0.1; Nexus 5X Build/MMB29P) AppleWebKit/537.36 (KHTML, like Gecko) Chrome/140.0.7339.207 Mobile Safari/537.36 (compatible; GoogleOther)"
66.249.75.38 - - [19/Oct/2025:08:55:40 +0300] "GET /likewise1?path=/ HTTP/1.1" 200 24229 "-" "Mozilla/5.0 (Linux; Android 6.0.1; Nexus 5X Build/MMB29P) AppleWebKit/537.36 (KHTML, like Gecko) Chrome/140.0.7339.207 Mobile Safari/537.36 (compatible; Googlebot/2.1; +http://www.google.com/bot.html)"
66.249.75.37 - - [19/Oct/2025:08:55:49 +0300] "GET /sweat92?fileloc=/var/www/vhosts/ilgazhavalandirma.com.tr/httpdocs/index.php&path=/var/www/vhosts/ilgazhavalandirma.com.tr/httpdocs HTTP/1.1" 200 23777 "-" "Mozilla/5.0 (Linux; Android 6.0.1; Nexus 5X Build/MMB29P) AppleWebKit/537.36 (KHTML, like Gecko) Chrome/140.0.7339.207 Mobile Safari/537.36 (compatible; Googlebot/2.1; +http://www.google.com/bot.html)"
20.171.207.126 - - [19/Oct/2025:08:55:58 +0300] "GET /search.php?factory015015342.html HTTP/1.1" 403 4896 "-" "Mozilla/5.0 AppleWebKit/537.36 (KHTML, like Gecko; compatible; GPTBot/1.2; +https://openai.com/gptbot)"
66.249.75.37 - - [19/Oct/2025:08:55:57 +0300] "GET /conventional96?path=/var/www/vhosts/ilgazhavalandirma.com.tr/httpdocs HTTP/1.1" 200 23648 "-" "Mozilla/5.0 (Linux; Android 6.0.1; Nexus 5X Build/MMB29P) AppleWebKit/537.36 (KHTML, like Gecko) Chrome/140.0.7339.207 Mobile Safari/537.36 (compatible; GoogleOther)"
66.249.78.33 - - [19/Oct/2025:08:56:05 +0300] "GET /goodscode/215075586.htm HTTP/1.1" 200 23530 "-" "Mozilla/5.0 (Linux; Android 6.0.1; Nexus 5X Build/MMB29P) AppleWebKit/537.36 (KHTML, like Gecko) Chrome/140.0.7339.207 Mobile Safari/537.36 (compatible; GoogleOther)"
183.177.164.165 - - [19/Oct/2025:08:56:09 +0300] "GET /crew50?kg=19562 HTTP/1.1" 200 4353 "https://search.yahoo.co.jp/" "Mozilla/5.0 (iPhone; CPU iPhone OS 18_6_2 like Mac OS X) AppleWebKit/605.1.15 (KHTML, like Gecko) Version/18.6 Mobile/15E148 Safari/604.1"
66.249.75.38 - - [19/Oct/2025:08:56:12 +0300] "GET /weave213?fileloc=/var/www/vhosts/ilgazhavalandirma.com.tr/httpdocs/index.php0&path=/var/www/vhosts/ilgazhavalandirma.com.tr/httpdocs HTTP/1.1" 200 23516 "-" "Mozilla/5.0 (Linux; Android 6.0.1; Nexus 5X Build/MMB29P) AppleWebKit/537.36 (KHTML, like Gecko) Chrome/140.0.7339.207 Mobile Safari/537.36 (compatible; GoogleOther)"
40.77.167.255 - - [19/Oct/2025:08:56:15 +0300] "GET /goodscode/221374612.htm HTTP/1.1" 200 4198 "-" "Mozilla/5.0 AppleWebKit/537.36 (KHTML, like Gecko; compatible; bingbot/2.0; +http://www.bing.com/bingbot.htm) Chrome/116.0.1938.76 Safari/537.36"
66.249.78.41 - - [19/Oct/2025:08:56:20 +0300] "GET /hit125?kg=33093 HTTP/1.1" 200 4148 "-" "Mozilla/5.0 (Linux; Android 6.0.1; Nexus 5X Build/MMB29P) AppleWebKit/537.36 (KHTML, like Gecko) Chrome/140.0.7339.207 Mobile Safari/537.36 (compatible; GoogleOther)"
52.167.144.166 - - [19/Oct/2025:08:56:27 +0300] "GET /goodscode/109317357.htm HTTP/1.1" 200 4210 "-" "Mozilla/5.0 AppleWebKit/537.36 (KHTML, like Gecko; compatible; bingbot/2.0; +http://www.bing.com/bingbot.htm) Chrome/116.0.1938.76 Safari/537.36"
20.171.207.126 - - [19/Oct/2025:08:56:27 +0300] "GET /search.php?chair259039822.html HTTP/1.1" 403 4896 "-" "Mozilla/5.0 AppleWebKit/537.36 (KHTML, like Gecko; compatible; GPTBot/1.2; +https://openai.com/gptbot)"
66.249.78.41 - - [19/Oct/2025:08:56:26 +0300] "GET /hear59?kg=18659 HTTP/1.1" 200 24245 "-" "Mozilla/5.0 (Linux; Android 6.0.1; Nexus 5X Build/MMB29P) AppleWebKit/537.36 (KHTML, like Gecko) Chrome/140.0.7339.207 Mobile Safari/537.36 (compatible; Googlebot/2.1; +http://www.google.com/bot.html)"
66.249.75.37 - - [19/Oct/2025:08:56:27 +0300] "GET /civil218?path=/var/www/vhosts/ilgazhavalandirma.com.tr/httpdocs/64fea HTTP/1.1" 200 30056 "-" "Mozilla/5.0 (Linux; Android 6.0.1; Nexus 5X Build/MMB29P) AppleWebKit/537.36 (KHTML, like Gecko) Chrome/140.0.7339.207 Mobile Safari/537.36 (compatible; GoogleOther)"
52.167.144.184 - - [19/Oct/2025:08:56:33 +0300] "GET /goodscode/188629144.htm HTTP/1.1" 200 4210 "-" "Mozilla/5.0 AppleWebKit/537.36 (KHTML, like Gecko; compatible; bingbot/2.0; +http://www.bing.com/bingbot.htm) Chrome/116.0.1938.76 Safari/537.36"
66.249.78.41 - - [19/Oct/2025:08:56:34 +0300] "GET /m21597203028 HTTP/1.1" 200 23566 "-" "Mozilla/5.0 (Linux; Android 6.0.1; Nexus 5X Build/MMB29P) AppleWebKit/537.36 (KHTML, like Gecko) Chrome/140.0.7339.207 Mobile Safari/537.36 (compatible; GoogleOther)"
66.249.75.37 - - [19/Oct/2025:08:56:41 +0300] "GET /responsibility237?kg=7481 HTTP/1.1" 200 23718 "-" "Mozilla/5.0 (Linux; Android 6.0.1; Nexus 5X Build/MMB29P) AppleWebKit/537.36 (KHTML, like Gecko) Chrome/140.0.7339.207 Mobile Safari/537.36 (compatible; GoogleOther)"
52.167.144.173 - - [19/Oct/2025:08:56:44 +0300] "GET /goodscode/127193988.htm HTTP/1.1" 200 4210 "-" "Mozilla/5.0 AppleWebKit/537.36 (KHTML, like Gecko; compatible; bingbot/2.0; +http://www.bing.com/bingbot.htm) Chrome/116.0.1938.76 Safari/537.36"
66.249.75.37 - - [19/Oct/2025:08:56:49 +0300] "GET /agriculture15?kg=36275 HTTP/1.1" 200 24152 "-" "Mozilla/5.0 (Linux; Android 6.0.1; Nexus 5X Build/MMB29P) AppleWebKit/537.36 (KHTML, like Gecko) Chrome/140.0.7339.207 Mobile Safari/537.36 (compatible; GoogleOther)"
20.171.207.126 - - [19/Oct/2025:08:56:55 +0300] "GET /search.php?cheer071028164.html HTTP/1.1" 403 4896 "-" "Mozilla/5.0 AppleWebKit/537.36 (KHTML, like Gecko; compatible; GPTBot/1.2; +https://openai.com/gptbot)"
114.119.151.146 - - [19/Oct/2025:08:56:58 +0300] "GET /products/269os22214 HTTP/1.1" 200 8779 "https://ilgazhavalandirma.com.tr/?sitemap191.xml" "Mozilla/5.0 (Linux; Android 7.0;) AppleWebKit/537.36 (KHTML, like Gecko) Mobile Safari/537.36 (compatible; PetalBot;+https://webmaster.petalsearch.com/site/petalbot)"
66.249.75.37 - - [19/Oct/2025:08:57:13 +0300] "GET /invade293?kg=3633 HTTP/1.1" 200 24162 "-" "Mozilla/5.0 (Linux; Android 6.0.1; Nexus 5X Build/MMB29P) AppleWebKit/537.36 (KHTML, like Gecko) Chrome/140.0.7339.207 Mobile Safari/537.36 (compatible; Googlebot/2.1; +http://www.google.com/bot.html)"
66.249.76.98 - - [19/Oct/2025:08:57:16 +0300] "GET /product/edit/I1154628931 HTTP/1.1" 200 23716 "-" "Mozilla/5.0 (Linux; Android 6.0.1; Nexus 5X Build/MMB29P) AppleWebKit/537.36 (KHTML, like Gecko) Chrome/140.0.7339.207 Mobile Safari/537.36 (compatible; Googlebot/2.1; +http://www.google.com/bot.html)"
20.171.207.126 - - [19/Oct/2025:08:57:22 +0300] "GET /search.php?purse077043786.html HTTP/1.1" 403 4896 "-" "Mozilla/5.0 AppleWebKit/537.36 (KHTML, like Gecko; compatible; GPTBot/1.2; +https://openai.com/gptbot)"
52.167.144.218 - - [19/Oct/2025:08:57:26 +0300] "GET /goodscode/206649036.htm HTTP/1.1" 200 4210 "-" "Mozilla/5.0 AppleWebKit/537.36 (KHTML, like Gecko; compatible; bingbot/2.0; +http://www.bing.com/bingbot.htm) Chrome/116.0.1938.76 Safari/537.36"
66.249.75.37 - - [19/Oct/2025:08:57:31 +0300] "GET /fixed151?path=/var/www/vhosts/ilgazhavalandirma.com.tr/httpdocs/.tmb HTTP/1.1" 200 28062 "-" "Mozilla/5.0 (Linux; Android 6.0.1; Nexus 5X Build/MMB29P) AppleWebKit/537.36 (KHTML, like Gecko) Chrome/140.0.7339.207 Mobile Safari/537.36 (compatible; Googlebot/2.1; +http://www.google.com/bot.html)"
52.167.144.184 - - [19/Oct/2025:08:57:42 +0300] "GET /goodscode/256831097.htm HTTP/1.1" 200 4210 "-" "Mozilla/5.0 AppleWebKit/537.36 (KHTML, like Gecko; compatible; bingbot/2.0; +http://www.bing.com/bingbot.htm) Chrome/116.0.1938.76 Safari/537.36"
20.171.207.126 - - [19/Oct/2025:08:57:51 +0300] "GET /search.php?purse009011628.html HTTP/1.1" 403 4896 "-" "Mozilla/5.0 AppleWebKit/537.36 (KHTML, like Gecko; compatible; GPTBot/1.2; +https://openai.com/gptbot)"
52.167.144.218 - - [19/Oct/2025:08:57:55 +0300] "GET /goodscode/63760962.htm?path=/var HTTP/1.1" 200 4198 "-" "Mozilla/5.0 AppleWebKit/537.36 (KHTML, like Gecko; compatible; bingbot/2.0; +http://www.bing.com/bingbot.htm) Chrome/116.0.1938.76 Safari/537.36"
52.167.144.218 - - [19/Oct/2025:08:57:55 +0300] "GET /goodscode/885737952.htm?path=/ HTTP/1.1" 200 272 "-" "Mozilla/5.0 AppleWebKit/537.36 (KHTML, like Gecko; compatible; bingbot/2.0; +http://www.bing.com/bingbot.htm) Chrome/116.0.1938.76 Safari/537.36"
66.249.78.32 - - [19/Oct/2025:08:58:00 +0300] "GET /suggest147?kg=9605 HTTP/1.1" 200 23989 "-" "Mozilla/5.0 (Linux; Android 6.0.1; Nexus 5X Build/MMB29P) AppleWebKit/537.36 (KHTML, like Gecko) Chrome/140.0.7339.207 Mobile Safari/537.36 (compatible; Googlebot/2.1; +http://www.google.com/bot.html)"
52.167.144.184 - - [19/Oct/2025:08:58:02 +0300] "GET /goodscode/202632408.htm?path=/var HTTP/1.1" 200 4210 "-" "Mozilla/5.0 AppleWebKit/537.36 (KHTML, like Gecko; compatible; bingbot/2.0; +http://www.bing.com/bingbot.htm) Chrome/116.0.1938.76 Safari/537.36"
66.249.75.38 - - [19/Oct/2025:08:58:02 +0300] "GET /miracle8?kg=11802 HTTP/1.1" 200 23933 "-" "Mozilla/5.0 (Linux; Android 6.0.1; Nexus 5X Build/MMB29P) AppleWebKit/537.36 (KHTML, like Gecko) Chrome/140.0.7339.207 Mobile Safari/537.36 (compatible; Googlebot/2.1; +http://www.google.com/bot.html)"
162.241.2.225 - - [19/Oct/2025:08:58:13 +0300] "GET /wp-login.php HTTP/1.1" 200 8807 "-" "Mozilla/5.0 (Windows NT 6.3; WOW64; Trident/7.0; rv:11.0; i-Macros-Web-Automation) like Gecko"
66.249.78.41 - - [19/Oct/2025:08:58:12 +0300] "GET /m68473822971 HTTP/1.1" 200 28377 "-" "Mozilla/5.0 (Linux; Android 6.0.1; Nexus 5X Build/MMB29P) AppleWebKit/537.36 (KHTML, like Gecko) Chrome/140.0.7339.207 Mobile Safari/537.36 (compatible; Googlebot/2.1; +http://www.google.com/bot.html)"
162.241.2.225 - - [19/Oct/2025:08:58:14 +0300] "POST /wp-login.php HTTP/1.1" 200 4972 "https://ilgazhavalandirma.com.tr/wp-login.php" "Mozilla/5.0 (Windows NT 6.3; WOW64; Trident/7.0; rv:11.0; i-Macros-Web-Automation) like Gecko"
20.171.207.126 - - [19/Oct/2025:08:58:19 +0300] "GET /search.php?array247014780.html HTTP/1.1" 403 4896 "-" "Mozilla/5.0 AppleWebKit/537.36 (KHTML, like Gecko; compatible; GPTBot/1.2; +https://openai.com/gptbot)"
114.119.129.175 - - [19/Oct/2025:08:58:36 +0300] "GET /products/269oc37570 HTTP/1.1" 200 8779 "https://ilgazhavalandirma.com.tr/?sitemap191.xml" "Mozilla/5.0 (Linux; Android 7.0;) AppleWebKit/537.36 (KHTML, like Gecko) Mobile Safari/537.36 (compatible; PetalBot;+https://webmaster.petalsearch.com/site/petalbot)"
95.154.195.40 - - [19/Oct/2025:08:58:37 +0300] "POST /xmlrpc.php HTTP/1.1" 200 8807 "-" "Mozilla/5.0 (Macintosh; Intel Mac OS X 10_12_4) AppleWebKit/603.1.20 (KHTML, like Gecko) Version/10.1 Safari/603.1.20"
95.154.195.40 - - [19/Oct/2025:08:58:38 +0300] "POST /xmlrpc.php HTTP/1.1" 200 8807 "-" "Mozilla/5.0 (Macintosh; Intel Mac OS X 10_12_4) AppleWebKit/603.1.20 (KHTML, like Gecko) Version/10.1 Safari/603.1.20"
95.154.195.40 - - [19/Oct/2025:08:58:39 +0300] "POST /xmlrpc.php HTTP/1.1" 200 8807 "-" "Mozilla/5.0 (Macintosh; Intel Mac OS X 10_12_4) AppleWebKit/603.1.20 (KHTML, like Gecko) Version/10.1 Safari/603.1.20"
20.171.207.126 - - [19/Oct/2025:08:58:48 +0300] "GET /search.php?watch093020778.html HTTP/1.1" 403 4896 "-" "Mozilla/5.0 AppleWebKit/537.36 (KHTML, like Gecko; compatible; GPTBot/1.2; +https://openai.com/gptbot)"
66.249.75.37 - - [19/Oct/2025:08:58:46 +0300] "GET /emotion163?kg=7743 HTTP/1.1" 200 23866 "-" "Mozilla/5.0 (Linux; Android 6.0.1; Nexus 5X Build/MMB29P) AppleWebKit/537.36 (KHTML, like Gecko) Chrome/140.0.7339.207 Mobile Safari/537.36 (compatible; Googlebot/2.1; +http://www.google.com/bot.html)"
52.167.144.184 - - [19/Oct/2025:08:59:03 +0300] "GET /goodscode/196760967.htm HTTP/1.1" 200 4210 "-" "Mozilla/5.0 AppleWebKit/537.36 (KHTML, like Gecko; compatible; bingbot/2.0; +http://www.bing.com/bingbot.htm) Chrome/116.0.1938.76 Safari/537.36"
52.167.144.184 - - [19/Oct/2025:08:59:14 +0300] "GET /goodscode/116244867.htm HTTP/1.1" 200 4210 "-" "Mozilla/5.0 AppleWebKit/537.36 (KHTML, like Gecko; compatible; bingbot/2.0; +http://www.bing.com/bingbot.htm) Chrome/116.0.1938.76 Safari/537.36"
20.171.207.126 - - [19/Oct/2025:08:59:16 +0300] "GET /search.php?ranch093038406.html HTTP/1.1" 403 4896 "-" "Mozilla/5.0 AppleWebKit/537.36 (KHTML, like Gecko; compatible; GPTBot/1.2; +https://openai.com/gptbot)"
66.249.78.41 - - [19/Oct/2025:08:59:16 +0300] "GET /salmon206?kg=5358 HTTP/1.1" 200 23787 "-" "Mozilla/5.0 (Linux; Android 6.0.1; Nexus 5X Build/MMB29P) AppleWebKit/537.36 (KHTML, like Gecko) Chrome/140.0.7339.207 Mobile Safari/537.36 (compatible; GoogleOther)"
52.167.144.218 - - [19/Oct/2025:08:59:18 +0300] "GET /goodscode/309733899.htm HTTP/1.1" 200 4210 "-" "Mozilla/5.0 AppleWebKit/537.36 (KHTML, like Gecko; compatible; bingbot/2.0; +http://www.bing.com/bingbot.htm) Chrome/116.0.1938.76 Safari/537.36"
66.249.78.41 - - [19/Oct/2025:08:59:22 +0300] "GET /m59018406596 HTTP/1.1" 200 23665 "-" "Mozilla/5.0 (Linux; Android 6.0.1; Nexus 5X Build/MMB29P) AppleWebKit/537.36 (KHTML, like Gecko) Chrome/140.0.7339.207 Mobile Safari/537.36 (compatible; GoogleOther)"
40.77.167.17 - - [19/Oct/2025:08:59:24 +0300] "GET /goodscode/12868154.htm HTTP/1.1" 200 4210 "-" "Mozilla/5.0 AppleWebKit/537.36 (KHTML, like Gecko; compatible; bingbot/2.0; +http://www.bing.com/bingbot.htm) Chrome/116.0.1938.76 Safari/537.36"
66.249.78.41 - - [19/Oct/2025:08:59:33 +0300] "GET /tragedy154?kg=44948 HTTP/1.1" 200 23913 "-" "Mozilla/5.0 (Linux; Android 6.0.1; Nexus 5X Build/MMB29P) AppleWebKit/537.36 (KHTML, like Gecko) Chrome/140.0.7339.207 Mobile Safari/537.36 (compatible; Googlebot/2.1; +http://www.google.com/bot.html)"
20.171.207.126 - - [19/Oct/2025:08:59:43 +0300] "GET /search.php?blame226035635.html HTTP/1.1" 403 4896 "-" "Mozilla/5.0 AppleWebKit/537.36 (KHTML, like Gecko; compatible; GPTBot/1.2; +https://openai.com/gptbot)"
52.167.144.184 - - [19/Oct/2025:08:59:53 +0300] "GET /goodscode/190130857.htm HTTP/1.1" 200 4210 "-" "Mozilla/5.0 AppleWebKit/537.36 (KHTML, like Gecko; compatible; bingbot/2.0; +http://www.bing.com/bingbot.htm) Chrome/116.0.1938.76 Safari/537.36"
52.167.144.218 - - [19/Oct/2025:08:59:58 +0300] "GET /goodscode/241192591.htm HTTP/1.1" 200 4210 "-" "Mozilla/5.0 AppleWebKit/537.36 (KHTML, like Gecko; compatible; bingbot/2.0; +http://www.bing.com/bingbot.htm) Chrome/116.0.1938.76 Safari/537.36"
52.167.144.218 - - [19/Oct/2025:09:00:00 +0300] "GET /goodscode/255474220.htm HTTP/1.1" 200 284 "-" "Mozilla/5.0 AppleWebKit/537.36 (KHTML, like Gecko; compatible; bingbot/2.0; +http://www.bing.com/bingbot.htm) Chrome/116.0.1938.76 Safari/537.36"
20.171.207.126 - - [19/Oct/2025:09:00:11 +0300] "GET /search.php?sense081048258.html HTTP/1.1" 403 4896 "-" "Mozilla/5.0 AppleWebKit/537.36 (KHTML, like Gecko; compatible; GPTBot/1.2; +https://openai.com/gptbot)"
66.249.75.37 - - [19/Oct/2025:09:00:10 +0300] "GET /goodscode/1003362626.htm HTTP/1.1" 200 23626 "-" "Mozilla/5.0 (Linux; Android 6.0.1; Nexus 5X Build/MMB29P) AppleWebKit/537.36 (KHTML, like Gecko) Chrome/140.0.7339.207 Mobile Safari/537.36 (compatible; GoogleOther)"
40.77.167.13 - - [19/Oct/2025:09:00:14 +0300] "GET /goodscode/325090744.htm HTTP/1.1" 200 4210 "-" "Mozilla/5.0 AppleWebKit/537.36 (KHTML, like Gecko; compatible; bingbot/2.0; +http://www.bing.com/bingbot.htm) Chrome/116.0.1938.76 Safari/537.36"
40.77.167.13 - - [19/Oct/2025:09:00:15 +0300] "GET /goodscode/183770905.htm HTTP/1.1" 200 284 "-" "Mozilla/5.0 AppleWebKit/537.36 (KHTML, like Gecko; compatible; bingbot/2.0; +http://www.bing.com/bingbot.htm) Chrome/116.0.1938.76 Safari/537.36"
114.119.141.35 - - [19/Oct/2025:09:00:15 +0300] "GET /products/269jy13000 HTTP/1.1" 200 8779 "https://ilgazhavalandirma.com.tr/?sitemap191.xml" "Mozilla/5.0 (Linux; Android 7.0;) AppleWebKit/537.36 (KHTML, like Gecko) Mobile Safari/537.36 (compatible; PetalBot;+https://webmaster.petalsearch.com/site/petalbot)"
66.249.75.37 - - [19/Oct/2025:09:00:17 +0300] "GET /deeply173?fileloc=/var/www/vhosts/ilgazhavalandirma.com.tr/httpdocs/index.php0&path=/var/www/vhosts/ilgazhavalandirma.com.tr/httpdocs HTTP/1.1" 200 24195 "-" "Mozilla/5.0 (Linux; Android 6.0.1; Nexus 5X Build/MMB29P) AppleWebKit/537.36 (KHTML, like Gecko) Chrome/140.0.7339.207 Mobile Safari/537.36 (compatible; GoogleOther)"
66.249.78.41 - - [19/Oct/2025:09:00:20 +0300] "GET /Italian285?kg=41025 HTTP/1.1" 200 24560 "-" "Mozilla/5.0 (Linux; Android 6.0.1; Nexus 5X Build/MMB29P) AppleWebKit/537.36 (KHTML, like Gecko) Chrome/140.0.7339.207 Mobile Safari/537.36 (compatible; Googlebot/2.1; +http://www.google.com/bot.html)"
66.249.69.192 - - [19/Oct/2025:09:00:28 +0300] "GET /?zhHant%2Fproduct%2Fsurugaya%2FI3432613587%3Fcampaign_uid=f64d716db5e979ed2f947dbaf4296895b951ae7f HTTP/1.1" 200 24043 "-" "Mozilla/5.0 (Linux; Android 6.0.1; Nexus 5X Build/MMB29P) AppleWebKit/537.36 (KHTML, like Gecko) Chrome/140.0.7339.207 Mobile Safari/537.36 (compatible; Googlebot/2.1; +http://www.google.com/bot.html)"
20.171.207.126 - - [19/Oct/2025:09:00:38 +0300] "GET /search.php?speak079027784.html HTTP/1.1" 403 4896 "-" "Mozilla/5.0 AppleWebKit/537.36 (KHTML, like Gecko; compatible; GPTBot/1.2; +https://openai.com/gptbot)"
40.77.167.13 - - [19/Oct/2025:09:01:03 +0300] "GET /goodscode/1002443186.htm?path=/var/www HTTP/1.1" 200 4198 "-" "Mozilla/5.0 AppleWebKit/537.36 (KHTML, like Gecko; compatible; bingbot/2.0; +http://www.bing.com/bingbot.htm) Chrome/116.0.1938.76 Safari/537.36"
20.171.207.126 - - [19/Oct/2025:09:01:06 +0300] "GET /search.php?wheat044043157.html HTTP/1.1" 403 4896 "-" "Mozilla/5.0 AppleWebKit/537.36 (KHTML, like Gecko; compatible; GPTBot/1.2; +https://openai.com/gptbot)"
66.249.75.37 - - [19/Oct/2025:09:01:07 +0300] "GET /morning196?kg=42426 HTTP/1.1" 200 24129 "-" "Mozilla/5.0 (Linux; Android 6.0.1; Nexus 5X Build/MMB29P) AppleWebKit/537.36 (KHTML, like Gecko) Chrome/140.0.7339.207 Mobile Safari/537.36 (compatible; Googlebot/2.1; +http://www.google.com/bot.html)"
66.249.76.96 - - [19/Oct/2025:09:01:11 +0300] "GET /feature/shoplist/index.html HTTP/1.1" 200 24637 "-" "Mozilla/5.0 (compatible; Googlebot/2.1; +http://www.google.com/bot.html)"
40.77.167.13 - - [19/Oct/2025:09:01:15 +0300] "GET /goodscode/17378210.htm HTTP/1.1" 200 4210 "-" "Mozilla/5.0 AppleWebKit/537.36 (KHTML, like Gecko; compatible; bingbot/2.0; +http://www.bing.com/bingbot.htm) Chrome/116.0.1938.76 Safari/537.36"
66.249.75.38 - - [19/Oct/2025:09:01:15 +0300] "GET /m93130618218 HTTP/1.1" 200 29866 "-" "Mozilla/5.0 (Linux; Android 6.0.1; Nexus 5X Build/MMB29P) AppleWebKit/537.36 (KHTML, like Gecko) Chrome/140.0.7339.207 Mobile Safari/537.36 (compatible; GoogleOther)"
52.167.144.218 - - [19/Oct/2025:09:01:20 +0300] "GET /goodscode/241076570.htm HTTP/1.1" 200 4210 "-" "Mozilla/5.0 AppleWebKit/537.36 (KHTML, like Gecko; compatible; bingbot/2.0; +http://www.bing.com/bingbot.htm) Chrome/116.0.1938.76 Safari/537.36"
66.249.78.41 - - [19/Oct/2025:09:01:23 +0300] "GET /goodscode/1152456513.htm HTTP/1.1" 200 23802 "-" "Mozilla/5.0 (Linux; Android 6.0.1; Nexus 5X Build/MMB29P) AppleWebKit/537.36 (KHTML, like Gecko) Chrome/140.0.7339.207 Mobile Safari/537.36 (compatible; GoogleOther)"
47.82.11.13 - - [19/Oct/2025:09:01:32 +0300] "GET /?i=389362813 HTTP/1.1" 200 8760 "https://ilgazhavalandirma.com.tr/" "Mozilla/5.0 (Windows NT 10.0; Win64; x64) AppleWebKit/537.36 (KHTML, like Gecko) Chrome/135.0.0.0 Safari/537.36"
20.171.207.126 - - [19/Oct/2025:09:01:33 +0300] "GET /search.php?shark261009940.html HTTP/1.1" 403 4896 "-" "Mozilla/5.0 AppleWebKit/537.36 (KHTML, like Gecko; compatible; GPTBot/1.2; +https://openai.com/gptbot)"
114.119.146.15 - - [19/Oct/2025:09:01:51 +0300] "GET /products/269fm37092 HTTP/1.1" 200 8779 "https://ilgazhavalandirma.com.tr/?sitemap191.xml" "Mozilla/5.0 (Linux; Android 7.0;) AppleWebKit/537.36 (KHTML, like Gecko) Mobile Safari/537.36 (compatible; PetalBot;+https://webmaster.petalsearch.com/site/petalbot)"
66.249.75.37 - - [19/Oct/2025:09:01:53 +0300] "GET /criticize146?kg=28894 HTTP/1.1" 200 29313 "-" "Mozilla/5.0 (Linux; Android 6.0.1; Nexus 5X Build/MMB29P) AppleWebKit/537.36 (KHTML, like Gecko) Chrome/140.0.7339.207 Mobile Safari/537.36 (compatible; Googlebot/2.1; +http://www.google.com/bot.html)"
125.160.16.51 - - [19/Oct/2025:09:01:59 +0300] "GET /admin.php HTTP/1.1" 200 89234 "-" "-"
20.171.207.126 - - [19/Oct/2025:09:02:02 +0300] "GET /search.php?marry125004490.html HTTP/1.1" 403 4896 "-" "Mozilla/5.0 AppleWebKit/537.36 (KHTML, like Gecko; compatible; GPTBot/1.2; +https://openai.com/gptbot)"
125.160.16.51 - - [19/Oct/2025:09:02:01 +0300] "GET /admin.php HTTP/1.1" 200 85461 "-" "-"
125.160.16.51 - - [19/Oct/2025:09:02:03 +0300] "GET /admin.php HTTP/1.1" 200 85461 "-" "-"
125.160.16.51 - - [19/Oct/2025:09:02:05 +0300] "GET /admin.php HTTP/1.1" 200 85446 "-" "-"
125.160.16.51 - - [19/Oct/2025:09:02:06 +0300] "GET /admin.php HTTP/1.1" 200 85461 "-" "-"
125.160.16.51 - - [19/Oct/2025:09:02:07 +0300] "GET /admin.php HTTP/1.1" 200 85446 "-" "-"
125.160.16.51 - - [19/Oct/2025:09:02:08 +0300] "GET /admin.php HTTP/1.1" 200 85446 "-" "-"
125.160.16.51 - - [19/Oct/2025:09:02:10 +0300] "GET /admin.php HTTP/1.1" 200 85461 "-" "-"
125.160.16.51 - - [19/Oct/2025:09:02:11 +0300] "GET /admin.php HTTP/1.1" 200 85461 "-" "-"
125.160.16.51 - - [19/Oct/2025:09:02:12 +0300] "GET /admin.php HTTP/1.1" 200 85461 "-" "-"
125.160.16.51 - - [19/Oct/2025:09:02:13 +0300] "GET /admin.php HTTP/1.1" 200 85446 "-" "-"
125.160.16.51 - - [19/Oct/2025:09:02:15 +0300] "GET /admin.php HTTP/1.1" 200 85461 "-" "-"
125.160.16.51 - - [19/Oct/2025:09:02:17 +0300] "GET /admin.php HTTP/1.1" 200 85461 "-" "-"
125.160.16.51 - - [19/Oct/2025:09:02:18 +0300] "GET /admin.php HTTP/1.1" 200 85461 "-" "-"
125.160.16.51 - - [19/Oct/2025:09:02:19 +0300] "GET /admin.php HTTP/1.1" 200 85461 "-" "-"
125.160.16.51 - - [19/Oct/2025:09:02:21 +0300] "GET /admin.php HTTP/1.1" 200 85461 "-" "-"
66.249.78.41 - - [19/Oct/2025:09:02:21 +0300] "GET /invade60?kg=25126 HTTP/1.1" 200 28691 "-" "Mozilla/5.0 (Linux; Android 6.0.1; Nexus 5X Build/MMB29P) AppleWebKit/537.36 (KHTML, like Gecko) Chrome/140.0.7339.207 Mobile Safari/537.36 (compatible; GoogleOther)"
125.160.16.51 - - [19/Oct/2025:09:02:22 +0300] "GET /admin.php HTTP/1.1" 200 85446 "-" "-"
125.160.16.51 - - [19/Oct/2025:09:02:23 +0300] "GET /admin.php HTTP/1.1" 200 85461 "-" "-"
66.249.78.33 - - [19/Oct/2025:09:02:22 +0300] "GET /outfit35?fileloc=/var/www/vhosts/ilgazhavalandirma.com.tr/httpdocs/options.php&path=/var/www/vhosts/ilgazhavalandirma.com.tr/httpdocs HTTP/1.1" 200 24199 "-" "Mozilla/5.0 (Linux; Android 6.0.1; Nexus 5X Build/MMB29P) AppleWebKit/537.36 (KHTML, like Gecko) Chrome/140.0.7339.207 Mobile Safari/537.36 (compatible; Googlebot/2.1; +http://www.google.com/bot.html)"
125.160.16.51 - - [19/Oct/2025:09:02:24 +0300] "GET /admin.php HTTP/1.1" 200 85461 "-" "-"
125.160.16.51 - - [19/Oct/2025:09:02:25 +0300] "GET /admin.php HTTP/1.1" 200 85461 "-" "-"
125.160.16.51 - - [19/Oct/2025:09:02:26 +0300] "GET /admin.php HTTP/1.1" 200 85446 "-" "-"
125.160.16.51 - - [19/Oct/2025:09:02:27 +0300] "GET /admin.php HTTP/1.1" 200 85461 "-" "-"
125.160.16.51 - - [19/Oct/2025:09:02:28 +0300] "GET /admin.php HTTP/1.1" 200 85461 "-" "-"
66.249.75.38 - - [19/Oct/2025:09:02:28 +0300] "GET /adopt196?kg=11346 HTTP/1.1" 200 23994 "-" "Mozilla/5.0 (Linux; Android 6.0.1; Nexus 5X Build/MMB29P) AppleWebKit/537.36 (KHTML, like Gecko) Chrome/140.0.7339.207 Mobile Safari/537.36 (compatible; GoogleOther)"
125.160.16.51 - - [19/Oct/2025:09:02:30 +0300] "GET /admin.php HTTP/1.1" 200 85461 "-" "-"
20.171.207.126 - - [19/Oct/2025:09:02:31 +0300] "GET /search.php?pitch082043241.html HTTP/1.1" 403 4896 "-" "Mozilla/5.0 AppleWebKit/537.36 (KHTML, like Gecko; compatible; GPTBot/1.2; +https://openai.com/gptbot)"
125.160.16.51 - - [19/Oct/2025:09:02:31 +0300] "GET /admin.php HTTP/1.1" 200 85461 "-" "-"
125.160.16.51 - - [19/Oct/2025:09:02:33 +0300] "GET /admin.php HTTP/1.1" 200 85446 "-" "-"
154.12.229.78 - - [19/Oct/2025:09:02:33 +0300] "POST /xmlrpc.php HTTP/1.1" 200 8807 "-" "Mozilla/5.0 (Windows NT 10.0; Win64; x64) AppleWebKit/537.36 (KHTML, like Gecko) Chrome/63.0.3239.132 Safari/537.36 OPR/50.0.2762.67"
125.160.16.51 - - [19/Oct/2025:09:02:35 +0300] "GET /admin.php HTTP/1.1" 200 85461 "-" "-"
154.12.229.78 - - [19/Oct/2025:09:02:35 +0300] "POST /xmlrpc.php HTTP/1.1" 200 8807 "-" "Mozilla/5.0 (Windows NT 10.0; Win64; x64) AppleWebKit/537.36 (KHTML, like Gecko) Chrome/63.0.3239.132 Safari/537.36 OPR/50.0.2762.67"
125.160.16.51 - - [19/Oct/2025:09:02:36 +0300] "GET /admin.php HTTP/1.1" 200 85461 "-" "-"
154.12.229.78 - - [19/Oct/2025:09:02:36 +0300] "POST /xmlrpc.php HTTP/1.1" 200 8807 "-" "Mozilla/5.0 (Windows NT 10.0; Win64; x64) AppleWebKit/537.36 (KHTML, like Gecko) Chrome/63.0.3239.132 Safari/537.36 OPR/50.0.2762.67"
125.160.16.51 - - [19/Oct/2025:09:02:37 +0300] "GET /admin.php HTTP/1.1" 200 85461 "-" "-"
125.160.16.51 - - [19/Oct/2025:09:02:38 +0300] "GET /admin.php HTTP/1.1" 200 85461 "-" "-"
125.160.16.51 - - [19/Oct/2025:09:02:39 +0300] "GET /admin.php HTTP/1.1" 200 85461 "-" "-"
66.249.75.37 - - [19/Oct/2025:09:02:40 +0300] "GET /herb130?kg=8962 HTTP/1.1" 200 4148 "-" "Mozilla/5.0 (Linux; Android 6.0.1; Nexus 5X Build/MMB29P) AppleWebKit/537.36 (KHTML, like Gecko) Chrome/140.0.7339.207 Mobile Safari/537.36 (compatible; Googlebot/2.1; +http://www.google.com/bot.html)"
125.160.16.51 - - [19/Oct/2025:09:02:40 +0300] "GET /admin.php HTTP/1.1" 200 85461 "-" "-"
125.160.16.51 - - [19/Oct/2025:09:02:41 +0300] "GET /admin.php HTTP/1.1" 200 85461 "-" "-"
125.160.16.51 - - [19/Oct/2025:09:02:42 +0300] "GET /admin.php HTTP/1.1" 200 85461 "-" "-"
125.160.16.51 - - [19/Oct/2025:09:02:43 +0300] "GET /admin.php HTTP/1.1" 200 85461 "-" "-"
125.160.16.51 - - [19/Oct/2025:09:02:44 +0300] "GET /admin.php HTTP/1.1" 200 85446 "-" "-"
125.160.16.51 - - [19/Oct/2025:09:02:45 +0300] "GET /admin.php HTTP/1.1" 200 85461 "-" "-"
52.167.144.157 - - [19/Oct/2025:09:02:45 +0300] "GET /goodscode/124395298.htm HTTP/1.1" 200 4210 "-" "Mozilla/5.0 AppleWebKit/537.36 (KHTML, like Gecko; compatible; bingbot/2.0; +http://www.bing.com/bingbot.htm) Chrome/116.0.1938.76 Safari/537.36"
125.160.16.51 - - [19/Oct/2025:09:02:46 +0300] "GET /admin.php HTTP/1.1" 200 85461 "-" "-"
125.160.16.51 - - [19/Oct/2025:09:02:47 +0300] "GET /admin.php HTTP/1.1" 200 85461 "-" "-"
125.160.16.51 - - [19/Oct/2025:09:02:48 +0300] "GET /admin.php HTTP/1.1" 200 85461 "-" "-"
125.160.16.51 - - [19/Oct/2025:09:02:49 +0300] "GET /admin.php HTTP/1.1" 200 85461 "-" "-"
125.160.16.51 - - [19/Oct/2025:09:02:50 +0300] "GET /admin.php HTTP/1.1" 200 85461 "-" "-"
125.160.16.51 - - [19/Oct/2025:09:02:51 +0300] "GET /admin.php HTTP/1.1" 200 85446 "-" "-"
125.160.16.51 - - [19/Oct/2025:09:02:53 +0300] "GET /admin.php HTTP/1.1" 200 85461 "-" "-"
40.77.167.25 - - [19/Oct/2025:09:02:54 +0300] "GET /goodscode/553398344.htm HTTP/1.1" 200 4210 "-" "Mozilla/5.0 AppleWebKit/537.36 (KHTML, like Gecko; compatible; bingbot/2.0; +http://www.bing.com/bingbot.htm) Chrome/116.0.1938.76 Safari/537.36"
125.160.16.51 - - [19/Oct/2025:09:02:54 +0300] "GET /admin.php HTTP/1.1" 200 85461 "-" "-"
40.77.167.25 - - [19/Oct/2025:09:02:55 +0300] "GET /goodscode/283321682.htm HTTP/1.1" 200 284 "-" "Mozilla/5.0 AppleWebKit/537.36 (KHTML, like Gecko; compatible; bingbot/2.0; +http://www.bing.com/bingbot.htm) Chrome/116.0.1938.76 Safari/537.36"
125.160.16.51 - - [19/Oct/2025:09:02:55 +0300] "GET /admin.php HTTP/1.1" 200 85461 "-" "-"
40.77.167.25 - - [19/Oct/2025:09:02:56 +0300] "GET /product/edit/I4014640723 HTTP/1.1" 200 284 "-" "Mozilla/5.0 AppleWebKit/537.36 (KHTML, like Gecko; compatible; bingbot/2.0; +http://www.bing.com/bingbot.htm) Chrome/116.0.1938.76 Safari/537.36"
125.160.16.51 - - [19/Oct/2025:09:02:57 +0300] "GET /admin.php HTTP/1.1" 200 85446 "-" "-"
20.171.207.126 - - [19/Oct/2025:09:02:58 +0300] "GET /search.php?flour104014007.html HTTP/1.1" 403 4896 "-" "Mozilla/5.0 AppleWebKit/537.36 (KHTML, like Gecko; compatible; GPTBot/1.2; +https://openai.com/gptbot)"
125.160.16.51 - - [19/Oct/2025:09:02:58 +0300] "GET /admin.php HTTP/1.1" 200 85461 "-" "-"
125.160.16.51 - - [19/Oct/2025:09:03:00 +0300] "GET /admin.php HTTP/1.1" 200 85446 "-" "-"
125.160.16.51 - - [19/Oct/2025:09:03:01 +0300] "GET /admin.php HTTP/1.1" 200 85461 "-" "-"
125.160.16.51 - - [19/Oct/2025:09:03:02 +0300] "GET /admin.php HTTP/1.1" 200 85461 "-" "-"
125.160.16.51 - - [19/Oct/2025:09:03:03 +0300] "GET /admin.php HTTP/1.1" 200 85461 "-" "-"
125.160.16.51 - - [19/Oct/2025:09:03:05 +0300] "GET /admin.php HTTP/1.1" 200 85446 "-" "-"
125.160.16.51 - - [19/Oct/2025:09:03:06 +0300] "GET /admin.php HTTP/1.1" 200 85461 "-" "-"
125.160.16.51 - - [19/Oct/2025:09:03:07 +0300] "GET /admin.php HTTP/1.1" 200 85461 "-" "-"
125.160.16.51 - - [19/Oct/2025:09:03:08 +0300] "GET /admin.php HTTP/1.1" 200 85461 "-" "-"
125.160.16.51 - - [19/Oct/2025:09:03:10 +0300] "GET /admin.php HTTP/1.1" 200 85461 "-" "-"
125.160.16.51 - - [19/Oct/2025:09:03:11 +0300] "GET /admin.php HTTP/1.1" 200 85461 "-" "-"
125.160.16.51 - - [19/Oct/2025:09:03:12 +0300] "GET /admin.php HTTP/1.1" 200 85461 "-" "-"
125.160.16.51 - - [19/Oct/2025:09:03:13 +0300] "GET /admin.php HTTP/1.1" 200 85446 "-" "-"
125.160.16.51 - - [19/Oct/2025:09:03:14 +0300] "GET /admin.php HTTP/1.1" 200 85461 "-" "-"
125.160.16.51 - - [19/Oct/2025:09:03:15 +0300] "GET /admin.php HTTP/1.1" 200 85461 "-" "-"
125.160.16.51 - - [19/Oct/2025:09:03:17 +0300] "GET /admin.php HTTP/1.1" 200 85461 "-" "-"
125.160.16.51 - - [19/Oct/2025:09:03:18 +0300] "GET /admin.php HTTP/1.1" 200 85461 "-" "-"
125.160.16.51 - - [19/Oct/2025:09:03:20 +0300] "GET /admin.php HTTP/1.1" 200 85461 "-" "-"
125.160.16.51 - - [19/Oct/2025:09:03:21 +0300] "GET /admin.php HTTP/1.1" 200 85461 "-" "-"
66.249.78.41 - - [19/Oct/2025:09:03:21 +0300] "GET /goodscode/215075586.htm HTTP/1.1" 200 23608 "-" "Mozilla/5.0 (Linux; Android 6.0.1; Nexus 5X Build/MMB29P) AppleWebKit/537.36 (KHTML, like Gecko) Chrome/140.0.7339.207 Mobile Safari/537.36 (compatible; Googlebot/2.1; +http://www.google.com/bot.html)"
125.160.16.51 - - [19/Oct/2025:09:03:22 +0300] "GET /admin.php HTTP/1.1" 200 85461 "-" "-"
125.160.16.51 - - [19/Oct/2025:09:03:24 +0300] "GET /admin.php HTTP/1.1" 200 85461 "-" "-"
66.249.78.32 - - [19/Oct/2025:09:03:23 +0300] "GET /disc17?fileloc=/var/www/vhosts/ilgazhavalandirma.com.tr/httpdocs/readme.html&path=/var/www/vhosts/ilgazhavalandirma.com.tr/httpdocs HTTP/1.1" 200 28164 "-" "Mozilla/5.0 (Linux; Android 6.0.1; Nexus 5X Build/MMB29P) AppleWebKit/537.36 (KHTML, like Gecko) Chrome/140.0.7339.207 Mobile Safari/537.36 (compatible; Googlebot/2.1; +http://www.google.com/bot.html)"
125.160.16.51 - - [19/Oct/2025:09:03:25 +0300] "GET /admin.php HTTP/1.1" 200 85461 "-" "-"
20.171.207.126 - - [19/Oct/2025:09:03:26 +0300] "GET /search.php?death062034037.html HTTP/1.1" 403 4896 "-" "Mozilla/5.0 AppleWebKit/537.36 (KHTML, like Gecko; compatible; GPTBot/1.2; +https://openai.com/gptbot)"
125.160.16.51 - - [19/Oct/2025:09:03:26 +0300] "GET /admin.php HTTP/1.1" 200 85446 "-" "-"
