66.249.75.38 - - [19/Oct/2025:09:25:39 +0300] "GET /vanish17?kg=12329 HTTP/1.1" 200 23338 "-" "Mozilla/5.0 (Linux; Android 6.0.1; Nexus 5X Build/MMB29P) AppleWebKit/537.36 (KHTML, like Gecko) Chrome/140.0.7339.207 Mobile Safari/537.36 (compatible; Googlebot/2.1; +http://www.google.com/bot.html)"
40.77.167.44 - - [19/Oct/2025:09:25:40 +0300] "GET /goodscode/146267955.htm HTTP/1.1" 200 4210 "-" "Mozilla/5.0 AppleWebKit/537.36 (KHTML, like Gecko; compatible; bingbot/2.0; +http://www.bing.com/bingbot.htm) Chrome/116.0.1938.76 Safari/537.36"
66.249.75.37 - - [19/Oct/2025:09:25:44 +0300] "GET /wherever231?kg=23101 HTTP/1.1" 200 24220 "-" "Mozilla/5.0 (Linux; Android 6.0.1; Nexus 5X Build/MMB29P) AppleWebKit/537.36 (KHTML, like Gecko) Chrome/140.0.7339.207 Mobile Safari/537.36 (compatible; GoogleOther)"
66.249.76.98 - - [19/Oct/2025:09:25:46 +0300] "GET /?i=424660213 HTTP/1.1" 200 23426 "-" "Mozilla/5.0 (Linux; Android 6.0.1; Nexus 5X Build/MMB29P) AppleWebKit/537.36 (KHTML, like Gecko) Chrome/140.0.7339.207 Mobile Safari/537.36 (compatible; Googlebot/2.1; +http://www.google.com/bot.html)"
20.171.207.126 - - [19/Oct/2025:09:25:47 +0300] "GET /search.php?glory034040545.html HTTP/1.1" 403 4896 "-" "Mozilla/5.0 AppleWebKit/537.36 (KHTML, like Gecko; compatible; GPTBot/1.2; +https://openai.com/gptbot)"
66.249.75.37 - - [19/Oct/2025:09:26:00 +0300] "GET /heaven298?fileloc=/var/www/vhosts/ilgazhavalandirma.com.tr/httpdocs/v4.php&path=/var/www/vhosts/ilgazhavalandirma.com.tr/httpdocs HTTP/1.1" 200 23696 "-" "Mozilla/5.0 (Linux; Android 6.0.1; Nexus 5X Build/MMB29P) AppleWebKit/537.36 (KHTML, like Gecko) Chrome/140.0.7339.207 Mobile Safari/537.36 (compatible; Googlebot/2.1; +http://www.google.com/bot.html)"
40.77.167.13 - - [19/Oct/2025:09:26:06 +0300] "GET /zhHant/product/surugaya/I3188267887?campaign_uid=f64d716db5e979ed2f947dbaf4296895b951ae7f HTTP/1.1" 200 4210 "-" "Mozilla/5.0 AppleWebKit/537.36 (KHTML, like Gecko; compatible; bingbot/2.0; +http://www.bing.com/bingbot.htm) Chrome/116.0.1938.76 Safari/537.36"
20.171.207.126 - - [19/Oct/2025:09:26:16 +0300] "GET /search.php?lower242042729.html HTTP/1.1" 403 4896 "-" "Mozilla/5.0 AppleWebKit/537.36 (KHTML, like Gecko; compatible; GPTBot/1.2; +https://openai.com/gptbot)"
114.119.141.35 - - [19/Oct/2025:09:26:14 +0300] "GET /products/266bk42731 HTTP/1.1" 200 8779 "https://ilgazhavalandirma.com.tr/?sitemap191.xml" "Mozilla/5.0 (Linux; Android 7.0;) AppleWebKit/537.36 (KHTML, like Gecko) Mobile Safari/537.36 (compatible; PetalBot;+https://webmaster.petalsearch.com/site/petalbot)"
52.167.144.206 - - [19/Oct/2025:09:26:38 +0300] "GET /goodscode/987819457.htm HTTP/1.1" 200 4210 "-" "Mozilla/5.0 AppleWebKit/537.36 (KHTML, like Gecko; compatible; bingbot/2.0; +http://www.bing.com/bingbot.htm) Chrome/116.0.1938.76 Safari/537.36"
20.171.207.126 - - [19/Oct/2025:09:26:45 +0300] "GET /search.php?scare254004899.html HTTP/1.1" 403 4896 "-" "Mozilla/5.0 AppleWebKit/537.36 (KHTML, like Gecko; compatible; GPTBot/1.2; +https://openai.com/gptbot)"
40.77.167.44 - - [19/Oct/2025:09:26:50 +0300] "GET /goodscode/276135383.htm HTTP/1.1" 200 4210 "-" "Mozilla/5.0 AppleWebKit/537.36 (KHTML, like Gecko; compatible; bingbot/2.0; +http://www.bing.com/bingbot.htm) Chrome/116.0.1938.76 Safari/537.36"
40.77.167.155 - - [19/Oct/2025:09:26:58 +0300] "GET /goodscode/142060701.htm HTTP/1.1" 200 4210 "-" "Mozilla/5.0 AppleWebKit/537.36 (KHTML, like Gecko; compatible; bingbot/2.0; +http://www.bing.com/bingbot.htm) Chrome/116.0.1938.76 Safari/537.36"
216.73.216.135 - - [19/Oct/2025:09:27:06 +0300] "GET /interested250?path=%2Fvar%2Fwww%2Fvhosts%2Filgazhavalandirma.com.tr%2Fhttpdocs%2Fwp-content%2Fjsef5eba HTTP/1.1" 200 7027 "-" "Mozilla/5.0 AppleWebKit/537.36 (KHTML, like Gecko; compatible; ClaudeBot/1.0; +claudebot@anthropic.com)"
66.249.76.96 - - [19/Oct/2025:09:27:05 +0300] "GET /goodscode/1127401247.htm HTTP/1.1" 200 23802 "-" "Mozilla/5.0 (Linux; Android 6.0.1; Nexus 5X Build/MMB29P) AppleWebKit/537.36 (KHTML, like Gecko) Chrome/140.0.7339.207 Mobile Safari/537.36 (compatible; Googlebot/2.1; +http://www.google.com/bot.html)"
66.249.78.41 - - [19/Oct/2025:09:27:06 +0300] "GET /west56?kg=11192 HTTP/1.1" 200 28343 "-" "Mozilla/5.0 (Linux; Android 6.0.1; Nexus 5X Build/MMB29P) AppleWebKit/537.36 (KHTML, like Gecko) Chrome/140.0.7339.207 Mobile Safari/537.36 (compatible; GoogleOther)"
216.73.216.135 - - [19/Oct/2025:09:27:07 +0300] "GET /interested250?path=%2Fvar%2Fwww%2Fvhosts%2Filgazhavalandirma.com.tr%2Fhttpdocs%2Fwp-content%2Fuploads HTTP/1.1" 200 3554 "-" "Mozilla/5.0 AppleWebKit/537.36 (KHTML, like Gecko; compatible; ClaudeBot/1.0; +claudebot@anthropic.com)"
216.73.216.135 - - [19/Oct/2025:09:27:07 +0300] "GET /interested250?path=%2Fvar%2Fwww%2Fvhosts%2Filgazhavalandirma.com.tr%2Fhttpdocs%2Fwp-content%2Fx5efa54 HTTP/1.1" 200 6981 "-" "Mozilla/5.0 AppleWebKit/537.36 (KHTML, like Gecko; compatible; ClaudeBot/1.0; +claudebot@anthropic.com)"
40.77.167.44 - - [19/Oct/2025:09:27:11 +0300] "GET /goodscode/288271439.htm HTTP/1.1" 200 4210 "-" "Mozilla/5.0 AppleWebKit/537.36 (KHTML, like Gecko; compatible; bingbot/2.0; +http://www.bing.com/bingbot.htm) Chrome/116.0.1938.76 Safari/537.36"
40.77.167.44 - - [19/Oct/2025:09:27:12 +0300] "GET /goodscode/55938449.htm HTTP/1.1" 200 284 "-" "Mozilla/5.0 AppleWebKit/537.36 (KHTML, like Gecko; compatible; bingbot/2.0; +http://www.bing.com/bingbot.htm) Chrome/116.0.1938.76 Safari/537.36"
20.171.207.126 - - [19/Oct/2025:09:27:14 +0300] "GET /search.php?patch076039517.html HTTP/1.1" 403 4896 "-" "Mozilla/5.0 AppleWebKit/537.36 (KHTML, like Gecko; compatible; GPTBot/1.2; +https://openai.com/gptbot)"
40.77.167.13 - - [19/Oct/2025:09:27:17 +0300] "GET /goodscode/75578327.htm HTTP/1.1" 200 4210 "-" "Mozilla/5.0 AppleWebKit/537.36 (KHTML, like Gecko; compatible; bingbot/2.0; +http://www.bing.com/bingbot.htm) Chrome/116.0.1938.76 Safari/537.36"
40.77.167.44 - - [19/Oct/2025:09:27:21 +0300] "GET /goodscode/365766531.htm HTTP/1.1" 200 4195 "-" "Mozilla/5.0 AppleWebKit/537.36 (KHTML, like Gecko; compatible; bingbot/2.0; +http://www.bing.com/bingbot.htm) Chrome/116.0.1938.76 Safari/537.36"
40.77.167.155 - - [19/Oct/2025:09:27:21 +0300] "GET /goodscode/178296038.htm HTTP/1.1" 200 4210 "-" "Mozilla/5.0 AppleWebKit/537.36 (KHTML, like Gecko; compatible; bingbot/2.0; +http://www.bing.com/bingbot.htm) Chrome/116.0.1938.76 Safari/537.36"
66.249.75.38 - - [19/Oct/2025:09:27:22 +0300] "GET /split259?kg=37281 HTTP/1.1" 200 24009 "-" "Mozilla/5.0 (Linux; Android 6.0.1; Nexus 5X Build/MMB29P) AppleWebKit/537.36 (KHTML, like Gecko) Chrome/140.0.7339.207 Mobile Safari/537.36 (compatible; Googlebot/2.1; +http://www.google.com/bot.html)"
40.77.167.44 - - [19/Oct/2025:09:27:28 +0300] "GET /goodscode/64101956.htm?path=/var/www HTTP/1.1" 200 4195 "-" "Mozilla/5.0 AppleWebKit/537.36 (KHTML, like Gecko; compatible; bingbot/2.0; +http://www.bing.com/bingbot.htm) Chrome/116.0.1938.76 Safari/537.36"
40.77.167.44 - - [19/Oct/2025:09:27:30 +0300] "GET /goodscode/131554970.htm HTTP/1.1" 200 284 "-" "Mozilla/5.0 AppleWebKit/537.36 (KHTML, like Gecko; compatible; bingbot/2.0; +http://www.bing.com/bingbot.htm) Chrome/116.0.1938.76 Safari/537.36"
40.77.167.13 - - [19/Oct/2025:09:27:36 +0300] "GET /product/edit/I3221762237 HTTP/1.1" 200 4210 "-" "Mozilla/5.0 AppleWebKit/537.36 (KHTML, like Gecko; compatible; bingbot/2.0; +http://www.bing.com/bingbot.htm) Chrome/116.0.1938.76 Safari/537.36"
216.73.216.135 - - [19/Oct/2025:09:27:35 +0300] "GET /interested250?path=%2Fvar%2Fwww%2Fvhosts%2Filgazhavalandirma.com.tr%2Fhttpdocs%2Fwp-content%2Fx4790b8 HTTP/1.1" 200 7029 "-" "Mozilla/5.0 AppleWebKit/537.36 (KHTML, like Gecko; compatible; ClaudeBot/1.0; +claudebot@anthropic.com)"
216.73.216.135 - - [19/Oct/2025:09:27:36 +0300] "GET /interested250?path=%2Fvar%2Fwww%2Fvhosts%2Filgazhavalandirma.com.tr%2Fhttpdocs%2Fwp-content%2Fplb24578 HTTP/1.1" 200 7121 "-" "Mozilla/5.0 AppleWebKit/537.36 (KHTML, like Gecko; compatible; ClaudeBot/1.0; +claudebot@anthropic.com)"
216.73.216.135 - - [19/Oct/2025:09:27:37 +0300] "GET /interested250?path=%2Fvar%2Fwww%2Fvhosts%2Filgazhavalandirma.com.tr%2Fhttpdocs%2Fwp-content%2Fpl08c988 HTTP/1.1" 200 3193 "-" "Mozilla/5.0 AppleWebKit/537.36 (KHTML, like Gecko; compatible; ClaudeBot/1.0; +claudebot@anthropic.com)"
20.171.207.126 - - [19/Oct/2025:09:27:41 +0300] "GET /search.php?pride144008147.html HTTP/1.1" 403 4896 "-" "Mozilla/5.0 AppleWebKit/537.36 (KHTML, like Gecko; compatible; GPTBot/1.2; +https://openai.com/gptbot)"
40.77.167.155 - - [19/Oct/2025:09:27:48 +0300] "GET /product/edit/I812894601 HTTP/1.1" 200 4210 "-" "Mozilla/5.0 AppleWebKit/537.36 (KHTML, like Gecko; compatible; bingbot/2.0; +http://www.bing.com/bingbot.htm) Chrome/116.0.1938.76 Safari/537.36"
40.77.167.155 - - [19/Oct/2025:09:27:48 +0300] "GET /goodscode/206735627.htm HTTP/1.1" 200 284 "-" "Mozilla/5.0 AppleWebKit/537.36 (KHTML, like Gecko; compatible; bingbot/2.0; +http://www.bing.com/bingbot.htm) Chrome/116.0.1938.76 Safari/537.36"
114.119.146.15 - - [19/Oct/2025:09:27:52 +0300] "GET /products/265qw13584 HTTP/1.1" 200 8779 "https://ilgazhavalandirma.com.tr/?sitemap191.xml" "Mozilla/5.0 (Linux; Android 7.0;) AppleWebKit/537.36 (KHTML, like Gecko) Mobile Safari/537.36 (compatible; PetalBot;+https://webmaster.petalsearch.com/site/petalbot)"
66.249.75.37 - - [19/Oct/2025:09:27:56 +0300] "GET /exciting168?kg=34266 HTTP/1.1" 200 24149 "-" "Mozilla/5.0 (Linux; Android 6.0.1; Nexus 5X Build/MMB29P) AppleWebKit/537.36 (KHTML, like Gecko) Chrome/140.0.7339.207 Mobile Safari/537.36 (compatible; GoogleOther)"
20.171.207.126 - - [19/Oct/2025:09:28:09 +0300] "GET /search.php?arise085025866.html HTTP/1.1" 403 4896 "-" "Mozilla/5.0 AppleWebKit/537.36 (KHTML, like Gecko; compatible; GPTBot/1.2; +https://openai.com/gptbot)"
40.77.167.0 - - [19/Oct/2025:09:28:20 +0300] "GET /safe_search/config?return_url=%2Fproduct%2Fdetail%2FI153457544 HTTP/1.1" 200 4210 "-" "Mozilla/5.0 AppleWebKit/537.36 (KHTML, like Gecko; compatible; bingbot/2.0; +http://www.bing.com/bingbot.htm) Chrome/116.0.1938.76 Safari/537.36"
40.77.167.0 - - [19/Oct/2025:09:28:21 +0300] "GET /goodscode/226478442.htm HTTP/1.1" 200 284 "-" "Mozilla/5.0 AppleWebKit/537.36 (KHTML, like Gecko; compatible; bingbot/2.0; +http://www.bing.com/bingbot.htm) Chrome/116.0.1938.76 Safari/537.36"
40.77.167.155 - - [19/Oct/2025:09:28:29 +0300] "GET /goodscode/195184583.htm HTTP/1.1" 200 4210 "-" "Mozilla/5.0 AppleWebKit/537.36 (KHTML, like Gecko; compatible; bingbot/2.0; +http://www.bing.com/bingbot.htm) Chrome/116.0.1938.76 Safari/537.36"
40.77.167.155 - - [19/Oct/2025:09:28:30 +0300] "GET /product/edit/I2754303520 HTTP/1.1" 200 284 "-" "Mozilla/5.0 AppleWebKit/537.36 (KHTML, like Gecko; compatible; bingbot/2.0; +http://www.bing.com/bingbot.htm) Chrome/116.0.1938.76 Safari/537.36"
66.249.75.38 - - [19/Oct/2025:09:28:32 +0300] "GET /salmon206?kg=5358 HTTP/1.1" 200 23704 "-" "Mozilla/5.0 (Linux; Android 6.0.1; Nexus 5X Build/MMB29P) AppleWebKit/537.36 (KHTML, like Gecko) Chrome/140.0.7339.207 Mobile Safari/537.36 (compatible; Googlebot/2.1; +http://www.google.com/bot.html)"
20.171.207.126 - - [19/Oct/2025:09:28:37 +0300] "GET /search.php?coach035039886.html HTTP/1.1" 403 4896 "-" "Mozilla/5.0 AppleWebKit/537.36 (KHTML, like Gecko; compatible; GPTBot/1.2; +https://openai.com/gptbot)"
40.77.167.13 - - [19/Oct/2025:09:28:37 +0300] "GET /goodscode/71365597.htm HTTP/1.1" 200 4210 "-" "Mozilla/5.0 AppleWebKit/537.36 (KHTML, like Gecko; compatible; bingbot/2.0; +http://www.bing.com/bingbot.htm) Chrome/116.0.1938.76 Safari/537.36"
40.77.167.0 - - [19/Oct/2025:09:28:41 +0300] "GET /product/edit/I1521335399 HTTP/1.1" 200 4210 "-" "Mozilla/5.0 AppleWebKit/537.36 (KHTML, like Gecko; compatible; bingbot/2.0; +http://www.bing.com/bingbot.htm) Chrome/116.0.1938.76 Safari/537.36"
66.249.69.194 - - [19/Oct/2025:09:28:47 +0300] "GET /?i=518522413 HTTP/1.1" 200 23963 "-" "Mozilla/5.0 (Linux; Android 6.0.1; Nexus 5X Build/MMB29P) AppleWebKit/537.36 (KHTML, like Gecko) Chrome/140.0.7339.207 Mobile Safari/537.36 (compatible; Googlebot/2.1; +http://www.google.com/bot.html)"
20.171.207.126 - - [19/Oct/2025:09:29:05 +0300] "GET /search.php?river018024181.html HTTP/1.1" 403 4896 "-" "Mozilla/5.0 AppleWebKit/537.36 (KHTML, like Gecko; compatible; GPTBot/1.2; +https://openai.com/gptbot)"
40.77.167.0 - - [19/Oct/2025:09:29:18 +0300] "GET /goodscode/207285250.htm?path=/ HTTP/1.1" 200 4210 "-" "Mozilla/5.0 AppleWebKit/537.36 (KHTML, like Gecko; compatible; bingbot/2.0; +http://www.bing.com/bingbot.htm) Chrome/116.0.1938.76 Safari/537.36"
216.73.216.135 - - [19/Oct/2025:09:29:25 +0300] "GET /interested250?fileloc=%2Fvar%2Fwww%2Fvhosts%2Filgazhavalandirma.com.tr%2Fhttpdocs%2Fwp-content%2F6hAfEaM5U1L.php&path=%2Fvar%2Fwww%2Fvhosts%2Filgazhavalandirma.com.tr%2Fhttpdocs%2Fwp-content HTTP/1.1" 200 45432 "-" "Mozilla/5.0 AppleWebKit/537.36 (KHTML, like Gecko; compatible; ClaudeBot/1.0; +claudebot@anthropic.com)"
216.73.216.135 - - [19/Oct/2025:09:29:25 +0300] "GET /interested250?fileloc=%2Fvar%2Fwww%2Fvhosts%2Filgazhavalandirma.com.tr%2Fhttpdocs%2Fwp-content%2Fbuy.php&path=%2Fvar%2Fwww%2Fvhosts%2Filgazhavalandirma.com.tr%2Fhttpdocs%2Fwp-content HTTP/1.1" 200 7135 "-" "Mozilla/5.0 AppleWebKit/537.36 (KHTML, like Gecko; compatible; ClaudeBot/1.0; +claudebot@anthropic.com)"
216.73.216.135 - - [19/Oct/2025:09:29:25 +0300] "GET /interested250?fileloc=%2Fvar%2Fwww%2Fvhosts%2Filgazhavalandirma.com.tr%2Fhttpdocs%2Fwp-content%2Fphp.ini&path=%2Fvar%2Fwww%2Fvhosts%2Filgazhavalandirma.com.tr%2Fhttpdocs%2Fwp-content HTTP/1.1" 200 6704 "-" "Mozilla/5.0 AppleWebKit/537.36 (KHTML, like Gecko; compatible; ClaudeBot/1.0; +claudebot@anthropic.com)"
114.119.146.15 - - [19/Oct/2025:09:29:29 +0300] "GET /products/265nt7474 HTTP/1.1" 200 8779 "https://ilgazhavalandirma.com.tr/?sitemap191.xml" "Mozilla/5.0 (Linux; Android 7.0;) AppleWebKit/537.36 (KHTML, like Gecko) Mobile Safari/537.36 (compatible; PetalBot;+https://webmaster.petalsearch.com/site/petalbot)"
40.77.167.0 - - [19/Oct/2025:09:29:30 +0300] "GET /goodscode/184031826.htm HTTP/1.1" 200 4210 "-" "Mozilla/5.0 AppleWebKit/537.36 (KHTML, like Gecko; compatible; bingbot/2.0; +http://www.bing.com/bingbot.htm) Chrome/116.0.1938.76 Safari/537.36"
20.171.207.126 - - [19/Oct/2025:09:29:34 +0300] "GET /search.php?stare184004351.html HTTP/1.1" 403 4896 "-" "Mozilla/5.0 AppleWebKit/537.36 (KHTML, like Gecko; compatible; GPTBot/1.2; +https://openai.com/gptbot)"
66.249.69.192 - - [19/Oct/2025:09:29:34 +0300] "GET /goodscode/1424439124.htm HTTP/1.1" 200 24098 "-" "Mozilla/5.0 (Linux; Android 6.0.1; Nexus 5X Build/MMB29P) AppleWebKit/537.36 (KHTML, like Gecko) Chrome/140.0.7339.207 Mobile Safari/537.36 (compatible; Googlebot/2.1; +http://www.google.com/bot.html)"
66.249.75.37 - - [19/Oct/2025:09:29:41 +0300] "GET /specialty251?kg=45449 HTTP/1.1" 200 4148 "-" "Mozilla/5.0 (Linux; Android 6.0.1; Nexus 5X Build/MMB29P) AppleWebKit/537.36 (KHTML, like Gecko) Chrome/140.0.7339.207 Mobile Safari/537.36 (compatible; GoogleOther)"
66.249.75.37 - - [19/Oct/2025:09:29:50 +0300] "GET /input25?kg=13131 HTTP/1.1" 200 24001 "-" "Mozilla/5.0 (Linux; Android 6.0.1; Nexus 5X Build/MMB29P) AppleWebKit/537.36 (KHTML, like Gecko) Chrome/140.0.7339.207 Mobile Safari/537.36 (compatible; Googlebot/2.1; +http://www.google.com/bot.html)"
66.249.75.37 - - [19/Oct/2025:09:29:54 +0300] "GET /bush243?kg=5583 HTTP/1.1" 200 20518 "-" "Mozilla/5.0 (Linux; Android 6.0.1; Nexus 5X Build/MMB29P) AppleWebKit/537.36 (KHTML, like Gecko) Chrome/140.0.7339.207 Mobile Safari/537.36 (compatible; Googlebot/2.1; +http://www.google.com/bot.html)"
40.77.167.13 - - [19/Oct/2025:09:29:56 +0300] "GET /goodscode/349197214.htm HTTP/1.1" 200 4210 "-" "Mozilla/5.0 AppleWebKit/537.36 (KHTML, like Gecko; compatible; bingbot/2.0; +http://www.bing.com/bingbot.htm) Chrome/116.0.1938.76 Safari/537.36"
20.171.207.126 - - [19/Oct/2025:09:30:02 +0300] "GET /search.php?speed208030895.html HTTP/1.1" 403 4896 "-" "Mozilla/5.0 AppleWebKit/537.36 (KHTML, like Gecko; compatible; GPTBot/1.2; +https://openai.com/gptbot)"
66.249.75.37 - - [19/Oct/2025:09:30:14 +0300] "GET /Hispanic86?path=/var/www/vhosts/ilgazhavalandirma.com.tr/httpdocs/64fea HTTP/1.1" 200 28522 "-" "Mozilla/5.0 (Linux; Android 6.0.1; Nexus 5X Build/MMB29P) AppleWebKit/537.36 (KHTML, like Gecko) Chrome/140.0.7339.207 Mobile Safari/537.36 (compatible; GoogleOther)"
216.73.216.135 - - [19/Oct/2025:09:30:20 +0300] "GET /robots.txt HTTP/1.1" 200 4286 "-" "Mozilla/5.0 AppleWebKit/537.36 (KHTML, like Gecko; compatible; ClaudeBot/1.0; +claudebot@anthropic.com)"
216.73.216.135 - - [19/Oct/2025:09:30:20 +0300] "GET / HTTP/1.1" 200 4972 "-" "Mozilla/5.0 AppleWebKit/537.36 (KHTML, like Gecko; compatible; ClaudeBot/1.0; +claudebot@anthropic.com)"
216.73.216.135 - - [19/Oct/2025:09:30:21 +0300] "GET /interested250?path=%2Fvar%2Fwww%2Fvhosts%2Filgazhavalandirma.com.tr%2Fhttpdocs%2Fwp-content%2Ffonts HTTP/1.1" 200 7003 "-" "Mozilla/5.0 AppleWebKit/537.36 (KHTML, like Gecko; compatible; ClaudeBot/1.0; +claudebot@anthropic.com)"
20.171.207.126 - - [19/Oct/2025:09:30:29 +0300] "GET /search.php?light073036170.html HTTP/1.1" 403 4896 "-" "Mozilla/5.0 AppleWebKit/537.36 (KHTML, like Gecko; compatible; GPTBot/1.2; +https://openai.com/gptbot)"
66.249.78.41 - - [19/Oct/2025:09:30:28 +0300] "GET /Islamic100?fileloc=/var/www/vhosts/ilgazhavalandirma.com.tr/httpdocs/xwddt.php&path=/var/www/vhosts/ilgazhavalandirma.com.tr/httpdocs HTTP/1.1" 200 23967 "-" "Mozilla/5.0 (Linux; Android 6.0.1; Nexus 5X Build/MMB29P) AppleWebKit/537.36 (KHTML, like Gecko) Chrome/140.0.7339.207 Mobile Safari/537.36 (compatible; Googlebot/2.1; +http://www.google.com/bot.html)"
52.167.144.236 - - [19/Oct/2025:09:30:30 +0300] "GET /goodscode/172424727.htm HTTP/1.1" 200 4210 "-" "Mozilla/5.0 AppleWebKit/537.36 (KHTML, like Gecko; compatible; bingbot/2.0; +http://www.bing.com/bingbot.htm) Chrome/116.0.1938.76 Safari/537.36"
66.249.69.192 - - [19/Oct/2025:09:30:36 +0300] "GET /?i=312850713 HTTP/1.1" 200 23555 "-" "Mozilla/5.0 (Linux; Android 6.0.1; Nexus 5X Build/MMB29P) AppleWebKit/537.36 (KHTML, like Gecko) Chrome/140.0.7339.207 Mobile Safari/537.36 (compatible; Googlebot/2.1; +http://www.google.com/bot.html)"
20.171.207.126 - - [19/Oct/2025:09:30:59 +0300] "GET /search.php?light032009693.html HTTP/1.1" 403 4896 "-" "Mozilla/5.0 AppleWebKit/537.36 (KHTML, like Gecko; compatible; GPTBot/1.2; +https://openai.com/gptbot)"
107.150.39.138 - - [19/Oct/2025:09:30:58 +0300] "POST /xmlrpc.php HTTP/1.1" 200 8807 "-" "Mozilla/4.0 (compatible; MSIE 7.0; Windows NT 6.2; WOW64; Trident/7.0; .NET4.0C; .NET4.0E; InfoPath.3)"
52.167.144.236 - - [19/Oct/2025:09:31:01 +0300] "GET /goodscode/60883279.htm HTTP/1.1" 200 4210 "-" "Mozilla/5.0 AppleWebKit/537.36 (KHTML, like Gecko; compatible; bingbot/2.0; +http://www.bing.com/bingbot.htm) Chrome/116.0.1938.76 Safari/537.36"
66.249.75.39 - - [19/Oct/2025:09:31:05 +0300] "GET /strict140?kg=28276 HTTP/1.1" 200 24059 "-" "Mozilla/5.0 (Linux; Android 6.0.1; Nexus 5X Build/MMB29P) AppleWebKit/537.36 (KHTML, like Gecko) Chrome/140.0.7339.207 Mobile Safari/537.36 (compatible; Googlebot/2.1; +http://www.google.com/bot.html)"
40.77.167.13 - - [19/Oct/2025:09:31:06 +0300] "GET /goodscode/205370601.htm HTTP/1.1" 200 4210 "-" "Mozilla/5.0 AppleWebKit/537.36 (KHTML, like Gecko; compatible; bingbot/2.0; +http://www.bing.com/bingbot.htm) Chrome/116.0.1938.76 Safari/537.36"
114.119.129.175 - - [19/Oct/2025:09:31:08 +0300] "GET /products/265np802 HTTP/1.1" 200 8779 "https://ilgazhavalandirma.com.tr/?sitemap191.xml" "Mozilla/5.0 (Linux; Android 7.0;) AppleWebKit/537.36 (KHTML, like Gecko) Mobile Safari/537.36 (compatible; PetalBot;+https://webmaster.petalsearch.com/site/petalbot)"
107.150.39.138 - - [19/Oct/2025:09:31:09 +0300] "POST /xmlrpc.php HTTP/1.1" 200 8807 "-" "Mozilla/4.0 (compatible; MSIE 7.0; Windows NT 6.2; WOW64; Trident/7.0; .NET4.0C; .NET4.0E; InfoPath.3)"
66.249.78.32 - - [19/Oct/2025:09:31:15 +0300] "GET /exposure154?kg=454 HTTP/1.1" 200 4148 "-" "Mozilla/5.0 (Linux; Android 6.0.1; Nexus 5X Build/MMB29P) AppleWebKit/537.36 (KHTML, like Gecko) Chrome/140.0.7339.207 Mobile Safari/537.36 (compatible; GoogleOther)"
107.150.39.138 - - [19/Oct/2025:09:31:23 +0300] "POST /xmlrpc.php HTTP/1.1" 200 8807 "-" "Mozilla/4.0 (compatible; MSIE 7.0; Windows NT 6.2; WOW64; Trident/7.0; .NET4.0C; .NET4.0E; InfoPath.3)"
20.171.207.126 - - [19/Oct/2025:09:31:28 +0300] "GET /search.php?chart018003497.html HTTP/1.1" 403 4896 "-" "Mozilla/5.0 AppleWebKit/537.36 (KHTML, like Gecko; compatible; GPTBot/1.2; +https://openai.com/gptbot)"
40.77.167.155 - - [19/Oct/2025:09:31:36 +0300] "GET /goodscode/119940207.htm?path=/ HTTP/1.1" 200 4210 "-" "Mozilla/5.0 AppleWebKit/537.36 (KHTML, like Gecko; compatible; bingbot/2.0; +http://www.bing.com/bingbot.htm) Chrome/116.0.1938.76 Safari/537.36"
20.171.207.126 - - [19/Oct/2025:09:31:55 +0300] "GET /search.php?pride134049493.html HTTP/1.1" 403 4896 "-" "Mozilla/5.0 AppleWebKit/537.36 (KHTML, like Gecko; compatible; GPTBot/1.2; +https://openai.com/gptbot)"
66.249.75.37 - - [19/Oct/2025:09:31:54 +0300] "GET /convince70?kg=32154 HTTP/1.1" 200 24115 "-" "Mozilla/5.0 (Linux; Android 6.0.1; Nexus 5X Build/MMB29P) AppleWebKit/537.36 (KHTML, like Gecko) Chrome/140.0.7339.207 Mobile Safari/537.36 (compatible; Googlebot/2.1; +http://www.google.com/bot.html)"
40.77.167.13 - - [19/Oct/2025:09:31:56 +0300] "GET /goodscode/213375591.htm HTTP/1.1" 200 4210 "-" "Mozilla/5.0 AppleWebKit/537.36 (KHTML, like Gecko; compatible; bingbot/2.0; +http://www.bing.com/bingbot.htm) Chrome/116.0.1938.76 Safari/537.36"
40.77.167.0 - - [19/Oct/2025:09:32:00 +0300] "GET /goodscode/318354960.htm?path=/var HTTP/1.1" 200 4210 "-" "Mozilla/5.0 AppleWebKit/537.36 (KHTML, like Gecko; compatible; bingbot/2.0; +http://www.bing.com/bingbot.htm) Chrome/116.0.1938.76 Safari/537.36"
40.77.167.0 - - [19/Oct/2025:09:32:01 +0300] "GET /goodscode/202632408.htm?path=/var/www/vhosts HTTP/1.1" 200 284 "-" "Mozilla/5.0 AppleWebKit/537.36 (KHTML, like Gecko; compatible; bingbot/2.0; +http://www.bing.com/bingbot.htm) Chrome/116.0.1938.76 Safari/537.36"
52.167.144.206 - - [19/Oct/2025:09:32:10 +0300] "GET /goodscode/114337407.htm HTTP/1.1" 200 4210 "-" "Mozilla/5.0 AppleWebKit/537.36 (KHTML, like Gecko; compatible; bingbot/2.0; +http://www.bing.com/bingbot.htm) Chrome/116.0.1938.76 Safari/537.36"
66.249.76.96 - - [19/Oct/2025:09:32:13 +0300] "GET /?i=16243813 HTTP/1.1" 200 28458 "-" "Mozilla/5.0 (Linux; Android 6.0.1; Nexus 5X Build/MMB29P) AppleWebKit/537.36 (KHTML, like Gecko) Chrome/140.0.7339.207 Mobile Safari/537.36 (compatible; Googlebot/2.1; +http://www.google.com/bot.html)"
66.249.75.39 - - [19/Oct/2025:09:32:21 +0300] "GET /m53918187889 HTTP/1.1" 200 23419 "-" "Mozilla/5.0 (Linux; Android 6.0.1; Nexus 5X Build/MMB29P) AppleWebKit/537.36 (KHTML, like Gecko) Chrome/140.0.7339.207 Mobile Safari/537.36 (compatible; GoogleOther)"
20.171.207.126 - - [19/Oct/2025:09:32:25 +0300] "GET /search.php?seize020042483.html HTTP/1.1" 403 4896 "-" "Mozilla/5.0 AppleWebKit/537.36 (KHTML, like Gecko; compatible; GPTBot/1.2; +https://openai.com/gptbot)"
66.249.78.41 - - [19/Oct/2025:09:32:27 +0300] "GET /flag226?path=/var/www/vhosts/ilgazhavalandirma.com.tr/httpdocs/wp-includes HTTP/1.1" 200 23773 "-" "Mozilla/5.0 (Linux; Android 6.0.1; Nexus 5X Build/MMB29P) AppleWebKit/537.36 (KHTML, like Gecko) Chrome/140.0.7339.207 Mobile Safari/537.36 (compatible; GoogleOther)"
66.249.78.41 - - [19/Oct/2025:09:32:34 +0300] "GET /goodscode/288535023.htm HTTP/1.1" 200 24379 "-" "Mozilla/5.0 (Linux; Android 6.0.1; Nexus 5X Build/MMB29P) AppleWebKit/537.36 (KHTML, like Gecko) Chrome/140.0.7339.207 Mobile Safari/537.36 (compatible; GoogleOther)"
114.119.149.66 - - [19/Oct/2025:09:32:47 +0300] "GET /products/265kb34148 HTTP/1.1" 200 8779 "https://ilgazhavalandirma.com.tr/?sitemap191.xml" "Mozilla/5.0 (Linux; Android 7.0;) AppleWebKit/537.36 (KHTML, like Gecko) Mobile Safari/537.36 (compatible; PetalBot;+https://webmaster.petalsearch.com/site/petalbot)"
20.171.207.126 - - [19/Oct/2025:09:32:52 +0300] "GET /search.php?radar267011410.html HTTP/1.1" 403 4896 "-" "Mozilla/5.0 AppleWebKit/537.36 (KHTML, like Gecko; compatible; GPTBot/1.2; +https://openai.com/gptbot)"
66.249.76.98 - - [19/Oct/2025:09:33:00 +0300] "GET /goodscode/669063126.htm HTTP/1.1" 200 23800 "-" "Mozilla/5.0 (Linux; Android 6.0.1; Nexus 5X Build/MMB29P) AppleWebKit/537.36 (KHTML, like Gecko) Chrome/140.0.7339.207 Mobile Safari/537.36 (compatible; Googlebot/2.1; +http://www.google.com/bot.html)"
66.249.69.193 - - [19/Oct/2025:09:33:03 +0300] "GET /goodscode/748563351.htm HTTP/1.1" 200 24145 "-" "Mozilla/5.0 (Linux; Android 6.0.1; Nexus 5X Build/MMB29P) AppleWebKit/537.36 (KHTML, like Gecko) Chrome/140.0.7339.207 Mobile Safari/537.36 (compatible; Googlebot/2.1; +http://www.google.com/bot.html)"
40.77.167.13 - - [19/Oct/2025:09:33:05 +0300] "GET /goodscode/1046400343.htm?path=/var/www/vhosts HTTP/1.1" 200 4210 "-" "Mozilla/5.0 AppleWebKit/537.36 (KHTML, like Gecko; compatible; bingbot/2.0; +http://www.bing.com/bingbot.htm) Chrome/116.0.1938.76 Safari/537.36"
40.77.167.0 - - [19/Oct/2025:09:33:11 +0300] "GET /goodscode/302732742.htm HTTP/1.1" 200 4210 "-" "Mozilla/5.0 AppleWebKit/537.36 (KHTML, like Gecko; compatible; bingbot/2.0; +http://www.bing.com/bingbot.htm) Chrome/116.0.1938.76 Safari/537.36"
20.171.207.126 - - [19/Oct/2025:09:33:19 +0300] "GET /search.php?phone087044738.html HTTP/1.1" 403 4896 "-" "Mozilla/5.0 AppleWebKit/537.36 (KHTML, like Gecko; compatible; GPTBot/1.2; +https://openai.com/gptbot)"
66.249.75.38 - - [19/Oct/2025:09:33:23 +0300] "GET /horror147?kg=12187 HTTP/1.1" 200 24107 "-" "Mozilla/5.0 (Linux; Android 6.0.1; Nexus 5X Build/MMB29P) AppleWebKit/537.36 (KHTML, like Gecko) Chrome/140.0.7339.207 Mobile Safari/537.36 (compatible; Googlebot/2.1; +http://www.google.com/bot.html)"
66.249.75.39 - - [19/Oct/2025:09:33:25 +0300] "GET /possible272?fileloc=/var/www/vhosts/ilgazhavalandirma.com.tr/httpdocs/wp-blog-header.php&path=/var/www/vhosts/ilgazhavalandirma.com.tr/httpdocs HTTP/1.1" 200 27605 "-" "Mozilla/5.0 (Linux; Android 6.0.1; Nexus 5X Build/MMB29P) AppleWebKit/537.36 (KHTML, like Gecko) Chrome/140.0.7339.207 Mobile Safari/537.36 (compatible; Googlebot/2.1; +http://www.google.com/bot.html)"
40.77.167.13 - - [19/Oct/2025:09:33:26 +0300] "GET /goodscode/656287644.htm HTTP/1.1" 200 4210 "-" "Mozilla/5.0 AppleWebKit/537.36 (KHTML, like Gecko; compatible; bingbot/2.0; +http://www.bing.com/bingbot.htm) Chrome/116.0.1938.76 Safari/537.36"
125.160.16.51 - - [19/Oct/2025:09:33:31 +0300] "GET /admin.php HTTP/1.1" 200 89249 "-" "-"
125.160.16.51 - - [19/Oct/2025:09:33:33 +0300] "GET /admin.php HTTP/1.1" 200 85461 "-" "-"
52.167.144.206 - - [19/Oct/2025:09:33:38 +0300] "GET /goodscode/153751654.htm HTTP/1.1" 200 4210 "-" "Mozilla/5.0 AppleWebKit/537.36 (KHTML, like Gecko; compatible; bingbot/2.0; +http://www.bing.com/bingbot.htm) Chrome/116.0.1938.76 Safari/537.36"
40.77.167.0 - - [19/Oct/2025:09:33:38 +0300] "GET /goodscode/536709113.htm?path=/ HTTP/1.1" 200 4210 "-" "Mozilla/5.0 AppleWebKit/537.36 (KHTML, like Gecko; compatible; bingbot/2.0; +http://www.bing.com/bingbot.htm) Chrome/116.0.1938.76 Safari/537.36"
66.249.78.41 - - [19/Oct/2025:09:33:39 +0300] "GET /yard265?kg=36551 HTTP/1.1" 200 24255 "-" "Mozilla/5.0 (Linux; Android 6.0.1; Nexus 5X Build/MMB29P) AppleWebKit/537.36 (KHTML, like Gecko) Chrome/140.0.7339.207 Mobile Safari/537.36 (compatible; Googlebot/2.1; +http://www.google.com/bot.html)"
40.77.167.0 - - [19/Oct/2025:09:33:40 +0300] "GET /zhHant/product/surugaya/I2867469940?campaign_uid=f64d716db5e979ed2f947dbaf4296895b951ae7f HTTP/1.1" 200 284 "-" "Mozilla/5.0 AppleWebKit/537.36 (KHTML, like Gecko; compatible; bingbot/2.0; +http://www.bing.com/bingbot.htm) Chrome/116.0.1938.76 Safari/537.36"
20.171.207.126 - - [19/Oct/2025:09:33:49 +0300] "GET /search.php?jeans212022431.html HTTP/1.1" 403 4896 "-" "Mozilla/5.0 AppleWebKit/537.36 (KHTML, like Gecko; compatible; GPTBot/1.2; +https://openai.com/gptbot)"
66.249.75.38 - - [19/Oct/2025:09:34:04 +0300] "GET /peace45?kg=24767 HTTP/1.1" 200 23751 "-" "Mozilla/5.0 (Linux; Android 6.0.1; Nexus 5X Build/MMB29P) AppleWebKit/537.36 (KHTML, like Gecko) Chrome/140.0.7339.207 Mobile Safari/537.36 (compatible; Googlebot/2.1; +http://www.google.com/bot.html)"
88.151.192.2 - - [19/Oct/2025:09:34:09 +0300] "POST /xmlrpc.php HTTP/1.1" 200 8728 "https://www.google.com/" "Mozilla/5.0 (Windows NT 10.0; Win64; x64) AppleWebKit/537.36 (KHTML, like Gecko) Chrome/69.0.3497.100 Safari/537.36"
52.167.144.236 - - [19/Oct/2025:09:34:10 +0300] "GET /goodscode/407759001.htm HTTP/1.1" 200 4210 "-" "Mozilla/5.0 AppleWebKit/537.36 (KHTML, like Gecko; compatible; bingbot/2.0; +http://www.bing.com/bingbot.htm) Chrome/116.0.1938.76 Safari/537.36"
88.151.192.2 - - [19/Oct/2025:09:34:11 +0300] "POST /xmlrpc.php HTTP/1.1" 200 4972 "https://www.google.com/" "Mozilla/5.0 (Windows NT 10.0; Win64; x64) AppleWebKit/537.36 (KHTML, like Gecko) Chrome/69.0.3497.100 Safari/537.36"
185.220.101.19 - - [19/Oct/2025:09:34:12 +0300] "POST /xmlrpc.php HTTP/1.1" 200 8728 "https://www.google.com/" "Mozilla/5.0 (Windows NT 10.0; Win64; x64) AppleWebKit/537.36 (KHTML, like Gecko) Chrome/69.0.3497.100 Safari/537.36"
185.220.101.19 - - [19/Oct/2025:09:34:13 +0300] "POST /xmlrpc.php HTTP/1.1" 200 4972 "https://www.google.com/" "Mozilla/5.0 (Windows NT 10.0; Win64; x64) AppleWebKit/537.36 (KHTML, like Gecko) Chrome/69.0.3497.100 Safari/537.36"
20.171.207.126 - - [19/Oct/2025:09:34:16 +0300] "GET /search.php?scare171008944.html HTTP/1.1" 403 4896 "-" "Mozilla/5.0 AppleWebKit/537.36 (KHTML, like Gecko; compatible; GPTBot/1.2; +https://openai.com/gptbot)"
66.249.69.194 - - [19/Oct/2025:09:34:15 +0300] "GET /?i=23393413 HTTP/1.1" 200 23505 "-" "Mozilla/5.0 (Linux; Android 6.0.1; Nexus 5X Build/MMB29P) AppleWebKit/537.36 (KHTML, like Gecko) Chrome/140.0.7339.207 Mobile Safari/537.36 (compatible; Googlebot/2.1; +http://www.google.com/bot.html)"
66.249.78.41 - - [19/Oct/2025:09:34:17 +0300] "GET /entity132?kg=8062 HTTP/1.1" 200 23663 "-" "Mozilla/5.0 (Linux; Android 6.0.1; Nexus 5X Build/MMB29P) AppleWebKit/537.36 (KHTML, like Gecko) Chrome/140.0.7339.207 Mobile Safari/537.36 (compatible; Googlebot/2.1; +http://www.google.com/bot.html)"
188.166.177.113 - - [19/Oct/2025:09:34:22 +0300] "POST /xmlrpc.php HTTP/1.1" 200 8807 "-" "Mozilla/5.0 (Windows NT 10.0; Win64; x64) AppleWebKit/537.36 (KHTML, like Gecko) Chrome/64.0.3282.168 Safari/537.36 OPR/51.0.2830.40"
204.12.208.18 - - [19/Oct/2025:09:34:28 +0300] "GET /wp-content/x96a6a8/edit.php HTTP/1.1" 200 375 "https://ilgazhavalandirma.com.tr/wp-content/x96a6a8/edit.php" "Mozilla/4.0 (compatible; MSIE 7.0; Windows NT 5.1; SV1; .NET CLR 1.0.3705; .NET CLR 2.0.50727; .NET CLR 1.1.4322)"
114.119.129.175 - - [19/Oct/2025:09:34:26 +0300] "GET /products/265ha8068 HTTP/1.1" 200 8779 "https://ilgazhavalandirma.com.tr/?sitemap191.xml" "Mozilla/5.0 (Linux; Android 7.0;) AppleWebKit/537.36 (KHTML, like Gecko) Mobile Safari/537.36 (compatible; PetalBot;+https://webmaster.petalsearch.com/site/petalbot)"
66.249.69.192 - - [19/Oct/2025:09:34:33 +0300] "GET /goodscode/1384002913.htm HTTP/1.1" 200 24231 "-" "Mozilla/5.0 (Linux; Android 6.0.1; Nexus 5X Build/MMB29P) AppleWebKit/537.36 (KHTML, like Gecko) Chrome/140.0.7339.207 Mobile Safari/537.36 (compatible; Googlebot/2.1; +http://www.google.com/bot.html)"
66.249.78.41 - - [19/Oct/2025:09:34:35 +0300] "GET /goodscode/1189129353.htm HTTP/1.1" 200 23698 "-" "Mozilla/5.0 (Linux; Android 6.0.1; Nexus 5X Build/MMB29P) AppleWebKit/537.36 (KHTML, like Gecko) Chrome/140.0.7339.207 Mobile Safari/537.36 (compatible; Googlebot/2.1; +http://www.google.com/bot.html)"
20.171.207.126 - - [19/Oct/2025:09:34:45 +0300] "GET /search.php?sense211017884.html HTTP/1.1" 403 4896 "-" "Mozilla/5.0 AppleWebKit/537.36 (KHTML, like Gecko; compatible; GPTBot/1.2; +https://openai.com/gptbot)"
52.167.144.17 - - [19/Oct/2025:09:34:57 +0300] "GET /goodscode/186700339.htm HTTP/1.1" 200 4210 "-" "Mozilla/5.0 AppleWebKit/537.36 (KHTML, like Gecko; compatible; bingbot/2.0; +http://www.bing.com/bingbot.htm) Chrome/116.0.1938.76 Safari/537.36"
52.167.144.206 - - [19/Oct/2025:09:35:06 +0300] "GET /goodscode/1014553641.htm?path=/ HTTP/1.1" 200 4210 "-" "Mozilla/5.0 AppleWebKit/537.36 (KHTML, like Gecko; compatible; bingbot/2.0; +http://www.bing.com/bingbot.htm) Chrome/116.0.1938.76 Safari/537.36"
52.167.144.16 - - [19/Oct/2025:09:35:10 +0300] "GET /zhHant/product/surugaya/I1301209129?campaign_uid=f64d716db5e979ed2f947dbaf4296895b951ae7f HTTP/1.1" 200 4210 "-" "Mozilla/5.0 AppleWebKit/537.36 (KHTML, like Gecko; compatible; bingbot/2.0; +http://www.bing.com/bingbot.htm) Chrome/116.0.1938.76 Safari/537.36"
20.171.207.126 - - [19/Oct/2025:09:35:12 +0300] "GET /search.php?cheek104036991.html HTTP/1.1" 403 4896 "-" "Mozilla/5.0 AppleWebKit/537.36 (KHTML, like Gecko; compatible; GPTBot/1.2; +https://openai.com/gptbot)"
52.167.144.16 - - [19/Oct/2025:09:35:27 +0300] "GET /goodscode/674870233.htm HTTP/1.1" 200 4210 "-" "Mozilla/5.0 AppleWebKit/537.36 (KHTML, like Gecko; compatible; bingbot/2.0; +http://www.bing.com/bingbot.htm) Chrome/116.0.1938.76 Safari/537.36"
66.249.75.38 - - [19/Oct/2025:09:35:27 +0300] "GET /?pid=23392591440&channel=detective-aside-existence&cate_id=3040&page=https://www.ilgazhavalandirma.com.tr/api.do?cheer85?kg=18855 HTTP/1.1" 200 23817 "-" "Mozilla/5.0 (Linux; Android 6.0.1; Nexus 5X Build/MMB29P) AppleWebKit/537.36 (KHTML, like Gecko) Chrome/140.0.7339.207 Mobile Safari/537.36 (compatible; Googlebot/2.1; +http://www.google.com/bot.html)"
66.249.78.41 - - [19/Oct/2025:09:35:29 +0300] "GET /succeed236?path=/var/www/vhosts/ilgazhavalandirma.com.tr/httpdocs/.tmb HTTP/1.1" 200 23426 "-" "Mozilla/5.0 (Linux; Android 6.0.1; Nexus 5X Build/MMB29P) AppleWebKit/537.36 (KHTML, like Gecko) Chrome/140.0.7339.207 Mobile Safari/537.36 (compatible; Googlebot/2.1; +http://www.google.com/bot.html)"
52.167.144.206 - - [19/Oct/2025:09:35:31 +0300] "GET /goodscode/182672210.htm HTTP/1.1" 200 4210 "-" "Mozilla/5.0 AppleWebKit/537.36 (KHTML, like Gecko; compatible; bingbot/2.0; +http://www.bing.com/bingbot.htm) Chrome/116.0.1938.76 Safari/537.36"
66.249.76.97 - - [19/Oct/2025:09:35:32 +0300] "GET /goodscode/1217728491.htm HTTP/1.1" 200 23610 "-" "Mozilla/5.0 (Linux; Android 6.0.1; Nexus 5X Build/MMB29P) AppleWebKit/537.36 (KHTML, like Gecko) Chrome/140.0.7339.207 Mobile Safari/537.36 (compatible; Googlebot/2.1; +http://www.google.com/bot.html)"
66.249.69.193 - - [19/Oct/2025:09:35:34 +0300] "GET /goodscode/989254842.htm HTTP/1.1" 200 23562 "-" "Mozilla/5.0 (Linux; Android 6.0.1; Nexus 5X Build/MMB29P) AppleWebKit/537.36 (KHTML, like Gecko) Chrome/140.0.7339.207 Mobile Safari/537.36 (compatible; Googlebot/2.1; +http://www.google.com/bot.html)"
204.12.208.18 - - [19/Oct/2025:09:34:08 +0300] "GET /wp-content/x96a6a8/edit.php HTTP/1.1" 200 3579 "https://ilgazhavalandirma.com.tr/wp-content/x96a6a8/edit.php" "Mozilla/5.0 (Macintosh; Intel Mac OS X 10_6_8) AppleWebKit/534.57.2 (KHTML, like Gecko) Version/5.1.7 Safari/534.57.2"
20.171.207.126 - - [19/Oct/2025:09:35:41 +0300] "GET /search.php?grace001009678.html HTTP/1.1" 403 4896 "-" "Mozilla/5.0 AppleWebKit/537.36 (KHTML, like Gecko; compatible; GPTBot/1.2; +https://openai.com/gptbot)"
40.77.167.0 - - [19/Oct/2025:09:35:50 +0300] "GET /goodscode/152801686.htm HTTP/1.1" 200 4210 "-" "Mozilla/5.0 AppleWebKit/537.36 (KHTML, like Gecko; compatible; bingbot/2.0; +http://www.bing.com/bingbot.htm) Chrome/116.0.1938.76 Safari/537.36"
66.249.69.193 - - [19/Oct/2025:09:35:52 +0300] "GET /goodscode/990533277.htm HTTP/1.1" 200 23415 "-" "Mozilla/5.0 (Linux; Android 6.0.1; Nexus 5X Build/MMB29P) AppleWebKit/537.36 (KHTML, like Gecko) Chrome/140.0.7339.207 Mobile Safari/537.36 (compatible; Googlebot/2.1; +http://www.google.com/bot.html)"
66.249.78.32 - - [19/Oct/2025:09:35:55 +0300] "GET /goodscode/1141491094.htm HTTP/1.1" 200 23979 "-" "Mozilla/5.0 (Linux; Android 6.0.1; Nexus 5X Build/MMB29P) AppleWebKit/537.36 (KHTML, like Gecko) Chrome/140.0.7339.207 Mobile Safari/537.36 (compatible; Googlebot/2.1; +http://www.google.com/bot.html)"
114.119.129.175 - - [19/Oct/2025:09:36:00 +0300] "GET /products/264zq43293 HTTP/1.1" 200 8779 "https://ilgazhavalandirma.com.tr/?sitemap191.xml" "Mozilla/5.0 (Linux; Android 7.0;) AppleWebKit/537.36 (KHTML, like Gecko) Mobile Safari/537.36 (compatible; PetalBot;+https://webmaster.petalsearch.com/site/petalbot)"
20.171.207.126 - - [19/Oct/2025:09:36:09 +0300] "GET /search.php?peace124028943.html HTTP/1.1" 403 4896 "-" "Mozilla/5.0 AppleWebKit/537.36 (KHTML, like Gecko; compatible; GPTBot/1.2; +https://openai.com/gptbot)"
40.77.167.0 - - [19/Oct/2025:09:36:10 +0300] "GET /goodscode/304470929.htm HTTP/1.1" 200 4210 "-" "Mozilla/5.0 AppleWebKit/537.36 (KHTML, like Gecko; compatible; bingbot/2.0; +http://www.bing.com/bingbot.htm) Chrome/116.0.1938.76 Safari/537.36"
66.249.78.32 - - [19/Oct/2025:09:36:26 +0300] "GET /skull272?kg=39150 HTTP/1.1" 200 23513 "-" "Mozilla/5.0 (Linux; Android 6.0.1; Nexus 5X Build/MMB29P) AppleWebKit/537.36 (KHTML, like Gecko) Chrome/140.0.7339.207 Mobile Safari/537.36 (compatible; Googlebot/2.1; +http://www.google.com/bot.html)"
52.167.144.16 - - [19/Oct/2025:09:36:27 +0300] "GET /goodscode/573530616.htm HTTP/1.1" 200 4210 "-" "Mozilla/5.0 AppleWebKit/537.36 (KHTML, like Gecko; compatible; bingbot/2.0; +http://www.bing.com/bingbot.htm) Chrome/116.0.1938.76 Safari/537.36"
66.249.78.32 - - [19/Oct/2025:09:36:29 +0300] "GET /assembly123?kg=14009 HTTP/1.1" 200 19875 "-" "Mozilla/5.0 (Linux; Android 6.0.1; Nexus 5X Build/MMB29P) AppleWebKit/537.36 (KHTML, like Gecko) Chrome/140.0.7339.207 Mobile Safari/537.36 (compatible; Googlebot/2.1; +http://www.google.com/bot.html)"
20.171.207.126 - - [19/Oct/2025:09:36:38 +0300] "GET /search.php?weave262025661.html HTTP/1.1" 403 4896 "-" "Mozilla/5.0 AppleWebKit/537.36 (KHTML, like Gecko; compatible; GPTBot/1.2; +https://openai.com/gptbot)"
124.248.183.41 - - [19/Oct/2025:09:36:32 +0300] "GET /wp-login.php/wp-login.php HTTP/1.1" 200 8807 "-" "Python/3.13 aiohttp/3.12.15"
52.167.144.16 - - [19/Oct/2025:09:36:44 +0300] "GET /goodscode/536706925.htm?path=/var/www/vhosts HTTP/1.1" 200 4210 "-" "Mozilla/5.0 AppleWebKit/537.36 (KHTML, like Gecko; compatible; bingbot/2.0; +http://www.bing.com/bingbot.htm) Chrome/116.0.1938.76 Safari/537.36"
124.248.183.41 - - [19/Oct/2025:09:36:40 +0300] "POST /wp-login.php HTTP/1.1" 200 4972 "-" "Python/3.13 aiohttp/3.12.15"
52.167.144.16 - - [19/Oct/2025:09:36:46 +0300] "GET /goodscode/628888441.htm HTTP/1.1" 200 284 "-" "Mozilla/5.0 AppleWebKit/537.36 (KHTML, like Gecko; compatible; bingbot/2.0; +http://www.bing.com/bingbot.htm) Chrome/116.0.1938.76 Safari/537.36"
66.249.69.193 - - [19/Oct/2025:09:36:51 +0300] "GET /?i=330577713 HTTP/1.1" 200 24010 "-" "Mozilla/5.0 (Linux; Android 6.0.1; Nexus 5X Build/MMB29P) AppleWebKit/537.36 (KHTML, like Gecko) Chrome/140.0.7339.207 Mobile Safari/537.36 (compatible; Googlebot/2.1; +http://www.google.com/bot.html)"
124.248.183.41 - - [19/Oct/2025:09:36:46 +0300] "GET /wp-admin/ HTTP/1.1" 200 6643 "-" "Python/3.13 aiohttp/3.12.15"
124.248.183.41 - - [19/Oct/2025:09:36:54 +0300] "GET /wp-admin/plugin-install.php HTTP/1.1" 403 1061 "-" "Python/3.13 aiohttp/3.12.15"
52.167.144.206 - - [19/Oct/2025:09:36:57 +0300] "GET /goodscode/130450250.htm?path=/ HTTP/1.1" 200 4210 "-" "Mozilla/5.0 AppleWebKit/537.36 (KHTML, like Gecko; compatible; bingbot/2.0; +http://www.bing.com/bingbot.htm) Chrome/116.0.1938.76 Safari/537.36"
52.167.144.206 - - [19/Oct/2025:09:36:58 +0300] "GET /goodscode/190987117.htm?path=/var/www/vhosts HTTP/1.1" 200 284 "-" "Mozilla/5.0 AppleWebKit/537.36 (KHTML, like Gecko; compatible; bingbot/2.0; +http://www.bing.com/bingbot.htm) Chrome/116.0.1938.76 Safari/537.36"
124.248.183.41 - - [19/Oct/2025:09:36:54 +0300] "GET /wp-admin/user-new.php HTTP/1.1" 200 6643 "-" "Python/3.13 aiohttp/3.12.15"
40.77.167.0 - - [19/Oct/2025:09:37:01 +0300] "GET /goodscode/241167539.htm?path=/var/www/vhosts HTTP/1.1" 200 4210 "-" "Mozilla/5.0 AppleWebKit/537.36 (KHTML, like Gecko; compatible; bingbot/2.0; +http://www.bing.com/bingbot.htm) Chrome/116.0.1938.76 Safari/537.36"
20.171.207.126 - - [19/Oct/2025:09:37:06 +0300] "GET /search.php?burst220042267.html HTTP/1.1" 403 4896 "-" "Mozilla/5.0 AppleWebKit/537.36 (KHTML, like Gecko; compatible; GPTBot/1.2; +https://openai.com/gptbot)"
69.197.179.242 - - [19/Oct/2025:09:35:39 +0300] "GET /wp-content/x96a6a8/edit.php?id=320301 HTTP/1.1" 200 4094 "https://ilgazhavalandirma.com.tr/wp-content/x96a6a8/edit.php?id=320301" "Mozilla/5.0 (Windows NT 10.0; Win64; x64) AppleWebKit/537.36 (KHTML, like Gecko) Chrome/58.0.3029.110 Safari/537.3"
69.197.179.242 - - [19/Oct/2025:09:37:10 +0300] "GET /wp-content/x96a6a8/edit.php?id=320301 HTTP/1.1" 200 4094 "https://ilgazhavalandirma.com.tr/wp-content/x96a6a8/edit.php?id=320301" "Mozilla/5.0 (Windows NT 10.0; Win64; x64) AppleWebKit/537.36 (KHTML, like Gecko) Chrome/58.0.3029.110 Safari/537.3"
124.248.183.41 - - [19/Oct/2025:09:37:11 +0300] "GET /wp-login.php HTTP/1.1" 200 8863 "-" "Mozilla/5.0 (Windows NT 10.0; Win64; x64) AppleWebKit/537.36 (KHTML, like Gecko) Chrome/141.0.0.0 Safari/537.36"
124.248.183.41 - - [19/Oct/2025:09:37:16 +0300] "GET /favicon.ico HTTP/1.1" 200 5027 "https://ilgazhavalandirma.com.tr/wp-login.php" "Mozilla/5.0 (Windows NT 10.0; Win64; x64) AppleWebKit/537.36 (KHTML, like Gecko) Chrome/141.0.0.0 Safari/537.36"
40.77.167.0 - - [19/Oct/2025:09:37:29 +0300] "GET /goodscode/121300847.htm?path=/var HTTP/1.1" 200 4210 "-" "Mozilla/5.0 AppleWebKit/537.36 (KHTML, like Gecko; compatible; bingbot/2.0; +http://www.bing.com/bingbot.htm) Chrome/116.0.1938.76 Safari/537.36"
40.77.167.0 - - [19/Oct/2025:09:37:30 +0300] "GET /goodscode/107633650.htm HTTP/1.1" 200 284 "-" "Mozilla/5.0 AppleWebKit/537.36 (KHTML, like Gecko; compatible; bingbot/2.0; +http://www.bing.com/bingbot.htm) Chrome/116.0.1938.76 Safari/537.36"
20.171.207.126 - - [19/Oct/2025:09:37:34 +0300] "GET /search.php?sharp179046408.html HTTP/1.1" 403 4896 "-" "Mozilla/5.0 AppleWebKit/537.36 (KHTML, like Gecko; compatible; GPTBot/1.2; +https://openai.com/gptbot)"
124.248.183.41 - - [19/Oct/2025:09:37:34 +0300] "POST /wp-login.php?pilihan&path=/var/www/vhosts/ilgazhavalandirma.com.tr/httpdocs HTTP/1.1" 200 5713 "https://ilgazhavalandirma.com.tr/wp-login.php" "Mozilla/5.0 (Windows NT 10.0; Win64; x64) AppleWebKit/537.36 (KHTML, like Gecko) Chrome/141.0.0.0 Safari/537.36"
124.248.183.41 - - [19/Oct/2025:09:37:36 +0300] "GET /favicon.ico HTTP/1.1" 200 5027 "https://ilgazhavalandirma.com.tr/wp-login.php?pilihan&path=/var/www/vhosts/ilgazhavalandirma.com.tr/httpdocs" "Mozilla/5.0 (Windows NT 10.0; Win64; x64) AppleWebKit/537.36 (KHTML, like Gecko) Chrome/141.0.0.0 Safari/537.36"
52.167.144.16 - - [19/Oct/2025:09:37:38 +0300] "GET /goodscode/36101928.htm HTTP/1.1" 200 4198 "-" "Mozilla/5.0 AppleWebKit/537.36 (KHTML, like Gecko; compatible; bingbot/2.0; +http://www.bing.com/bingbot.htm) Chrome/116.0.1938.76 Safari/537.36"
114.119.149.66 - - [19/Oct/2025:09:37:38 +0300] "GET /products/264rh5901 HTTP/1.1" 200 8779 "https://ilgazhavalandirma.com.tr/?sitemap191.xml" "Mozilla/5.0 (Linux; Android 7.0;) AppleWebKit/537.36 (KHTML, like Gecko) Mobile Safari/537.36 (compatible; PetalBot;+https://webmaster.petalsearch.com/site/petalbot)"
124.248.183.41 - - [19/Oct/2025:09:37:41 +0300] "POST /wp-login.php?pilihan&path=/var/www/vhosts/ilgazhavalandirma.com.tr/httpdocs HTTP/1.1" 200 5164 "https://ilgazhavalandirma.com.tr/wp-login.php?pilihan&path=/var/www/vhosts/ilgazhavalandirma.com.tr/httpdocs" "Mozilla/5.0 (Windows NT 10.0; Win64; x64) AppleWebKit/537.36 (KHTML, like Gecko) Chrome/141.0.0.0 Safari/537.36"
124.248.183.41 - - [19/Oct/2025:09:37:42 +0300] "GET /favicon.ico HTTP/1.1" 200 5038 "https://ilgazhavalandirma.com.tr/wp-login.php?pilihan&path=/var/www/vhosts/ilgazhavalandirma.com.tr/httpdocs" "Mozilla/5.0 (Windows NT 10.0; Win64; x64) AppleWebKit/537.36 (KHTML, like Gecko) Chrome/141.0.0.0 Safari/537.36"
124.248.183.41 - - [19/Oct/2025:09:37:45 +0300] "POST /wp-login.php?pilihan&path=/var/www/vhosts/ilgazhavalandirma.com.tr/httpdocs HTTP/1.1" 200 5164 "https://ilgazhavalandirma.com.tr/wp-login.php?pilihan&path=/var/www/vhosts/ilgazhavalandirma.com.tr/httpdocs" "Mozilla/5.0 (Windows NT 10.0; Win64; x64) AppleWebKit/537.36 (KHTML, like Gecko) Chrome/141.0.0.0 Safari/537.36"
52.167.144.16 - - [19/Oct/2025:09:37:45 +0300] "GET /goodscode/132465712.htm HTTP/1.1" 200 939 "-" "Mozilla/5.0 AppleWebKit/537.36 (KHTML, like Gecko; compatible; bingbot/2.0; +http://www.bing.com/bingbot.htm) Chrome/116.0.1938.76 Safari/537.36"
124.248.183.41 - - [19/Oct/2025:09:37:46 +0300] "GET /favicon.ico HTTP/1.1" 200 5038 "https://ilgazhavalandirma.com.tr/wp-login.php?pilihan&path=/var/www/vhosts/ilgazhavalandirma.com.tr/httpdocs" "Mozilla/5.0 (Windows NT 10.0; Win64; x64) AppleWebKit/537.36 (KHTML, like Gecko) Chrome/141.0.0.0 Safari/537.36"
66.249.75.39 - - [19/Oct/2025:09:37:45 +0300] "GET /fatigue79?kg=3265 HTTP/1.1" 200 23965 "-" "Mozilla/5.0 (Linux; Android 6.0.1; Nexus 5X Build/MMB29P) AppleWebKit/537.36 (KHTML, like Gecko) Chrome/140.0.7339.207 Mobile Safari/537.36 (compatible; Googlebot/2.1; +http://www.google.com/bot.html)"
103.82.134.53 - - [19/Oct/2025:09:37:47 +0300] "POST /xmlrpc.php HTTP/1.1" 200 8818 "-" "Mozilla/5.0 (Macintosh; Intel Mac OS X 10_11_6) AppleWebKit/537.36 (KHTML, like Gecko) Chrome/67.0.3396.62 Safari/537.36"
40.77.167.0 - - [19/Oct/2025:09:37:51 +0300] "GET /zhHant/product/surugaya/I2516028071?campaign_uid=f64d716db5e979ed2f947dbaf4296895b951ae7f HTTP/1.1" 200 4210 "-" "Mozilla/5.0 AppleWebKit/537.36 (KHTML, like Gecko; compatible; bingbot/2.0; +http://www.bing.com/bingbot.htm) Chrome/116.0.1938.76 Safari/537.36"
124.248.183.41 - - [19/Oct/2025:09:37:53 +0300] "GET /wp-login.php?path=/var/www/vhosts HTTP/1.1" 200 3441 "https://ilgazhavalandirma.com.tr/wp-login.php?pilihan&path=/var/www/vhosts/ilgazhavalandirma.com.tr/httpdocs" "Mozilla/5.0 (Windows NT 10.0; Win64; x64) AppleWebKit/537.36 (KHTML, like Gecko) Chrome/141.0.0.0 Safari/537.36"
124.248.183.41 - - [19/Oct/2025:09:37:54 +0300] "GET /favicon.ico HTTP/1.1" 200 5038 "https://ilgazhavalandirma.com.tr/wp-login.php?path=/var/www/vhosts" "Mozilla/5.0 (Windows NT 10.0; Win64; x64) AppleWebKit/537.36 (KHTML, like Gecko) Chrome/141.0.0.0 Safari/537.36"
124.248.183.41 - - [19/Oct/2025:09:37:57 +0300] "GET /wp-login.php?path=/var/www/vhosts HTTP/1.1" 200 2861 "https://ilgazhavalandirma.com.tr/wp-login.php?path=/var/www/vhosts" "Mozilla/5.0 (Windows NT 10.0; Win64; x64) AppleWebKit/537.36 (KHTML, like Gecko) Chrome/141.0.0.0 Safari/537.36"
124.248.183.41 - - [19/Oct/2025:09:37:59 +0300] "GET /favicon.ico HTTP/1.1" 200 5038 "https://ilgazhavalandirma.com.tr/wp-login.php?path=/var/www/vhosts" "Mozilla/5.0 (Windows NT 10.0; Win64; x64) AppleWebKit/537.36 (KHTML, like Gecko) Chrome/141.0.0.0 Safari/537.36"
124.248.183.41 - - [19/Oct/2025:09:38:00 +0300] "GET /favicon.ico HTTP/1.1" 200 5038 "https://ilgazhavalandirma.com.tr/wp-login.php?pilihan&path=/var/www/vhosts/ilgazhavalandirma.com.tr/httpdocs" "Mozilla/5.0 (Windows NT 10.0; Win64; x64) AppleWebKit/537.36 (KHTML, like Gecko) Chrome/141.0.0.0 Safari/537.36"
20.171.207.126 - - [19/Oct/2025:09:38:01 +0300] "GET /search.php?ranch065046780.html HTTP/1.1" 403 4896 "-" "Mozilla/5.0 AppleWebKit/537.36 (KHTML, like Gecko; compatible; GPTBot/1.2; +https://openai.com/gptbot)"
124.248.183.41 - - [19/Oct/2025:09:38:01 +0300] "GET /wp-login.php?path=/var/www/vhosts/ilgazhavalandirma.com.tr HTTP/1.1" 200 3509 "https://ilgazhavalandirma.com.tr/wp-login.php?pilihan&path=/var/www/vhosts/ilgazhavalandirma.com.tr/httpdocs" "Mozilla/5.0 (Windows NT 10.0; Win64; x64) AppleWebKit/537.36 (KHTML, like Gecko) Chrome/141.0.0.0 Safari/537.36"
124.248.183.41 - - [19/Oct/2025:09:38:03 +0300] "GET /favicon.ico HTTP/1.1" 200 5038 "https://ilgazhavalandirma.com.tr/wp-login.php?path=/var/www/vhosts/ilgazhavalandirma.com.tr" "Mozilla/5.0 (Windows NT 10.0; Win64; x64) AppleWebKit/537.36 (KHTML, like Gecko) Chrome/141.0.0.0 Safari/537.36"
124.248.183.41 - - [19/Oct/2025:09:38:05 +0300] "GET /wp-login.php?path=/var/www/vhosts HTTP/1.1" 200 2861 "https://ilgazhavalandirma.com.tr/wp-login.php?path=/var/www/vhosts/ilgazhavalandirma.com.tr" "Mozilla/5.0 (Windows NT 10.0; Win64; x64) AppleWebKit/537.36 (KHTML, like Gecko) Chrome/141.0.0.0 Safari/537.36"
124.248.183.41 - - [19/Oct/2025:09:38:06 +0300] "GET /favicon.ico HTTP/1.1" 200 5038 "https://ilgazhavalandirma.com.tr/wp-login.php?path=/var/www/vhosts" "Mozilla/5.0 (Windows NT 10.0; Win64; x64) AppleWebKit/537.36 (KHTML, like Gecko) Chrome/141.0.0.0 Safari/537.36"
40.77.167.0 - - [19/Oct/2025:09:38:10 +0300] "GET /goodscode/169599813.htm HTTP/1.1" 200 4210 "-" "Mozilla/5.0 AppleWebKit/537.36 (KHTML, like Gecko; compatible; bingbot/2.0; +http://www.bing.com/bingbot.htm) Chrome/116.0.1938.76 Safari/537.36"
52.167.144.206 - - [19/Oct/2025:09:38:17 +0300] "GET /goodscode/252873812.htm HTTP/1.1" 200 4210 "-" "Mozilla/5.0 AppleWebKit/537.36 (KHTML, like Gecko; compatible; bingbot/2.0; +http://www.bing.com/bingbot.htm) Chrome/116.0.1938.76 Safari/537.36"
66.249.69.194 - - [19/Oct/2025:09:38:20 +0300] "GET /?zhHant%2Fproduct%2Fsurugaya%2FI2742108517%3Fcampaign_uid=f64d716db5e979ed2f947dbaf4296895b951ae7f HTTP/1.1" 200 23837 "-" "Mozilla/5.0 (Linux; Android 6.0.1; Nexus 5X Build/MMB29P) AppleWebKit/537.36 (KHTML, like Gecko) Chrome/140.0.7339.207 Mobile Safari/537.36 (compatible; Googlebot/2.1; +http://www.google.com/bot.html)"
20.171.207.126 - - [19/Oct/2025:09:38:30 +0300] "GET /search.php?phase208014193.html HTTP/1.1" 403 4896 "-" "Mozilla/5.0 AppleWebKit/537.36 (KHTML, like Gecko; compatible; GPTBot/1.2; +https://openai.com/gptbot)"
