153.231.223.160 - - [19/Oct/2025:10:42:20 +0300] "GET /?i=435191913 HTTP/1.1" 200 514 "https://search.yahoo.co.jp/" "Mozilla/5.0 (Windows NT 10.0; Win64; x64) AppleWebKit/537.36 (KHTML, like Gecko) HeadlessChrome/141.0.0.0 Safari/537.36"
153.231.223.160 - - [19/Oct/2025:10:42:21 +0300] "GET /?i=329488113 HTTP/1.1" 200 514 "https://search.yahoo.co.jp/" "Mozilla/5.0 (Windows NT 10.0; Win64; x64) AppleWebKit/537.36 (KHTML, like Gecko) HeadlessChrome/141.0.0.0 Safari/537.36"
15.204.97.227 - - [19/Oct/2025:10:42:22 +0300] "POST /xmlrpc.php HTTP/1.1" 200 8818 "-" "Mozilla/5.0 (Windows NT 10.0; WOW64; Trident/7.0; MALCJS; rv:11.0) like Gecko"
153.231.223.160 - - [19/Oct/2025:10:42:22 +0300] "GET /goodscode/1134545591.htm HTTP/1.1" 200 513 "https://search.yahoo.co.jp/" "Mozilla/5.0 (Windows NT 10.0; Win64; x64) AppleWebKit/537.36 (KHTML, like Gecko) HeadlessChrome/141.0.0.0 Safari/537.36"
153.231.223.160 - - [19/Oct/2025:10:42:23 +0300] "GET /?i=303583613 HTTP/1.1" 200 513 "https://search.yahoo.co.jp/" "Mozilla/5.0 (Windows NT 10.0; Win64; x64) AppleWebKit/537.36 (KHTML, like Gecko) HeadlessChrome/141.0.0.0 Safari/537.36"
153.231.223.160 - - [19/Oct/2025:10:42:24 +0300] "GET /?i=248954513 HTTP/1.1" 200 514 "https://search.yahoo.co.jp/" "Mozilla/5.0 (Windows NT 10.0; Win64; x64) AppleWebKit/537.36 (KHTML, like Gecko) HeadlessChrome/141.0.0.0 Safari/537.36"
15.204.97.227 - - [19/Oct/2025:10:42:25 +0300] "POST /xmlrpc.php HTTP/1.1" 200 8818 "-" "Mozilla/5.0 (Windows NT 10.0; WOW64; Trident/7.0; MALCJS; rv:11.0) like Gecko"
153.231.223.160 - - [19/Oct/2025:10:42:25 +0300] "GET /?i=589072313 HTTP/1.1" 200 515 "https://search.yahoo.co.jp/" "Mozilla/5.0 (Windows NT 10.0; Win64; x64) AppleWebKit/537.36 (KHTML, like Gecko) HeadlessChrome/141.0.0.0 Safari/537.36"
153.231.223.160 - - [19/Oct/2025:10:42:26 +0300] "GET /goodscode/285522843.htm HTTP/1.1" 200 516 "https://search.yahoo.co.jp/" "Mozilla/5.0 (Windows NT 10.0; Win64; x64) AppleWebKit/537.36 (KHTML, like Gecko) HeadlessChrome/141.0.0.0 Safari/537.36"
178.32.113.195 - - [19/Oct/2025:10:42:35 +0300] "GET /wp-login.php HTTP/1.1" 200 8818 "-" "Mozilla/5.0 (Macintosh; Intel Mac OS X 10_13_3) AppleWebKit/537.36 (KHTML, like Gecko) Chrome/67.0.3396.87 Safari/537.36"
20.171.207.126 - - [19/Oct/2025:10:42:40 +0300] "GET /search.php?array133019928.html HTTP/1.1" 403 4896 "-" "Mozilla/5.0 AppleWebKit/537.36 (KHTML, like Gecko; compatible; GPTBot/1.2; +https://openai.com/gptbot)"
153.231.223.160 - - [19/Oct/2025:10:42:42 +0300] "GET /?i=589072313 HTTP/1.1" 200 1095 "https://search.yahoo.co.jp/" "Mozilla/5.0 (Windows NT 10.0; Win64; x64) AppleWebKit/537.36 (KHTML, like Gecko) HeadlessChrome/141.0.0.0 Safari/537.36"
153.231.223.160 - - [19/Oct/2025:10:42:44 +0300] "GET /?i=57576313 HTTP/1.1" 200 514 "https://search.yahoo.co.jp/" "Mozilla/5.0 (Windows NT 10.0; Win64; x64) AppleWebKit/537.36 (KHTML, like Gecko) HeadlessChrome/141.0.0.0 Safari/537.36"
114.119.146.15 - - [19/Oct/2025:10:42:44 +0300] "GET /products/258cd16053 HTTP/1.1" 200 8790 "https://ilgazhavalandirma.com.tr/?sitemap191.xml" "Mozilla/5.0 (Linux; Android 7.0;) AppleWebKit/537.36 (KHTML, like Gecko) Mobile Safari/537.36 (compatible; PetalBot;+https://webmaster.petalsearch.com/site/petalbot)"
153.231.223.160 - - [19/Oct/2025:10:42:43 +0300] "GET /goodscode/285522843.htm HTTP/1.1" 200 1096 "https://search.yahoo.co.jp/" "Mozilla/5.0 (Windows NT 10.0; Win64; x64) AppleWebKit/537.36 (KHTML, like Gecko) HeadlessChrome/141.0.0.0 Safari/537.36"
153.231.223.160 - - [19/Oct/2025:10:42:45 +0300] "GET /goodscode/1097573704.htm HTTP/1.1" 200 327 "https://search.yahoo.co.jp/" "Mozilla/5.0 (Windows NT 10.0; Win64; x64) AppleWebKit/537.36 (KHTML, like Gecko) HeadlessChrome/141.0.0.0 Safari/537.36"
153.231.223.160 - - [19/Oct/2025:10:42:46 +0300] "GET /goodscode/1115672104.htm HTTP/1.1" 200 327 "https://search.yahoo.co.jp/" "Mozilla/5.0 (Windows NT 10.0; Win64; x64) AppleWebKit/537.36 (KHTML, like Gecko) HeadlessChrome/141.0.0.0 Safari/537.36"
153.231.223.160 - - [19/Oct/2025:10:42:45 +0300] "GET /favicon.ico HTTP/1.1" 200 5038 "https://ilgazhavalandirma.com.tr/goodscode/1097573704.htm" "Mozilla/5.0 (Windows NT 10.0; Win64; x64) AppleWebKit/537.36 (KHTML, like Gecko) HeadlessChrome/141.0.0.0 Safari/537.36"
153.231.223.160 - - [19/Oct/2025:10:42:46 +0300] "GET /favicon.ico HTTP/1.1" 200 5038 "https://ilgazhavalandirma.com.tr/goodscode/1115672104.htm" "Mozilla/5.0 (Windows NT 10.0; Win64; x64) AppleWebKit/537.36 (KHTML, like Gecko) HeadlessChrome/141.0.0.0 Safari/537.36"
153.231.223.160 - - [19/Oct/2025:10:42:47 +0300] "GET /goodscode/1427792855.htm HTTP/1.1" 200 327 "https://search.yahoo.co.jp/" "Mozilla/5.0 (Windows NT 10.0; Win64; x64) AppleWebKit/537.36 (KHTML, like Gecko) HeadlessChrome/141.0.0.0 Safari/537.36"
153.231.223.160 - - [19/Oct/2025:10:42:47 +0300] "GET /favicon.ico HTTP/1.1" 200 5038 "https://ilgazhavalandirma.com.tr/goodscode/1427792855.htm" "Mozilla/5.0 (Windows NT 10.0; Win64; x64) AppleWebKit/537.36 (KHTML, like Gecko) HeadlessChrome/141.0.0.0 Safari/537.36"
153.231.223.160 - - [19/Oct/2025:10:42:48 +0300] "GET /?i=166454113 HTTP/1.1" 200 327 "https://search.yahoo.co.jp/" "Mozilla/5.0 (Windows NT 10.0; Win64; x64) AppleWebKit/537.36 (KHTML, like Gecko) HeadlessChrome/141.0.0.0 Safari/537.36"
153.231.223.160 - - [19/Oct/2025:10:42:48 +0300] "GET /favicon.ico HTTP/1.1" 200 5038 "https://ilgazhavalandirma.com.tr/?i=166454113" "Mozilla/5.0 (Windows NT 10.0; Win64; x64) AppleWebKit/537.36 (KHTML, like Gecko) HeadlessChrome/141.0.0.0 Safari/537.36"
153.231.223.160 - - [19/Oct/2025:10:42:49 +0300] "GET /goodscode/1057604909.htm HTTP/1.1" 200 327 "https://search.yahoo.co.jp/" "Mozilla/5.0 (Windows NT 10.0; Win64; x64) AppleWebKit/537.36 (KHTML, like Gecko) HeadlessChrome/141.0.0.0 Safari/537.36"
153.231.223.160 - - [19/Oct/2025:10:42:49 +0300] "GET /favicon.ico HTTP/1.1" 200 5038 "https://ilgazhavalandirma.com.tr/goodscode/1057604909.htm" "Mozilla/5.0 (Windows NT 10.0; Win64; x64) AppleWebKit/537.36 (KHTML, like Gecko) HeadlessChrome/141.0.0.0 Safari/537.36"
153.231.223.160 - - [19/Oct/2025:10:42:51 +0300] "GET /products/18ne44835 HTTP/1.1" 200 1097 "https://search.yahoo.co.jp/" "Mozilla/5.0 (Windows NT 10.0; Win64; x64) AppleWebKit/537.36 (KHTML, like Gecko) HeadlessChrome/141.0.0.0 Safari/537.36"
153.231.223.160 - - [19/Oct/2025:10:42:51 +0300] "GET /goodscode/80645736.htm HTTP/1.1" 200 513 "https://search.yahoo.co.jp/" "Mozilla/5.0 (Windows NT 10.0; Win64; x64) AppleWebKit/537.36 (KHTML, like Gecko) HeadlessChrome/141.0.0.0 Safari/537.36"
178.32.113.195 - - [19/Oct/2025:10:42:55 +0300] "GET /wp-login.php HTTP/1.1" 200 8818 "-" "Mozilla/5.0 (Macintosh; Intel Mac OS X 10_13_3) AppleWebKit/537.36 (KHTML, like Gecko) Chrome/67.0.3396.87 Safari/537.36"
153.231.223.160 - - [19/Oct/2025:10:43:06 +0300] "GET /products/18og6959 HTTP/1.1" 200 1096 "https://search.yahoo.co.jp/" "Mozilla/5.0 (Windows NT 10.0; Win64; x64) AppleWebKit/537.36 (KHTML, like Gecko) HeadlessChrome/141.0.0.0 Safari/537.36"
40.77.167.150 - - [19/Oct/2025:10:43:07 +0300] "GET /goodscode/301117755.htm HTTP/1.1" 200 4210 "-" "Mozilla/5.0 AppleWebKit/537.36 (KHTML, like Gecko; compatible; bingbot/2.0; +http://www.bing.com/bingbot.htm) Chrome/116.0.1938.76 Safari/537.36"
40.77.167.150 - - [19/Oct/2025:10:43:08 +0300] "GET /zhHant/product/surugaya/I2892262657?campaign_uid=f64d716db5e979ed2f947dbaf4296895b951ae7f HTTP/1.1" 200 284 "-" "Mozilla/5.0 AppleWebKit/537.36 (KHTML, like Gecko; compatible; bingbot/2.0; +http://www.bing.com/bingbot.htm) Chrome/116.0.1938.76 Safari/537.36"
153.231.223.160 - - [19/Oct/2025:10:43:08 +0300] "GET /?i=578086513 HTTP/1.1" 200 1094 "https://search.yahoo.co.jp/" "Mozilla/5.0 (Windows NT 10.0; Win64; x64) AppleWebKit/537.36 (KHTML, like Gecko) HeadlessChrome/141.0.0.0 Safari/537.36"
153.231.223.160 - - [19/Oct/2025:10:43:08 +0300] "GET /goodscode/1288508054.htm HTTP/1.1" 200 4353 "https://search.yahoo.co.jp/" "Mozilla/5.0 (Windows NT 10.0; Win64; x64) AppleWebKit/537.36 (KHTML, like Gecko) HeadlessChrome/141.0.0.0 Safari/537.36"
153.231.223.160 - - [19/Oct/2025:10:43:09 +0300] "GET /goodscode/1207043635.htm HTTP/1.1" 200 514 "https://search.yahoo.co.jp/" "Mozilla/5.0 (Windows NT 10.0; Win64; x64) AppleWebKit/537.36 (KHTML, like Gecko) HeadlessChrome/141.0.0.0 Safari/537.36"
153.231.223.160 - - [19/Oct/2025:10:43:11 +0300] "GET /?i=518008213 HTTP/1.1" 200 515 "https://search.yahoo.co.jp/" "Mozilla/5.0 (Windows NT 10.0; Win64; x64) AppleWebKit/537.36 (KHTML, like Gecko) HeadlessChrome/141.0.0.0 Safari/537.36"
153.231.223.160 - - [19/Oct/2025:10:43:12 +0300] "GET /goodscode/992984948.htm HTTP/1.1" 200 1094 "https://search.yahoo.co.jp/" "Mozilla/5.0 (Windows NT 10.0; Win64; x64) AppleWebKit/537.36 (KHTML, like Gecko) HeadlessChrome/141.0.0.0 Safari/537.36"
153.231.223.160 - - [19/Oct/2025:10:43:13 +0300] "GET /goodscode/1415922713.htm HTTP/1.1" 200 514 "https://search.yahoo.co.jp/" "Mozilla/5.0 (Windows NT 10.0; Win64; x64) AppleWebKit/537.36 (KHTML, like Gecko) HeadlessChrome/141.0.0.0 Safari/537.36"
153.231.223.160 - - [19/Oct/2025:10:43:14 +0300] "GET /goodscode/1234953243.htm HTTP/1.1" 200 1091 "https://search.yahoo.co.jp/" "Mozilla/5.0 (Windows NT 10.0; Win64; x64) AppleWebKit/537.36 (KHTML, like Gecko) HeadlessChrome/141.0.0.0 Safari/537.36"
153.231.223.160 - - [19/Oct/2025:10:43:15 +0300] "GET /goodscode/737462273.htm HTTP/1.1" 200 512 "https://search.yahoo.co.jp/" "Mozilla/5.0 (Windows NT 10.0; Win64; x64) AppleWebKit/537.36 (KHTML, like Gecko) HeadlessChrome/141.0.0.0 Safari/537.36"
153.231.223.160 - - [19/Oct/2025:10:43:16 +0300] "GET /goodscode/1106428454.htm HTTP/1.1" 200 515 "https://search.yahoo.co.jp/" "Mozilla/5.0 (Windows NT 10.0; Win64; x64) AppleWebKit/537.36 (KHTML, like Gecko) HeadlessChrome/141.0.0.0 Safari/537.36"
178.32.113.195 - - [19/Oct/2025:10:43:17 +0300] "GET /wp-login.php HTTP/1.1" 200 8818 "-" "Mozilla/5.0 (Macintosh; Intel Mac OS X 10_13_3) AppleWebKit/537.36 (KHTML, like Gecko) Chrome/67.0.3396.87 Safari/537.36"
52.167.144.209 - - [19/Oct/2025:10:43:31 +0300] "GET /goodscode/160822481.htm?path=/var/www HTTP/1.1" 200 4210 "-" "Mozilla/5.0 AppleWebKit/537.36 (KHTML, like Gecko; compatible; bingbot/2.0; +http://www.bing.com/bingbot.htm) Chrome/116.0.1938.76 Safari/537.36"
52.167.144.209 - - [19/Oct/2025:10:43:32 +0300] "GET /goodscode/158771630.htm?path=/var/www/vhosts HTTP/1.1" 200 284 "-" "Mozilla/5.0 AppleWebKit/537.36 (KHTML, like Gecko; compatible; bingbot/2.0; +http://www.bing.com/bingbot.htm) Chrome/116.0.1938.76 Safari/537.36"
153.231.223.160 - - [19/Oct/2025:10:43:32 +0300] "GET /goodscode/737462273.htm HTTP/1.1" 200 1092 "https://search.yahoo.co.jp/" "Mozilla/5.0 (Windows NT 10.0; Win64; x64) AppleWebKit/537.36 (KHTML, like Gecko) HeadlessChrome/141.0.0.0 Safari/537.36"
153.231.223.160 - - [19/Oct/2025:10:43:33 +0300] "GET /goodscode/1106428454.htm HTTP/1.1" 200 1095 "https://search.yahoo.co.jp/" "Mozilla/5.0 (Windows NT 10.0; Win64; x64) AppleWebKit/537.36 (KHTML, like Gecko) HeadlessChrome/141.0.0.0 Safari/537.36"
153.231.223.160 - - [19/Oct/2025:10:43:34 +0300] "GET /?i=171119413 HTTP/1.1" 200 512 "https://search.yahoo.co.jp/" "Mozilla/5.0 (Windows NT 10.0; Win64; x64) AppleWebKit/537.36 (KHTML, like Gecko) HeadlessChrome/141.0.0.0 Safari/537.36"
153.231.223.160 - - [19/Oct/2025:10:43:35 +0300] "GET /?i=635499513 HTTP/1.1" 200 513 "https://search.yahoo.co.jp/" "Mozilla/5.0 (Windows NT 10.0; Win64; x64) AppleWebKit/537.36 (KHTML, like Gecko) HeadlessChrome/141.0.0.0 Safari/537.36"
66.249.76.98 - - [19/Oct/2025:10:43:35 +0300] "GET /goodscode/1415741260.htm HTTP/1.1" 200 23602 "-" "Mozilla/5.0 (Linux; Android 6.0.1; Nexus 5X Build/MMB29P) AppleWebKit/537.36 (KHTML, like Gecko) Chrome/140.0.7339.207 Mobile Safari/537.36 (compatible; Googlebot/2.1; +http://www.google.com/bot.html)"
153.231.223.160 - - [19/Oct/2025:10:43:36 +0300] "GET /?i=81022013 HTTP/1.1" 200 515 "https://search.yahoo.co.jp/" "Mozilla/5.0 (Windows NT 10.0; Win64; x64) AppleWebKit/537.36 (KHTML, like Gecko) HeadlessChrome/141.0.0.0 Safari/537.36"
153.231.223.160 - - [19/Oct/2025:10:43:37 +0300] "GET /goodscode/285524484.htm HTTP/1.1" 200 513 "https://search.yahoo.co.jp/" "Mozilla/5.0 (Windows NT 10.0; Win64; x64) AppleWebKit/537.36 (KHTML, like Gecko) HeadlessChrome/141.0.0.0 Safari/537.36"
153.231.223.160 - - [19/Oct/2025:10:43:38 +0300] "GET /?i=287926813 HTTP/1.1" 200 515 "https://search.yahoo.co.jp/" "Mozilla/5.0 (Windows NT 10.0; Win64; x64) AppleWebKit/537.36 (KHTML, like Gecko) HeadlessChrome/141.0.0.0 Safari/537.36"
153.231.223.160 - - [19/Oct/2025:10:43:39 +0300] "GET /?i=267510913 HTTP/1.1" 200 512 "https://search.yahoo.co.jp/" "Mozilla/5.0 (Windows NT 10.0; Win64; x64) AppleWebKit/537.36 (KHTML, like Gecko) HeadlessChrome/141.0.0.0 Safari/537.36"
20.171.207.126 - - [19/Oct/2025:10:43:41 +0300] "GET /search.php?rumor092049091.html HTTP/1.1" 403 4896 "-" "Mozilla/5.0 AppleWebKit/537.36 (KHTML, like Gecko; compatible; GPTBot/1.2; +https://openai.com/gptbot)"
153.231.223.160 - - [19/Oct/2025:10:43:40 +0300] "GET /goodscode/669069692.htm HTTP/1.1" 200 515 "https://search.yahoo.co.jp/" "Mozilla/5.0 (Windows NT 10.0; Win64; x64) AppleWebKit/537.36 (KHTML, like Gecko) HeadlessChrome/141.0.0.0 Safari/537.36"
153.231.223.160 - - [19/Oct/2025:10:43:41 +0300] "GET /goodscode/650348164.htm HTTP/1.1" 200 515 "https://search.yahoo.co.jp/" "Mozilla/5.0 (Windows NT 10.0; Win64; x64) AppleWebKit/537.36 (KHTML, like Gecko) HeadlessChrome/141.0.0.0 Safari/537.36"
52.167.144.209 - - [19/Oct/2025:10:43:43 +0300] "GET /goodscode/69917276.htm HTTP/1.1" 200 4210 "-" "Mozilla/5.0 AppleWebKit/537.36 (KHTML, like Gecko; compatible; bingbot/2.0; +http://www.bing.com/bingbot.htm) Chrome/116.0.1938.76 Safari/537.36"
154.12.229.78 - - [19/Oct/2025:10:43:55 +0300] "POST /xmlrpc.php HTTP/1.1" 200 8818 "-" "Mozilla/5.0 (Windows NT 10.0; WOW64; Trident/7.0; MANM; rv:11.0) like Gecko"
153.231.223.160 - - [19/Oct/2025:10:43:58 +0300] "GET /goodscode/1186236472.htm HTTP/1.1" 200 1095 "https://search.yahoo.co.jp/" "Mozilla/5.0 (Windows NT 10.0; Win64; x64) AppleWebKit/537.36 (KHTML, like Gecko) HeadlessChrome/141.0.0.0 Safari/537.36"
153.231.223.160 - - [19/Oct/2025:10:43:58 +0300] "GET /goodscode/270017802.htm HTTP/1.1" 200 1093 "https://search.yahoo.co.jp/" "Mozilla/5.0 (Windows NT 10.0; Win64; x64) AppleWebKit/537.36 (KHTML, like Gecko) HeadlessChrome/141.0.0.0 Safari/537.36"
153.231.223.160 - - [19/Oct/2025:10:44:00 +0300] "GET /?i=110734813 HTTP/1.1" 200 514 "https://search.yahoo.co.jp/" "Mozilla/5.0 (Windows NT 10.0; Win64; x64) AppleWebKit/537.36 (KHTML, like Gecko) HeadlessChrome/141.0.0.0 Safari/537.36"
153.231.223.160 - - [19/Oct/2025:10:44:00 +0300] "GET /goodscode/649679242.htm HTTP/1.1" 200 1093 "https://search.yahoo.co.jp/" "Mozilla/5.0 (Windows NT 10.0; Win64; x64) AppleWebKit/537.36 (KHTML, like Gecko) HeadlessChrome/141.0.0.0 Safari/537.36"
153.231.223.160 - - [19/Oct/2025:10:44:01 +0300] "GET /goodscode/47873511.htm HTTP/1.1" 200 515 "https://search.yahoo.co.jp/" "Mozilla/5.0 (Windows NT 10.0; Win64; x64) AppleWebKit/537.36 (KHTML, like Gecko) HeadlessChrome/141.0.0.0 Safari/537.36"
66.249.76.96 - - [19/Oct/2025:10:44:02 +0300] "GET /?i=577641113 HTTP/1.1" 200 23546 "-" "Mozilla/5.0 (Linux; Android 6.0.1; Nexus 5X Build/MMB29P) AppleWebKit/537.36 (KHTML, like Gecko) Chrome/140.0.7339.207 Mobile Safari/537.36 (compatible; Googlebot/2.1; +http://www.google.com/bot.html)"
153.231.223.160 - - [19/Oct/2025:10:44:02 +0300] "GET /goodscode/1219568525.htm HTTP/1.1" 200 512 "https://search.yahoo.co.jp/" "Mozilla/5.0 (Windows NT 10.0; Win64; x64) AppleWebKit/537.36 (KHTML, like Gecko) HeadlessChrome/141.0.0.0 Safari/537.36"
153.231.223.160 - - [19/Oct/2025:10:44:04 +0300] "GET /goodscode/933440004.htm HTTP/1.1" 200 513 "https://search.yahoo.co.jp/" "Mozilla/5.0 (Windows NT 10.0; Win64; x64) AppleWebKit/537.36 (KHTML, like Gecko) HeadlessChrome/141.0.0.0 Safari/537.36"
153.231.223.160 - - [19/Oct/2025:10:44:05 +0300] "GET /goodscode/109998263.htm HTTP/1.1" 200 513 "https://search.yahoo.co.jp/" "Mozilla/5.0 (Windows NT 10.0; Win64; x64) AppleWebKit/537.36 (KHTML, like Gecko) HeadlessChrome/141.0.0.0 Safari/537.36"
153.231.223.160 - - [19/Oct/2025:10:44:06 +0300] "GET /goodscode/220919721.htm HTTP/1.1" 200 514 "https://search.yahoo.co.jp/" "Mozilla/5.0 (Windows NT 10.0; Win64; x64) AppleWebKit/537.36 (KHTML, like Gecko) HeadlessChrome/141.0.0.0 Safari/537.36"
153.231.223.160 - - [19/Oct/2025:10:44:07 +0300] "GET /?i=581151613 HTTP/1.1" 200 514 "https://search.yahoo.co.jp/" "Mozilla/5.0 (Windows NT 10.0; Win64; x64) AppleWebKit/537.36 (KHTML, like Gecko) HeadlessChrome/141.0.0.0 Safari/537.36"
154.12.229.78 - - [19/Oct/2025:10:44:20 +0300] "POST /xmlrpc.php HTTP/1.1" 200 8818 "-" "Mozilla/5.0 (Windows NT 10.0; WOW64; Trident/7.0; MANM; rv:11.0) like Gecko"
153.231.223.160 - - [19/Oct/2025:10:44:23 +0300] "GET /goodscode/834603809.htm HTTP/1.1" 200 907 "https://search.yahoo.co.jp/" "Mozilla/5.0 (Windows NT 10.0; Win64; x64) AppleWebKit/537.36 (KHTML, like Gecko) HeadlessChrome/141.0.0.0 Safari/537.36"
153.231.223.160 - - [19/Oct/2025:10:44:23 +0300] "GET /goodscode/115359718.htm HTTP/1.1" 200 907 "https://search.yahoo.co.jp/" "Mozilla/5.0 (Windows NT 10.0; Win64; x64) AppleWebKit/537.36 (KHTML, like Gecko) HeadlessChrome/141.0.0.0 Safari/537.36"
153.231.223.160 - - [19/Oct/2025:10:44:23 +0300] "GET /favicon.ico HTTP/1.1" 200 5038 "https://ilgazhavalandirma.com.tr/goodscode/834603809.htm" "Mozilla/5.0 (Windows NT 10.0; Win64; x64) AppleWebKit/537.36 (KHTML, like Gecko) HeadlessChrome/141.0.0.0 Safari/537.36"
153.231.223.160 - - [19/Oct/2025:10:44:25 +0300] "GET /goodscode/1063426739.htm HTTP/1.1" 200 327 "https://search.yahoo.co.jp/" "Mozilla/5.0 (Windows NT 10.0; Win64; x64) AppleWebKit/537.36 (KHTML, like Gecko) HeadlessChrome/141.0.0.0 Safari/537.36"
153.231.223.160 - - [19/Oct/2025:10:44:25 +0300] "GET /favicon.ico HTTP/1.1" 200 5038 "https://ilgazhavalandirma.com.tr/goodscode/115359718.htm" "Mozilla/5.0 (Windows NT 10.0; Win64; x64) AppleWebKit/537.36 (KHTML, like Gecko) HeadlessChrome/141.0.0.0 Safari/537.36"
153.231.223.160 - - [19/Oct/2025:10:44:25 +0300] "GET /favicon.ico HTTP/1.1" 200 5038 "https://ilgazhavalandirma.com.tr/goodscode/1063426739.htm" "Mozilla/5.0 (Windows NT 10.0; Win64; x64) AppleWebKit/537.36 (KHTML, like Gecko) HeadlessChrome/141.0.0.0 Safari/537.36"
114.119.141.35 - - [19/Oct/2025:10:44:26 +0300] "GET /products/257qp24746 HTTP/1.1" 200 8790 "https://ilgazhavalandirma.com.tr/?sitemap191.xml" "Mozilla/5.0 (Linux; Android 7.0;) AppleWebKit/537.36 (KHTML, like Gecko) Mobile Safari/537.36 (compatible; PetalBot;+https://webmaster.petalsearch.com/site/petalbot)"
153.231.223.160 - - [19/Oct/2025:10:44:26 +0300] "GET /?i=346177513 HTTP/1.1" 200 515 "https://search.yahoo.co.jp/" "Mozilla/5.0 (Windows NT 10.0; Win64; x64) AppleWebKit/537.36 (KHTML, like Gecko) HeadlessChrome/141.0.0.0 Safari/537.36"
153.231.223.160 - - [19/Oct/2025:10:44:27 +0300] "GET /goodscode/211200636.htm HTTP/1.1" 200 515 "https://search.yahoo.co.jp/" "Mozilla/5.0 (Windows NT 10.0; Win64; x64) AppleWebKit/537.36 (KHTML, like Gecko) HeadlessChrome/141.0.0.0 Safari/537.36"
153.231.223.160 - - [19/Oct/2025:10:44:28 +0300] "GET /goodscode/1176238343.htm HTTP/1.1" 200 512 "https://search.yahoo.co.jp/" "Mozilla/5.0 (Windows NT 10.0; Win64; x64) AppleWebKit/537.36 (KHTML, like Gecko) HeadlessChrome/141.0.0.0 Safari/537.36"
153.231.223.160 - - [19/Oct/2025:10:44:29 +0300] "GET /goodscode/268803701.htm HTTP/1.1" 200 515 "https://search.yahoo.co.jp/" "Mozilla/5.0 (Windows NT 10.0; Win64; x64) AppleWebKit/537.36 (KHTML, like Gecko) HeadlessChrome/141.0.0.0 Safari/537.36"
153.231.223.160 - - [19/Oct/2025:10:44:30 +0300] "GET /goodscode/293041931.htm HTTP/1.1" 200 513 "https://search.yahoo.co.jp/" "Mozilla/5.0 (Windows NT 10.0; Win64; x64) AppleWebKit/537.36 (KHTML, like Gecko) HeadlessChrome/141.0.0.0 Safari/537.36"
153.231.223.160 - - [19/Oct/2025:10:44:31 +0300] "GET /goodscode/733776785.htm HTTP/1.1" 200 516 "https://search.yahoo.co.jp/" "Mozilla/5.0 (Windows NT 10.0; Win64; x64) AppleWebKit/537.36 (KHTML, like Gecko) HeadlessChrome/141.0.0.0 Safari/537.36"
153.231.223.160 - - [19/Oct/2025:10:44:32 +0300] "GET /goodscode/1050325527.htm HTTP/1.1" 200 513 "https://search.yahoo.co.jp/" "Mozilla/5.0 (Windows NT 10.0; Win64; x64) AppleWebKit/537.36 (KHTML, like Gecko) HeadlessChrome/141.0.0.0 Safari/537.36"
52.167.144.202 - - [19/Oct/2025:10:44:34 +0300] "GET /goodscode/72031790.htm HTTP/1.1" 200 4210 "-" "Mozilla/5.0 AppleWebKit/537.36 (KHTML, like Gecko; compatible; bingbot/2.0; +http://www.bing.com/bingbot.htm) Chrome/116.0.1938.76 Safari/537.36"
66.249.76.97 - - [19/Oct/2025:10:44:37 +0300] "GET /?i=351284913 HTTP/1.1" 200 24121 "-" "Mozilla/5.0 (Linux; Android 6.0.1; Nexus 5X Build/MMB29P) AppleWebKit/537.36 (KHTML, like Gecko) Chrome/140.0.7339.207 Mobile Safari/537.36 (compatible; Googlebot/2.1; +http://www.google.com/bot.html)"
20.171.207.126 - - [19/Oct/2025:10:44:45 +0300] "GET /search.php?birth037033144.html HTTP/1.1" 403 4896 "-" "Mozilla/5.0 AppleWebKit/537.36 (KHTML, like Gecko; compatible; GPTBot/1.2; +https://openai.com/gptbot)"
153.231.223.160 - - [19/Oct/2025:10:44:49 +0300] "GET /goodscode/44194050.htm HTTP/1.1" 200 1095 "https://search.yahoo.co.jp/" "Mozilla/5.0 (Windows NT 10.0; Win64; x64) AppleWebKit/537.36 (KHTML, like Gecko) HeadlessChrome/141.0.0.0 Safari/537.36"
153.231.223.160 - - [19/Oct/2025:10:44:49 +0300] "GET /goodscode/345127681.htm HTTP/1.1" 200 1096 "https://search.yahoo.co.jp/" "Mozilla/5.0 (Windows NT 10.0; Win64; x64) AppleWebKit/537.36 (KHTML, like Gecko) HeadlessChrome/141.0.0.0 Safari/537.36"
153.231.223.160 - - [19/Oct/2025:10:44:51 +0300] "GET /goodscode/476289906.htm HTTP/1.1" 200 514 "https://search.yahoo.co.jp/" "Mozilla/5.0 (Windows NT 10.0; Win64; x64) AppleWebKit/537.36 (KHTML, like Gecko) HeadlessChrome/141.0.0.0 Safari/537.36"
153.231.223.160 - - [19/Oct/2025:10:44:51 +0300] "GET /?i=203619713 HTTP/1.1" 200 1092 "https://search.yahoo.co.jp/" "Mozilla/5.0 (Windows NT 10.0; Win64; x64) AppleWebKit/537.36 (KHTML, like Gecko) HeadlessChrome/141.0.0.0 Safari/537.36"
153.231.223.160 - - [19/Oct/2025:10:44:53 +0300] "GET /goodscode/1133050929.htm HTTP/1.1" 200 513 "https://search.yahoo.co.jp/" "Mozilla/5.0 (Windows NT 10.0; Win64; x64) AppleWebKit/537.36 (KHTML, like Gecko) HeadlessChrome/141.0.0.0 Safari/537.36"
153.231.223.160 - - [19/Oct/2025:10:44:53 +0300] "GET /goodscode/996712874.htm HTTP/1.1" 200 1094 "https://search.yahoo.co.jp/" "Mozilla/5.0 (Windows NT 10.0; Win64; x64) AppleWebKit/537.36 (KHTML, like Gecko) HeadlessChrome/141.0.0.0 Safari/537.36"
153.231.223.160 - - [19/Oct/2025:10:44:55 +0300] "GET /goodscode/114974637.htm HTTP/1.1" 200 514 "https://search.yahoo.co.jp/" "Mozilla/5.0 (Windows NT 10.0; Win64; x64) AppleWebKit/537.36 (KHTML, like Gecko) HeadlessChrome/141.0.0.0 Safari/537.36"
153.231.223.160 - - [19/Oct/2025:10:44:56 +0300] "GET /?i=347396313 HTTP/1.1" 200 1094 "https://search.yahoo.co.jp/" "Mozilla/5.0 (Windows NT 10.0; Win64; x64) AppleWebKit/537.36 (KHTML, like Gecko) HeadlessChrome/141.0.0.0 Safari/537.36"
153.231.223.160 - - [19/Oct/2025:10:44:57 +0300] "GET /goodscode/423328861.htm HTTP/1.1" 200 515 "https://search.yahoo.co.jp/" "Mozilla/5.0 (Windows NT 10.0; Win64; x64) AppleWebKit/537.36 (KHTML, like Gecko) HeadlessChrome/141.0.0.0 Safari/537.36"
153.231.223.160 - - [19/Oct/2025:10:44:58 +0300] "GET /goodscode/1220165513.htm HTTP/1.1" 200 515 "https://search.yahoo.co.jp/" "Mozilla/5.0 (Windows NT 10.0; Win64; x64) AppleWebKit/537.36 (KHTML, like Gecko) HeadlessChrome/141.0.0.0 Safari/537.36"
153.231.223.160 - - [19/Oct/2025:10:45:13 +0300] "GET /?i=276878713 HTTP/1.1" 200 1093 "https://search.yahoo.co.jp/" "Mozilla/5.0 (Windows NT 10.0; Win64; x64) AppleWebKit/537.36 (KHTML, like Gecko) HeadlessChrome/141.0.0.0 Safari/537.36"
153.231.223.160 - - [19/Oct/2025:10:45:14 +0300] "GET /goodscode/303794958.htm HTTP/1.1" 200 1093 "https://search.yahoo.co.jp/" "Mozilla/5.0 (Windows NT 10.0; Win64; x64) AppleWebKit/537.36 (KHTML, like Gecko) HeadlessChrome/141.0.0.0 Safari/537.36"
52.167.144.176 - - [19/Oct/2025:10:45:15 +0300] "GET /goodscode/80296593.htm HTTP/1.1" 200 4210 "-" "Mozilla/5.0 AppleWebKit/537.36 (KHTML, like Gecko; compatible; bingbot/2.0; +http://www.bing.com/bingbot.htm) Chrome/116.0.1938.76 Safari/537.36"
153.231.223.160 - - [19/Oct/2025:10:45:15 +0300] "GET /?i=385908213 HTTP/1.1" 200 515 "https://search.yahoo.co.jp/" "Mozilla/5.0 (Windows NT 10.0; Win64; x64) AppleWebKit/537.36 (KHTML, like Gecko) HeadlessChrome/141.0.0.0 Safari/537.36"
153.231.223.160 - - [19/Oct/2025:10:45:16 +0300] "GET /goodscode/1301946982.htm HTTP/1.1" 200 513 "https://search.yahoo.co.jp/" "Mozilla/5.0 (Windows NT 10.0; Win64; x64) AppleWebKit/537.36 (KHTML, like Gecko) HeadlessChrome/141.0.0.0 Safari/537.36"
153.231.223.160 - - [19/Oct/2025:10:45:17 +0300] "GET /goodscode/1092506361.htm HTTP/1.1" 200 1088 "https://search.yahoo.co.jp/" "Mozilla/5.0 (Windows NT 10.0; Win64; x64) AppleWebKit/537.36 (KHTML, like Gecko) HeadlessChrome/141.0.0.0 Safari/537.36"
153.231.223.160 - - [19/Oct/2025:10:45:18 +0300] "GET /goodscode/1147487254.htm HTTP/1.1" 200 1093 "https://search.yahoo.co.jp/" "Mozilla/5.0 (Windows NT 10.0; Win64; x64) AppleWebKit/537.36 (KHTML, like Gecko) HeadlessChrome/141.0.0.0 Safari/537.36"
153.231.223.160 - - [19/Oct/2025:10:45:19 +0300] "GET /product/edit/I1812884955 HTTP/1.1" 200 513 "https://search.yahoo.co.jp/" "Mozilla/5.0 (Windows NT 10.0; Win64; x64) AppleWebKit/537.36 (KHTML, like Gecko) HeadlessChrome/141.0.0.0 Safari/537.36"
153.231.223.160 - - [19/Oct/2025:10:45:20 +0300] "GET /product/edit/I1938865198 HTTP/1.1" 200 514 "https://search.yahoo.co.jp/" "Mozilla/5.0 (Windows NT 10.0; Win64; x64) AppleWebKit/537.36 (KHTML, like Gecko) HeadlessChrome/141.0.0.0 Safari/537.36"
66.249.76.97 - - [19/Oct/2025:10:45:20 +0300] "GET /scent1?kg=645 HTTP/1.1" 200 24430 "-" "Mozilla/5.0 (Linux; Android 6.0.1; Nexus 5X Build/MMB29P) AppleWebKit/537.36 (KHTML, like Gecko) Chrome/140.0.7339.207 Mobile Safari/537.36 (compatible; Googlebot/2.1; +http://www.google.com/bot.html)"
153.231.223.160 - - [19/Oct/2025:10:45:21 +0300] "GET /goodscode/1263195566.htm HTTP/1.1" 200 515 "https://search.yahoo.co.jp/" "Mozilla/5.0 (Windows NT 10.0; Win64; x64) AppleWebKit/537.36 (KHTML, like Gecko) HeadlessChrome/141.0.0.0 Safari/537.36"
153.231.223.160 - - [19/Oct/2025:10:45:22 +0300] "GET /cooperate213?kg=24675 HTTP/1.1" 200 517 "https://search.yahoo.co.jp/" "Mozilla/5.0 (Windows NT 10.0; Win64; x64) AppleWebKit/537.36 (KHTML, like Gecko) HeadlessChrome/141.0.0.0 Safari/537.36"
52.167.144.202 - - [19/Oct/2025:10:45:25 +0300] "GET /goodscode/21595931.htm HTTP/1.1" 200 4210 "-" "Mozilla/5.0 AppleWebKit/537.36 (KHTML, like Gecko; compatible; bingbot/2.0; +http://www.bing.com/bingbot.htm) Chrome/116.0.1938.76 Safari/537.36"
52.167.144.209 - - [19/Oct/2025:10:45:31 +0300] "GET /goodscode/264070237.htm?path=/ HTTP/1.1" 200 4210 "-" "Mozilla/5.0 AppleWebKit/537.36 (KHTML, like Gecko; compatible; bingbot/2.0; +http://www.bing.com/bingbot.htm) Chrome/116.0.1938.76 Safari/537.36"
52.167.144.66 - - [19/Oct/2025:10:45:32 +0300] "GET /robots.txt HTTP/1.1" 200 4433 "-" "Mozilla/5.0 AppleWebKit/537.36 (KHTML, like Gecko; compatible; bingbot/2.0; +http://www.bing.com/bingbot.htm) Chrome/116.0.1938.76 Safari/537.36"
40.77.167.24 - - [19/Oct/2025:10:45:37 +0300] "GET /goodscode/127799738.htm HTTP/1.1" 200 4210 "-" "Mozilla/5.0 AppleWebKit/537.36 (KHTML, like Gecko; compatible; bingbot/2.0; +http://www.bing.com/bingbot.htm) Chrome/116.0.1938.76 Safari/537.36"
153.231.223.160 - - [19/Oct/2025:10:45:39 +0300] "GET /goodscode/1178741831.htm HTTP/1.1" 200 1094 "https://search.yahoo.co.jp/" "Mozilla/5.0 (Windows NT 10.0; Win64; x64) AppleWebKit/537.36 (KHTML, like Gecko) HeadlessChrome/141.0.0.0 Safari/537.36"
153.231.223.160 - - [19/Oct/2025:10:45:40 +0300] "GET /goodscode/739778896.htm HTTP/1.1" 200 1095 "https://search.yahoo.co.jp/" "Mozilla/5.0 (Windows NT 10.0; Win64; x64) AppleWebKit/537.36 (KHTML, like Gecko) HeadlessChrome/141.0.0.0 Safari/537.36"
153.231.223.160 - - [19/Oct/2025:10:45:41 +0300] "GET /goodscode/1021871223.htm HTTP/1.1" 200 516 "https://search.yahoo.co.jp/" "Mozilla/5.0 (Windows NT 10.0; Win64; x64) AppleWebKit/537.36 (KHTML, like Gecko) HeadlessChrome/141.0.0.0 Safari/537.36"
153.231.223.160 - - [19/Oct/2025:10:45:42 +0300] "GET /product/edit/I4219566089 HTTP/1.1" 200 512 "https://search.yahoo.co.jp/" "Mozilla/5.0 (Windows NT 10.0; Win64; x64) AppleWebKit/537.36 (KHTML, like Gecko) HeadlessChrome/141.0.0.0 Safari/537.36"
153.231.223.160 - - [19/Oct/2025:10:45:43 +0300] "GET /income267?kg=5325 HTTP/1.1" 200 515 "https://search.yahoo.co.jp/" "Mozilla/5.0 (Windows NT 10.0; Win64; x64) AppleWebKit/537.36 (KHTML, like Gecko) HeadlessChrome/141.0.0.0 Safari/537.36"
153.231.223.160 - - [19/Oct/2025:10:45:44 +0300] "GET /goodscode/44933814.htm HTTP/1.1" 200 514 "https://search.yahoo.co.jp/" "Mozilla/5.0 (Windows NT 10.0; Win64; x64) AppleWebKit/537.36 (KHTML, like Gecko) HeadlessChrome/141.0.0.0 Safari/537.36"
153.231.223.160 - - [19/Oct/2025:10:45:45 +0300] "GET /goodscode/33468263.htm HTTP/1.1" 200 514 "https://search.yahoo.co.jp/" "Mozilla/5.0 (Windows NT 10.0; Win64; x64) AppleWebKit/537.36 (KHTML, like Gecko) HeadlessChrome/141.0.0.0 Safari/537.36"
153.231.223.160 - - [19/Oct/2025:10:45:46 +0300] "GET /goodscode/43268110.htm HTTP/1.1" 200 511 "https://search.yahoo.co.jp/" "Mozilla/5.0 (Windows NT 10.0; Win64; x64) AppleWebKit/537.36 (KHTML, like Gecko) HeadlessChrome/141.0.0.0 Safari/537.36"
153.231.223.160 - - [19/Oct/2025:10:45:47 +0300] "GET /goodscode/323648382.htm HTTP/1.1" 200 513 "https://search.yahoo.co.jp/" "Mozilla/5.0 (Windows NT 10.0; Win64; x64) AppleWebKit/537.36 (KHTML, like Gecko) HeadlessChrome/141.0.0.0 Safari/537.36"
20.171.207.126 - - [19/Oct/2025:10:45:49 +0300] "GET /search.php?match196036867.html HTTP/1.1" 403 4896 "-" "Mozilla/5.0 AppleWebKit/537.36 (KHTML, like Gecko; compatible; GPTBot/1.2; +https://openai.com/gptbot)"
153.231.223.160 - - [19/Oct/2025:10:45:48 +0300] "GET /goodscode/174223281.htm HTTP/1.1" 200 516 "https://search.yahoo.co.jp/" "Mozilla/5.0 (Windows NT 10.0; Win64; x64) AppleWebKit/537.36 (KHTML, like Gecko) HeadlessChrome/141.0.0.0 Safari/537.36"
40.77.167.24 - - [19/Oct/2025:10:45:57 +0300] "GET /goodscode/75374086.htm HTTP/1.1" 200 4198 "-" "Mozilla/5.0 AppleWebKit/537.36 (KHTML, like Gecko; compatible; bingbot/2.0; +http://www.bing.com/bingbot.htm) Chrome/116.0.1938.76 Safari/537.36"
114.119.136.249 - - [19/Oct/2025:10:46:01 +0300] "GET /products/257nu33100 HTTP/1.1" 200 8790 "https://ilgazhavalandirma.com.tr/?sitemap191.xml" "Mozilla/5.0 (Linux; Android 7.0;) AppleWebKit/537.36 (KHTML, like Gecko) Mobile Safari/537.36 (compatible; PetalBot;+https://webmaster.petalsearch.com/site/petalbot)"
52.167.144.209 - - [19/Oct/2025:10:46:03 +0300] "GET /safe_search/config?return_url=%2Fproduct%2Fdetail%2FI873896469 HTTP/1.1" 200 4210 "-" "Mozilla/5.0 AppleWebKit/537.36 (KHTML, like Gecko; compatible; bingbot/2.0; +http://www.bing.com/bingbot.htm) Chrome/116.0.1938.76 Safari/537.36"
153.231.223.160 - - [19/Oct/2025:10:46:04 +0300] "GET /goodscode/43268110.htm HTTP/1.1" 200 1091 "https://search.yahoo.co.jp/" "Mozilla/5.0 (Windows NT 10.0; Win64; x64) AppleWebKit/537.36 (KHTML, like Gecko) HeadlessChrome/141.0.0.0 Safari/537.36"
153.231.223.160 - - [19/Oct/2025:10:46:05 +0300] "GET /goodscode/323648382.htm HTTP/1.1" 200 1093 "https://search.yahoo.co.jp/" "Mozilla/5.0 (Windows NT 10.0; Win64; x64) AppleWebKit/537.36 (KHTML, like Gecko) HeadlessChrome/141.0.0.0 Safari/537.36"
153.231.223.160 - - [19/Oct/2025:10:46:06 +0300] "GET /goodscode/174223281.htm HTTP/1.1" 200 516 "https://search.yahoo.co.jp/" "Mozilla/5.0 (Windows NT 10.0; Win64; x64) AppleWebKit/537.36 (KHTML, like Gecko) HeadlessChrome/141.0.0.0 Safari/537.36"
153.231.223.160 - - [19/Oct/2025:10:46:07 +0300] "GET /goodscode/191182121.htm HTTP/1.1" 200 514 "https://search.yahoo.co.jp/" "Mozilla/5.0 (Windows NT 10.0; Win64; x64) AppleWebKit/537.36 (KHTML, like Gecko) HeadlessChrome/141.0.0.0 Safari/537.36"
216.73.216.135 - - [19/Oct/2025:10:46:07 +0300] "GET / HTTP/1.1" 200 8818 "-" "Mozilla/5.0 AppleWebKit/537.36 (KHTML, like Gecko; compatible; ClaudeBot/1.0; +claudebot@anthropic.com)"
153.231.223.160 - - [19/Oct/2025:10:46:08 +0300] "GET /stability13?kg=48267 HTTP/1.1" 200 519 "https://search.yahoo.co.jp/" "Mozilla/5.0 (Windows NT 10.0; Win64; x64) AppleWebKit/537.36 (KHTML, like Gecko) HeadlessChrome/141.0.0.0 Safari/537.36"
153.231.223.160 - - [19/Oct/2025:10:46:09 +0300] "GET /goodscode/1355933279.htm HTTP/1.1" 200 514 "https://search.yahoo.co.jp/" "Mozilla/5.0 (Windows NT 10.0; Win64; x64) AppleWebKit/537.36 (KHTML, like Gecko) HeadlessChrome/141.0.0.0 Safari/537.36"
153.231.223.160 - - [19/Oct/2025:10:46:10 +0300] "GET /goodscode/155299149.htm HTTP/1.1" 200 513 "https://search.yahoo.co.jp/" "Mozilla/5.0 (Windows NT 10.0; Win64; x64) AppleWebKit/537.36 (KHTML, like Gecko) HeadlessChrome/141.0.0.0 Safari/537.36"
153.231.223.160 - - [19/Oct/2025:10:46:11 +0300] "GET /goodscode/902220750.htm HTTP/1.1" 200 514 "https://search.yahoo.co.jp/" "Mozilla/5.0 (Windows NT 10.0; Win64; x64) AppleWebKit/537.36 (KHTML, like Gecko) HeadlessChrome/141.0.0.0 Safari/537.36"
153.231.223.160 - - [19/Oct/2025:10:46:12 +0300] "GET /goodscode/1227158455.htm HTTP/1.1" 200 513 "https://search.yahoo.co.jp/" "Mozilla/5.0 (Windows NT 10.0; Win64; x64) AppleWebKit/537.36 (KHTML, like Gecko) HeadlessChrome/141.0.0.0 Safari/537.36"
153.231.223.160 - - [19/Oct/2025:10:46:13 +0300] "GET /goodscode/1136120328.htm HTTP/1.1" 200 514 "https://search.yahoo.co.jp/" "Mozilla/5.0 (Windows NT 10.0; Win64; x64) AppleWebKit/537.36 (KHTML, like Gecko) HeadlessChrome/141.0.0.0 Safari/537.36"
58.64.45.45 - - [19/Oct/2025:10:46:18 +0300] "POST /xmlrpc.php HTTP/1.1" 200 8818 "-" "Mozilla/4.0 (compatible; MSIE 7.0; Windows NT 6.3; WOW64; Trident/7.0; .NET4.0E; .NET4.0C; .NET CLR 3.5.30729; .NET CLR 2.0.50727; .NET CLR 3.0.30729)"
66.249.76.98 - - [19/Oct/2025:10:46:27 +0300] "GET /goodscode/1350318914.htm HTTP/1.1" 200 23757 "-" "Mozilla/5.0 (Linux; Android 6.0.1; Nexus 5X Build/MMB29P) AppleWebKit/537.36 (KHTML, like Gecko) Chrome/140.0.7339.207 Mobile Safari/537.36 (compatible; Googlebot/2.1; +http://www.google.com/bot.html)"
66.249.75.37 - - [19/Oct/2025:10:46:27 +0300] "GET /goodscode/226477893.htm HTTP/1.1" 200 24388 "-" "Mozilla/5.0 (Linux; Android 6.0.1; Nexus 5X Build/MMB29P) AppleWebKit/537.36 (KHTML, like Gecko) Chrome/140.0.7339.207 Mobile Safari/537.36 (compatible; Googlebot/2.1; +http://www.google.com/bot.html)"
153.231.223.160 - - [19/Oct/2025:10:46:29 +0300] "GET /ideal225?kg=17423 HTTP/1.1" 200 1097 "https://search.yahoo.co.jp/" "Mozilla/5.0 (Windows NT 10.0; Win64; x64) AppleWebKit/537.36 (KHTML, like Gecko) HeadlessChrome/141.0.0.0 Safari/537.36"
153.231.223.160 - - [19/Oct/2025:10:46:29 +0300] "GET /goodscode/1177965029.htm HTTP/1.1" 200 1093 "https://search.yahoo.co.jp/" "Mozilla/5.0 (Windows NT 10.0; Win64; x64) AppleWebKit/537.36 (KHTML, like Gecko) HeadlessChrome/141.0.0.0 Safari/537.36"
153.231.223.160 - - [19/Oct/2025:10:46:31 +0300] "GET /goodscode/402173589.htm HTTP/1.1" 200 514 "https://search.yahoo.co.jp/" "Mozilla/5.0 (Windows NT 10.0; Win64; x64) AppleWebKit/537.36 (KHTML, like Gecko) HeadlessChrome/141.0.0.0 Safari/537.36"
153.231.223.160 - - [19/Oct/2025:10:46:31 +0300] "GET /goodscode/16763285.htm HTTP/1.1" 200 512 "https://search.yahoo.co.jp/" "Mozilla/5.0 (Windows NT 10.0; Win64; x64) AppleWebKit/537.36 (KHTML, like Gecko) HeadlessChrome/141.0.0.0 Safari/537.36"
153.231.223.160 - - [19/Oct/2025:10:46:33 +0300] "GET /goodscode/1261986392.htm HTTP/1.1" 200 512 "https://search.yahoo.co.jp/" "Mozilla/5.0 (Windows NT 10.0; Win64; x64) AppleWebKit/537.36 (KHTML, like Gecko) HeadlessChrome/141.0.0.0 Safari/537.36"
153.231.223.160 - - [19/Oct/2025:10:46:34 +0300] "GET /goodscode/12041184.htm HTTP/1.1" 200 514 "https://search.yahoo.co.jp/" "Mozilla/5.0 (Windows NT 10.0; Win64; x64) AppleWebKit/537.36 (KHTML, like Gecko) HeadlessChrome/141.0.0.0 Safari/537.36"
153.231.223.160 - - [19/Oct/2025:10:46:35 +0300] "GET /lifestyle211?kg=827 HTTP/1.1" 200 514 "https://search.yahoo.co.jp/" "Mozilla/5.0 (Windows NT 10.0; Win64; x64) AppleWebKit/537.36 (KHTML, like Gecko) HeadlessChrome/141.0.0.0 Safari/537.36"
153.231.223.160 - - [19/Oct/2025:10:46:36 +0300] "GET /processing21?kg=38363 HTTP/1.1" 200 517 "https://search.yahoo.co.jp/" "Mozilla/5.0 (Windows NT 10.0; Win64; x64) AppleWebKit/537.36 (KHTML, like Gecko) HeadlessChrome/141.0.0.0 Safari/537.36"
40.77.167.24 - - [19/Oct/2025:10:46:37 +0300] "GET /goodscode/363669469.htm HTTP/1.1" 200 4210 "-" "Mozilla/5.0 AppleWebKit/537.36 (KHTML, like Gecko; compatible; bingbot/2.0; +http://www.bing.com/bingbot.htm) Chrome/116.0.1938.76 Safari/537.36"
153.231.223.160 - - [19/Oct/2025:10:46:37 +0300] "GET /growing134?kg=36642 HTTP/1.1" 200 517 "https://search.yahoo.co.jp/" "Mozilla/5.0 (Windows NT 10.0; Win64; x64) AppleWebKit/537.36 (KHTML, like Gecko) HeadlessChrome/141.0.0.0 Safari/537.36"
153.231.223.160 - - [19/Oct/2025:10:46:38 +0300] "GET /goodscode/1134536344.htm HTTP/1.1" 200 512 "https://search.yahoo.co.jp/" "Mozilla/5.0 (Windows NT 10.0; Win64; x64) AppleWebKit/537.36 (KHTML, like Gecko) HeadlessChrome/141.0.0.0 Safari/537.36"
20.171.207.126 - - [19/Oct/2025:10:46:50 +0300] "GET /search.php?arrow096044959.html HTTP/1.1" 403 4896 "-" "Mozilla/5.0 AppleWebKit/537.36 (KHTML, like Gecko; compatible; GPTBot/1.2; +https://openai.com/gptbot)"
153.231.223.160 - - [19/Oct/2025:10:46:53 +0300] "GET /product/edit/I42078865 HTTP/1.1" 200 1095 "https://search.yahoo.co.jp/" "Mozilla/5.0 (Windows NT 10.0; Win64; x64) AppleWebKit/537.36 (KHTML, like Gecko) HeadlessChrome/141.0.0.0 Safari/537.36"
153.231.223.160 - - [19/Oct/2025:10:46:54 +0300] "GET /goodscode/1162902352.htm HTTP/1.1" 200 1094 "https://search.yahoo.co.jp/" "Mozilla/5.0 (Windows NT 10.0; Win64; x64) AppleWebKit/537.36 (KHTML, like Gecko) HeadlessChrome/141.0.0.0 Safari/537.36"
153.231.223.160 - - [19/Oct/2025:10:46:55 +0300] "GET /goodscode/1350318914.htm HTTP/1.1" 200 515 "https://search.yahoo.co.jp/" "Mozilla/5.0 (Windows NT 10.0; Win64; x64) AppleWebKit/537.36 (KHTML, like Gecko) HeadlessChrome/141.0.0.0 Safari/537.36"
153.231.223.160 - - [19/Oct/2025:10:46:56 +0300] "GET /leg144?kg=46462 HTTP/1.1" 200 516 "https://search.yahoo.co.jp/" "Mozilla/5.0 (Windows NT 10.0; Win64; x64) AppleWebKit/537.36 (KHTML, like Gecko) HeadlessChrome/141.0.0.0 Safari/537.36"
153.231.223.160 - - [19/Oct/2025:10:46:57 +0300] "GET /goodscode/355278867.htm HTTP/1.1" 200 515 "https://search.yahoo.co.jp/" "Mozilla/5.0 (Windows NT 10.0; Win64; x64) AppleWebKit/537.36 (KHTML, like Gecko) HeadlessChrome/141.0.0.0 Safari/537.36"
153.231.223.160 - - [19/Oct/2025:10:46:58 +0300] "GET /goodscode/76752178.htm HTTP/1.1" 200 513 "https://search.yahoo.co.jp/" "Mozilla/5.0 (Windows NT 10.0; Win64; x64) AppleWebKit/537.36 (KHTML, like Gecko) HeadlessChrome/141.0.0.0 Safari/537.36"
153.231.223.160 - - [19/Oct/2025:10:46:59 +0300] "GET /goodscode/267418484.htm HTTP/1.1" 200 513 "https://search.yahoo.co.jp/" "Mozilla/5.0 (Windows NT 10.0; Win64; x64) AppleWebKit/537.36 (KHTML, like Gecko) HeadlessChrome/141.0.0.0 Safari/537.36"
153.231.223.160 - - [19/Oct/2025:10:47:00 +0300] "GET /goodscode/219206175.htm HTTP/1.1" 200 514 "https://search.yahoo.co.jp/" "Mozilla/5.0 (Windows NT 10.0; Win64; x64) AppleWebKit/537.36 (KHTML, like Gecko) HeadlessChrome/141.0.0.0 Safari/537.36"
52.167.144.209 - - [19/Oct/2025:10:47:01 +0300] "GET /goodscode/29950056.htm?path=/var/www HTTP/1.1" 200 4210 "-" "Mozilla/5.0 AppleWebKit/537.36 (KHTML, like Gecko; compatible; bingbot/2.0; +http://www.bing.com/bingbot.htm) Chrome/116.0.1938.76 Safari/537.36"
153.231.223.160 - - [19/Oct/2025:10:47:02 +0300] "GET /goodscode/1289745624.htm HTTP/1.1" 200 513 "https://search.yahoo.co.jp/" "Mozilla/5.0 (Windows NT 10.0; Win64; x64) AppleWebKit/537.36 (KHTML, like Gecko) HeadlessChrome/141.0.0.0 Safari/537.36"
153.231.223.160 - - [19/Oct/2025:10:47:02 +0300] "GET /goodscode/1397184272.htm HTTP/1.1" 200 1095 "https://search.yahoo.co.jp/" "Mozilla/5.0 (Windows NT 10.0; Win64; x64) AppleWebKit/537.36 (KHTML, like Gecko) HeadlessChrome/141.0.0.0 Safari/537.36"
45.56.222.60 - - [19/Oct/2025:10:47:05 +0300] "GET /wp-login.php HTTP/1.1" 200 8818 "-" "Mozilla/5.0 (Windows NT 6.3; WOW64; Trident/7.0; Touch; MAARJS; rv:11.0) like Gecko"
45.56.222.60 - - [19/Oct/2025:10:47:10 +0300] "POST /wp-login.php HTTP/1.1" 200 4983 "https://ilgazhavalandirma.com.tr/wp-login.php" "Mozilla/5.0 (Windows NT 6.3; WOW64; Trident/7.0; Touch; MAARJS; rv:11.0) like Gecko"
153.231.223.160 - - [19/Oct/2025:10:47:20 +0300] "GET /goodscode/219206175.htm HTTP/1.1" 200 1094 "https://search.yahoo.co.jp/" "Mozilla/5.0 (Windows NT 10.0; Win64; x64) AppleWebKit/537.36 (KHTML, like Gecko) HeadlessChrome/141.0.0.0 Safari/537.36"
153.231.223.160 - - [19/Oct/2025:10:47:21 +0300] "GET /goodscode/1289745624.htm HTTP/1.1" 200 1093 "https://search.yahoo.co.jp/" "Mozilla/5.0 (Windows NT 10.0; Win64; x64) AppleWebKit/537.36 (KHTML, like Gecko) HeadlessChrome/141.0.0.0 Safari/537.36"
153.231.223.160 - - [19/Oct/2025:10:47:22 +0300] "GET /goodscode/1397184272.htm HTTP/1.1" 200 515 "https://search.yahoo.co.jp/" "Mozilla/5.0 (Windows NT 10.0; Win64; x64) AppleWebKit/537.36 (KHTML, like Gecko) HeadlessChrome/141.0.0.0 Safari/537.36"
153.231.223.160 - - [19/Oct/2025:10:47:23 +0300] "GET /goodscode/551418886.htm HTTP/1.1" 200 516 "https://search.yahoo.co.jp/" "Mozilla/5.0 (Windows NT 10.0; Win64; x64) AppleWebKit/537.36 (KHTML, like Gecko) HeadlessChrome/141.0.0.0 Safari/537.36"
153.231.223.160 - - [19/Oct/2025:10:47:24 +0300] "GET /goodscode/826592327.htm HTTP/1.1" 200 514 "https://search.yahoo.co.jp/" "Mozilla/5.0 (Windows NT 10.0; Win64; x64) AppleWebKit/537.36 (KHTML, like Gecko) HeadlessChrome/141.0.0.0 Safari/537.36"
40.77.167.24 - - [19/Oct/2025:10:47:25 +0300] "GET /goodscode/184778026.htm?path=/var/www/vhosts HTTP/1.1" 200 4210 "-" "Mozilla/5.0 AppleWebKit/537.36 (KHTML, like Gecko; compatible; bingbot/2.0; +http://www.bing.com/bingbot.htm) Chrome/116.0.1938.76 Safari/537.36"
153.231.223.160 - - [19/Oct/2025:10:47:25 +0300] "GET /goodscode/427122696.htm HTTP/1.1" 200 512 "https://search.yahoo.co.jp/" "Mozilla/5.0 (Windows NT 10.0; Win64; x64) AppleWebKit/537.36 (KHTML, like Gecko) HeadlessChrome/141.0.0.0 Safari/537.36"
153.231.223.160 - - [19/Oct/2025:10:47:26 +0300] "GET /goodscode/469971845.htm HTTP/1.1" 200 513 "https://search.yahoo.co.jp/" "Mozilla/5.0 (Windows NT 10.0; Win64; x64) AppleWebKit/537.36 (KHTML, like Gecko) HeadlessChrome/141.0.0.0 Safari/537.36"
153.231.223.160 - - [19/Oct/2025:10:47:27 +0300] "GET /goodscode/312991792.htm HTTP/1.1" 200 514 "https://search.yahoo.co.jp/" "Mozilla/5.0 (Windows NT 10.0; Win64; x64) AppleWebKit/537.36 (KHTML, like Gecko) HeadlessChrome/141.0.0.0 Safari/537.36"
153.231.223.160 - - [19/Oct/2025:10:47:28 +0300] "GET /goodscode/1144016412.htm HTTP/1.1" 200 515 "https://search.yahoo.co.jp/" "Mozilla/5.0 (Windows NT 10.0; Win64; x64) AppleWebKit/537.36 (KHTML, like Gecko) HeadlessChrome/141.0.0.0 Safari/537.36"
153.231.223.160 - - [19/Oct/2025:10:47:29 +0300] "GET /basket219?kg=19803 HTTP/1.1" 200 516 "https://search.yahoo.co.jp/" "Mozilla/5.0 (Windows NT 10.0; Win64; x64) AppleWebKit/537.36 (KHTML, like Gecko) HeadlessChrome/141.0.0.0 Safari/537.36"
114.119.159.62 - - [19/Oct/2025:10:47:38 +0300] "GET /products/257ig44604 HTTP/1.1" 200 8790 "https://ilgazhavalandirma.com.tr/?sitemap191.xml" "Mozilla/5.0 (Linux; Android 7.0;) AppleWebKit/537.36 (KHTML, like Gecko) Mobile Safari/537.36 (compatible; PetalBot;+https://webmaster.petalsearch.com/site/petalbot)"
153.231.223.160 - - [19/Oct/2025:10:47:45 +0300] "GET /goodscode/1158223378.htm HTTP/1.1" 200 1096 "https://search.yahoo.co.jp/" "Mozilla/5.0 (Windows NT 10.0; Win64; x64) AppleWebKit/537.36 (KHTML, like Gecko) HeadlessChrome/141.0.0.0 Safari/537.36"
153.231.223.160 - - [19/Oct/2025:10:47:45 +0300] "GET /percentage102?kg=22328 HTTP/1.1" 200 1096 "https://search.yahoo.co.jp/" "Mozilla/5.0 (Windows NT 10.0; Win64; x64) AppleWebKit/537.36 (KHTML, like Gecko) HeadlessChrome/141.0.0.0 Safari/537.36"
153.231.223.160 - - [19/Oct/2025:10:47:46 +0300] "GET /hope271?kg=6505 HTTP/1.1" 200 515 "https://search.yahoo.co.jp/" "Mozilla/5.0 (Windows NT 10.0; Win64; x64) AppleWebKit/537.36 (KHTML, like Gecko) HeadlessChrome/141.0.0.0 Safari/537.36"
153.231.223.160 - - [19/Oct/2025:10:47:47 +0300] "GET /delight283?kg=17773 HTTP/1.1" 200 516 "https://search.yahoo.co.jp/" "Mozilla/5.0 (Windows NT 10.0; Win64; x64) AppleWebKit/537.36 (KHTML, like Gecko) HeadlessChrome/141.0.0.0 Safari/537.36"
153.231.223.160 - - [19/Oct/2025:10:47:48 +0300] "GET /goodscode/190309022.htm HTTP/1.1" 200 1094 "https://search.yahoo.co.jp/" "Mozilla/5.0 (Windows NT 10.0; Win64; x64) AppleWebKit/537.36 (KHTML, like Gecko) HeadlessChrome/141.0.0.0 Safari/537.36"
153.231.223.160 - - [19/Oct/2025:10:47:49 +0300] "GET /goodscode/834584782.htm HTTP/1.1" 200 514 "https://search.yahoo.co.jp/" "Mozilla/5.0 (Windows NT 10.0; Win64; x64) AppleWebKit/537.36 (KHTML, like Gecko) HeadlessChrome/141.0.0.0 Safari/537.36"
153.231.223.160 - - [19/Oct/2025:10:47:50 +0300] "GET /goodscode/1387689563.htm HTTP/1.1" 200 514 "https://search.yahoo.co.jp/" "Mozilla/5.0 (Windows NT 10.0; Win64; x64) AppleWebKit/537.36 (KHTML, like Gecko) HeadlessChrome/141.0.0.0 Safari/537.36"
20.171.207.126 - - [19/Oct/2025:10:47:52 +0300] "GET /search.php?gross290037029.html HTTP/1.1" 403 4896 "-" "Mozilla/5.0 AppleWebKit/537.36 (KHTML, like Gecko; compatible; GPTBot/1.2; +https://openai.com/gptbot)"
153.231.223.160 - - [19/Oct/2025:10:47:51 +0300] "GET /driver19?kg=21641 HTTP/1.1" 200 517 "https://search.yahoo.co.jp/" "Mozilla/5.0 (Windows NT 10.0; Win64; x64) AppleWebKit/537.36 (KHTML, like Gecko) HeadlessChrome/141.0.0.0 Safari/537.36"
153.231.223.160 - - [19/Oct/2025:10:47:53 +0300] "GET /mixed175?kg=1461 HTTP/1.1" 200 516 "https://search.yahoo.co.jp/" "Mozilla/5.0 (Windows NT 10.0; Win64; x64) AppleWebKit/537.36 (KHTML, like Gecko) HeadlessChrome/141.0.0.0 Safari/537.36"
153.231.223.160 - - [19/Oct/2025:10:47:54 +0300] "GET /goodscode/997571873.htm HTTP/1.1" 200 514 "https://search.yahoo.co.jp/" "Mozilla/5.0 (Windows NT 10.0; Win64; x64) AppleWebKit/537.36 (KHTML, like Gecko) HeadlessChrome/141.0.0.0 Safari/537.36"
66.249.69.194 - - [19/Oct/2025:10:48:00 +0300] "GET /?i=14273013 HTTP/1.1" 200 28481 "-" "Mozilla/5.0 (Linux; Android 6.0.1; Nexus 5X Build/MMB29P) AppleWebKit/537.36 (KHTML, like Gecko) Chrome/140.0.7339.207 Mobile Safari/537.36 (compatible; Googlebot/2.1; +http://www.google.com/bot.html)"
153.231.223.160 - - [19/Oct/2025:10:48:10 +0300] "GET /driver19?kg=21641 HTTP/1.1" 200 1097 "https://search.yahoo.co.jp/" "Mozilla/5.0 (Windows NT 10.0; Win64; x64) AppleWebKit/537.36 (KHTML, like Gecko) HeadlessChrome/141.0.0.0 Safari/537.36"
153.231.223.160 - - [19/Oct/2025:10:48:10 +0300] "GET /mixed175?kg=1461 HTTP/1.1" 200 1096 "https://search.yahoo.co.jp/" "Mozilla/5.0 (Windows NT 10.0; Win64; x64) AppleWebKit/537.36 (KHTML, like Gecko) HeadlessChrome/141.0.0.0 Safari/537.36"
153.231.223.160 - - [19/Oct/2025:10:48:11 +0300] "GET /goodscode/997571873.htm HTTP/1.1" 200 514 "https://search.yahoo.co.jp/" "Mozilla/5.0 (Windows NT 10.0; Win64; x64) AppleWebKit/537.36 (KHTML, like Gecko) HeadlessChrome/141.0.0.0 Safari/537.36"
52.167.144.202 - - [19/Oct/2025:10:48:13 +0300] "GET /goodscode/29836708.htm?path=/ HTTP/1.1" 200 4210 "-" "Mozilla/5.0 AppleWebKit/537.36 (KHTML, like Gecko; compatible; bingbot/2.0; +http://www.bing.com/bingbot.htm) Chrome/116.0.1938.76 Safari/537.36"
153.231.223.160 - - [19/Oct/2025:10:48:12 +0300] "GET /goodscode/1099430100.htm HTTP/1.1" 200 514 "https://search.yahoo.co.jp/" "Mozilla/5.0 (Windows NT 10.0; Win64; x64) AppleWebKit/537.36 (KHTML, like Gecko) HeadlessChrome/141.0.0.0 Safari/537.36"
153.231.223.160 - - [19/Oct/2025:10:48:13 +0300] "GET /goodscode/256680172.htm HTTP/1.1" 200 514 "https://search.yahoo.co.jp/" "Mozilla/5.0 (Windows NT 10.0; Win64; x64) AppleWebKit/537.36 (KHTML, like Gecko) HeadlessChrome/141.0.0.0 Safari/537.36"
153.231.223.160 - - [19/Oct/2025:10:48:15 +0300] "GET /bread78?kg=34002 HTTP/1.1" 200 515 "https://search.yahoo.co.jp/" "Mozilla/5.0 (Windows NT 10.0; Win64; x64) AppleWebKit/537.36 (KHTML, like Gecko) HeadlessChrome/141.0.0.0 Safari/537.36"
153.231.223.160 - - [19/Oct/2025:10:48:16 +0300] "GET /persuade138?kg=25492 HTTP/1.1" 200 516 "https://search.yahoo.co.jp/" "Mozilla/5.0 (Windows NT 10.0; Win64; x64) AppleWebKit/537.36 (KHTML, like Gecko) HeadlessChrome/141.0.0.0 Safari/537.36"
153.231.223.160 - - [19/Oct/2025:10:48:17 +0300] "GET /goodscode/652796621.htm HTTP/1.1" 200 516 "https://search.yahoo.co.jp/" "Mozilla/5.0 (Windows NT 10.0; Win64; x64) AppleWebKit/537.36 (KHTML, like Gecko) HeadlessChrome/141.0.0.0 Safari/537.36"
153.231.223.160 - - [19/Oct/2025:10:48:18 +0300] "GET /space31?kg=28165 HTTP/1.1" 200 517 "https://search.yahoo.co.jp/" "Mozilla/5.0 (Windows NT 10.0; Win64; x64) AppleWebKit/537.36 (KHTML, like Gecko) HeadlessChrome/141.0.0.0 Safari/537.36"
153.231.223.160 - - [19/Oct/2025:10:48:19 +0300] "GET /goodscode/1374973973.htm HTTP/1.1" 200 513 "https://search.yahoo.co.jp/" "Mozilla/5.0 (Windows NT 10.0; Win64; x64) AppleWebKit/537.36 (KHTML, like Gecko) HeadlessChrome/141.0.0.0 Safari/537.36"
40.77.167.24 - - [19/Oct/2025:10:48:27 +0300] "GET /goodscode/85143339.htm HTTP/1.1" 200 4210 "-" "Mozilla/5.0 AppleWebKit/537.36 (KHTML, like Gecko; compatible; bingbot/2.0; +http://www.bing.com/bingbot.htm) Chrome/116.0.1938.76 Safari/537.36"
