52.202.233.37 - - [19/Oct/2025:12:53:00 +0300] "GET /products/91dv19772?fileloc=/var/www/vhosts/ilgazhavalandirma.com.tr/httpdocs/wp-includes/blocks/buttons/style-rtl.min.css&path=/var/www/vhosts/ilgazhavalandirma.com.tr/httpdocs/wp-includes/blocks/buttons HTTP/1.1" 200 6239 "-" "Mozilla/5.0 AppleWebKit/537.36 (KHTML, like Gecko; compatible; Amazonbot/0.1; +https://developer.amazon.com/support/amazonbot) Chrome/119.0.6045.214 Safari/537.36"
54.197.178.107 - - [19/Oct/2025:12:53:04 +0300] "GET /products/91dv19772?fileloc=/var/www/vhosts/ilgazhavalandirma.com.tr/httpdocs/wp-includes/blocks/video/style-rtl.min.css&path=/var/www/vhosts/ilgazhavalandirma.com.tr/httpdocs/wp-includes/blocks/video HTTP/1.1" 200 6111 "-" "Mozilla/5.0 AppleWebKit/537.36 (KHTML, like Gecko; compatible; Amazonbot/0.1; +https://developer.amazon.com/support/amazonbot) Chrome/119.0.6045.214 Safari/537.36"
52.45.92.83 - - [19/Oct/2025:12:53:06 +0300] "GET /products/91dv19772?fileloc=/var/www/vhosts/ilgazhavalandirma.com.tr/httpdocs/wp-includes/blocks/post-excerpt/style-rtl.min.css&path=/var/www/vhosts/ilgazhavalandirma.com.tr/httpdocs/wp-includes/blocks/post-excerpt HTTP/1.1" 200 6077 "-" "Mozilla/5.0 AppleWebKit/537.36 (KHTML, like Gecko; compatible; Amazonbot/0.1; +https://developer.amazon.com/support/amazonbot) Chrome/119.0.6045.214 Safari/537.36"
52.44.174.136 - - [19/Oct/2025:12:53:12 +0300] "GET /products/91dv19772?fileloc=/var/www/vhosts/ilgazhavalandirma.com.tr/httpdocs/wp-includes/blocks/comment-date/block.json&path=/var/www/vhosts/ilgazhavalandirma.com.tr/httpdocs/wp-includes/blocks/comment-date HTTP/1.1" 200 6414 "-" "Mozilla/5.0 AppleWebKit/537.36 (KHTML, like Gecko; compatible; Amazonbot/0.1; +https://developer.amazon.com/support/amazonbot) Chrome/119.0.6045.214 Safari/537.36"
23.21.148.226 - - [19/Oct/2025:12:53:16 +0300] "GET /products/91dv19772?fileloc=/var/www/vhosts/ilgazhavalandirma.com.tr/httpdocs/wp-includes/blocks/query/style-rtl.css&path=/var/www/vhosts/ilgazhavalandirma.com.tr/httpdocs/wp-includes/blocks/query HTTP/1.1" 200 6263 "-" "Mozilla/5.0 AppleWebKit/537.36 (KHTML, like Gecko; compatible; Amazonbot/0.1; +https://developer.amazon.com/support/amazonbot) Chrome/119.0.6045.214 Safari/537.36"
35.171.141.42 - - [19/Oct/2025:12:53:18 +0300] "GET /products/91dv19772?fileloc=/var/www/vhosts/ilgazhavalandirma.com.tr/httpdocs/wp-content/languages/plugins/elementor-tr_TR-14e992284ae6eea67773c5861e3cb8ff.json&path=/var/www/vhosts/ilgazhavalandirma.com.tr/httpdocs/wp-content/languages/plugins HTTP/1.1" 200 6273 "-" "Mozilla/5.0 AppleWebKit/537.36 (KHTML, like Gecko; compatible; Amazonbot/0.1; +https://developer.amazon.com/support/amazonbot) Chrome/119.0.6045.214 Safari/537.36"
66.249.75.37 - - [19/Oct/2025:12:53:22 +0300] "GET /salmon128?kg=16242 HTTP/1.1" 200 23637 "-" "Mozilla/5.0 (Linux; Android 6.0.1; Nexus 5X Build/MMB29P) AppleWebKit/537.36 (KHTML, like Gecko) Chrome/140.0.7339.207 Mobile Safari/537.36 (compatible; Googlebot/2.1; +http://www.google.com/bot.html)"
23.21.227.240 - - [19/Oct/2025:12:53:23 +0300] "GET /products/91dv19772?fileloc=/var/www/vhosts/ilgazhavalandirma.com.tr/httpdocs/wp-content/languages/plugins/all-in-one-seo-pack-tr_TR-2f8e68cd2e0ec95646381b472d214931.json&path=/var/www/vhosts/ilgazhavalandirma.com.tr/httpdocs/wp-content/languages/plugins HTTP/1.1" 200 6309 "-" "Mozilla/5.0 AppleWebKit/537.36 (KHTML, like Gecko; compatible; Amazonbot/0.1; +https://developer.amazon.com/support/amazonbot) Chrome/119.0.6045.214 Safari/537.36"
66.249.75.38 - - [19/Oct/2025:12:53:24 +0300] "GET /cholesterol13?kg=28237 HTTP/1.1" 200 23749 "-" "Mozilla/5.0 (Linux; Android 6.0.1; Nexus 5X Build/MMB29P) AppleWebKit/537.36 (KHTML, like Gecko) Chrome/140.0.7339.207 Mobile Safari/537.36 (compatible; Googlebot/2.1; +http://www.google.com/bot.html)"
208.110.64.178 - - [19/Oct/2025:12:53:37 +0300] "GET /wp-content/x96a6a8/edit.php HTTP/1.1" 200 4094 "https://ilgazhavalandirma.com.tr/wp-content/x96a6a8/edit.php" "Mozilla/5.0 (Windows NT 10.0; Win64; x64) AppleWebKit/537.36 (KHTML, like Gecko) Chrome/58.0.3029.110 Safari/537.3"
66.249.69.192 - - [19/Oct/2025:12:53:41 +0300] "GET /?i=55995413 HTTP/1.1" 200 23816 "-" "Mozilla/5.0 (Linux; Android 6.0.1; Nexus 5X Build/MMB29P) AppleWebKit/537.36 (KHTML, like Gecko) Chrome/140.0.7339.207 Mobile Safari/537.36 (compatible; Googlebot/2.1; +http://www.google.com/bot.html)"
20.171.207.126 - - [19/Oct/2025:12:53:47 +0300] "GET /search.php?apart295010446.html HTTP/1.1" 403 4896 "-" "Mozilla/5.0 AppleWebKit/537.36 (KHTML, like Gecko; compatible; GPTBot/1.2; +https://openai.com/gptbot)"
122.175.189.112 - - [19/Oct/2025:12:54:03 +0300] "POST /xmlrpc.php HTTP/1.1" 200 8818 "-" "Mozilla/5.0 (Windows NT 6.1) AppleWebKit/537.36 (KHTML, like Gecko) Chrome/67.0.3396.79 Safari/537.36"
114.119.142.93 - - [19/Oct/2025:12:54:30 +0300] "GET /products/241zu47892 HTTP/1.1" 200 8790 "https://ilgazhavalandirma.com.tr/?sitemap191.xml" "Mozilla/5.0 (Linux; Android 7.0;) AppleWebKit/537.36 (KHTML, like Gecko) Mobile Safari/537.36 (compatible; PetalBot;+https://webmaster.petalsearch.com/site/petalbot)"
52.167.144.222 - - [19/Oct/2025:12:54:47 +0300] "GET /goodscode/707169574.htm?path=/var HTTP/1.1" 200 4210 "-" "Mozilla/5.0 AppleWebKit/537.36 (KHTML, like Gecko; compatible; bingbot/2.0; +http://www.bing.com/bingbot.htm) Chrome/116.0.1938.76 Safari/537.36"
20.171.207.126 - - [19/Oct/2025:12:54:49 +0300] "GET /search.php?upset249014460.html HTTP/1.1" 403 4896 "-" "Mozilla/5.0 AppleWebKit/537.36 (KHTML, like Gecko; compatible; GPTBot/1.2; +https://openai.com/gptbot)"
40.77.167.132 - - [19/Oct/2025:12:55:06 +0300] "GET /goodscode/185707318.htm HTTP/1.1" 200 4210 "-" "Mozilla/5.0 AppleWebKit/537.36 (KHTML, like Gecko; compatible; bingbot/2.0; +http://www.bing.com/bingbot.htm) Chrome/116.0.1938.76 Safari/537.36"
66.249.69.192 - - [19/Oct/2025:12:55:07 +0300] "GET /?i=78210613 HTTP/1.1" 200 23843 "-" "Mozilla/5.0 (Linux; Android 6.0.1; Nexus 5X Build/MMB29P) AppleWebKit/537.36 (KHTML, like Gecko) Chrome/140.0.7339.207 Mobile Safari/537.36 (compatible; Googlebot/2.1; +http://www.google.com/bot.html)"
52.167.144.222 - - [19/Oct/2025:12:55:10 +0300] "GET /goodscode/212598863.htm?path=/var HTTP/1.1" 200 4210 "-" "Mozilla/5.0 AppleWebKit/537.36 (KHTML, like Gecko; compatible; bingbot/2.0; +http://www.bing.com/bingbot.htm) Chrome/116.0.1938.76 Safari/537.36"
52.167.144.222 - - [19/Oct/2025:12:55:20 +0300] "GET /goodscode/191250775.htm HTTP/1.1" 200 4210 "-" "Mozilla/5.0 AppleWebKit/537.36 (KHTML, like Gecko; compatible; bingbot/2.0; +http://www.bing.com/bingbot.htm) Chrome/116.0.1938.76 Safari/537.36"
66.249.69.192 - - [19/Oct/2025:12:55:27 +0300] "GET /?i=582079813 HTTP/1.1" 200 27696 "-" "Mozilla/5.0 (Linux; Android 6.0.1; Nexus 5X Build/MMB29P) AppleWebKit/537.36 (KHTML, like Gecko) Chrome/140.0.7339.207 Mobile Safari/537.36 (compatible; Googlebot/2.1; +http://www.google.com/bot.html)"
92.222.108.115 - - [19/Oct/2025:12:55:34 +0300] "GET /?sitemap946.xml HTTP/1.1" 200 4119 "-" "Mozilla/5.0 (compatible; AhrefsBot/7.0; +http://ahrefs.com/robot/)"
66.249.69.192 - - [19/Oct/2025:12:55:48 +0300] "GET /?i=324434713 HTTP/1.1" 200 24146 "-" "Mozilla/5.0 (Linux; Android 6.0.1; Nexus 5X Build/MMB29P) AppleWebKit/537.36 (KHTML, like Gecko) Chrome/140.0.7339.207 Mobile Safari/537.36 (compatible; Googlebot/2.1; +http://www.google.com/bot.html)"
20.171.207.126 - - [19/Oct/2025:12:55:53 +0300] "GET /search.php?cream276011327.html HTTP/1.1" 403 4896 "-" "Mozilla/5.0 AppleWebKit/537.36 (KHTML, like Gecko; compatible; GPTBot/1.2; +https://openai.com/gptbot)"
40.77.167.132 - - [19/Oct/2025:12:55:53 +0300] "GET /goodscode/190965902.htm HTTP/1.1" 200 4210 "-" "Mozilla/5.0 AppleWebKit/537.36 (KHTML, like Gecko; compatible; bingbot/2.0; +http://www.bing.com/bingbot.htm) Chrome/116.0.1938.76 Safari/537.36"
52.167.144.222 - - [19/Oct/2025:12:55:59 +0300] "GET /goodscode/629306238.htm HTTP/1.1" 200 4210 "-" "Mozilla/5.0 AppleWebKit/537.36 (KHTML, like Gecko; compatible; bingbot/2.0; +http://www.bing.com/bingbot.htm) Chrome/116.0.1938.76 Safari/537.36"
204.12.208.18 - - [19/Oct/2025:12:56:08 +0300] "GET /wp-content/xa1d95f/edit.php HTTP/1.1" 200 449 "https://ilgazhavalandirma.com.tr/wp-content/xa1d95f/edit.php" "Mozilla/4.0 (compatible; MSIE 7.0; Windows NT 5.1; SV1; .NET CLR 1.1.4322; .NET CLR 2.0.50727; InfoPath.1)"
114.119.149.66 - - [19/Oct/2025:12:56:08 +0300] "GET /products/241rm24358 HTTP/1.1" 200 8790 "https://ilgazhavalandirma.com.tr/?sitemap191.xml" "Mozilla/5.0 (Linux; Android 7.0;) AppleWebKit/537.36 (KHTML, like Gecko) Mobile Safari/537.36 (compatible; PetalBot;+https://webmaster.petalsearch.com/site/petalbot)"
40.77.167.132 - - [19/Oct/2025:12:56:15 +0300] "GET /zhHant/product/surugaya/I1054587942?campaign_uid=f64d716db5e979ed2f947dbaf4296895b951ae7f HTTP/1.1" 200 4198 "-" "Mozilla/5.0 AppleWebKit/537.36 (KHTML, like Gecko; compatible; bingbot/2.0; +http://www.bing.com/bingbot.htm) Chrome/116.0.1938.76 Safari/537.36"
40.77.167.132 - - [19/Oct/2025:12:56:27 +0300] "GET /goodscode/394019321.htm HTTP/1.1" 200 4210 "-" "Mozilla/5.0 AppleWebKit/537.36 (KHTML, like Gecko; compatible; bingbot/2.0; +http://www.bing.com/bingbot.htm) Chrome/116.0.1938.76 Safari/537.36"
66.249.69.194 - - [19/Oct/2025:12:56:26 +0300] "GET /goodscode/114909343.htm HTTP/1.1" 200 24699 "-" "Mozilla/5.0 (Linux; Android 6.0.1; Nexus 5X Build/MMB29P) AppleWebKit/537.36 (KHTML, like Gecko) Chrome/140.0.7339.207 Mobile Safari/537.36 (compatible; Googlebot/2.1; +http://www.google.com/bot.html)"
66.249.75.37 - - [19/Oct/2025:12:56:33 +0300] "GET /m54727281020?path=/var/www/vhosts/ilgazhavalandirma.com.tr/httpdocs/images HTTP/1.1" 200 24069 "-" "Mozilla/5.0 (Linux; Android 6.0.1; Nexus 5X Build/MMB29P) AppleWebKit/537.36 (KHTML, like Gecko) Chrome/140.0.7339.207 Mobile Safari/537.36 (compatible; Googlebot/2.1; +http://www.google.com/bot.html)"
52.167.144.174 - - [19/Oct/2025:12:56:34 +0300] "GET /goodscode/47737439.htm HTTP/1.1" 200 4210 "-" "Mozilla/5.0 AppleWebKit/537.36 (KHTML, like Gecko; compatible; bingbot/2.0; +http://www.bing.com/bingbot.htm) Chrome/116.0.1938.76 Safari/537.36"
66.249.76.97 - - [19/Oct/2025:12:56:43 +0300] "GET /?i=262044513 HTTP/1.1" 200 23642 "-" "Mozilla/5.0 (Linux; Android 6.0.1; Nexus 5X Build/MMB29P) AppleWebKit/537.36 (KHTML, like Gecko) Chrome/140.0.7339.207 Mobile Safari/537.36 (compatible; Googlebot/2.1; +http://www.google.com/bot.html)"
52.167.144.222 - - [19/Oct/2025:12:56:49 +0300] "GET /goodscode/70334524.htm HTTP/1.1" 200 4210 "-" "Mozilla/5.0 AppleWebKit/537.36 (KHTML, like Gecko; compatible; bingbot/2.0; +http://www.bing.com/bingbot.htm) Chrome/116.0.1938.76 Safari/537.36"
20.171.207.126 - - [19/Oct/2025:12:56:53 +0300] "GET /search.php?fight177007818.html HTTP/1.1" 403 4896 "-" "Mozilla/5.0 AppleWebKit/537.36 (KHTML, like Gecko; compatible; GPTBot/1.2; +https://openai.com/gptbot)"
52.167.144.18 - - [19/Oct/2025:12:56:55 +0300] "GET /goodscode/223735388.htm?path=/var HTTP/1.1" 200 4210 "-" "Mozilla/5.0 AppleWebKit/537.36 (KHTML, like Gecko; compatible; bingbot/2.0; +http://www.bing.com/bingbot.htm) Chrome/116.0.1938.76 Safari/537.36"
52.167.144.174 - - [19/Oct/2025:12:56:56 +0300] "GET /goodscode/228413272.htm HTTP/1.1" 200 4210 "-" "Mozilla/5.0 AppleWebKit/537.36 (KHTML, like Gecko; compatible; bingbot/2.0; +http://www.bing.com/bingbot.htm) Chrome/116.0.1938.76 Safari/537.36"
52.167.144.18 - - [19/Oct/2025:12:56:57 +0300] "GET /goodscode/76790855.htm HTTP/1.1" 200 284 "-" "Mozilla/5.0 AppleWebKit/537.36 (KHTML, like Gecko; compatible; bingbot/2.0; +http://www.bing.com/bingbot.htm) Chrome/116.0.1938.76 Safari/537.36"
52.167.144.18 - - [19/Oct/2025:12:56:58 +0300] "GET /goodscode/68877383.htm HTTP/1.1" 200 284 "-" "Mozilla/5.0 AppleWebKit/537.36 (KHTML, like Gecko; compatible; bingbot/2.0; +http://www.bing.com/bingbot.htm) Chrome/116.0.1938.76 Safari/537.36"
52.167.144.18 - - [19/Oct/2025:12:56:59 +0300] "GET /goodscode/1002486780.htm HTTP/1.1" 200 284 "-" "Mozilla/5.0 AppleWebKit/537.36 (KHTML, like Gecko; compatible; bingbot/2.0; +http://www.bing.com/bingbot.htm) Chrome/116.0.1938.76 Safari/537.36"
52.167.144.18 - - [19/Oct/2025:12:57:00 +0300] "GET /goodscode/427650487.htm HTTP/1.1" 200 284 "-" "Mozilla/5.0 AppleWebKit/537.36 (KHTML, like Gecko; compatible; bingbot/2.0; +http://www.bing.com/bingbot.htm) Chrome/116.0.1938.76 Safari/537.36"
66.249.76.96 - - [19/Oct/2025:12:57:01 +0300] "GET /?i=506049013 HTTP/1.1" 200 23879 "-" "Mozilla/5.0 (Linux; Android 6.0.1; Nexus 5X Build/MMB29P) AppleWebKit/537.36 (KHTML, like Gecko) Chrome/140.0.7339.207 Mobile Safari/537.36 (compatible; Googlebot/2.1; +http://www.google.com/bot.html)"
40.77.167.132 - - [19/Oct/2025:12:57:05 +0300] "GET /goodscode/223735388.htm?path=/var/www HTTP/1.1" 200 4210 "-" "Mozilla/5.0 AppleWebKit/537.36 (KHTML, like Gecko; compatible; bingbot/2.0; +http://www.bing.com/bingbot.htm) Chrome/116.0.1938.76 Safari/537.36"
52.167.144.18 - - [19/Oct/2025:12:57:10 +0300] "GET /goodscode/227442025.htm?path=/var HTTP/1.1" 200 4210 "-" "Mozilla/5.0 AppleWebKit/537.36 (KHTML, like Gecko; compatible; bingbot/2.0; +http://www.bing.com/bingbot.htm) Chrome/116.0.1938.76 Safari/537.36"
204.12.208.18 - - [19/Oct/2025:12:55:48 +0300] "GET /wp-content/xa1d95f/edit.php HTTP/1.1" 200 3579 "https://ilgazhavalandirma.com.tr/wp-content/xa1d95f/edit.php" "Mozilla/4.0 (compatible; MSIE 7.0; Windows NT 5.1)"
52.167.144.222 - - [19/Oct/2025:12:57:18 +0300] "GET /goodscode/1134226353.htm?path=/ HTTP/1.1" 200 4210 "-" "Mozilla/5.0 AppleWebKit/537.36 (KHTML, like Gecko; compatible; bingbot/2.0; +http://www.bing.com/bingbot.htm) Chrome/116.0.1938.76 Safari/537.36"
40.77.167.132 - - [19/Oct/2025:12:57:26 +0300] "GET /goodscode/228605547.htm HTTP/1.1" 200 4210 "-" "Mozilla/5.0 AppleWebKit/537.36 (KHTML, like Gecko; compatible; bingbot/2.0; +http://www.bing.com/bingbot.htm) Chrome/116.0.1938.76 Safari/537.36"
52.167.144.18 - - [19/Oct/2025:12:57:45 +0300] "GET /goodscode/318233471.htm?path=/var/www/vhosts HTTP/1.1" 200 4210 "-" "Mozilla/5.0 AppleWebKit/537.36 (KHTML, like Gecko; compatible; bingbot/2.0; +http://www.bing.com/bingbot.htm) Chrome/116.0.1938.76 Safari/537.36"
114.119.151.146 - - [19/Oct/2025:12:57:46 +0300] "GET /products/241ou26182 HTTP/1.1" 200 8790 "https://ilgazhavalandirma.com.tr/?sitemap191.xml" "Mozilla/5.0 (Linux; Android 7.0;) AppleWebKit/537.36 (KHTML, like Gecko) Mobile Safari/537.36 (compatible; PetalBot;+https://webmaster.petalsearch.com/site/petalbot)"
52.167.144.169 - - [19/Oct/2025:12:57:50 +0300] "GET /goodscode/209116520.htm?path=/var/www HTTP/1.1" 200 4210 "-" "Mozilla/5.0 AppleWebKit/537.36 (KHTML, like Gecko; compatible; bingbot/2.0; +http://www.bing.com/bingbot.htm) Chrome/116.0.1938.76 Safari/537.36"
40.77.167.241 - - [19/Oct/2025:12:57:50 +0300] "GET /goodscode/1237886430.htm HTTP/1.1" 200 4210 "-" "Mozilla/5.0 AppleWebKit/537.36 (KHTML, like Gecko; compatible; bingbot/2.0; +http://www.bing.com/bingbot.htm) Chrome/116.0.1938.76 Safari/537.36"
20.171.207.126 - - [19/Oct/2025:12:57:58 +0300] "GET /search.php?light184046181.html HTTP/1.1" 403 4896 "-" "Mozilla/5.0 AppleWebKit/537.36 (KHTML, like Gecko; compatible; GPTBot/1.2; +https://openai.com/gptbot)"
40.77.167.132 - - [19/Oct/2025:12:58:25 +0300] "GET /goodscode/310952917.htm HTTP/1.1" 200 4210 "-" "Mozilla/5.0 AppleWebKit/537.36 (KHTML, like Gecko; compatible; bingbot/2.0; +http://www.bing.com/bingbot.htm) Chrome/116.0.1938.76 Safari/537.36"
66.249.69.194 - - [19/Oct/2025:12:58:24 +0300] "GET /?i=250175613 HTTP/1.1" 200 24286 "-" "Mozilla/5.0 (Linux; Android 6.0.1; Nexus 5X Build/MMB29P) AppleWebKit/537.36 (KHTML, like Gecko) Chrome/140.0.7339.207 Mobile Safari/537.36 (compatible; Googlebot/2.1; +http://www.google.com/bot.html)"
69.197.179.242 - - [19/Oct/2025:12:57:20 +0300] "GET /wp-content/xa1d95f/edit.php?id=131142 HTTP/1.1" 200 4094 "https://ilgazhavalandirma.com.tr/wp-content/xa1d95f/edit.php?id=131142" "Mozilla/5.0 (Windows NT 10.0; Win64; x64) AppleWebKit/537.36 (KHTML, like Gecko) Chrome/58.0.3029.110 Safari/537.3"
66.249.69.192 - - [19/Oct/2025:12:58:58 +0300] "GET /goodscode/155335628.htm HTTP/1.1" 200 28330 "-" "Mozilla/5.0 (Linux; Android 6.0.1; Nexus 5X Build/MMB29P) AppleWebKit/537.36 (KHTML, like Gecko) Chrome/140.0.7339.207 Mobile Safari/537.36 (compatible; Googlebot/2.1; +http://www.google.com/bot.html)"
20.171.207.126 - - [19/Oct/2025:12:59:01 +0300] "GET /search.php?marry192049779.html HTTP/1.1" 403 4896 "-" "Mozilla/5.0 AppleWebKit/537.36 (KHTML, like Gecko; compatible; GPTBot/1.2; +https://openai.com/gptbot)"
52.167.144.18 - - [19/Oct/2025:12:59:08 +0300] "GET /zhHant/product/surugaya/I3729584227?campaign_uid=f64d716db5e979ed2f947dbaf4296895b951ae7f HTTP/1.1" 200 4210 "-" "Mozilla/5.0 AppleWebKit/537.36 (KHTML, like Gecko; compatible; bingbot/2.0; +http://www.bing.com/bingbot.htm) Chrome/116.0.1938.76 Safari/537.36"
52.167.144.169 - - [19/Oct/2025:12:59:19 +0300] "GET /goodscode/217077972.htm HTTP/1.1" 200 4210 "-" "Mozilla/5.0 AppleWebKit/537.36 (KHTML, like Gecko; compatible; bingbot/2.0; +http://www.bing.com/bingbot.htm) Chrome/116.0.1938.76 Safari/537.36"
114.119.151.146 - - [19/Oct/2025:12:59:22 +0300] "GET /products/241mg45306 HTTP/1.1" 200 8790 "https://ilgazhavalandirma.com.tr/?sitemap191.xml" "Mozilla/5.0 (Linux; Android 7.0;) AppleWebKit/537.36 (KHTML, like Gecko) Mobile Safari/537.36 (compatible; PetalBot;+https://webmaster.petalsearch.com/site/petalbot)"
52.167.144.18 - - [19/Oct/2025:12:59:28 +0300] "GET /goodscode/153986964.htm HTTP/1.1" 200 4198 "-" "Mozilla/5.0 AppleWebKit/537.36 (KHTML, like Gecko; compatible; bingbot/2.0; +http://www.bing.com/bingbot.htm) Chrome/116.0.1938.76 Safari/537.36"
52.167.144.18 - - [19/Oct/2025:12:59:48 +0300] "GET /goodscode/626149643.htm HTTP/1.1" 200 4210 "-" "Mozilla/5.0 AppleWebKit/537.36 (KHTML, like Gecko; compatible; bingbot/2.0; +http://www.bing.com/bingbot.htm) Chrome/116.0.1938.76 Safari/537.36"
66.249.69.192 - - [19/Oct/2025:12:59:49 +0300] "GET /?i=44152513 HTTP/1.1" 200 29606 "-" "Mozilla/5.0 (Linux; Android 6.0.1; Nexus 5X Build/MMB29P) AppleWebKit/537.36 (KHTML, like Gecko) Chrome/140.0.7339.207 Mobile Safari/537.36 (compatible; Googlebot/2.1; +http://www.google.com/bot.html)"
40.77.167.76 - - [19/Oct/2025:12:59:57 +0300] "GET /goodscode/14442825.htm HTTP/1.1" 200 4210 "-" "Mozilla/5.0 AppleWebKit/537.36 (KHTML, like Gecko; compatible; bingbot/2.0; +http://www.bing.com/bingbot.htm) Chrome/116.0.1938.76 Safari/537.36"
20.171.207.126 - - [19/Oct/2025:13:00:06 +0300] "GET /search.php?array001044396.html HTTP/1.1" 403 4896 "-" "Mozilla/5.0 AppleWebKit/537.36 (KHTML, like Gecko; compatible; GPTBot/1.2; +https://openai.com/gptbot)"
66.249.69.193 - - [19/Oct/2025:13:00:17 +0300] "GET /?i=229872513 HTTP/1.1" 200 27931 "-" "Mozilla/5.0 (Linux; Android 6.0.1; Nexus 5X Build/MMB29P) AppleWebKit/537.36 (KHTML, like Gecko) Chrome/140.0.7339.207 Mobile Safari/537.36 (compatible; Googlebot/2.1; +http://www.google.com/bot.html)"
114.119.146.15 - - [19/Oct/2025:13:01:00 +0300] "GET /products/241kl38404 HTTP/1.1" 200 8790 "https://ilgazhavalandirma.com.tr/?sitemap191.xml" "Mozilla/5.0 (Linux; Android 7.0;) AppleWebKit/537.36 (KHTML, like Gecko) Mobile Safari/537.36 (compatible; PetalBot;+https://webmaster.petalsearch.com/site/petalbot)"
40.77.167.132 - - [19/Oct/2025:13:01:04 +0300] "GET /goodscode/612490595.htm?path=/var HTTP/1.1" 200 4198 "-" "Mozilla/5.0 AppleWebKit/537.36 (KHTML, like Gecko; compatible; bingbot/2.0; +http://www.bing.com/bingbot.htm) Chrome/116.0.1938.76 Safari/537.36"
40.77.167.132 - - [19/Oct/2025:13:01:04 +0300] "GET /goodscode/181950447.htm?path=/var/www HTTP/1.1" 200 272 "-" "Mozilla/5.0 AppleWebKit/537.36 (KHTML, like Gecko; compatible; bingbot/2.0; +http://www.bing.com/bingbot.htm) Chrome/116.0.1938.76 Safari/537.36"
20.171.207.126 - - [19/Oct/2025:13:01:09 +0300] "GET /search.php?those114014985.html HTTP/1.1" 403 4896 "-" "Mozilla/5.0 AppleWebKit/537.36 (KHTML, like Gecko; compatible; GPTBot/1.2; +https://openai.com/gptbot)"
52.167.144.171 - - [19/Oct/2025:13:01:18 +0300] "GET /goodscode/544595345.htm HTTP/1.1" 200 4210 "-" "Mozilla/5.0 AppleWebKit/537.36 (KHTML, like Gecko; compatible; bingbot/2.0; +http://www.bing.com/bingbot.htm) Chrome/116.0.1938.76 Safari/537.36"
66.249.76.98 - - [19/Oct/2025:13:01:26 +0300] "GET /?i=455124813 HTTP/1.1" 200 23505 "-" "Mozilla/5.0 (Linux; Android 6.0.1; Nexus 5X Build/MMB29P) AppleWebKit/537.36 (KHTML, like Gecko) Chrome/140.0.7339.207 Mobile Safari/537.36 (compatible; Googlebot/2.1; +http://www.google.com/bot.html)"
66.249.75.37 - - [19/Oct/2025:13:01:44 +0300] "GET /tablespoon226?kg=19222 HTTP/1.1" 200 23909 "-" "Mozilla/5.0 (Linux; Android 6.0.1; Nexus 5X Build/MMB29P) AppleWebKit/537.36 (KHTML, like Gecko) Chrome/140.0.7339.207 Mobile Safari/537.36 (compatible; Googlebot/2.1; +http://www.google.com/bot.html)"
66.249.75.37 - - [19/Oct/2025:13:01:45 +0300] "GET /infrastructure192?kg=45308 HTTP/1.1" 200 23658 "-" "Mozilla/5.0 (Linux; Android 6.0.1; Nexus 5X Build/MMB29P) AppleWebKit/537.36 (KHTML, like Gecko) Chrome/140.0.7339.207 Mobile Safari/537.36 (compatible; GoogleOther)"
208.110.64.178 - - [19/Oct/2025:13:01:49 +0300] "GET /wp-content/x96a6a8/edit.php HTTP/1.1" 200 4168 "https://ilgazhavalandirma.com.tr/wp-content/x96a6a8/edit.php" "Mozilla/5.0 (Windows NT 10.0; Win64; x64) AppleWebKit/537.36 (KHTML, like Gecko) Chrome/58.0.3029.110 Safari/537.3"
217.76.158.60 - - [19/Oct/2025:13:01:51 +0300] "GET /wp-login.php HTTP/1.1" 200 8818 "-" "Mozilla/5.0 (Windows NT 6.3; WOW64; Trident/7.0; MAGWJS; rv:11.0) like Gecko"
217.76.158.60 - - [19/Oct/2025:13:01:52 +0300] "POST /wp-login.php HTTP/1.1" 200 4983 "https://ilgazhavalandirma.com.tr/wp-login.php" "Mozilla/5.0 (Windows NT 6.3; WOW64; Trident/7.0; MAGWJS; rv:11.0) like Gecko"
52.167.144.171 - - [19/Oct/2025:13:01:58 +0300] "GET /goodscode/24969296.htm HTTP/1.1" 200 4210 "-" "Mozilla/5.0 AppleWebKit/537.36 (KHTML, like Gecko; compatible; bingbot/2.0; +http://www.bing.com/bingbot.htm) Chrome/116.0.1938.76 Safari/537.36"
52.167.144.169 - - [19/Oct/2025:13:02:02 +0300] "GET /zhHant/product/surugaya/I1981231520?campaign_uid=f64d716db5e979ed2f947dbaf4296895b951ae7f HTTP/1.1" 200 4210 "-" "Mozilla/5.0 AppleWebKit/537.36 (KHTML, like Gecko; compatible; bingbot/2.0; +http://www.bing.com/bingbot.htm) Chrome/116.0.1938.76 Safari/537.36"
20.171.207.126 - - [19/Oct/2025:13:02:14 +0300] "GET /search.php?marry187028500.html HTTP/1.1" 403 4896 "-" "Mozilla/5.0 AppleWebKit/537.36 (KHTML, like Gecko; compatible; GPTBot/1.2; +https://openai.com/gptbot)"
40.77.167.132 - - [19/Oct/2025:13:02:28 +0300] "GET /goodscode/146647626.htm HTTP/1.1" 200 4210 "-" "Mozilla/5.0 AppleWebKit/537.36 (KHTML, like Gecko; compatible; bingbot/2.0; +http://www.bing.com/bingbot.htm) Chrome/116.0.1938.76 Safari/537.36"
66.249.69.193 - - [19/Oct/2025:13:02:35 +0300] "GET /?i=378587213 HTTP/1.1" 200 23582 "-" "Mozilla/5.0 (Linux; Android 6.0.1; Nexus 5X Build/MMB29P) AppleWebKit/537.36 (KHTML, like Gecko) Chrome/140.0.7339.207 Mobile Safari/537.36 (compatible; Googlebot/2.1; +http://www.google.com/bot.html)"
114.119.142.93 - - [19/Oct/2025:13:02:38 +0300] "GET /products/240zo2535 HTTP/1.1" 200 8790 "https://ilgazhavalandirma.com.tr/?sitemap191.xml" "Mozilla/5.0 (Linux; Android 7.0;) AppleWebKit/537.36 (KHTML, like Gecko) Mobile Safari/537.36 (compatible; PetalBot;+https://webmaster.petalsearch.com/site/petalbot)"
52.167.144.171 - - [19/Oct/2025:13:02:46 +0300] "GET /goodscode/169081882.htm?path=/var/www HTTP/1.1" 200 4210 "-" "Mozilla/5.0 AppleWebKit/537.36 (KHTML, like Gecko; compatible; bingbot/2.0; +http://www.bing.com/bingbot.htm) Chrome/116.0.1938.76 Safari/537.36"
52.167.144.171 - - [19/Oct/2025:13:02:47 +0300] "GET /goodscode/885804967.htm?path=/ HTTP/1.1" 200 284 "-" "Mozilla/5.0 AppleWebKit/537.36 (KHTML, like Gecko; compatible; bingbot/2.0; +http://www.bing.com/bingbot.htm) Chrome/116.0.1938.76 Safari/537.36"
20.171.207.126 - - [19/Oct/2025:13:03:14 +0300] "GET /search.php?radar048035245.html HTTP/1.1" 403 4896 "-" "Mozilla/5.0 AppleWebKit/537.36 (KHTML, like Gecko; compatible; GPTBot/1.2; +https://openai.com/gptbot)"
66.249.75.37 - - [19/Oct/2025:13:03:13 +0300] "GET /example46?kg=26390 HTTP/1.1" 200 23767 "-" "Mozilla/5.0 (Linux; Android 6.0.1; Nexus 5X Build/MMB29P) AppleWebKit/537.36 (KHTML, like Gecko) Chrome/140.0.7339.207 Mobile Safari/537.36 (compatible; Googlebot/2.1; +http://www.google.com/bot.html)"
208.110.64.178 - - [19/Oct/2025:13:01:47 +0300] "GET /wp-content/x96a6a8/edit.php HTTP/1.1" 200 4094 "https://ilgazhavalandirma.com.tr/wp-content/x96a6a8/edit.php" "Mozilla/5.0 (Windows NT 10.0; Win64; x64) AppleWebKit/537.36 (KHTML, like Gecko) Chrome/58.0.3029.110 Safari/537.3"
66.249.76.98 - - [19/Oct/2025:13:03:13 +0300] "GET /goodscode/1091215335.htm HTTP/1.1" 200 27575 "-" "Mozilla/5.0 (Linux; Android 6.0.1; Nexus 5X Build/MMB29P) AppleWebKit/537.36 (KHTML, like Gecko) Chrome/140.0.7339.207 Mobile Safari/537.36 (compatible; Googlebot/2.1; +http://www.google.com/bot.html)"
66.249.75.37 - - [19/Oct/2025:13:03:25 +0300] "GET /expand93?kg=43103 HTTP/1.1" 200 24184 "-" "Mozilla/5.0 (Linux; Android 6.0.1; Nexus 5X Build/MMB29P) AppleWebKit/537.36 (KHTML, like Gecko) Chrome/140.0.7339.207 Mobile Safari/537.36 (compatible; Googlebot/2.1; +http://www.google.com/bot.html)"
52.167.144.171 - - [19/Oct/2025:13:03:29 +0300] "GET /goodscode/294813860.htm HTTP/1.1" 200 4210 "-" "Mozilla/5.0 AppleWebKit/537.36 (KHTML, like Gecko; compatible; bingbot/2.0; +http://www.bing.com/bingbot.htm) Chrome/116.0.1938.76 Safari/537.36"
52.167.144.218 - - [19/Oct/2025:13:03:46 +0300] "GET /goodscode/440413985.htm HTTP/1.1" 200 4210 "-" "Mozilla/5.0 AppleWebKit/537.36 (KHTML, like Gecko; compatible; bingbot/2.0; +http://www.bing.com/bingbot.htm) Chrome/116.0.1938.76 Safari/537.36"
66.249.76.96 - - [19/Oct/2025:13:04:04 +0300] "GET /?i=419263313 HTTP/1.1" 200 23903 "-" "Mozilla/5.0 (Linux; Android 6.0.1; Nexus 5X Build/MMB29P) AppleWebKit/537.36 (KHTML, like Gecko) Chrome/140.0.7339.207 Mobile Safari/537.36 (compatible; Googlebot/2.1; +http://www.google.com/bot.html)"
114.119.159.62 - - [19/Oct/2025:13:04:16 +0300] "GET /products/240xl3623 HTTP/1.1" 200 8790 "https://ilgazhavalandirma.com.tr/?sitemap191.xml" "Mozilla/5.0 (Linux; Android 7.0;) AppleWebKit/537.36 (KHTML, like Gecko) Mobile Safari/537.36 (compatible; PetalBot;+https://webmaster.petalsearch.com/site/petalbot)"
52.167.144.171 - - [19/Oct/2025:13:04:18 +0300] "GET /goodscode/222337654.htm HTTP/1.1" 200 4210 "-" "Mozilla/5.0 AppleWebKit/537.36 (KHTML, like Gecko; compatible; bingbot/2.0; +http://www.bing.com/bingbot.htm) Chrome/116.0.1938.76 Safari/537.36"
20.171.207.126 - - [19/Oct/2025:13:04:20 +0300] "GET /search.php?teach251032782.html HTTP/1.1" 403 4896 "-" "Mozilla/5.0 AppleWebKit/537.36 (KHTML, like Gecko; compatible; GPTBot/1.2; +https://openai.com/gptbot)"
66.249.76.96 - - [19/Oct/2025:13:04:21 +0300] "GET /?i=465092513 HTTP/1.1" 200 23716 "-" "Mozilla/5.0 (Linux; Android 6.0.1; Nexus 5X Build/MMB29P) AppleWebKit/537.36 (KHTML, like Gecko) Chrome/140.0.7339.207 Mobile Safari/537.36 (compatible; Googlebot/2.1; +http://www.google.com/bot.html)"
52.167.144.171 - - [19/Oct/2025:13:04:26 +0300] "GET /goodscode/312174748.htm?path=/ HTTP/1.1" 200 4195 "-" "Mozilla/5.0 AppleWebKit/537.36 (KHTML, like Gecko; compatible; bingbot/2.0; +http://www.bing.com/bingbot.htm) Chrome/116.0.1938.76 Safari/537.36"
52.167.144.169 - - [19/Oct/2025:13:04:41 +0300] "GET /goodscode/87218142.htm HTTP/1.1" 200 4210 "-" "Mozilla/5.0 AppleWebKit/537.36 (KHTML, like Gecko; compatible; bingbot/2.0; +http://www.bing.com/bingbot.htm) Chrome/116.0.1938.76 Safari/537.36"
69.197.179.242 - - [19/Oct/2025:13:03:21 +0300] "GET /wp-content/x96a6a8/edit.php?id=377767 HTTP/1.1" 200 4094 "https://ilgazhavalandirma.com.tr/wp-content/x96a6a8/edit.php?id=377767" "Mozilla/5.0 (Windows NT 10.0; Win64; x64) AppleWebKit/537.36 (KHTML, like Gecko) Chrome/58.0.3029.110 Safari/537.3"
20.171.207.126 - - [19/Oct/2025:13:05:20 +0300] "GET /search.php?urban223025300.html HTTP/1.1" 403 4896 "-" "Mozilla/5.0 AppleWebKit/537.36 (KHTML, like Gecko; compatible; GPTBot/1.2; +https://openai.com/gptbot)"
66.249.69.192 - - [19/Oct/2025:13:05:25 +0300] "GET /?i=655141613 HTTP/1.1" 200 23766 "-" "Mozilla/5.0 (Linux; Android 6.0.1; Nexus 5X Build/MMB29P) AppleWebKit/537.36 (KHTML, like Gecko) Chrome/140.0.7339.207 Mobile Safari/537.36 (compatible; Googlebot/2.1; +http://www.google.com/bot.html)"
52.167.144.171 - - [19/Oct/2025:13:05:26 +0300] "GET /goodscode/64101956.htm?path=/var/www/vhosts HTTP/1.1" 200 4210 "-" "Mozilla/5.0 AppleWebKit/537.36 (KHTML, like Gecko; compatible; bingbot/2.0; +http://www.bing.com/bingbot.htm) Chrome/116.0.1938.76 Safari/537.36"
52.167.144.218 - - [19/Oct/2025:13:05:34 +0300] "GET /goodscode/322857965.htm?path=/var/www HTTP/1.1" 200 4210 "-" "Mozilla/5.0 AppleWebKit/537.36 (KHTML, like Gecko; compatible; bingbot/2.0; +http://www.bing.com/bingbot.htm) Chrome/116.0.1938.76 Safari/537.36"
52.167.144.169 - - [19/Oct/2025:13:05:38 +0300] "GET /goodscode/105034342.htm?path=/var/www/vhosts HTTP/1.1" 200 4210 "-" "Mozilla/5.0 AppleWebKit/537.36 (KHTML, like Gecko; compatible; bingbot/2.0; +http://www.bing.com/bingbot.htm) Chrome/116.0.1938.76 Safari/537.36"
114.119.146.15 - - [19/Oct/2025:13:05:54 +0300] "GET /products/240uu13041 HTTP/1.1" 200 8790 "https://ilgazhavalandirma.com.tr/?sitemap191.xml" "Mozilla/5.0 (Linux; Android 7.0;) AppleWebKit/537.36 (KHTML, like Gecko) Mobile Safari/537.36 (compatible; PetalBot;+https://webmaster.petalsearch.com/site/petalbot)"
66.249.69.194 - - [19/Oct/2025:13:06:03 +0300] "GET /goodscode/865681449.htm HTTP/1.1" 200 27565 "-" "Mozilla/5.0 (Linux; Android 6.0.1; Nexus 5X Build/MMB29P) AppleWebKit/537.36 (KHTML, like Gecko) Chrome/140.0.7339.207 Mobile Safari/537.36 (compatible; Googlebot/2.1; +http://www.google.com/bot.html)"
52.167.144.169 - - [19/Oct/2025:13:06:20 +0300] "GET /goodscode/420441875.htm HTTP/1.1" 200 4210 "-" "Mozilla/5.0 AppleWebKit/537.36 (KHTML, like Gecko; compatible; bingbot/2.0; +http://www.bing.com/bingbot.htm) Chrome/116.0.1938.76 Safari/537.36"
52.167.144.169 - - [19/Oct/2025:13:06:21 +0300] "GET /goodscode/41788646.htm HTTP/1.1" 200 284 "-" "Mozilla/5.0 AppleWebKit/537.36 (KHTML, like Gecko; compatible; bingbot/2.0; +http://www.bing.com/bingbot.htm) Chrome/116.0.1938.76 Safari/537.36"
52.167.144.169 - - [19/Oct/2025:13:06:22 +0300] "GET /goodscode/21710303.htm HTTP/1.1" 200 284 "-" "Mozilla/5.0 AppleWebKit/537.36 (KHTML, like Gecko; compatible; bingbot/2.0; +http://www.bing.com/bingbot.htm) Chrome/116.0.1938.76 Safari/537.36"
20.171.207.126 - - [19/Oct/2025:13:06:25 +0300] "GET /search.php?beach150048255.html HTTP/1.1" 403 4896 "-" "Mozilla/5.0 AppleWebKit/537.36 (KHTML, like Gecko; compatible; GPTBot/1.2; +https://openai.com/gptbot)"
66.249.69.193 - - [19/Oct/2025:13:06:38 +0300] "GET /?i=281616113 HTTP/1.1" 200 24704 "-" "Mozilla/5.0 (Linux; Android 6.0.1; Nexus 5X Build/MMB29P) AppleWebKit/537.36 (KHTML, like Gecko) Chrome/140.0.7339.207 Mobile Safari/537.36 (compatible; Googlebot/2.1; +http://www.google.com/bot.html)"
52.167.144.218 - - [19/Oct/2025:13:07:18 +0300] "GET /goodscode/191610255.htm HTTP/1.1" 200 4210 "-" "Mozilla/5.0 AppleWebKit/537.36 (KHTML, like Gecko; compatible; bingbot/2.0; +http://www.bing.com/bingbot.htm) Chrome/116.0.1938.76 Safari/537.36"
20.171.207.126 - - [19/Oct/2025:13:07:27 +0300] "GET /search.php?throw041014162.html HTTP/1.1" 403 4896 "-" "Mozilla/5.0 AppleWebKit/537.36 (KHTML, like Gecko; compatible; GPTBot/1.2; +https://openai.com/gptbot)"
40.77.167.57 - - [19/Oct/2025:13:07:28 +0300] "GET /goodscode/183801433.htm HTTP/1.1" 200 4198 "-" "Mozilla/5.0 AppleWebKit/537.36 (KHTML, like Gecko; compatible; bingbot/2.0; +http://www.bing.com/bingbot.htm) Chrome/116.0.1938.76 Safari/537.36"
114.119.142.93 - - [19/Oct/2025:13:07:30 +0300] "GET /products/240ga6211 HTTP/1.1" 200 8790 "https://ilgazhavalandirma.com.tr/?sitemap191.xml" "Mozilla/5.0 (Linux; Android 7.0;) AppleWebKit/537.36 (KHTML, like Gecko) Mobile Safari/537.36 (compatible; PetalBot;+https://webmaster.petalsearch.com/site/petalbot)"
66.249.69.193 - - [19/Oct/2025:13:07:33 +0300] "GET /?i=188959413 HTTP/1.1" 200 29128 "-" "Mozilla/5.0 (Linux; Android 6.0.1; Nexus 5X Build/MMB29P) AppleWebKit/537.36 (KHTML, like Gecko) Chrome/140.0.7339.207 Mobile Safari/537.36 (compatible; Googlebot/2.1; +http://www.google.com/bot.html)"
52.167.144.218 - - [19/Oct/2025:13:07:56 +0300] "GET /goodscode/9517645.htm HTTP/1.1" 200 4210 "-" "Mozilla/5.0 AppleWebKit/537.36 (KHTML, like Gecko; compatible; bingbot/2.0; +http://www.bing.com/bingbot.htm) Chrome/116.0.1938.76 Safari/537.36"
52.167.144.169 - - [19/Oct/2025:13:08:11 +0300] "GET /goodscode/421835772.htm HTTP/1.1" 200 4210 "-" "Mozilla/5.0 AppleWebKit/537.36 (KHTML, like Gecko; compatible; bingbot/2.0; +http://www.bing.com/bingbot.htm) Chrome/116.0.1938.76 Safari/537.36"
52.167.144.218 - - [19/Oct/2025:13:08:28 +0300] "GET /goodscode/238096493.htm HTTP/1.1" 200 4210 "-" "Mozilla/5.0 AppleWebKit/537.36 (KHTML, like Gecko; compatible; bingbot/2.0; +http://www.bing.com/bingbot.htm) Chrome/116.0.1938.76 Safari/537.36"
20.171.207.126 - - [19/Oct/2025:13:08:29 +0300] "GET /search.php?royal229044144.html HTTP/1.1" 403 4896 "-" "Mozilla/5.0 AppleWebKit/537.36 (KHTML, like Gecko; compatible; GPTBot/1.2; +https://openai.com/gptbot)"
40.77.167.150 - - [19/Oct/2025:13:08:38 +0300] "GET /goodscode/1008876719.htm HTTP/1.1" 200 4210 "-" "Mozilla/5.0 AppleWebKit/537.36 (KHTML, like Gecko; compatible; bingbot/2.0; +http://www.bing.com/bingbot.htm) Chrome/116.0.1938.76 Safari/537.36"
66.249.69.192 - - [19/Oct/2025:13:08:45 +0300] "GET /?i=609562013 HTTP/1.1" 200 23716 "-" "Mozilla/5.0 (Linux; Android 6.0.1; Nexus 5X Build/MMB29P) AppleWebKit/537.36 (KHTML, like Gecko) Chrome/140.0.7339.207 Mobile Safari/537.36 (compatible; Googlebot/2.1; +http://www.google.com/bot.html)"
52.167.144.218 - - [19/Oct/2025:13:08:55 +0300] "GET /goodscode/66208321.htm HTTP/1.1" 200 4210 "-" "Mozilla/5.0 AppleWebKit/537.36 (KHTML, like Gecko; compatible; bingbot/2.0; +http://www.bing.com/bingbot.htm) Chrome/116.0.1938.76 Safari/537.36"
52.167.144.197 - - [19/Oct/2025:13:09:00 +0300] "GET /goodscode/123980304.htm HTTP/1.1" 200 4198 "-" "Mozilla/5.0 AppleWebKit/537.36 (KHTML, like Gecko; compatible; bingbot/2.0; +http://www.bing.com/bingbot.htm) Chrome/116.0.1938.76 Safari/537.36"
114.119.146.15 - - [19/Oct/2025:13:09:08 +0300] "GET /products/240fr37963 HTTP/1.1" 200 8790 "https://ilgazhavalandirma.com.tr/?sitemap191.xml" "Mozilla/5.0 (Linux; Android 7.0;) AppleWebKit/537.36 (KHTML, like Gecko) Mobile Safari/537.36 (compatible; PetalBot;+https://webmaster.petalsearch.com/site/petalbot)"
66.249.75.37 - - [19/Oct/2025:13:09:19 +0300] "GET /sing263?kg=8727 HTTP/1.1" 200 23766 "-" "Mozilla/5.0 (Linux; Android 6.0.1; Nexus 5X Build/MMB29P) AppleWebKit/537.36 (KHTML, like Gecko) Chrome/140.0.7339.207 Mobile Safari/537.36 (compatible; Googlebot/2.1; +http://www.google.com/bot.html)"
147.124.197.101 - - [19/Oct/2025:13:09:32 +0300] "POST /xmlrpc.php HTTP/1.1" 200 8818 "-" "Mozilla/5.0 (Windows NT 10.0; Win64; x64) AppleWebKit/537.36 (KHTML, like Gecko) Chrome/63.0.3239.132 Safari/537.36 OPR/50.0.2762.67"
147.124.197.101 - - [19/Oct/2025:13:09:33 +0300] "POST /xmlrpc.php HTTP/1.1" 200 8818 "-" "Mozilla/5.0 (Windows NT 10.0; Win64; x64) AppleWebKit/537.36 (KHTML, like Gecko) Chrome/63.0.3239.132 Safari/537.36 OPR/50.0.2762.67"
20.171.207.126 - - [19/Oct/2025:13:09:34 +0300] "GET /search.php?sense213017038.html HTTP/1.1" 403 4896 "-" "Mozilla/5.0 AppleWebKit/537.36 (KHTML, like Gecko; compatible; GPTBot/1.2; +https://openai.com/gptbot)"
147.124.197.101 - - [19/Oct/2025:13:09:35 +0300] "POST /xmlrpc.php HTTP/1.1" 200 8818 "-" "Mozilla/5.0 (Windows NT 10.0; Win64; x64) AppleWebKit/537.36 (KHTML, like Gecko) Chrome/63.0.3239.132 Safari/537.36 OPR/50.0.2762.67"
52.167.144.171 - - [19/Oct/2025:13:09:39 +0300] "GET /goodscode/77454299.htm HTTP/1.1" 200 4210 "-" "Mozilla/5.0 AppleWebKit/537.36 (KHTML, like Gecko; compatible; bingbot/2.0; +http://www.bing.com/bingbot.htm) Chrome/116.0.1938.76 Safari/537.36"
52.167.144.197 - - [19/Oct/2025:13:09:44 +0300] "GET /goodscode/395423565.htm HTTP/1.1" 200 4210 "-" "Mozilla/5.0 AppleWebKit/537.36 (KHTML, like Gecko; compatible; bingbot/2.0; +http://www.bing.com/bingbot.htm) Chrome/116.0.1938.76 Safari/537.36"
66.249.69.192 - - [19/Oct/2025:13:09:54 +0300] "GET /?i=265633213 HTTP/1.1" 200 23753 "-" "Mozilla/5.0 (Linux; Android 6.0.1; Nexus 5X Build/MMB29P) AppleWebKit/537.36 (KHTML, like Gecko) Chrome/140.0.7339.207 Mobile Safari/537.36 (compatible; Googlebot/2.1; +http://www.google.com/bot.html)"
52.167.144.218 - - [19/Oct/2025:13:10:24 +0300] "GET /goodscode/885804967.htm?path=/var/www HTTP/1.1" 200 4210 "-" "Mozilla/5.0 AppleWebKit/537.36 (KHTML, like Gecko; compatible; bingbot/2.0; +http://www.bing.com/bingbot.htm) Chrome/116.0.1938.76 Safari/537.36"
66.249.69.193 - - [19/Oct/2025:13:10:27 +0300] "GET /goodscode/891894276.htm HTTP/1.1" 200 23651 "-" "Mozilla/5.0 (Linux; Android 6.0.1; Nexus 5X Build/MMB29P) AppleWebKit/537.36 (KHTML, like Gecko) Chrome/140.0.7339.207 Mobile Safari/537.36 (compatible; Googlebot/2.1; +http://www.google.com/bot.html)"
66.249.75.37 - - [19/Oct/2025:13:10:29 +0300] "GET /oak61?kg=36241 HTTP/1.1" 200 24068 "-" "Mozilla/5.0 (Linux; Android 6.0.1; Nexus 5X Build/MMB29P) AppleWebKit/537.36 (KHTML, like Gecko) Chrome/140.0.7339.207 Mobile Safari/537.36 (compatible; Googlebot/2.1; +http://www.google.com/bot.html)"
20.171.207.126 - - [19/Oct/2025:13:10:37 +0300] "GET /search.php?punch014027417.html HTTP/1.1" 403 4896 "-" "Mozilla/5.0 AppleWebKit/537.36 (KHTML, like Gecko; compatible; GPTBot/1.2; +https://openai.com/gptbot)"
52.167.144.197 - - [19/Oct/2025:13:10:41 +0300] "GET /zhHant/product/surugaya/I579191062?campaign_uid=f64d716db5e979ed2f947dbaf4296895b951ae7f HTTP/1.1" 200 4210 "-" "Mozilla/5.0 AppleWebKit/537.36 (KHTML, like Gecko; compatible; bingbot/2.0; +http://www.bing.com/bingbot.htm) Chrome/116.0.1938.76 Safari/537.36"
114.119.149.66 - - [19/Oct/2025:13:10:45 +0300] "GET /products/240du43355 HTTP/1.1" 200 8790 "https://ilgazhavalandirma.com.tr/?sitemap191.xml" "Mozilla/5.0 (Linux; Android 7.0;) AppleWebKit/537.36 (KHTML, like Gecko) Mobile Safari/537.36 (compatible; PetalBot;+https://webmaster.petalsearch.com/site/petalbot)"
66.249.69.193 - - [19/Oct/2025:13:11:12 +0300] "GET /?i=108516813 HTTP/1.1" 200 23386 "-" "Mozilla/5.0 (Linux; Android 6.0.1; Nexus 5X Build/MMB29P) AppleWebKit/537.36 (KHTML, like Gecko) Chrome/140.0.7339.207 Mobile Safari/537.36 (compatible; Googlebot/2.1; +http://www.google.com/bot.html)"
52.167.144.159 - - [19/Oct/2025:13:11:21 +0300] "GET /goodscode/219919110.htm HTTP/1.1" 200 4210 "-" "Mozilla/5.0 AppleWebKit/537.36 (KHTML, like Gecko; compatible; bingbot/2.0; +http://www.bing.com/bingbot.htm) Chrome/116.0.1938.76 Safari/537.36"
20.57.67.42 - - [19/Oct/2025:13:11:27 +0300] "GET /robots.txt HTTP/1.1" 200 4342 "-" "Mozilla/5.0 AppleWebKit/537.36 (KHTML, like Gecko; compatible; GPTBot/1.0; +https://openai.com/gptbot)"
52.167.144.197 - - [19/Oct/2025:13:11:33 +0300] "GET /goodscode/403815816.htm HTTP/1.1" 200 4210 "-" "Mozilla/5.0 AppleWebKit/537.36 (KHTML, like Gecko; compatible; bingbot/2.0; +http://www.bing.com/bingbot.htm) Chrome/116.0.1938.76 Safari/537.36"
52.167.144.197 - - [19/Oct/2025:13:11:39 +0300] "GET /goodscode/135568925.htm?path=/var HTTP/1.1" 200 939 "-" "Mozilla/5.0 AppleWebKit/537.36 (KHTML, like Gecko; compatible; bingbot/2.0; +http://www.bing.com/bingbot.htm) Chrome/116.0.1938.76 Safari/537.36"
52.167.144.142 - - [19/Oct/2025:13:11:42 +0300] "GET /goodscode/192044955.htm HTTP/1.1" 200 4210 "-" "Mozilla/5.0 AppleWebKit/537.36 (KHTML, like Gecko; compatible; bingbot/2.0; +http://www.bing.com/bingbot.htm) Chrome/116.0.1938.76 Safari/537.36"
20.171.207.126 - - [19/Oct/2025:13:11:42 +0300] "GET /search.php?force101008906.html HTTP/1.1" 403 4896 "-" "Mozilla/5.0 AppleWebKit/537.36 (KHTML, like Gecko; compatible; GPTBot/1.2; +https://openai.com/gptbot)"
52.167.144.184 - - [19/Oct/2025:13:11:47 +0300] "GET /goodscode/118135069.htm?path=/ HTTP/1.1" 200 4210 "-" "Mozilla/5.0 AppleWebKit/537.36 (KHTML, like Gecko; compatible; bingbot/2.0; +http://www.bing.com/bingbot.htm) Chrome/116.0.1938.76 Safari/537.36"
47.82.11.37 - - [19/Oct/2025:13:11:50 +0300] "GET /?i=513576613 HTTP/1.1" 200 8771 "https://ilgazhavalandirma.com.tr/" "Mozilla/5.0 (Windows NT 10.0; Win64; x64) AppleWebKit/537.36 (KHTML, like Gecko) Chrome/135.0.0.0 Safari/537.36"
103.82.38.57 - - [19/Oct/2025:13:12:01 +0300] "GET /wp-login.php HTTP/1.1" 200 8818 "-" "Mozilla/5.0 (Windows NT 10.0; WOW64; Trident/7.0; TBTE; rv:11.0) like Gecko"
52.167.144.184 - - [19/Oct/2025:13:12:12 +0300] "GET /goodscode/142611348.htm HTTP/1.1" 200 4198 "-" "Mozilla/5.0 AppleWebKit/537.36 (KHTML, like Gecko; compatible; bingbot/2.0; +http://www.bing.com/bingbot.htm) Chrome/116.0.1938.76 Safari/537.36"
52.167.144.184 - - [19/Oct/2025:13:12:12 +0300] "GET /goodscode/137646337.htm HTTP/1.1" 200 272 "-" "Mozilla/5.0 AppleWebKit/537.36 (KHTML, like Gecko; compatible; bingbot/2.0; +http://www.bing.com/bingbot.htm) Chrome/116.0.1938.76 Safari/537.36"
103.82.38.57 - - [19/Oct/2025:13:12:13 +0300] "POST /wp-login.php HTTP/1.1" 200 4983 "https://ilgazhavalandirma.com.tr/wp-login.php" "Mozilla/5.0 (Windows NT 10.0; WOW64; Trident/7.0; TBTE; rv:11.0) like Gecko"
52.167.144.184 - - [19/Oct/2025:13:12:13 +0300] "GET /goodscode/80425680.htm HTTP/1.1" 200 272 "-" "Mozilla/5.0 AppleWebKit/537.36 (KHTML, like Gecko; compatible; bingbot/2.0; +http://www.bing.com/bingbot.htm) Chrome/116.0.1938.76 Safari/537.36"
52.167.144.184 - - [19/Oct/2025:13:12:14 +0300] "GET /goodscode/228672005.htm HTTP/1.1" 200 272 "-" "Mozilla/5.0 AppleWebKit/537.36 (KHTML, like Gecko; compatible; bingbot/2.0; +http://www.bing.com/bingbot.htm) Chrome/116.0.1938.76 Safari/537.36"
52.167.144.184 - - [19/Oct/2025:13:12:14 +0300] "GET /goodscode/79279069.htm HTTP/1.1" 200 272 "-" "Mozilla/5.0 AppleWebKit/537.36 (KHTML, like Gecko; compatible; bingbot/2.0; +http://www.bing.com/bingbot.htm) Chrome/116.0.1938.76 Safari/537.36"
114.119.151.146 - - [19/Oct/2025:13:12:24 +0300] "GET /products/240dn13975 HTTP/1.1" 200 8790 "https://ilgazhavalandirma.com.tr/?sitemap191.xml" "Mozilla/5.0 (Linux; Android 7.0;) AppleWebKit/537.36 (KHTML, like Gecko) Mobile Safari/537.36 (compatible; PetalBot;+https://webmaster.petalsearch.com/site/petalbot)"
40.77.167.150 - - [19/Oct/2025:13:12:36 +0300] "GET /goodscode/142958852.htm HTTP/1.1" 200 4210 "-" "Mozilla/5.0 AppleWebKit/537.36 (KHTML, like Gecko; compatible; bingbot/2.0; +http://www.bing.com/bingbot.htm) Chrome/116.0.1938.76 Safari/537.36"
52.167.144.142 - - [19/Oct/2025:13:12:41 +0300] "GET /goodscode/225279605.htm HTTP/1.1" 200 4210 "-" "Mozilla/5.0 AppleWebKit/537.36 (KHTML, like Gecko; compatible; bingbot/2.0; +http://www.bing.com/bingbot.htm) Chrome/116.0.1938.76 Safari/537.36"
20.171.207.126 - - [19/Oct/2025:13:12:45 +0300] "GET /search.php?sheet123040458.html HTTP/1.1" 403 4896 "-" "Mozilla/5.0 AppleWebKit/537.36 (KHTML, like Gecko; compatible; GPTBot/1.2; +https://openai.com/gptbot)"
18.194.237.125 - - [19/Oct/2025:13:12:59 +0300] "GET /wp-login.php HTTP/1.1" 200 8818 "-" "Mozilla/5.0 (Macintosh; Intel Mac OS X 10_13_1) AppleWebKit/537.36 (KHTML, like Gecko) Chrome/65.0.3325.162 Safari/537.36"
18.194.237.125 - - [19/Oct/2025:13:13:00 +0300] "POST /wp-login.php HTTP/1.1" 200 4983 "https://ilgazhavalandirma.com.tr/wp-login.php" "Mozilla/5.0 (Macintosh; Intel Mac OS X 10_13_1) AppleWebKit/537.36 (KHTML, like Gecko) Chrome/65.0.3325.162 Safari/537.36"
52.167.144.184 - - [19/Oct/2025:13:13:21 +0300] "GET /zhHant/product/surugaya/I1024871904?campaign_uid=f64d716db5e979ed2f947dbaf4296895b951ae7f HTTP/1.1" 200 4210 "-" "Mozilla/5.0 AppleWebKit/537.36 (KHTML, like Gecko; compatible; bingbot/2.0; +http://www.bing.com/bingbot.htm) Chrome/116.0.1938.76 Safari/537.36"
66.249.75.37 - - [19/Oct/2025:13:13:30 +0300] "GET /impress67?kg=26833 HTTP/1.1" 200 23592 "-" "Mozilla/5.0 (Linux; Android 6.0.1; Nexus 5X Build/MMB29P) AppleWebKit/537.36 (KHTML, like Gecko) Chrome/140.0.7339.207 Mobile Safari/537.36 (compatible; Googlebot/2.1; +http://www.google.com/bot.html)"
40.77.167.150 - - [19/Oct/2025:13:13:35 +0300] "GET /goodscode/196737079.htm HTTP/1.1" 200 4210 "-" "Mozilla/5.0 AppleWebKit/537.36 (KHTML, like Gecko; compatible; bingbot/2.0; +http://www.bing.com/bingbot.htm) Chrome/116.0.1938.76 Safari/537.36"
52.167.144.197 - - [19/Oct/2025:13:13:39 +0300] "GET /goodscode/136967693.htm?path=/var/www HTTP/1.1" 200 4210 "-" "Mozilla/5.0 AppleWebKit/537.36 (KHTML, like Gecko; compatible; bingbot/2.0; +http://www.bing.com/bingbot.htm) Chrome/116.0.1938.76 Safari/537.36"
52.167.144.142 - - [19/Oct/2025:13:13:41 +0300] "GET /goodscode/129708362.htm HTTP/1.1" 200 4210 "-" "Mozilla/5.0 AppleWebKit/537.36 (KHTML, like Gecko; compatible; bingbot/2.0; +http://www.bing.com/bingbot.htm) Chrome/116.0.1938.76 Safari/537.36"
163.223.13.96 - - [19/Oct/2025:13:13:43 +0300] "POST /xmlrpc.php HTTP/1.1" 200 8818 "-" "Mozilla/5.0 (Macintosh; Intel Mac OS X 10_13_4) AppleWebKit/537.36 (KHTML, like Gecko) Chrome/65.0.3325.181 Safari/537.36"
163.223.13.96 - - [19/Oct/2025:13:13:45 +0300] "POST /xmlrpc.php HTTP/1.1" 200 8818 "-" "Mozilla/5.0 (Macintosh; Intel Mac OS X 10_13_4) AppleWebKit/537.36 (KHTML, like Gecko) Chrome/65.0.3325.181 Safari/537.36"
163.223.13.96 - - [19/Oct/2025:13:13:48 +0300] "POST /xmlrpc.php HTTP/1.1" 200 8818 "-" "Mozilla/5.0 (Macintosh; Intel Mac OS X 10_13_4) AppleWebKit/537.36 (KHTML, like Gecko) Chrome/65.0.3325.181 Safari/537.36"
66.249.78.41 - - [19/Oct/2025:13:13:48 +0300] "GET /characteristic200?kg=24454 HTTP/1.1" 200 4148 "-" "Mozilla/5.0 (Linux; Android 6.0.1; Nexus 5X Build/MMB29P) AppleWebKit/537.36 (KHTML, like Gecko) Chrome/140.0.7339.207 Mobile Safari/537.36 (compatible; Googlebot/2.1; +http://www.google.com/bot.html)"
20.171.207.126 - - [19/Oct/2025:13:13:50 +0300] "GET /search.php?punch019040620.html HTTP/1.1" 403 4896 "-" "Mozilla/5.0 AppleWebKit/537.36 (KHTML, like Gecko; compatible; GPTBot/1.2; +https://openai.com/gptbot)"
52.167.144.184 - - [19/Oct/2025:13:13:50 +0300] "GET /goodscode/143290066.htm HTTP/1.1" 200 4210 "-" "Mozilla/5.0 AppleWebKit/537.36 (KHTML, like Gecko; compatible; bingbot/2.0; +http://www.bing.com/bingbot.htm) Chrome/116.0.1938.76 Safari/537.36"
204.12.208.18 - - [19/Oct/2025:13:13:55 +0300] "GET /wp-content/xa1d95f/edit.php HTTP/1.1" 200 3579 "https://ilgazhavalandirma.com.tr/wp-content/xa1d95f/edit.php" "Mozilla/5.0 (Macintosh; Intel Mac OS X 10_6_8) AppleWebKit/535.1 (KHTML, like Gecko) Chrome/13.0.782.220 Safari/535.1"
114.119.159.62 - - [19/Oct/2025:13:14:01 +0300] "GET /products/23wf42300 HTTP/1.1" 200 8790 "https://ilgazhavalandirma.com.tr/?sitemap191.xml" "Mozilla/5.0 (Linux; Android 7.0;) AppleWebKit/537.36 (KHTML, like Gecko) Mobile Safari/537.36 (compatible; PetalBot;+https://webmaster.petalsearch.com/site/petalbot)"
52.167.144.197 - - [19/Oct/2025:13:14:01 +0300] "GET /goodscode/138248801.htm HTTP/1.1" 200 4210 "-" "Mozilla/5.0 AppleWebKit/537.36 (KHTML, like Gecko; compatible; bingbot/2.0; +http://www.bing.com/bingbot.htm) Chrome/116.0.1938.76 Safari/537.36"
103.90.235.93 - - [19/Oct/2025:13:14:03 +0300] "POST /xmlrpc.php HTTP/1.1" 200 8818 "-" "Mozilla/5.0 (Windows NT 6.3; WOW64; Trident/7.0; Touch; MDDCJS; rv:11.0) like Gecko"
40.77.167.150 - - [19/Oct/2025:13:14:07 +0300] "GET /goodscode/25428507.htm HTTP/1.1" 200 4210 "-" "Mozilla/5.0 AppleWebKit/537.36 (KHTML, like Gecko; compatible; bingbot/2.0; +http://www.bing.com/bingbot.htm) Chrome/116.0.1938.76 Safari/537.36"
103.90.235.93 - - [19/Oct/2025:13:14:07 +0300] "POST /xmlrpc.php HTTP/1.1" 200 8818 "-" "Mozilla/5.0 (Windows NT 6.3; WOW64; Trident/7.0; Touch; MDDCJS; rv:11.0) like Gecko"
66.249.75.39 - - [19/Oct/2025:13:14:07 +0300] "GET /products73?path=/var/www/vhosts/ilgazhavalandirma.com.tr/httpdocs/wp-includes HTTP/1.1" 200 23927 "-" "Mozilla/5.0 (Linux; Android 6.0.1; Nexus 5X Build/MMB29P) AppleWebKit/537.36 (KHTML, like Gecko) Chrome/140.0.7339.207 Mobile Safari/537.36 (compatible; Googlebot/2.1; +http://www.google.com/bot.html)"
103.90.235.93 - - [19/Oct/2025:13:14:13 +0300] "POST /xmlrpc.php HTTP/1.1" 200 8818 "-" "Mozilla/5.0 (Windows NT 6.3; WOW64; Trident/7.0; Touch; MDDCJS; rv:11.0) like Gecko"
52.167.144.184 - - [19/Oct/2025:13:14:31 +0300] "GET /goodscode/176043683.htm HTTP/1.1" 200 4210 "-" "Mozilla/5.0 AppleWebKit/537.36 (KHTML, like Gecko; compatible; bingbot/2.0; +http://www.bing.com/bingbot.htm) Chrome/116.0.1938.76 Safari/537.36"
66.249.69.193 - - [19/Oct/2025:13:14:37 +0300] "GET /?i=349218113 HTTP/1.1" 200 23786 "-" "Mozilla/5.0 (Linux; Android 6.0.1; Nexus 5X Build/MMB29P) AppleWebKit/537.36 (KHTML, like Gecko) Chrome/140.0.7339.207 Mobile Safari/537.36 (compatible; Googlebot/2.1; +http://www.google.com/bot.html)"
20.171.207.126 - - [19/Oct/2025:13:14:52 +0300] "GET /search.php?upset010022789.html HTTP/1.1" 403 4896 "-" "Mozilla/5.0 AppleWebKit/537.36 (KHTML, like Gecko; compatible; GPTBot/1.2; +https://openai.com/gptbot)"
52.167.144.184 - - [19/Oct/2025:13:14:51 +0300] "GET /goodscode/178310753.htm HTTP/1.1" 200 4210 "-" "Mozilla/5.0 AppleWebKit/537.36 (KHTML, like Gecko; compatible; bingbot/2.0; +http://www.bing.com/bingbot.htm) Chrome/116.0.1938.76 Safari/537.36"
66.249.78.32 - - [19/Oct/2025:13:14:50 +0300] "GET /integrate281?kg=41321 HTTP/1.1" 200 24270 "-" "Mozilla/5.0 (Linux; Android 6.0.1; Nexus 5X Build/MMB29P) AppleWebKit/537.36 (KHTML, like Gecko) Chrome/140.0.7339.207 Mobile Safari/537.36 (compatible; Googlebot/2.1; +http://www.google.com/bot.html)"
