216.73.216.135 - - [19/Oct/2025:08:46:47 +0300] "GET /goodscode/655086004.htm?fileloc=%2Fvar%2Fwww%2Fvhosts%2Filgazhavalandirma.com.tr%2Fhttpdocs%2Fwp-signup.php&path=%2Fvar%2Fwww%2Fvhosts%2Filgazhavalandirma.com.tr%2Fhttpdocs HTTP/1.1" 200 10854 "-" "Mozilla/5.0 AppleWebKit/537.36 (KHTML, like Gecko; compatible; ClaudeBot/1.0; +claudebot@anthropic.com)"
216.73.216.135 - - [19/Oct/2025:08:46:47 +0300] "GET /goodscode/851086058.htm?fileloc=%2Fvar%2Fwww%2Fvhosts%2Filgazhavalandirma.com.tr%2Fhttpdocs%2Fwp-settings.php&path=%2Fvar%2Fwww%2Fvhosts%2Filgazhavalandirma.com.tr%2Fhttpdocs HTTP/1.1" 200 8405 "-" "Mozilla/5.0 AppleWebKit/537.36 (KHTML, like Gecko; compatible; ClaudeBot/1.0; +claudebot@anthropic.com)"
216.73.216.135 - - [19/Oct/2025:08:46:49 +0300] "GET /goodscode/968586013.htm?fileloc=%2Fvar%2Fwww%2Fvhosts%2Filgazhavalandirma.com.tr%2Fhttpdocs%2F404.php&path=%2Fvar%2Fwww%2Fvhosts%2Filgazhavalandirma.com.tr%2Fhttpdocs HTTP/1.1" 200 7987 "-" "Mozilla/5.0 AppleWebKit/537.36 (KHTML, like Gecko; compatible; ClaudeBot/1.0; +claudebot@anthropic.com)"
216.73.216.135 - - [19/Oct/2025:08:46:48 +0300] "GET /goodscode/1193466243.htm?fileloc=%2Fvar%2Fwww%2Fvhosts%2Filgazhavalandirma.com.tr%2Fhttpdocs%2Fwp-config.php&path=%2Fvar%2Fwww%2Fvhosts%2Filgazhavalandirma.com.tr%2Fhttpdocs HTTP/1.1" 200 4427 "-" "Mozilla/5.0 AppleWebKit/537.36 (KHTML, like Gecko; compatible; ClaudeBot/1.0; +claudebot@anthropic.com)"
216.73.216.135 - - [19/Oct/2025:08:46:49 +0300] "GET /goodscode/1146843376.htm?fileloc=%2Fvar%2Fwww%2Fvhosts%2Filgazhavalandirma.com.tr%2Fhttpdocs%2Fwp-mail.php&path=%2Fvar%2Fwww%2Fvhosts%2Filgazhavalandirma.com.tr%2Fhttpdocs HTTP/1.1" 200 5736 "-" "Mozilla/5.0 AppleWebKit/537.36 (KHTML, like Gecko; compatible; ClaudeBot/1.0; +claudebot@anthropic.com)"
35.174.253.85 - - [19/Oct/2025:08:46:48 +0300] "GET /products/91dv19772?fileloc=/var/www/vhosts/ilgazhavalandirma.com.tr/httpdocs/wp-includes/blocks/post-author/style.min.css&path=/var/www/vhosts/ilgazhavalandirma.com.tr/httpdocs/wp-includes/blocks/post-author HTTP/1.1" 200 6105 "-" "Mozilla/5.0 AppleWebKit/537.36 (KHTML, like Gecko; compatible; Amazonbot/0.1; +https://developer.amazon.com/support/amazonbot) Chrome/119.0.6045.214 Safari/537.36"
216.73.216.135 - - [19/Oct/2025:08:46:49 +0300] "GET /goodscode/1243356921.htm?fileloc=%2Fvar%2Fwww%2Fvhosts%2Filgazhavalandirma.com.tr%2Fhttpdocs%2Fwp-load.php&path=%2Fvar%2Fwww%2Fvhosts%2Filgazhavalandirma.com.tr%2Fhttpdocs HTTP/1.1" 200 4408 "-" "Mozilla/5.0 AppleWebKit/537.36 (KHTML, like Gecko; compatible; ClaudeBot/1.0; +claudebot@anthropic.com)"
216.73.216.135 - - [19/Oct/2025:08:46:48 +0300] "GET /goodscode/500143055.htm?fileloc=%2Fvar%2Fwww%2Fvhosts%2Filgazhavalandirma.com.tr%2Fhttpdocs%2Fwp-config.php&path=%2Fvar%2Fwww%2Fvhosts%2Filgazhavalandirma.com.tr%2Fhttpdocs HTTP/1.1" 200 4427 "-" "Mozilla/5.0 AppleWebKit/537.36 (KHTML, like Gecko; compatible; ClaudeBot/1.0; +claudebot@anthropic.com)"
216.73.216.135 - - [19/Oct/2025:08:46:50 +0300] "GET /goodscode/732004848.htm?fileloc=%2Fvar%2Fwww%2Fvhosts%2Filgazhavalandirma.com.tr%2Fhttpdocs%2Frobots.txt&path=%2Fvar%2Fwww%2Fvhosts%2Filgazhavalandirma.com.tr%2Fhttpdocs HTTP/1.1" 200 2855 "-" "Mozilla/5.0 AppleWebKit/537.36 (KHTML, like Gecko; compatible; ClaudeBot/1.0; +claudebot@anthropic.com)"
216.73.216.135 - - [19/Oct/2025:08:46:49 +0300] "GET /goodscode/477939322.htm?fileloc=%2Fvar%2Fwww%2Fvhosts%2Filgazhavalandirma.com.tr%2Fhttpdocs%2Fwp-mail.php&path=%2Fvar%2Fwww%2Fvhosts%2Filgazhavalandirma.com.tr%2Fhttpdocs HTTP/1.1" 200 5736 "-" "Mozilla/5.0 AppleWebKit/537.36 (KHTML, like Gecko; compatible; ClaudeBot/1.0; +claudebot@anthropic.com)"
216.73.216.135 - - [19/Oct/2025:08:46:51 +0300] "GET /goodscode/363482065.htm?fileloc=%2Fvar%2Fwww%2Fvhosts%2Filgazhavalandirma.com.tr%2Fhttpdocs%2Fwp-load.php&path=%2Fvar%2Fwww%2Fvhosts%2Filgazhavalandirma.com.tr%2Fhttpdocs HTTP/1.1" 200 4408 "-" "Mozilla/5.0 AppleWebKit/537.36 (KHTML, like Gecko; compatible; ClaudeBot/1.0; +claudebot@anthropic.com)"
216.73.216.135 - - [19/Oct/2025:08:46:50 +0300] "GET /goodscode/340327210.htm?fileloc=%2Fvar%2Fwww%2Fvhosts%2Filgazhavalandirma.com.tr%2Fhttpdocs%2Fnetworks.php&path=%2Fvar%2Fwww%2Fvhosts%2Filgazhavalandirma.com.tr%2Fhttpdocs HTTP/1.1" 200 3461 "-" "Mozilla/5.0 AppleWebKit/537.36 (KHTML, like Gecko; compatible; ClaudeBot/1.0; +claudebot@anthropic.com)"
216.73.216.135 - - [19/Oct/2025:08:46:49 +0300] "GET /goodscode/422170759.htm?fileloc=%2Fvar%2Fwww%2Fvhosts%2Filgazhavalandirma.com.tr%2Fhttpdocs%2Fwp-comments-post.php&path=%2Fvar%2Fwww%2Fvhosts%2Filgazhavalandirma.com.tr%2Fhttpdocs HTTP/1.1" 200 3826 "-" "Mozilla/5.0 AppleWebKit/537.36 (KHTML, like Gecko; compatible; ClaudeBot/1.0; +claudebot@anthropic.com)"
216.73.216.135 - - [19/Oct/2025:08:46:50 +0300] "GET /goodscode/340446509.htm?fileloc=%2Fvar%2Fwww%2Fvhosts%2Filgazhavalandirma.com.tr%2Fhttpdocs%2Frobots.txt&path=%2Fvar%2Fwww%2Fvhosts%2Filgazhavalandirma.com.tr%2Fhttpdocs HTTP/1.1" 200 6690 "-" "Mozilla/5.0 AppleWebKit/537.36 (KHTML, like Gecko; compatible; ClaudeBot/1.0; +claudebot@anthropic.com)"
216.73.216.135 - - [19/Oct/2025:08:46:50 +0300] "GET /goodscode/338585252.htm?fileloc=%2Fvar%2Fwww%2Fvhosts%2Filgazhavalandirma.com.tr%2Fhttpdocs%2Fnetworks.php&path=%2Fvar%2Fwww%2Fvhosts%2Filgazhavalandirma.com.tr%2Fhttpdocs HTTP/1.1" 200 3461 "-" "Mozilla/5.0 AppleWebKit/537.36 (KHTML, like Gecko; compatible; ClaudeBot/1.0; +claudebot@anthropic.com)"
216.73.216.135 - - [19/Oct/2025:08:46:51 +0300] "GET /goodscode/521476969.htm?fileloc=%2Fvar%2Fwww%2Fvhosts%2Filgazhavalandirma.com.tr%2Fhttpdocs%2Fwp-load.php&path=%2Fvar%2Fwww%2Fvhosts%2Filgazhavalandirma.com.tr%2Fhttpdocs HTTP/1.1" 200 4408 "-" "Mozilla/5.0 AppleWebKit/537.36 (KHTML, like Gecko; compatible; ClaudeBot/1.0; +claudebot@anthropic.com)"
52.2.58.41 - - [19/Oct/2025:08:46:53 +0300] "GET /products/91dv19772?fileloc=/var/www/vhosts/ilgazhavalandirma.com.tr/httpdocs/wp-includes/blocks/comments-title/editor-rtl.css&path=/var/www/vhosts/ilgazhavalandirma.com.tr/httpdocs/wp-includes/blocks/comments-title HTTP/1.1" 200 6023 "-" "Mozilla/5.0 AppleWebKit/537.36 (KHTML, like Gecko; compatible; Amazonbot/0.1; +https://developer.amazon.com/support/amazonbot) Chrome/119.0.6045.214 Safari/537.36"
44.205.120.22 - - [19/Oct/2025:08:46:55 +0300] "GET /products/91dv19772?fileloc=/var/www/vhosts/ilgazhavalandirma.com.tr/httpdocs/wp-includes/blocks/paragraph/style-rtl.min.css&path=/var/www/vhosts/ilgazhavalandirma.com.tr/httpdocs/wp-includes/blocks/paragraph HTTP/1.1" 200 6265 "-" "Mozilla/5.0 AppleWebKit/537.36 (KHTML, like Gecko; compatible; Amazonbot/0.1; +https://developer.amazon.com/support/amazonbot) Chrome/119.0.6045.214 Safari/537.36"
98.82.66.172 - - [19/Oct/2025:08:47:01 +0300] "GET /products/91dv19772?fileloc=/var/www/vhosts/ilgazhavalandirma.com.tr/httpdocs/wp-includes/blocks/video/style-rtl.css&path=/var/www/vhosts/ilgazhavalandirma.com.tr/httpdocs/wp-includes/blocks/video HTTP/1.1" 200 6121 "-" "Mozilla/5.0 AppleWebKit/537.36 (KHTML, like Gecko; compatible; Amazonbot/0.1; +https://developer.amazon.com/support/amazonbot) Chrome/119.0.6045.214 Safari/537.36"
52.167.144.19 - - [19/Oct/2025:08:47:02 +0300] "GET /goodscode/199236181.htm HTTP/1.1" 200 4210 "-" "Mozilla/5.0 AppleWebKit/537.36 (KHTML, like Gecko; compatible; bingbot/2.0; +http://www.bing.com/bingbot.htm) Chrome/116.0.1938.76 Safari/537.36"
52.3.155.146 - - [19/Oct/2025:08:47:03 +0300] "GET /products/91dv19772?fileloc=/var/www/vhosts/ilgazhavalandirma.com.tr/httpdocs/wp-includes/blocks/post-featured-image/style-rtl.css&path=/var/www/vhosts/ilgazhavalandirma.com.tr/httpdocs/wp-includes/blocks/post-featured-image HTTP/1.1" 200 6276 "-" "Mozilla/5.0 AppleWebKit/537.36 (KHTML, like Gecko; compatible; Amazonbot/0.1; +https://developer.amazon.com/support/amazonbot) Chrome/119.0.6045.214 Safari/537.36"
20.171.207.126 - - [19/Oct/2025:08:47:05 +0300] "GET /search.php?uncover264040415.html HTTP/1.1" 403 4896 "-" "Mozilla/5.0 AppleWebKit/537.36 (KHTML, like Gecko; compatible; GPTBot/1.2; +https://openai.com/gptbot)"
101.100.194.71 - - [19/Oct/2025:08:47:08 +0300] "GET /wp-login.php HTTP/1.1" 200 8807 "-" "Mozilla/5.0 (Windows NT 6.3; WOW64; Trident/7.0; Touch; MAGWJS; rv:11.0) like Gecko"
3.217.171.106 - - [19/Oct/2025:08:47:10 +0300] "GET /products/91dv19772?fileloc=/var/www/vhosts/ilgazhavalandirma.com.tr/httpdocs/wp-includes/blocks/image/view.js&path=/var/www/vhosts/ilgazhavalandirma.com.tr/httpdocs/wp-includes/blocks/image HTTP/1.1" 200 11807 "-" "Mozilla/5.0 AppleWebKit/537.36 (KHTML, like Gecko; compatible; Amazonbot/0.1; +https://developer.amazon.com/support/amazonbot) Chrome/119.0.6045.214 Safari/537.36"
52.167.144.186 - - [19/Oct/2025:08:47:12 +0300] "GET /goodscode/126070856.htm?path=/ HTTP/1.1" 200 4210 "-" "Mozilla/5.0 AppleWebKit/537.36 (KHTML, like Gecko; compatible; bingbot/2.0; +http://www.bing.com/bingbot.htm) Chrome/116.0.1938.76 Safari/537.36"
52.167.144.238 - - [19/Oct/2025:08:47:13 +0300] "GET /goodscode/27689552.htm HTTP/1.1" 200 4210 "-" "Mozilla/5.0 AppleWebKit/537.36 (KHTML, like Gecko; compatible; bingbot/2.0; +http://www.bing.com/bingbot.htm) Chrome/116.0.1938.76 Safari/537.36"
3.90.73.206 - - [19/Oct/2025:08:47:13 +0300] "GET /products/91dv19772?fileloc=/var/www/vhosts/ilgazhavalandirma.com.tr/httpdocs/wp-content/languages/plugins/all-in-one-seo-pack-tr_TR-518fa6c8d43cedad6fae1a5bd294e3c8.json&path=/var/www/vhosts/ilgazhavalandirma.com.tr/httpdocs/wp-content/languages/plugins HTTP/1.1" 200 6267 "-" "Mozilla/5.0 AppleWebKit/537.36 (KHTML, like Gecko; compatible; Amazonbot/0.1; +https://developer.amazon.com/support/amazonbot) Chrome/119.0.6045.214 Safari/537.36"
114.119.159.62 - - [19/Oct/2025:08:47:13 +0300] "GET /products/26tj47103 HTTP/1.1" 200 8779 "https://ilgazhavalandirma.com.tr/?sitemap191.xml" "Mozilla/5.0 (Linux; Android 7.0;) AppleWebKit/537.36 (KHTML, like Gecko) Mobile Safari/537.36 (compatible; PetalBot;+https://webmaster.petalsearch.com/site/petalbot)"
35.171.141.42 - - [19/Oct/2025:08:47:16 +0300] "GET /products/91dv19772?fileloc=/var/www/vhosts/ilgazhavalandirma.com.tr/httpdocs/wp-content/languages/plugins/all-in-one-seo-pack-tr_TR-c8f0329fac3e9c00da5f1d3970547d19.json&path=/var/www/vhosts/ilgazhavalandirma.com.tr/httpdocs/wp-content/languages/plugins HTTP/1.1" 200 6322 "-" "Mozilla/5.0 AppleWebKit/537.36 (KHTML, like Gecko; compatible; Amazonbot/0.1; +https://developer.amazon.com/support/amazonbot) Chrome/119.0.6045.214 Safari/537.36"
204.12.208.18 - - [19/Oct/2025:08:47:20 +0300] "GET /wp-content/xa1d95f/edit.php HTTP/1.1" 200 449 "https://ilgazhavalandirma.com.tr/wp-content/xa1d95f/edit.php" "Mozilla/5.0 (compatible; MSIE 9.0; Windows NT 6.1; WOW64; Trident/5.0)"
54.204.12.115 - - [19/Oct/2025:08:47:19 +0300] "GET /products/91dv19772?fileloc=/var/www/vhosts/ilgazhavalandirma.com.tr/httpdocs/wp-content/languages/plugins/all-in-one-seo-pack-tr_TR-2a252fc91fcffd4e5b350a08c9339195.json&path=/var/www/vhosts/ilgazhavalandirma.com.tr/httpdocs/wp-content/languages/plugins HTTP/1.1" 200 6373 "-" "Mozilla/5.0 AppleWebKit/537.36 (KHTML, like Gecko; compatible; Amazonbot/0.1; +https://developer.amazon.com/support/amazonbot) Chrome/119.0.6045.214 Safari/537.36"
66.249.69.194 - - [19/Oct/2025:08:47:21 +0300] "GET /?i=622111213 HTTP/1.1" 200 24484 "-" "Mozilla/5.0 (Linux; Android 6.0.1; Nexus 5X Build/MMB29P) AppleWebKit/537.36 (KHTML, like Gecko) Chrome/140.0.7339.207 Mobile Safari/537.36 (compatible; Googlebot/2.1; +http://www.google.com/bot.html)"
52.44.174.136 - - [19/Oct/2025:08:47:23 +0300] "GET /products/91dv19772?fileloc=/var/www/vhosts/ilgazhavalandirma.com.tr/httpdocs/wp-content/languages/plugins/all-in-one-seo-pack-tr_TR-a5936c1e16acc7c7c7773ccd35f5fd0d.json&path=/var/www/vhosts/ilgazhavalandirma.com.tr/httpdocs/wp-content/languages/plugins HTTP/1.1" 200 6286 "-" "Mozilla/5.0 AppleWebKit/537.36 (KHTML, like Gecko; compatible; Amazonbot/0.1; +https://developer.amazon.com/support/amazonbot) Chrome/119.0.6045.214 Safari/537.36"
100.29.160.53 - - [19/Oct/2025:08:47:26 +0300] "GET /products/91dv19772?fileloc=/var/www/vhosts/ilgazhavalandirma.com.tr/httpdocs/wp-includes/js/dist/blob.js&path=/var/www/vhosts/ilgazhavalandirma.com.tr/httpdocs/wp-includes/js/dist HTTP/1.1" 200 7061 "-" "Mozilla/5.0 AppleWebKit/537.36 (KHTML, like Gecko; compatible; Amazonbot/0.1; +https://developer.amazon.com/support/amazonbot) Chrome/119.0.6045.214 Safari/537.36"
98.84.184.80 - - [19/Oct/2025:08:47:30 +0300] "GET /products/91dv19772?fileloc=/var/www/vhosts/ilgazhavalandirma.com.tr/httpdocs/wp-content/languages/plugins/elementor-tr_TR-f98be19bec7bc848ce3ed383c60037c1.json&path=/var/www/vhosts/ilgazhavalandirma.com.tr/httpdocs/wp-content/languages/plugins HTTP/1.1" 200 7903 "-" "Mozilla/5.0 AppleWebKit/537.36 (KHTML, like Gecko; compatible; Amazonbot/0.1; +https://developer.amazon.com/support/amazonbot) Chrome/119.0.6045.214 Safari/537.36"
20.171.207.126 - - [19/Oct/2025:08:47:34 +0300] "GET /search.php?nuclear112049775.html HTTP/1.1" 403 4896 "-" "Mozilla/5.0 AppleWebKit/537.36 (KHTML, like Gecko; compatible; GPTBot/1.2; +https://openai.com/gptbot)"
44.223.232.55 - - [19/Oct/2025:08:47:35 +0300] "GET /products/91dv19772?fileloc=/var/www/vhosts/ilgazhavalandirma.com.tr/httpdocs/wp-content/languages/plugins/all-in-one-seo-pack-tr_TR-0f5e263bf1e582fd9ef1fafe42562da2.json&path=/var/www/vhosts/ilgazhavalandirma.com.tr/httpdocs/wp-content/languages/plugins HTTP/1.1" 200 7550 "-" "Mozilla/5.0 AppleWebKit/537.36 (KHTML, like Gecko; compatible; Amazonbot/0.1; +https://developer.amazon.com/support/amazonbot) Chrome/119.0.6045.214 Safari/537.36"
162.241.24.194 - - [19/Oct/2025:08:47:36 +0300] "POST /xmlrpc.php HTTP/1.1" 200 8807 "-" "Mozilla/5.0 (Windows NT 6.2; Win64; x64; Trident/7.0; rv:11.0) like Gecko"
100.24.149.244 - - [19/Oct/2025:08:47:40 +0300] "GET /products/91dv19772?fileloc=/var/www/vhosts/ilgazhavalandirma.com.tr/httpdocs/wp-includes/blocks/search/style.min.css&path=/var/www/vhosts/ilgazhavalandirma.com.tr/httpdocs/wp-includes/blocks/search HTTP/1.1" 200 6483 "-" "Mozilla/5.0 AppleWebKit/537.36 (KHTML, like Gecko; compatible; Amazonbot/0.1; +https://developer.amazon.com/support/amazonbot) Chrome/119.0.6045.214 Safari/537.36"
54.91.122.193 - - [19/Oct/2025:08:47:42 +0300] "GET /products/91dv19772?fileloc=/var/www/vhosts/ilgazhavalandirma.com.tr/httpdocs/wp-includes/blocks/query-pagination-previous/block.json&path=/var/www/vhosts/ilgazhavalandirma.com.tr/httpdocs/wp-includes/blocks/query-pagination-previous HTTP/1.1" 200 6413 "-" "Mozilla/5.0 AppleWebKit/537.36 (KHTML, like Gecko; compatible; Amazonbot/0.1; +https://developer.amazon.com/support/amazonbot) Chrome/119.0.6045.214 Safari/537.36"
40.77.167.61 - - [19/Oct/2025:08:47:45 +0300] "GET /goodscode/138789724.htm HTTP/1.1" 200 4210 "-" "Mozilla/5.0 AppleWebKit/537.36 (KHTML, like Gecko; compatible; bingbot/2.0; +http://www.bing.com/bingbot.htm) Chrome/116.0.1938.76 Safari/537.36"
52.45.15.233 - - [19/Oct/2025:08:47:48 +0300] "GET /products/91dv19772?fileloc=/var/www/vhosts/ilgazhavalandirma.com.tr/httpdocs/wp-content/languages/plugins/all-in-one-seo-pack-tr_TR-7391e4fa3789c2798f64117ea15822be.json&path=/var/www/vhosts/ilgazhavalandirma.com.tr/httpdocs/wp-content/languages/plugins HTTP/1.1" 200 7084 "-" "Mozilla/5.0 AppleWebKit/537.36 (KHTML, like Gecko; compatible; Amazonbot/0.1; +https://developer.amazon.com/support/amazonbot) Chrome/119.0.6045.214 Safari/537.36"
40.77.167.61 - - [19/Oct/2025:08:47:56 +0300] "GET /goodscode/336727830.htm HTTP/1.1" 200 4210 "-" "Mozilla/5.0 AppleWebKit/537.36 (KHTML, like Gecko; compatible; bingbot/2.0; +http://www.bing.com/bingbot.htm) Chrome/116.0.1938.76 Safari/537.36"
101.100.194.71 - - [19/Oct/2025:08:47:56 +0300] "GET /wp-login.php HTTP/1.1" 200 8807 "-" "Mozilla/5.0 (Windows NT 6.3; WOW64; Trident/7.0; Touch; MAGWJS; rv:11.0) like Gecko"
52.167.144.19 - - [19/Oct/2025:08:48:00 +0300] "GET /goodscode/190996905.htm HTTP/1.1" 200 4210 "-" "Mozilla/5.0 AppleWebKit/537.36 (KHTML, like Gecko; compatible; bingbot/2.0; +http://www.bing.com/bingbot.htm) Chrome/116.0.1938.76 Safari/537.36"
20.171.207.126 - - [19/Oct/2025:08:48:01 +0300] "GET /search.php?downtown196011855.html HTTP/1.1" 403 4896 "-" "Mozilla/5.0 AppleWebKit/537.36 (KHTML, like Gecko; compatible; GPTBot/1.2; +https://openai.com/gptbot)"
162.241.24.194 - - [19/Oct/2025:08:48:03 +0300] "POST /xmlrpc.php HTTP/1.1" 200 8807 "-" "Mozilla/5.0 (Windows NT 6.2; Win64; x64; Trident/7.0; rv:11.0) like Gecko"
66.249.78.41 - - [19/Oct/2025:08:48:10 +0300] "GET /m18983905108 HTTP/1.1" 200 23786 "-" "Mozilla/5.0 (Linux; Android 6.0.1; Nexus 5X Build/MMB29P) AppleWebKit/537.36 (KHTML, like Gecko) Chrome/140.0.7339.207 Mobile Safari/537.36 (compatible; GoogleOther)"
66.249.75.37 - - [19/Oct/2025:08:48:22 +0300] "GET /goodscode/1152472875.htm HTTP/1.1" 200 4148 "-" "Mozilla/5.0 (Linux; Android 6.0.1; Nexus 5X Build/MMB29P) AppleWebKit/537.36 (KHTML, like Gecko) Chrome/140.0.7339.207 Mobile Safari/537.36 (compatible; GoogleOther)"
101.100.194.71 - - [19/Oct/2025:08:48:26 +0300] "GET /wp-login.php HTTP/1.1" 200 8807 "-" "Mozilla/5.0 (Windows NT 6.3; WOW64; Trident/7.0; Touch; MAGWJS; rv:11.0) like Gecko"
204.12.208.18 - - [19/Oct/2025:08:47:00 +0300] "GET /wp-content/xa1d95f/edit.php HTTP/1.1" 200 3579 "https://ilgazhavalandirma.com.tr/wp-content/xa1d95f/edit.php" "Mozilla/5.0 (Windows; U; Windows NT 5.1; en-US) AppleWebKit/534.16 (KHTML, like Gecko) Chrome/10.0.648.151 Safari/534.16"
66.249.76.96 - - [19/Oct/2025:08:48:27 +0300] "GET /goodscode/1141095676.htm HTTP/1.1" 200 23630 "-" "Mozilla/5.0 (Linux; Android 6.0.1; Nexus 5X Build/MMB29P) AppleWebKit/537.36 (KHTML, like Gecko) Chrome/140.0.7339.207 Mobile Safari/537.36 (compatible; Googlebot/2.1; +http://www.google.com/bot.html)"
20.171.207.126 - - [19/Oct/2025:08:48:30 +0300] "GET /search.php?downtown182027261.html HTTP/1.1" 403 4896 "-" "Mozilla/5.0 AppleWebKit/537.36 (KHTML, like Gecko; compatible; GPTBot/1.2; +https://openai.com/gptbot)"
101.100.194.71 - - [19/Oct/2025:08:48:32 +0300] "POST /wp-login.php HTTP/1.1" 200 4972 "https://ilgazhavalandirma.com.tr/wp-login.php" "Mozilla/5.0 (Windows NT 6.3; WOW64; Trident/7.0; Touch; MAGWJS; rv:11.0) like Gecko"
52.167.144.16 - - [19/Oct/2025:08:48:34 +0300] "GET /goodscode/297000306.htm HTTP/1.1" 200 4210 "-" "Mozilla/5.0 AppleWebKit/537.36 (KHTML, like Gecko; compatible; bingbot/2.0; +http://www.bing.com/bingbot.htm) Chrome/116.0.1938.76 Safari/537.36"
66.249.75.37 - - [19/Oct/2025:08:48:45 +0300] "GET /m83995001511 HTTP/1.1" 200 23650 "-" "Mozilla/5.0 (Linux; Android 6.0.1; Nexus 5X Build/MMB29P) AppleWebKit/537.36 (KHTML, like Gecko) Chrome/140.0.7339.207 Mobile Safari/537.36 (compatible; Googlebot/2.1; +http://www.google.com/bot.html)"
216.73.216.135 - - [19/Oct/2025:08:48:47 +0300] "GET /goodscode/1193580681.htm?fileloc=%2Fvar%2Fwww%2Fvhosts%2Filgazhavalandirma.com.tr%2Fhttpdocs%2Fxmlrpc.php&path=%2Fvar%2Fwww%2Fvhosts%2Filgazhavalandirma.com.tr%2Fhttpdocs HTTP/1.1" 200 7992 "-" "Mozilla/5.0 AppleWebKit/537.36 (KHTML, like Gecko; compatible; ClaudeBot/1.0; +claudebot@anthropic.com)"
216.73.216.135 - - [19/Oct/2025:08:48:47 +0300] "GET /goodscode/1107203607.htm?fileloc=%2Fvar%2Fwww%2Fvhosts%2Filgazhavalandirma.com.tr%2Fhttpdocs%2Fv4.php&path=%2Fvar%2Fwww%2Fvhosts%2Filgazhavalandirma.com.tr%2Fhttpdocs HTTP/1.1" 200 7135 "-" "Mozilla/5.0 AppleWebKit/537.36 (KHTML, like Gecko; compatible; ClaudeBot/1.0; +claudebot@anthropic.com)"
216.73.216.135 - - [19/Oct/2025:08:48:47 +0300] "GET /goodscode/1163095717.htm?fileloc=%2Fvar%2Fwww%2Fvhosts%2Filgazhavalandirma.com.tr%2Fhttpdocs%2Fwp-activate.php&path=%2Fvar%2Fwww%2Fvhosts%2Filgazhavalandirma.com.tr%2Fhttpdocs HTTP/1.1" 200 9080 "-" "Mozilla/5.0 AppleWebKit/537.36 (KHTML, like Gecko; compatible; ClaudeBot/1.0; +claudebot@anthropic.com)"
216.73.216.135 - - [19/Oct/2025:08:48:48 +0300] "GET /goodscode/655224953.htm?fileloc=%2Fvar%2Fwww%2Fvhosts%2Filgazhavalandirma.com.tr%2Fhttpdocs%2Fwp-config.php&path=%2Fvar%2Fwww%2Fvhosts%2Filgazhavalandirma.com.tr%2Fhttpdocs HTTP/1.1" 200 4427 "-" "Mozilla/5.0 AppleWebKit/537.36 (KHTML, like Gecko; compatible; ClaudeBot/1.0; +claudebot@anthropic.com)"
216.73.216.135 - - [19/Oct/2025:08:48:48 +0300] "GET /goodscode/971404289.htm?fileloc=%2Fvar%2Fwww%2Fvhosts%2Filgazhavalandirma.com.tr%2Fhttpdocs%2Fwp-activate.php&path=%2Fvar%2Fwww%2Fvhosts%2Filgazhavalandirma.com.tr%2Fhttpdocs HTTP/1.1" 200 9080 "-" "Mozilla/5.0 AppleWebKit/537.36 (KHTML, like Gecko; compatible; ClaudeBot/1.0; +claudebot@anthropic.com)"
216.73.216.135 - - [19/Oct/2025:08:48:48 +0300] "GET /goodscode/756385856.htm?fileloc=%2Fvar%2Fwww%2Fvhosts%2Filgazhavalandirma.com.tr%2Fhttpdocs%2Frobots.txt&path=%2Fvar%2Fwww%2Fvhosts%2Filgazhavalandirma.com.tr%2Fhttpdocs HTTP/1.1" 200 6690 "-" "Mozilla/5.0 AppleWebKit/537.36 (KHTML, like Gecko; compatible; ClaudeBot/1.0; +claudebot@anthropic.com)"
216.73.216.135 - - [19/Oct/2025:08:48:48 +0300] "GET /goodscode/1431283880.htm?fileloc=%2Fvar%2Fwww%2Fvhosts%2Filgazhavalandirma.com.tr%2Fhttpdocs%2Fwp-comments-post.php&path=%2Fvar%2Fwww%2Fvhosts%2Filgazhavalandirma.com.tr%2Fhttpdocs HTTP/1.1" 200 3826 "-" "Mozilla/5.0 AppleWebKit/537.36 (KHTML, like Gecko; compatible; ClaudeBot/1.0; +claudebot@anthropic.com)"
216.73.216.135 - - [19/Oct/2025:08:48:48 +0300] "GET /goodscode/668295088.htm?fileloc=%2Fvar%2Fwww%2Fvhosts%2Filgazhavalandirma.com.tr%2Fhttpdocs%2Fwp-settings.php&path=%2Fvar%2Fwww%2Fvhosts%2Filgazhavalandirma.com.tr%2Fhttpdocs HTTP/1.1" 200 12240 "-" "Mozilla/5.0 AppleWebKit/537.36 (KHTML, like Gecko; compatible; ClaudeBot/1.0; +claudebot@anthropic.com)"
216.73.216.135 - - [19/Oct/2025:08:48:48 +0300] "GET /goodscode/655257054.htm?fileloc=%2Fvar%2Fwww%2Fvhosts%2Filgazhavalandirma.com.tr%2Fhttpdocs%2Fmah.php&path=%2Fvar%2Fwww%2Fvhosts%2Filgazhavalandirma.com.tr%2Fhttpdocs HTTP/1.1" 200 7588 "-" "Mozilla/5.0 AppleWebKit/537.36 (KHTML, like Gecko; compatible; ClaudeBot/1.0; +claudebot@anthropic.com)"
216.73.216.135 - - [19/Oct/2025:08:48:49 +0300] "GET /goodscode/1146583563.htm?fileloc=%2Fvar%2Fwww%2Fvhosts%2Filgazhavalandirma.com.tr%2Fhttpdocs%2Fwp-trackback.php&path=%2Fvar%2Fwww%2Fvhosts%2Filgazhavalandirma.com.tr%2Fhttpdocs HTTP/1.1" 200 8380 "-" "Mozilla/5.0 AppleWebKit/537.36 (KHTML, like Gecko; compatible; ClaudeBot/1.0; +claudebot@anthropic.com)"
216.73.216.135 - - [19/Oct/2025:08:48:49 +0300] "GET /goodscode/500322861.htm?fileloc=%2Fvar%2Fwww%2Fvhosts%2Filgazhavalandirma.com.tr%2Fhttpdocs%2Fwp-mail.php&path=%2Fvar%2Fwww%2Fvhosts%2Filgazhavalandirma.com.tr%2Fhttpdocs HTTP/1.1" 200 5736 "-" "Mozilla/5.0 AppleWebKit/537.36 (KHTML, like Gecko; compatible; ClaudeBot/1.0; +claudebot@anthropic.com)"
216.73.216.135 - - [19/Oct/2025:08:48:50 +0300] "GET /goodscode/1162859848.htm?fileloc=%2Fvar%2Fwww%2Fvhosts%2Filgazhavalandirma.com.tr%2Fhttpdocs%2Fwp-config.php&path=%2Fvar%2Fwww%2Fvhosts%2Filgazhavalandirma.com.tr%2Fhttpdocs HTTP/1.1" 200 4427 "-" "Mozilla/5.0 AppleWebKit/537.36 (KHTML, like Gecko; compatible; ClaudeBot/1.0; +claudebot@anthropic.com)"
216.73.216.135 - - [19/Oct/2025:08:48:50 +0300] "GET /goodscode/655147060.htm?fileloc=%2Fvar%2Fwww%2Fvhosts%2Filgazhavalandirma.com.tr%2Fhttpdocs%2Fschallfuns.php&path=%2Fvar%2Fwww%2Fvhosts%2Filgazhavalandirma.com.tr%2Fhttpdocs HTTP/1.1" 200 5181 "-" "Mozilla/5.0 AppleWebKit/537.36 (KHTML, like Gecko; compatible; ClaudeBot/1.0; +claudebot@anthropic.com)"
66.249.69.192 - - [19/Oct/2025:08:48:49 +0300] "GET /?i=663482413 HTTP/1.1" 200 23684 "-" "Mozilla/5.0 (Linux; Android 6.0.1; Nexus 5X Build/MMB29P) AppleWebKit/537.36 (KHTML, like Gecko) Chrome/140.0.7339.207 Mobile Safari/537.36 (compatible; Googlebot/2.1; +http://www.google.com/bot.html)"
216.73.216.135 - - [19/Oct/2025:08:48:50 +0300] "GET /goodscode/1260825551.htm?fileloc=%2Fvar%2Fwww%2Fvhosts%2Filgazhavalandirma.com.tr%2Fhttpdocs%2Fwp-comments-post.php&path=%2Fvar%2Fwww%2Fvhosts%2Filgazhavalandirma.com.tr%2Fhttpdocs HTTP/1.1" 200 3826 "-" "Mozilla/5.0 AppleWebKit/537.36 (KHTML, like Gecko; compatible; ClaudeBot/1.0; +claudebot@anthropic.com)"
216.73.216.135 - - [19/Oct/2025:08:48:51 +0300] "GET /goodscode/957141751.htm?fileloc=%2Fvar%2Fwww%2Fvhosts%2Filgazhavalandirma.com.tr%2Fhttpdocs%2Fwp-comments-post.php&path=%2Fvar%2Fwww%2Fvhosts%2Filgazhavalandirma.com.tr%2Fhttpdocs HTTP/1.1" 200 3826 "-" "Mozilla/5.0 AppleWebKit/537.36 (KHTML, like Gecko; compatible; ClaudeBot/1.0; +claudebot@anthropic.com)"
216.73.216.135 - - [19/Oct/2025:08:48:51 +0300] "GET /goodscode/1193654188.htm?fileloc=%2Fvar%2Fwww%2Fvhosts%2Filgazhavalandirma.com.tr%2Fhttpdocs%2Fxmlrpc.php&path=%2Fvar%2Fwww%2Fvhosts%2Filgazhavalandirma.com.tr%2Fhttpdocs HTTP/1.1" 200 4157 "-" "Mozilla/5.0 AppleWebKit/537.36 (KHTML, like Gecko; compatible; ClaudeBot/1.0; +claudebot@anthropic.com)"
216.73.216.135 - - [19/Oct/2025:08:48:51 +0300] "GET /goodscode/655255415.htm?fileloc=%2Fvar%2Fwww%2Fvhosts%2Filgazhavalandirma.com.tr%2Fhttpdocs%2Fwp-activate.php&path=%2Fvar%2Fwww%2Fvhosts%2Filgazhavalandirma.com.tr%2Fhttpdocs HTTP/1.1" 200 5245 "-" "Mozilla/5.0 AppleWebKit/537.36 (KHTML, like Gecko; compatible; ClaudeBot/1.0; +claudebot@anthropic.com)"
216.73.216.135 - - [19/Oct/2025:08:48:51 +0300] "GET /goodscode/363317040.htm?fileloc=%2Fvar%2Fwww%2Fvhosts%2Filgazhavalandirma.com.tr%2Fhttpdocs%2F404.php&path=%2Fvar%2Fwww%2Fvhosts%2Filgazhavalandirma.com.tr%2Fhttpdocs HTTP/1.1" 200 7987 "-" "Mozilla/5.0 AppleWebKit/537.36 (KHTML, like Gecko; compatible; ClaudeBot/1.0; +claudebot@anthropic.com)"
114.119.146.15 - - [19/Oct/2025:08:48:51 +0300] "GET /products/26so21909 HTTP/1.1" 200 8779 "https://ilgazhavalandirma.com.tr/?sitemap191.xml" "Mozilla/5.0 (Linux; Android 7.0;) AppleWebKit/537.36 (KHTML, like Gecko) Mobile Safari/537.36 (compatible; PetalBot;+https://webmaster.petalsearch.com/site/petalbot)"
216.73.216.135 - - [19/Oct/2025:08:48:51 +0300] "GET /goodscode/363427100.htm?fileloc=%2Fvar%2Fwww%2Fvhosts%2Filgazhavalandirma.com.tr%2Fhttpdocs%2Fwp-settings.php&path=%2Fvar%2Fwww%2Fvhosts%2Filgazhavalandirma.com.tr%2Fhttpdocs HTTP/1.1" 200 8405 "-" "Mozilla/5.0 AppleWebKit/537.36 (KHTML, like Gecko; compatible; ClaudeBot/1.0; +claudebot@anthropic.com)"
216.73.216.135 - - [19/Oct/2025:08:48:51 +0300] "GET /goodscode/971484919.htm?fileloc=%2Fvar%2Fwww%2Fvhosts%2Filgazhavalandirma.com.tr%2Fhttpdocs%2Fnetworks.php&path=%2Fvar%2Fwww%2Fvhosts%2Filgazhavalandirma.com.tr%2Fhttpdocs HTTP/1.1" 200 3461 "-" "Mozilla/5.0 AppleWebKit/537.36 (KHTML, like Gecko; compatible; ClaudeBot/1.0; +claudebot@anthropic.com)"
216.73.216.135 - - [19/Oct/2025:08:48:52 +0300] "GET /goodscode/709074425.htm?fileloc=%2Fvar%2Fwww%2Fvhosts%2Filgazhavalandirma.com.tr%2Fhttpdocs%2Fwp-signup.php&path=%2Fvar%2Fwww%2Fvhosts%2Filgazhavalandirma.com.tr%2Fhttpdocs HTTP/1.1" 200 14689 "-" "Mozilla/5.0 AppleWebKit/537.36 (KHTML, like Gecko; compatible; ClaudeBot/1.0; +claudebot@anthropic.com)"
216.73.216.135 - - [19/Oct/2025:08:48:52 +0300] "GET /goodscode/1090190762.htm?fileloc=%2Fvar%2Fwww%2Fvhosts%2Filgazhavalandirma.com.tr%2Fhttpdocs%2Frobots.txt&path=%2Fvar%2Fwww%2Fvhosts%2Filgazhavalandirma.com.tr%2Fhttpdocs HTTP/1.1" 200 2855 "-" "Mozilla/5.0 AppleWebKit/537.36 (KHTML, like Gecko; compatible; ClaudeBot/1.0; +claudebot@anthropic.com)"
216.73.216.135 - - [19/Oct/2025:08:48:52 +0300] "GET /goodscode/273579669.htm?fileloc=%2Fvar%2Fwww%2Fvhosts%2Filgazhavalandirma.com.tr%2Fhttpdocs%2Fwp-load.php&path=%2Fvar%2Fwww%2Fvhosts%2Filgazhavalandirma.com.tr%2Fhttpdocs HTTP/1.1" 200 4408 "-" "Mozilla/5.0 AppleWebKit/537.36 (KHTML, like Gecko; compatible; ClaudeBot/1.0; +claudebot@anthropic.com)"
216.73.216.135 - - [19/Oct/2025:08:48:52 +0300] "GET /goodscode/851118774.htm?fileloc=%2Fvar%2Fwww%2Fvhosts%2Filgazhavalandirma.com.tr%2Fhttpdocs%2F404.php&path=%2Fvar%2Fwww%2Fvhosts%2Filgazhavalandirma.com.tr%2Fhttpdocs HTTP/1.1" 200 7987 "-" "Mozilla/5.0 AppleWebKit/537.36 (KHTML, like Gecko; compatible; ClaudeBot/1.0; +claudebot@anthropic.com)"
52.167.144.173 - - [19/Oct/2025:08:48:54 +0300] "GET /?i=10948213 HTTP/1.1" 200 4210 "-" "Mozilla/5.0 AppleWebKit/537.36 (KHTML, like Gecko; compatible; bingbot/2.0; +http://www.bing.com/bingbot.htm) Chrome/116.0.1938.76 Safari/537.36"
20.171.207.126 - - [19/Oct/2025:08:48:59 +0300] "GET /search.php?hearing209018766.html HTTP/1.1" 403 4896 "-" "Mozilla/5.0 AppleWebKit/537.36 (KHTML, like Gecko; compatible; GPTBot/1.2; +https://openai.com/gptbot)"
66.249.75.39 - - [19/Oct/2025:08:49:00 +0300] "GET /permit7?kg=22319 HTTP/1.1" 200 27699 "-" "Mozilla/5.0 (Linux; Android 6.0.1; Nexus 5X Build/MMB29P) AppleWebKit/537.36 (KHTML, like Gecko) Chrome/140.0.7339.207 Mobile Safari/537.36 (compatible; Googlebot/2.1; +http://www.google.com/bot.html)"
66.249.75.38 - - [19/Oct/2025:08:49:07 +0300] "GET /m19858643245 HTTP/1.1" 200 23461 "-" "Mozilla/5.0 (Linux; Android 6.0.1; Nexus 5X Build/MMB29P) AppleWebKit/537.36 (KHTML, like Gecko) Chrome/140.0.7339.207 Mobile Safari/537.36 (compatible; Googlebot/2.1; +http://www.google.com/bot.html)"
40.77.167.61 - - [19/Oct/2025:08:49:14 +0300] "GET /goodscode/81814119.htm?path=/var/www HTTP/1.1" 200 4210 "-" "Mozilla/5.0 AppleWebKit/537.36 (KHTML, like Gecko; compatible; bingbot/2.0; +http://www.bing.com/bingbot.htm) Chrome/116.0.1938.76 Safari/537.36"
40.77.167.61 - - [19/Oct/2025:08:49:15 +0300] "GET /goodscode/612490595.htm?path=/var/www HTTP/1.1" 200 284 "-" "Mozilla/5.0 AppleWebKit/537.36 (KHTML, like Gecko; compatible; bingbot/2.0; +http://www.bing.com/bingbot.htm) Chrome/116.0.1938.76 Safari/537.36"
40.77.167.61 - - [19/Oct/2025:08:49:16 +0300] "GET /goodscode/139669946.htm HTTP/1.1" 200 284 "-" "Mozilla/5.0 AppleWebKit/537.36 (KHTML, like Gecko; compatible; bingbot/2.0; +http://www.bing.com/bingbot.htm) Chrome/116.0.1938.76 Safari/537.36"
52.167.144.238 - - [19/Oct/2025:08:49:23 +0300] "GET /goodscode/447211923.htm HTTP/1.1" 200 4210 "-" "Mozilla/5.0 AppleWebKit/537.36 (KHTML, like Gecko; compatible; bingbot/2.0; +http://www.bing.com/bingbot.htm) Chrome/116.0.1938.76 Safari/537.36"
216.73.216.135 - - [19/Oct/2025:08:49:23 +0300] "GET /goodscode/655065338.htm?fileloc=%2Fvar%2Fwww%2Fvhosts%2Filgazhavalandirma.com.tr%2Fhttpdocs%2Fwp-comments-post.php&path=%2Fvar%2Fwww%2Fvhosts%2Filgazhavalandirma.com.tr%2Fhttpdocs HTTP/1.1" 200 7661 "-" "Mozilla/5.0 AppleWebKit/537.36 (KHTML, like Gecko; compatible; ClaudeBot/1.0; +claudebot@anthropic.com)"
216.73.216.135 - - [19/Oct/2025:08:49:23 +0300] "GET /goodscode/500164336.htm?fileloc=%2Fvar%2Fwww%2Fvhosts%2Filgazhavalandirma.com.tr%2Fhttpdocs%2Fwp-mail.php&path=%2Fvar%2Fwww%2Fvhosts%2Filgazhavalandirma.com.tr%2Fhttpdocs HTTP/1.1" 200 9571 "-" "Mozilla/5.0 AppleWebKit/537.36 (KHTML, like Gecko; compatible; ClaudeBot/1.0; +claudebot@anthropic.com)"
216.73.216.135 - - [19/Oct/2025:08:49:24 +0300] "GET /goodscode/966873968.htm?fileloc=%2Fvar%2Fwww%2Fvhosts%2Filgazhavalandirma.com.tr%2Fhttpdocs%2Fv4.php&path=%2Fvar%2Fwww%2Fvhosts%2Filgazhavalandirma.com.tr%2Fhttpdocs HTTP/1.1" 200 7135 "-" "Mozilla/5.0 AppleWebKit/537.36 (KHTML, like Gecko; compatible; ClaudeBot/1.0; +claudebot@anthropic.com)"
216.73.216.135 - - [19/Oct/2025:08:49:24 +0300] "GET /goodscode/500385490.htm?fileloc=%2Fvar%2Fwww%2Fvhosts%2Filgazhavalandirma.com.tr%2Fhttpdocs%2Fnetworks.php&path=%2Fvar%2Fwww%2Fvhosts%2Filgazhavalandirma.com.tr%2Fhttpdocs HTTP/1.1" 200 3461 "-" "Mozilla/5.0 AppleWebKit/537.36 (KHTML, like Gecko; compatible; ClaudeBot/1.0; +claudebot@anthropic.com)"
216.73.216.135 - - [19/Oct/2025:08:49:24 +0300] "GET /goodscode/1146737151.htm?fileloc=%2Fvar%2Fwww%2Fvhosts%2Filgazhavalandirma.com.tr%2Fhttpdocs%2Fwp-trackback.php&path=%2Fvar%2Fwww%2Fvhosts%2Filgazhavalandirma.com.tr%2Fhttpdocs HTTP/1.1" 200 4545 "-" "Mozilla/5.0 AppleWebKit/537.36 (KHTML, like Gecko; compatible; ClaudeBot/1.0; +claudebot@anthropic.com)"
216.73.216.135 - - [19/Oct/2025:08:49:25 +0300] "GET /goodscode/1162942668.htm?fileloc=%2Fvar%2Fwww%2Fvhosts%2Filgazhavalandirma.com.tr%2Fhttpdocs%2Fwp-activate.php&path=%2Fvar%2Fwww%2Fvhosts%2Filgazhavalandirma.com.tr%2Fhttpdocs HTTP/1.1" 200 5245 "-" "Mozilla/5.0 AppleWebKit/537.36 (KHTML, like Gecko; compatible; ClaudeBot/1.0; +claudebot@anthropic.com)"
20.171.207.126 - - [19/Oct/2025:08:49:27 +0300] "GET /search.php?hearing051036194.html HTTP/1.1" 403 4896 "-" "Mozilla/5.0 AppleWebKit/537.36 (KHTML, like Gecko; compatible; GPTBot/1.2; +https://openai.com/gptbot)"
216.73.216.135 - - [19/Oct/2025:08:49:25 +0300] "GET /goodscode/704729879.htm?fileloc=%2Fvar%2Fwww%2Fvhosts%2Filgazhavalandirma.com.tr%2Fhttpdocs%2Fschallfuns.php&path=%2Fvar%2Fwww%2Fvhosts%2Filgazhavalandirma.com.tr%2Fhttpdocs HTTP/1.1" 200 5181 "-" "Mozilla/5.0 AppleWebKit/537.36 (KHTML, like Gecko; compatible; ClaudeBot/1.0; +claudebot@anthropic.com)"
216.73.216.135 - - [19/Oct/2025:08:49:25 +0300] "GET /goodscode/655225502.htm?fileloc=%2Fvar%2Fwww%2Fvhosts%2Filgazhavalandirma.com.tr%2Fhttpdocs%2Fwp-mail.php&path=%2Fvar%2Fwww%2Fvhosts%2Filgazhavalandirma.com.tr%2Fhttpdocs HTTP/1.1" 200 9571 "-" "Mozilla/5.0 AppleWebKit/537.36 (KHTML, like Gecko; compatible; ClaudeBot/1.0; +claudebot@anthropic.com)"
216.73.216.135 - - [19/Oct/2025:08:49:25 +0300] "GET /goodscode/655034810.htm?fileloc=%2Fvar%2Fwww%2Fvhosts%2Filgazhavalandirma.com.tr%2Fhttpdocs%2Frobots.txt&path=%2Fvar%2Fwww%2Fvhosts%2Filgazhavalandirma.com.tr%2Fhttpdocs HTTP/1.1" 200 6690 "-" "Mozilla/5.0 AppleWebKit/537.36 (KHTML, like Gecko; compatible; ClaudeBot/1.0; +claudebot@anthropic.com)"
216.73.216.135 - - [19/Oct/2025:08:49:25 +0300] "GET /goodscode/115000238.htm?fileloc=%2Fvar%2Fwww%2Fvhosts%2Filgazhavalandirma.com.tr%2Fhttpdocs%2Fwp-activate.php&path=%2Fvar%2Fwww%2Fvhosts%2Filgazhavalandirma.com.tr%2Fhttpdocs HTTP/1.1" 200 5245 "-" "Mozilla/5.0 AppleWebKit/537.36 (KHTML, like Gecko; compatible; ClaudeBot/1.0; +claudebot@anthropic.com)"
216.73.216.135 - - [19/Oct/2025:08:49:25 +0300] "GET /goodscode/38613629.htm?fileloc=%2Fvar%2Fwww%2Fvhosts%2Filgazhavalandirma.com.tr%2Fhttpdocs%2Fschallfuns.php&path=%2Fvar%2Fwww%2Fvhosts%2Filgazhavalandirma.com.tr%2Fhttpdocs HTTP/1.1" 200 9016 "-" "Mozilla/5.0 AppleWebKit/537.36 (KHTML, like Gecko; compatible; ClaudeBot/1.0; +claudebot@anthropic.com)"
216.73.216.135 - - [19/Oct/2025:08:49:25 +0300] "GET /goodscode/1431295315.htm?fileloc=%2Fvar%2Fwww%2Fvhosts%2Filgazhavalandirma.com.tr%2Fhttpdocs%2Fwp-settings.php&path=%2Fvar%2Fwww%2Fvhosts%2Filgazhavalandirma.com.tr%2Fhttpdocs HTTP/1.1" 200 12240 "-" "Mozilla/5.0 AppleWebKit/537.36 (KHTML, like Gecko; compatible; ClaudeBot/1.0; +claudebot@anthropic.com)"
216.73.216.135 - - [19/Oct/2025:08:49:25 +0300] "GET /goodscode/950440797.htm?fileloc=%2Fvar%2Fwww%2Fvhosts%2Filgazhavalandirma.com.tr%2Fhttpdocs%2Fwp-settings.php&path=%2Fvar%2Fwww%2Fvhosts%2Filgazhavalandirma.com.tr%2Fhttpdocs HTTP/1.1" 200 12240 "-" "Mozilla/5.0 AppleWebKit/537.36 (KHTML, like Gecko; compatible; ClaudeBot/1.0; +claudebot@anthropic.com)"
216.73.216.135 - - [19/Oct/2025:08:49:25 +0300] "GET /goodscode/548029159.htm?fileloc=%2Fvar%2Fwww%2Fvhosts%2Filgazhavalandirma.com.tr%2Fhttpdocs%2Fwp-signup.php&path=%2Fvar%2Fwww%2Fvhosts%2Filgazhavalandirma.com.tr%2Fhttpdocs HTTP/1.1" 200 11433 "-" "Mozilla/5.0 AppleWebKit/537.36 (KHTML, like Gecko; compatible; ClaudeBot/1.0; +claudebot@anthropic.com)"
66.249.75.37 - - [19/Oct/2025:08:49:26 +0300] "GET /m15957494182 HTTP/1.1" 200 23436 "-" "Mozilla/5.0 (Linux; Android 6.0.1; Nexus 5X Build/MMB29P) AppleWebKit/537.36 (KHTML, like Gecko) Chrome/140.0.7339.207 Mobile Safari/537.36 (compatible; Googlebot/2.1; +http://www.google.com/bot.html)"
216.73.216.135 - - [19/Oct/2025:08:49:25 +0300] "GET /goodscode/950459283.htm?fileloc=%2Fvar%2Fwww%2Fvhosts%2Filgazhavalandirma.com.tr%2Fhttpdocs%2Fwp-settings.php&path=%2Fvar%2Fwww%2Fvhosts%2Filgazhavalandirma.com.tr%2Fhttpdocs HTTP/1.1" 200 8984 "-" "Mozilla/5.0 AppleWebKit/537.36 (KHTML, like Gecko; compatible; ClaudeBot/1.0; +claudebot@anthropic.com)"
216.73.216.135 - - [19/Oct/2025:08:49:26 +0300] "GET /goodscode/340217214.htm?fileloc=%2Fvar%2Fwww%2Fvhosts%2Filgazhavalandirma.com.tr%2Fhttpdocs%2Fwp-load.php&path=%2Fvar%2Fwww%2Fvhosts%2Filgazhavalandirma.com.tr%2Fhttpdocs HTTP/1.1" 200 4408 "-" "Mozilla/5.0 AppleWebKit/537.36 (KHTML, like Gecko; compatible; ClaudeBot/1.0; +claudebot@anthropic.com)"
216.73.216.135 - - [19/Oct/2025:08:49:27 +0300] "GET /goodscode/668334863.htm?fileloc=%2Fvar%2Fwww%2Fvhosts%2Filgazhavalandirma.com.tr%2Fhttpdocs%2Fwp-config.php&path=%2Fvar%2Fwww%2Fvhosts%2Filgazhavalandirma.com.tr%2Fhttpdocs HTTP/1.1" 200 4427 "-" "Mozilla/5.0 AppleWebKit/537.36 (KHTML, like Gecko; compatible; ClaudeBot/1.0; +claudebot@anthropic.com)"
216.73.216.135 - - [19/Oct/2025:08:49:27 +0300] "GET /goodscode/750855473.htm?path=%2Fvar%2Fwww%2Fvhosts%2Filgazhavalandirma.com.tr%2Fhttpdocs%2Fwp-content HTTP/1.1" 200 4114 "-" "Mozilla/5.0 AppleWebKit/537.36 (KHTML, like Gecko; compatible; ClaudeBot/1.0; +claudebot@anthropic.com)"
216.73.216.135 - - [19/Oct/2025:08:49:27 +0300] "GET /goodscode/8196706.htm?fileloc=%2Fvar%2Fwww%2Fvhosts%2Filgazhavalandirma.com.tr%2Fhttpdocs%2Fwp-load.php&path=%2Fvar%2Fwww%2Fvhosts%2Filgazhavalandirma.com.tr%2Fhttpdocs HTTP/1.1" 200 4408 "-" "Mozilla/5.0 AppleWebKit/537.36 (KHTML, like Gecko; compatible; ClaudeBot/1.0; +claudebot@anthropic.com)"
66.249.78.41 - - [19/Oct/2025:08:49:27 +0300] "GET /m51934170151 HTTP/1.1" 200 23737 "-" "Mozilla/5.0 (Linux; Android 6.0.1; Nexus 5X Build/MMB29P) AppleWebKit/537.36 (KHTML, like Gecko) Chrome/140.0.7339.207 Mobile Safari/537.36 (compatible; GoogleOther)"
216.73.216.135 - - [19/Oct/2025:08:49:27 +0300] "GET /goodscode/950343264.htm?fileloc=%2Fvar%2Fwww%2Fvhosts%2Filgazhavalandirma.com.tr%2Fhttpdocs%2Frobots.txt&path=%2Fvar%2Fwww%2Fvhosts%2Filgazhavalandirma.com.tr%2Fhttpdocs HTTP/1.1" 200 2855 "-" "Mozilla/5.0 AppleWebKit/537.36 (KHTML, like Gecko; compatible; ClaudeBot/1.0; +claudebot@anthropic.com)"
216.73.216.135 - - [19/Oct/2025:08:49:28 +0300] "GET /goodscode/500334288.htm?fileloc=%2Fvar%2Fwww%2Fvhosts%2Filgazhavalandirma.com.tr%2Fhttpdocs%2Fnetworks.php&path=%2Fvar%2Fwww%2Fvhosts%2Filgazhavalandirma.com.tr%2Fhttpdocs HTTP/1.1" 200 3461 "-" "Mozilla/5.0 AppleWebKit/537.36 (KHTML, like Gecko; compatible; ClaudeBot/1.0; +claudebot@anthropic.com)"
216.73.216.135 - - [19/Oct/2025:08:49:28 +0300] "GET /goodscode/950500689.htm?fileloc=%2Fvar%2Fwww%2Fvhosts%2Filgazhavalandirma.com.tr%2Fhttpdocs%2Fwp-settings.php&path=%2Fvar%2Fwww%2Fvhosts%2Filgazhavalandirma.com.tr%2Fhttpdocs HTTP/1.1" 200 8405 "-" "Mozilla/5.0 AppleWebKit/537.36 (KHTML, like Gecko; compatible; ClaudeBot/1.0; +claudebot@anthropic.com)"
216.73.216.135 - - [19/Oct/2025:08:49:28 +0300] "GET /goodscode/655307707.htm?fileloc=%2Fvar%2Fwww%2Fvhosts%2Filgazhavalandirma.com.tr%2Fhttpdocs%2Fwp-mail.php&path=%2Fvar%2Fwww%2Fvhosts%2Filgazhavalandirma.com.tr%2Fhttpdocs HTTP/1.1" 200 5736 "-" "Mozilla/5.0 AppleWebKit/537.36 (KHTML, like Gecko; compatible; ClaudeBot/1.0; +claudebot@anthropic.com)"
216.73.216.135 - - [19/Oct/2025:08:49:29 +0300] "GET /goodscode/1074093183.htm?fileloc=%2Fvar%2Fwww%2Fvhosts%2Filgazhavalandirma.com.tr%2Fhttpdocs%2Frobots.txt&path=%2Fvar%2Fwww%2Fvhosts%2Filgazhavalandirma.com.tr%2Fhttpdocs HTTP/1.1" 200 2855 "-" "Mozilla/5.0 AppleWebKit/537.36 (KHTML, like Gecko; compatible; ClaudeBot/1.0; +claudebot@anthropic.com)"
52.167.144.238 - - [19/Oct/2025:08:49:42 +0300] "GET /goodscode/543404108.htm HTTP/1.1" 200 4210 "-" "Mozilla/5.0 AppleWebKit/537.36 (KHTML, like Gecko; compatible; bingbot/2.0; +http://www.bing.com/bingbot.htm) Chrome/116.0.1938.76 Safari/537.36"
40.77.167.61 - - [19/Oct/2025:08:49:44 +0300] "GET /goodscode/121538896.htm HTTP/1.1" 200 4210 "-" "Mozilla/5.0 AppleWebKit/537.36 (KHTML, like Gecko; compatible; bingbot/2.0; +http://www.bing.com/bingbot.htm) Chrome/116.0.1938.76 Safari/537.36"
66.249.75.37 - - [19/Oct/2025:08:49:49 +0300] "GET /goodscode/131647029.htm HTTP/1.1" 200 27750 "-" "Mozilla/5.0 (Linux; Android 6.0.1; Nexus 5X Build/MMB29P) AppleWebKit/537.36 (KHTML, like Gecko) Chrome/140.0.7339.207 Mobile Safari/537.36 (compatible; Googlebot/2.1; +http://www.google.com/bot.html)"
52.167.144.184 - - [19/Oct/2025:08:49:52 +0300] "GET /goodscode/211915833.htm HTTP/1.1" 200 4210 "-" "Mozilla/5.0 AppleWebKit/537.36 (KHTML, like Gecko; compatible; bingbot/2.0; +http://www.bing.com/bingbot.htm) Chrome/116.0.1938.76 Safari/537.36"
52.167.144.184 - - [19/Oct/2025:08:49:53 +0300] "GET /goodscode/410428604.htm HTTP/1.1" 200 284 "-" "Mozilla/5.0 AppleWebKit/537.36 (KHTML, like Gecko; compatible; bingbot/2.0; +http://www.bing.com/bingbot.htm) Chrome/116.0.1938.76 Safari/537.36"
20.171.207.126 - - [19/Oct/2025:08:49:55 +0300] "GET /search.php?learning174007643.html HTTP/1.1" 403 4896 "-" "Mozilla/5.0 AppleWebKit/537.36 (KHTML, like Gecko; compatible; GPTBot/1.2; +https://openai.com/gptbot)"
40.77.167.61 - - [19/Oct/2025:08:49:56 +0300] "GET /zhHant/product/surugaya/I774499090?campaign_uid=f64d716db5e979ed2f947dbaf4296895b951ae7f HTTP/1.1" 200 4198 "-" "Mozilla/5.0 AppleWebKit/537.36 (KHTML, like Gecko; compatible; bingbot/2.0; +http://www.bing.com/bingbot.htm) Chrome/116.0.1938.76 Safari/537.36"
52.167.144.173 - - [19/Oct/2025:08:49:57 +0300] "GET /goodscode/144639820.htm HTTP/1.1" 200 4198 "-" "Mozilla/5.0 AppleWebKit/537.36 (KHTML, like Gecko; compatible; bingbot/2.0; +http://www.bing.com/bingbot.htm) Chrome/116.0.1938.76 Safari/537.36"
66.249.69.192 - - [19/Oct/2025:08:49:59 +0300] "GET /?i=466878813 HTTP/1.1" 200 27621 "-" "Mozilla/5.0 (Linux; Android 6.0.1; Nexus 5X Build/MMB29P) AppleWebKit/537.36 (KHTML, like Gecko) Chrome/140.0.7339.207 Mobile Safari/537.36 (compatible; Googlebot/2.1; +http://www.google.com/bot.html)"
66.249.75.37 - - [19/Oct/2025:08:50:15 +0300] "GET /goodscode/1386592507.htm HTTP/1.1" 200 24005 "-" "Mozilla/5.0 (Linux; Android 6.0.1; Nexus 5X Build/MMB29P) AppleWebKit/537.36 (KHTML, like Gecko) Chrome/140.0.7339.207 Mobile Safari/537.36 (compatible; Googlebot/2.1; +http://www.google.com/bot.html)"
66.249.75.37 - - [19/Oct/2025:08:50:15 +0300] "GET /kit146?path=/var/www/vhosts/ilgazhavalandirma.com.tr/httpdocs/wp-admin HTTP/1.1" 200 23512 "-" "Mozilla/5.0 (Linux; Android 6.0.1; Nexus 5X Build/MMB29P) AppleWebKit/537.36 (KHTML, like Gecko) Chrome/140.0.7339.207 Mobile Safari/537.36 (compatible; GoogleOther)"
20.171.207.126 - - [19/Oct/2025:08:50:23 +0300] "GET /search.php?hearing085043072.html HTTP/1.1" 403 4896 "-" "Mozilla/5.0 AppleWebKit/537.36 (KHTML, like Gecko; compatible; GPTBot/1.2; +https://openai.com/gptbot)"
216.73.216.135 - - [19/Oct/2025:08:50:23 +0300] "GET /goodscode/705896066.htm?fileloc=%2Fvar%2Fwww%2Fvhosts%2Filgazhavalandirma.com.tr%2Fhttpdocs%2Fwp-load.php&path=%2Fvar%2Fwww%2Fvhosts%2Filgazhavalandirma.com.tr%2Fhttpdocs HTTP/1.1" 200 8243 "-" "Mozilla/5.0 AppleWebKit/537.36 (KHTML, like Gecko; compatible; ClaudeBot/1.0; +claudebot@anthropic.com)"
216.73.216.135 - - [19/Oct/2025:08:50:23 +0300] "GET /goodscode/40917122.htm?fileloc=%2Fvar%2Fwww%2Fvhosts%2Filgazhavalandirma.com.tr%2Fhttpdocs%2Fnetworks.php&path=%2Fvar%2Fwww%2Fvhosts%2Filgazhavalandirma.com.tr%2Fhttpdocs HTTP/1.1" 200 7296 "-" "Mozilla/5.0 AppleWebKit/537.36 (KHTML, like Gecko; compatible; ClaudeBot/1.0; +claudebot@anthropic.com)"
216.73.216.135 - - [19/Oct/2025:08:50:24 +0300] "GET /goodscode/340173612.htm?fileloc=%2Fvar%2Fwww%2Fvhosts%2Filgazhavalandirma.com.tr%2Fhttpdocs%2Fwp-mail.php&path=%2Fvar%2Fwww%2Fvhosts%2Filgazhavalandirma.com.tr%2Fhttpdocs HTTP/1.1" 200 9571 "-" "Mozilla/5.0 AppleWebKit/537.36 (KHTML, like Gecko; compatible; ClaudeBot/1.0; +claudebot@anthropic.com)"
216.73.216.135 - - [19/Oct/2025:08:50:24 +0300] "GET /goodscode/1090420121.htm?fileloc=%2Fvar%2Fwww%2Fvhosts%2Filgazhavalandirma.com.tr%2Fhttpdocs%2Fwp-signup.php&path=%2Fvar%2Fwww%2Fvhosts%2Filgazhavalandirma.com.tr%2Fhttpdocs HTTP/1.1" 200 14689 "-" "Mozilla/5.0 AppleWebKit/537.36 (KHTML, like Gecko; compatible; ClaudeBot/1.0; +claudebot@anthropic.com)"
216.73.216.135 - - [19/Oct/2025:08:50:24 +0300] "GET /goodscode/1327186987.htm?fileloc=%2Fvar%2Fwww%2Fvhosts%2Filgazhavalandirma.com.tr%2Fhttpdocs%2Fmah.php&path=%2Fvar%2Fwww%2Fvhosts%2Filgazhavalandirma.com.tr%2Fhttpdocs HTTP/1.1" 200 3753 "-" "Mozilla/5.0 AppleWebKit/537.36 (KHTML, like Gecko; compatible; ClaudeBot/1.0; +claudebot@anthropic.com)"
216.73.216.135 - - [19/Oct/2025:08:50:24 +0300] "GET /goodscode/465597312.htm?fileloc=%2Fvar%2Fwww%2Fvhosts%2Filgazhavalandirma.com.tr%2Fhttpdocs%2Fwp-load.php&path=%2Fvar%2Fwww%2Fvhosts%2Filgazhavalandirma.com.tr%2Fhttpdocs HTTP/1.1" 200 4408 "-" "Mozilla/5.0 AppleWebKit/537.36 (KHTML, like Gecko; compatible; ClaudeBot/1.0; +claudebot@anthropic.com)"
216.73.216.135 - - [19/Oct/2025:08:50:24 +0300] "GET /goodscode/950532315.htm?fileloc=%2Fvar%2Fwww%2Fvhosts%2Filgazhavalandirma.com.tr%2Fhttpdocs%2Fschallfuns.php&path=%2Fvar%2Fwww%2Fvhosts%2Filgazhavalandirma.com.tr%2Fhttpdocs HTTP/1.1" 200 5181 "-" "Mozilla/5.0 AppleWebKit/537.36 (KHTML, like Gecko; compatible; ClaudeBot/1.0; +claudebot@anthropic.com)"
216.73.216.135 - - [19/Oct/2025:08:50:24 +0300] "GET /goodscode/851165041.htm?fileloc=%2Fvar%2Fwww%2Fvhosts%2Filgazhavalandirma.com.tr%2Fhttpdocs%2Fwp-settings.php&path=%2Fvar%2Fwww%2Fvhosts%2Filgazhavalandirma.com.tr%2Fhttpdocs HTTP/1.1" 200 12240 "-" "Mozilla/5.0 AppleWebKit/537.36 (KHTML, like Gecko; compatible; ClaudeBot/1.0; +claudebot@anthropic.com)"
216.73.216.135 - - [19/Oct/2025:08:50:24 +0300] "GET /goodscode/662150816.htm?fileloc=%2Fvar%2Fwww%2Fvhosts%2Filgazhavalandirma.com.tr%2Fhttpdocs%2Fwp-config.php&path=%2Fvar%2Fwww%2Fvhosts%2Filgazhavalandirma.com.tr%2Fhttpdocs HTTP/1.1" 200 8262 "-" "Mozilla/5.0 AppleWebKit/537.36 (KHTML, like Gecko; compatible; ClaudeBot/1.0; +claudebot@anthropic.com)"
216.73.216.135 - - [19/Oct/2025:08:50:24 +0300] "GET /goodscode/500179600.htm?fileloc=%2Fvar%2Fwww%2Fvhosts%2Filgazhavalandirma.com.tr%2Fhttpdocs%2Fzfe.php&path=%2Fvar%2Fwww%2Fvhosts%2Filgazhavalandirma.com.tr%2Fhttpdocs HTTP/1.1" 200 13339 "-" "Mozilla/5.0 AppleWebKit/537.36 (KHTML, like Gecko; compatible; ClaudeBot/1.0; +claudebot@anthropic.com)"
216.73.216.135 - - [19/Oct/2025:08:50:24 +0300] "GET /goodscode/957213070.htm?fileloc=%2Fvar%2Fwww%2Fvhosts%2Filgazhavalandirma.com.tr%2Fhttpdocs%2Fwp-mail.php&path=%2Fvar%2Fwww%2Fvhosts%2Filgazhavalandirma.com.tr%2Fhttpdocs HTTP/1.1" 200 9571 "-" "Mozilla/5.0 AppleWebKit/537.36 (KHTML, like Gecko; compatible; ClaudeBot/1.0; +claudebot@anthropic.com)"
216.73.216.135 - - [19/Oct/2025:08:50:25 +0300] "GET /goodscode/7989790.htm?fileloc=%2Fvar%2Fwww%2Fvhosts%2Filgazhavalandirma.com.tr%2Fhttpdocs%2Fnetworks.php&path=%2Fvar%2Fwww%2Fvhosts%2Filgazhavalandirma.com.tr%2Fhttpdocs HTTP/1.1" 200 7296 "-" "Mozilla/5.0 AppleWebKit/537.36 (KHTML, like Gecko; compatible; ClaudeBot/1.0; +claudebot@anthropic.com)"
216.73.216.135 - - [19/Oct/2025:08:50:25 +0300] "GET /goodscode/68614274.htm?fileloc=%2Fvar%2Fwww%2Fvhosts%2Filgazhavalandirma.com.tr%2Fhttpdocs%2Fwp-load.php&path=%2Fvar%2Fwww%2Fvhosts%2Filgazhavalandirma.com.tr%2Fhttpdocs HTTP/1.1" 200 8243 "-" "Mozilla/5.0 AppleWebKit/537.36 (KHTML, like Gecko; compatible; ClaudeBot/1.0; +claudebot@anthropic.com)"
216.73.216.135 - - [19/Oct/2025:08:50:26 +0300] "GET /goodscode/750858146.htm?fileloc=%2Fvar%2Fwww%2Fvhosts%2Filgazhavalandirma.com.tr%2Fhttpdocs%2Fwp-load.php&path=%2Fvar%2Fwww%2Fvhosts%2Filgazhavalandirma.com.tr%2Fhttpdocs HTTP/1.1" 200 4408 "-" "Mozilla/5.0 AppleWebKit/537.36 (KHTML, like Gecko; compatible; ClaudeBot/1.0; +claudebot@anthropic.com)"
216.73.216.135 - - [19/Oct/2025:08:50:26 +0300] "GET /goodscode/1090106367.htm?fileloc=%2Fvar%2Fwww%2Fvhosts%2Filgazhavalandirma.com.tr%2Fhttpdocs%2Fwp-config.php&path=%2Fvar%2Fwww%2Fvhosts%2Filgazhavalandirma.com.tr%2Fhttpdocs HTTP/1.1" 200 4427 "-" "Mozilla/5.0 AppleWebKit/537.36 (KHTML, like Gecko; compatible; ClaudeBot/1.0; +claudebot@anthropic.com)"
216.73.216.135 - - [19/Oct/2025:08:50:26 +0300] "GET /goodscode/1188009433.htm?fileloc=%2Fvar%2Fwww%2Fvhosts%2Filgazhavalandirma.com.tr%2Fhttpdocs%2Fwp-signup.php&path=%2Fvar%2Fwww%2Fvhosts%2Filgazhavalandirma.com.tr%2Fhttpdocs HTTP/1.1" 200 10854 "-" "Mozilla/5.0 AppleWebKit/537.36 (KHTML, like Gecko; compatible; ClaudeBot/1.0; +claudebot@anthropic.com)"
216.73.216.135 - - [19/Oct/2025:08:50:27 +0300] "GET /goodscode/944874961.htm?fileloc=%2Fvar%2Fwww%2Fvhosts%2Filgazhavalandirma.com.tr%2Fhttpdocs%2Fwp-comments-post.php&path=%2Fvar%2Fwww%2Fvhosts%2Filgazhavalandirma.com.tr%2Fhttpdocs HTTP/1.1" 200 3826 "-" "Mozilla/5.0 AppleWebKit/537.36 (KHTML, like Gecko; compatible; ClaudeBot/1.0; +claudebot@anthropic.com)"
216.73.216.135 - - [19/Oct/2025:08:50:26 +0300] "GET /goodscode/1286007780.htm?fileloc=%2Fvar%2Fwww%2Fvhosts%2Filgazhavalandirma.com.tr%2Fhttpdocs%2Fwp-settings.php&path=%2Fvar%2Fwww%2Fvhosts%2Filgazhavalandirma.com.tr%2Fhttpdocs HTTP/1.1" 200 8405 "-" "Mozilla/5.0 AppleWebKit/537.36 (KHTML, like Gecko; compatible; ClaudeBot/1.0; +claudebot@anthropic.com)"
216.73.216.135 - - [19/Oct/2025:08:50:27 +0300] "GET /goodscode/1225404521.htm?fileloc=%2Fvar%2Fwww%2Fvhosts%2Filgazhavalandirma.com.tr%2Fhttpdocs%2Fwp-config-sample.php&path=%2Fvar%2Fwww%2Fvhosts%2Filgazhavalandirma.com.tr%2Fhttpdocs HTTP/1.1" 200 3981 "-" "Mozilla/5.0 AppleWebKit/537.36 (KHTML, like Gecko; compatible; ClaudeBot/1.0; +claudebot@anthropic.com)"
216.73.216.135 - - [19/Oct/2025:08:50:27 +0300] "GET /goodscode/692544270.htm?fileloc=%2Fvar%2Fwww%2Fvhosts%2Filgazhavalandirma.com.tr%2Fhttpdocs%2Fwp-settings.php&path=%2Fvar%2Fwww%2Fvhosts%2Filgazhavalandirma.com.tr%2Fhttpdocs HTTP/1.1" 200 8405 "-" "Mozilla/5.0 AppleWebKit/537.36 (KHTML, like Gecko; compatible; ClaudeBot/1.0; +claudebot@anthropic.com)"
216.73.216.135 - - [19/Oct/2025:08:50:26 +0300] "GET /goodscode/68754247.htm?fileloc=%2Fvar%2Fwww%2Fvhosts%2Filgazhavalandirma.com.tr%2Fhttpdocs%2Fwp-settings.php&path=%2Fvar%2Fwww%2Fvhosts%2Filgazhavalandirma.com.tr%2Fhttpdocs HTTP/1.1" 200 8405 "-" "Mozilla/5.0 AppleWebKit/537.36 (KHTML, like Gecko; compatible; ClaudeBot/1.0; +claudebot@anthropic.com)"
