40.77.167.126 - - [19/Oct/2025:13:45:55 +0300] "GET /goodscode/103944950.htm HTTP/1.1" 200 4210 "-" "Mozilla/5.0 AppleWebKit/537.36 (KHTML, like Gecko; compatible; bingbot/2.0; +http://www.bing.com/bingbot.htm) Chrome/116.0.1938.76 Safari/537.36"
66.249.76.98 - - [19/Oct/2025:13:46:00 +0300] "GET /?i=226794013 HTTP/1.1" 200 24566 "-" "Mozilla/5.0 (Linux; Android 6.0.1; Nexus 5X Build/MMB29P) AppleWebKit/537.36 (KHTML, like Gecko) Chrome/140.0.7339.207 Mobile Safari/537.36 (compatible; Googlebot/2.1; +http://www.google.com/bot.html)"
66.249.78.41 - - [19/Oct/2025:13:46:02 +0300] "GET /capable271?kg=48351 HTTP/1.1" 200 23730 "-" "Mozilla/5.0 (Linux; Android 6.0.1; Nexus 5X Build/MMB29P) AppleWebKit/537.36 (KHTML, like Gecko) Chrome/140.0.7339.207 Mobile Safari/537.36 (compatible; Googlebot/2.1; +http://www.google.com/bot.html)"
20.171.207.126 - - [19/Oct/2025:13:46:07 +0300] "GET /search.php?knock241004200.html HTTP/1.1" 403 4896 "-" "Mozilla/5.0 AppleWebKit/537.36 (KHTML, like Gecko; compatible; GPTBot/1.2; +https://openai.com/gptbot)"
216.73.216.135 - - [19/Oct/2025:13:46:17 +0300] "GET /interested250?path=%2Fvar%2Fwww%2Fvhosts%2Filgazhavalandirma.com.tr%2Fhttpdocs%2Fwp-content%2Fplugins%2Fakismet%2F_inc HTTP/1.1" 200 6980 "-" "Mozilla/5.0 AppleWebKit/537.36 (KHTML, like Gecko; compatible; ClaudeBot/1.0; +claudebot@anthropic.com)"
216.73.216.135 - - [19/Oct/2025:13:46:17 +0300] "GET /interested250?path=%2Fvar%2Fwww%2Fvhosts%2Filgazhavalandirma.com.tr%2Fhttpdocs%2Fwp-content%2Fplugins%2Fhlkxrqx%2Fadmin HTTP/1.1" 200 7174 "-" "Mozilla/5.0 AppleWebKit/537.36 (KHTML, like Gecko; compatible; ClaudeBot/1.0; +claudebot@anthropic.com)"
216.73.216.135 - - [19/Oct/2025:13:46:18 +0300] "GET /interested250?path=%2Fvar%2Fwww%2Fvhosts%2Filgazhavalandirma.com.tr%2Fhttpdocs%2Fwp-content%2Fplugins%2Fqkgutwa%2Fincludes HTTP/1.1" 200 3395 "-" "Mozilla/5.0 AppleWebKit/537.36 (KHTML, like Gecko; compatible; ClaudeBot/1.0; +claudebot@anthropic.com)"
216.73.216.135 - - [19/Oct/2025:13:46:18 +0300] "GET /interested250?path=%2Fvar%2Fwww%2Fvhosts%2Filgazhavalandirma.com.tr%2Fhttpdocs%2Fwp-content%2Fplugins%2Fhlkxrqx%2Fincludes HTTP/1.1" 200 7231 "-" "Mozilla/5.0 AppleWebKit/537.36 (KHTML, like Gecko; compatible; ClaudeBot/1.0; +claudebot@anthropic.com)"
216.73.216.135 - - [19/Oct/2025:13:46:18 +0300] "GET /interested250?path=%2Fvar%2Fwww%2Fvhosts%2Filgazhavalandirma.com.tr%2Fhttpdocs%2Fwp-content%2Fplugins%2Fqkgutwa%2Fadmin HTTP/1.1" 200 7174 "-" "Mozilla/5.0 AppleWebKit/537.36 (KHTML, like Gecko; compatible; ClaudeBot/1.0; +claudebot@anthropic.com)"
216.73.216.135 - - [19/Oct/2025:13:46:18 +0300] "GET /interested250?path=%2Fvar%2Fwww%2Fvhosts%2Filgazhavalandirma.com.tr%2Fhttpdocs%2Fwp-content%2Fplugins%2Fyrcsytt%2Flanguages HTTP/1.1" 200 7274 "-" "Mozilla/5.0 AppleWebKit/537.36 (KHTML, like Gecko; compatible; ClaudeBot/1.0; +claudebot@anthropic.com)"
216.73.216.135 - - [19/Oct/2025:13:46:18 +0300] "GET /interested250?path=%2Fvar%2Fwww%2Fvhosts%2Filgazhavalandirma.com.tr%2Fhttpdocs%2Fwp-content%2Fplugins%2Felementor%2Fapp HTTP/1.1" 200 3327 "-" "Mozilla/5.0 AppleWebKit/537.36 (KHTML, like Gecko; compatible; ClaudeBot/1.0; +claudebot@anthropic.com)"
216.73.216.135 - - [19/Oct/2025:13:46:19 +0300] "GET /interested250?path=%2Fvar%2Fwww%2Fvhosts%2Filgazhavalandirma.com.tr%2Fhttpdocs%2Fwp-content%2Fplugins%2Fqkgutwa%2Flanguages HTTP/1.1" 200 3440 "-" "Mozilla/5.0 AppleWebKit/537.36 (KHTML, like Gecko; compatible; ClaudeBot/1.0; +claudebot@anthropic.com)"
216.73.216.135 - - [19/Oct/2025:13:46:19 +0300] "GET /interested250?path=%2Fvar%2Fwww%2Fvhosts%2Filgazhavalandirma.com.tr%2Fhttpdocs%2Fwp-content%2Fplugins%2Fhlkxrqx%2Flanguages HTTP/1.1" 200 3441 "-" "Mozilla/5.0 AppleWebKit/537.36 (KHTML, like Gecko; compatible; ClaudeBot/1.0; +claudebot@anthropic.com)"
114.119.129.175 - - [19/Oct/2025:13:46:33 +0300] "GET /products/236nj14519 HTTP/1.1" 200 8790 "https://ilgazhavalandirma.com.tr/?sitemap191.xml" "Mozilla/5.0 (Linux; Android 7.0;) AppleWebKit/537.36 (KHTML, like Gecko) Mobile Safari/537.36 (compatible; PetalBot;+https://webmaster.petalsearch.com/site/petalbot)"
40.77.167.25 - - [19/Oct/2025:13:46:42 +0300] "GET /?i=556586713 HTTP/1.1" 200 4210 "-" "Mozilla/5.0 AppleWebKit/537.36 (KHTML, like Gecko; compatible; bingbot/2.0; +http://www.bing.com/bingbot.htm) Chrome/116.0.1938.76 Safari/537.36"
62.146.234.58 - - [19/Oct/2025:13:47:01 +0300] "POST /xmlrpc.php HTTP/1.1" 200 8818 "-" "Mozilla/5.0 (Windows NT 6.1; WOW64; Trident/7.0; EIE11;ENUSMSN; rv:11.0) like Gecko"
52.167.144.191 - - [19/Oct/2025:13:47:01 +0300] "GET /goodscode/108861442.htm HTTP/1.1" 200 4210 "-" "Mozilla/5.0 AppleWebKit/537.36 (KHTML, like Gecko; compatible; bingbot/2.0; +http://www.bing.com/bingbot.htm) Chrome/116.0.1938.76 Safari/537.36"
107.174.68.163 - - [19/Oct/2025:13:47:02 +0300] "GET /wp-login.php HTTP/1.1" 200 8818 "-" "Mozilla/5.0 (Windows NT 6.3; WOW64; Trident/7.0; AS; rv:11.0) like Gecko"
107.174.68.163 - - [19/Oct/2025:13:47:04 +0300] "POST /wp-login.php HTTP/1.1" 200 4983 "https://ilgazhavalandirma.com.tr/wp-login.php" "Mozilla/5.0 (Windows NT 6.3; WOW64; Trident/7.0; AS; rv:11.0) like Gecko"
62.146.234.58 - - [19/Oct/2025:13:47:07 +0300] "POST /xmlrpc.php HTTP/1.1" 200 8818 "-" "Mozilla/5.0 (Windows NT 6.1; WOW64; Trident/7.0; EIE11;ENUSMSN; rv:11.0) like Gecko"
216.73.216.135 - - [19/Oct/2025:13:47:08 +0300] "GET /interested250 HTTP/1.1" 200 8818 "-" "Mozilla/5.0 AppleWebKit/537.36 (KHTML, like Gecko; compatible; ClaudeBot/1.0; +claudebot@anthropic.com)"
216.73.216.135 - - [19/Oct/2025:13:47:08 +0300] "GET /interested250?fileloc=%2Fvar%2Fwww%2Fvhosts%2Filgazhavalandirma.com.tr%2Fhttpdocs%2Fwp-content%2Fplugins%2Fqkgutwa%2FLICENSE.txt&path=%2Fvar%2Fwww%2Fvhosts%2Filgazhavalandirma.com.tr%2Fhttpdocs%2Fwp-content%2Fplugins%2Fqkgutwa HTTP/1.1" 200 13732 "-" "Mozilla/5.0 AppleWebKit/537.36 (KHTML, like Gecko; compatible; ClaudeBot/1.0; +claudebot@anthropic.com)"
216.73.216.135 - - [19/Oct/2025:13:47:08 +0300] "GET /interested250?path=%2Fvar%2Fwww%2Fvhosts%2Filgazhavalandirma.com.tr%2Fhttpdocs%2Fwp-content%2Fplugins%2Felementor%2Fassets HTTP/1.1" 200 7216 "-" "Mozilla/5.0 AppleWebKit/537.36 (KHTML, like Gecko; compatible; ClaudeBot/1.0; +claudebot@anthropic.com)"
216.73.216.135 - - [19/Oct/2025:13:47:08 +0300] "GET /interested250?fileloc=%2Fvar%2Fwww%2Fvhosts%2Filgazhavalandirma.com.tr%2Fhttpdocs%2Fwp-content%2Fplugins%2Fhlkxrqx%2FLICENSE.txt&path=%2Fvar%2Fwww%2Fvhosts%2Filgazhavalandirma.com.tr%2Fhttpdocs%2Fwp-content%2Fplugins%2Fhlkxrqx HTTP/1.1" 200 13733 "-" "Mozilla/5.0 AppleWebKit/537.36 (KHTML, like Gecko; compatible; ClaudeBot/1.0; +claudebot@anthropic.com)"
118.139.177.206 - - [19/Oct/2025:13:47:08 +0300] "GET /wp-login.php HTTP/1.1" 200 8818 "-" "Mozilla/5.0 (Macintosh; Intel Mac OS X 10_11_6) AppleWebKit/602.4.8 (KHTML, like Gecko) Version/10.0.3 Safari/602.4.8"
216.73.216.135 - - [19/Oct/2025:13:47:08 +0300] "GET /interested250?fileloc=%2Fvar%2Fwww%2Fvhosts%2Filgazhavalandirma.com.tr%2Fhttpdocs%2Fwp-content%2Fplugins%2Fyrcsytt%2FLICENSE.txt&path=%2Fvar%2Fwww%2Fvhosts%2Filgazhavalandirma.com.tr%2Fhttpdocs%2Fwp-content%2Fplugins%2Fyrcsytt HTTP/1.1" 200 9895 "-" "Mozilla/5.0 AppleWebKit/537.36 (KHTML, like Gecko; compatible; ClaudeBot/1.0; +claudebot@anthropic.com)"
66.249.78.41 - - [19/Oct/2025:13:47:10 +0300] "GET /upset156?kg=1796 HTTP/1.1" 200 4148 "-" "Mozilla/5.0 (Linux; Android 6.0.1; Nexus 5X Build/MMB29P) AppleWebKit/537.36 (KHTML, like Gecko) Chrome/140.0.7339.207 Mobile Safari/537.36 (compatible; GoogleOther)"
216.73.216.135 - - [19/Oct/2025:13:47:09 +0300] "GET /interested250?path=%2Fvar%2Fwww%2Fvhosts%2Filgazhavalandirma.com.tr%2Fhttpdocs%2Fwp-content%2Fplugins%2Fcontact-form-7%2Fassets HTTP/1.1" 200 3222 "-" "Mozilla/5.0 AppleWebKit/537.36 (KHTML, like Gecko; compatible; ClaudeBot/1.0; +claudebot@anthropic.com)"
118.139.177.206 - - [19/Oct/2025:13:47:10 +0300] "POST /wp-login.php HTTP/1.1" 200 4983 "https://ilgazhavalandirma.com.tr/wp-login.php" "Mozilla/5.0 (Macintosh; Intel Mac OS X 10_11_6) AppleWebKit/602.4.8 (KHTML, like Gecko) Version/10.0.3 Safari/602.4.8"
216.73.216.135 - - [19/Oct/2025:13:47:10 +0300] "GET /interested250?path=%2Fvar%2Fwww%2Fvhosts%2Filgazhavalandirma.com.tr%2Fhttpdocs%2Fwp-content%2Fplugins%2Fyrcsytt%2Fadmin HTTP/1.1" 200 3337 "-" "Mozilla/5.0 AppleWebKit/537.36 (KHTML, like Gecko; compatible; ClaudeBot/1.0; +claudebot@anthropic.com)"
20.171.207.126 - - [19/Oct/2025:13:47:11 +0300] "GET /search.php?stare284008273.html HTTP/1.1" 403 4896 "-" "Mozilla/5.0 AppleWebKit/537.36 (KHTML, like Gecko; compatible; GPTBot/1.2; +https://openai.com/gptbot)"
216.73.216.135 - - [19/Oct/2025:13:47:09 +0300] "GET /interested250?fileloc=%2Fvar%2Fwww%2Fvhosts%2Filgazhavalandirma.com.tr%2Fhttpdocs%2Fwp-content%2Fplugins%2Felementor%2Ftsconfig.json&path=%2Fvar%2Fwww%2Fvhosts%2Filgazhavalandirma.com.tr%2Fhttpdocs%2Fwp-content%2Fplugins%2Felementor HTTP/1.1" 200 3210 "-" "Mozilla/5.0 AppleWebKit/537.36 (KHTML, like Gecko; compatible; ClaudeBot/1.0; +claudebot@anthropic.com)"
216.73.216.135 - - [19/Oct/2025:13:47:10 +0300] "GET /interested250?path=%2Fvar%2Fwww%2Fvhosts%2Filgazhavalandirma.com.tr%2Fhttpdocs%2Fwp-content%2Fplugins%2Fyrcsytt%2Fincludes HTTP/1.1" 200 3394 "-" "Mozilla/5.0 AppleWebKit/537.36 (KHTML, like Gecko; compatible; ClaudeBot/1.0; +claudebot@anthropic.com)"
40.77.167.136 - - [19/Oct/2025:13:47:12 +0300] "GET /goodscode/126936363.htm?path=/var/www/vhosts HTTP/1.1" 200 4198 "-" "Mozilla/5.0 AppleWebKit/537.36 (KHTML, like Gecko; compatible; bingbot/2.0; +http://www.bing.com/bingbot.htm) Chrome/116.0.1938.76 Safari/537.36"
40.77.167.126 - - [19/Oct/2025:13:47:24 +0300] "GET /product/edit/I882635381 HTTP/1.1" 200 4210 "-" "Mozilla/5.0 AppleWebKit/537.36 (KHTML, like Gecko; compatible; bingbot/2.0; +http://www.bing.com/bingbot.htm) Chrome/116.0.1938.76 Safari/537.36"
40.77.167.136 - - [19/Oct/2025:13:48:03 +0300] "GET /goodscode/167487431.htm HTTP/1.1" 200 4210 "-" "Mozilla/5.0 AppleWebKit/537.36 (KHTML, like Gecko; compatible; bingbot/2.0; +http://www.bing.com/bingbot.htm) Chrome/116.0.1938.76 Safari/537.36"
114.119.142.93 - - [19/Oct/2025:13:48:09 +0300] "GET /products/235wx45702 HTTP/1.1" 200 8790 "https://ilgazhavalandirma.com.tr/?sitemap191.xml" "Mozilla/5.0 (Linux; Android 7.0;) AppleWebKit/537.36 (KHTML, like Gecko) Mobile Safari/537.36 (compatible; PetalBot;+https://webmaster.petalsearch.com/site/petalbot)"
20.171.207.126 - - [19/Oct/2025:13:48:14 +0300] "GET /search.php?coach087022148.html HTTP/1.1" 403 4896 "-" "Mozilla/5.0 AppleWebKit/537.36 (KHTML, like Gecko; compatible; GPTBot/1.2; +https://openai.com/gptbot)"
204.12.252.98 - - [19/Oct/2025:13:48:17 +0300] "GET /wp-content/x96a6a8/edit.php HTTP/1.1" 200 4168 "https://ilgazhavalandirma.com.tr/wp-content/x96a6a8/edit.php" "Mozilla/5.0 (Windows NT 10.0; Win64; x64) AppleWebKit/537.36 (KHTML, like Gecko) Chrome/58.0.3029.110 Safari/537.3"
66.249.69.194 - - [19/Oct/2025:13:48:20 +0300] "GET /?i=327950213 HTTP/1.1" 200 24000 "-" "Mozilla/5.0 (Linux; Android 6.0.1; Nexus 5X Build/MMB29P) AppleWebKit/537.36 (KHTML, like Gecko) Chrome/140.0.7339.207 Mobile Safari/537.36 (compatible; Googlebot/2.1; +http://www.google.com/bot.html)"
40.77.167.136 - - [19/Oct/2025:13:48:22 +0300] "GET /zhHant/product/surugaya/I3405395661?campaign_uid=f64d716db5e979ed2f947dbaf4296895b951ae7f HTTP/1.1" 200 4210 "-" "Mozilla/5.0 AppleWebKit/537.36 (KHTML, like Gecko; compatible; bingbot/2.0; +http://www.bing.com/bingbot.htm) Chrome/116.0.1938.76 Safari/537.36"
40.77.167.43 - - [19/Oct/2025:13:48:40 +0300] "GET /goodscode/309728964.htm HTTP/1.1" 200 4210 "-" "Mozilla/5.0 AppleWebKit/537.36 (KHTML, like Gecko; compatible; bingbot/2.0; +http://www.bing.com/bingbot.htm) Chrome/116.0.1938.76 Safari/537.36"
216.73.216.135 - - [19/Oct/2025:13:48:47 +0300] "GET /interested250?fileloc=%2Fvar%2Fwww%2Fvhosts%2Filgazhavalandirma.com.tr%2Fhttpdocs%2Fwp-content%2Fplugins%2Fdisable-emails%2Freadme.txt&path=%2Fvar%2Fwww%2Fvhosts%2Filgazhavalandirma.com.tr%2Fhttpdocs%2Fwp-content%2Fplugins%2Fdisable-emails HTTP/1.1" 200 8995 "-" "Mozilla/5.0 AppleWebKit/537.36 (KHTML, like Gecko; compatible; ClaudeBot/1.0; +claudebot@anthropic.com)"
216.73.216.135 - - [19/Oct/2025:13:48:48 +0300] "GET /interested250?fileloc=%2Fvar%2Fwww%2Fvhosts%2Filgazhavalandirma.com.tr%2Fhttpdocs%2Fwp-content%2Fplugins%2Fcontact-form-7%2Funinstall.php&path=%2Fvar%2Fwww%2Fvhosts%2Filgazhavalandirma.com.tr%2Fhttpdocs%2Fwp-content%2Fplugins%2Fcontact-form-7 HTTP/1.1" 200 3139 "-" "Mozilla/5.0 AppleWebKit/537.36 (KHTML, like Gecko; compatible; ClaudeBot/1.0; +claudebot@anthropic.com)"
216.73.216.135 - - [19/Oct/2025:13:48:47 +0300] "GET /interested250?path=%2Fvar%2Fwww%2Fvhosts%2Filgazhavalandirma.com.tr%2Fhttpdocs%2Fwp-content%2Fplugins%2Ftemplatesnext-toolkit%2Fjs HTTP/1.1" 200 7392 "-" "Mozilla/5.0 AppleWebKit/537.36 (KHTML, like Gecko; compatible; ClaudeBot/1.0; +claudebot@anthropic.com)"
216.73.216.135 - - [19/Oct/2025:13:48:48 +0300] "GET /interested250?path=%2Fvar%2Fwww%2Fvhosts%2Filgazhavalandirma.com.tr%2Fhttpdocs%2Fwp-content%2Fplugins%2Fwp-file-manager%2Fjs HTTP/1.1" 200 7167 "-" "Mozilla/5.0 AppleWebKit/537.36 (KHTML, like Gecko; compatible; ClaudeBot/1.0; +claudebot@anthropic.com)"
216.73.216.135 - - [19/Oct/2025:13:48:48 +0300] "GET /interested250?fileloc=%2Fvar%2Fwww%2Fvhosts%2Filgazhavalandirma.com.tr%2Fhttpdocs%2Fwp-content%2Fplugins%2Finametq%2Findex.php&path=%2Fvar%2Fwww%2Fvhosts%2Filgazhavalandirma.com.tr%2Fhttpdocs%2Fwp-content%2Fplugins%2Finametq HTTP/1.1" 200 59676 "-" "Mozilla/5.0 AppleWebKit/537.36 (KHTML, like Gecko; compatible; ClaudeBot/1.0; +claudebot@anthropic.com)"
216.73.216.135 - - [19/Oct/2025:13:48:49 +0300] "GET /interested250?fileloc=%2Fvar%2Fwww%2Fvhosts%2Filgazhavalandirma.com.tr%2Fhttpdocs%2Fwp-content%2Fplugins%2Felementor%2Frun-on-linux.js&path=%2Fvar%2Fwww%2Fvhosts%2Filgazhavalandirma.com.tr%2Fhttpdocs%2Fwp-content%2Fplugins%2Felementor HTTP/1.1" 200 3437 "-" "Mozilla/5.0 AppleWebKit/537.36 (KHTML, like Gecko; compatible; ClaudeBot/1.0; +claudebot@anthropic.com)"
216.73.216.135 - - [19/Oct/2025:13:48:49 +0300] "GET /interested250?fileloc=%2Fvar%2Fwww%2Fvhosts%2Filgazhavalandirma.com.tr%2Fhttpdocs%2Fwp-content%2Fplugins%2Fwp-file-manager%2Freadme.txt&path=%2Fvar%2Fwww%2Fvhosts%2Filgazhavalandirma.com.tr%2Fhttpdocs%2Fwp-content%2Fplugins%2Fwp-file-manager HTTP/1.1" 200 8087 "-" "Mozilla/5.0 AppleWebKit/537.36 (KHTML, like Gecko; compatible; ClaudeBot/1.0; +claudebot@anthropic.com)"
216.73.216.135 - - [19/Oct/2025:13:48:49 +0300] "GET /interested250?fileloc=%2Fvar%2Fwww%2Fvhosts%2Filgazhavalandirma.com.tr%2Fhttpdocs%2Fwp-content%2Fplugins%2Finametq%2Fprotect-uploads.php&path=%2Fvar%2Fwww%2Fvhosts%2Filgazhavalandirma.com.tr%2Fhttpdocs%2Fwp-content%2Fplugins%2Finametq HTTP/1.1" 200 3344 "-" "Mozilla/5.0 AppleWebKit/537.36 (KHTML, like Gecko; compatible; ClaudeBot/1.0; +claudebot@anthropic.com)"
216.73.216.135 - - [19/Oct/2025:13:48:49 +0300] "GET /interested250?fileloc=%2Fvar%2Fwww%2Fvhosts%2Filgazhavalandirma.com.tr%2Fhttpdocs%2Fwp-content%2Fplugins%2Finametq%2Funinstall.php&path=%2Fvar%2Fwww%2Fvhosts%2Filgazhavalandirma.com.tr%2Fhttpdocs%2Fwp-content%2Fplugins%2Finametq HTTP/1.1" 200 3539 "-" "Mozilla/5.0 AppleWebKit/537.36 (KHTML, like Gecko; compatible; ClaudeBot/1.0; +claudebot@anthropic.com)"
216.73.216.135 - - [19/Oct/2025:13:48:49 +0300] "GET /interested250?fileloc=%2Fvar%2Fwww%2Fvhosts%2Filgazhavalandirma.com.tr%2Fhttpdocs%2Fwp-content%2Fplugins%2Fwp-file-manager%2Findex.php&path=%2Fvar%2Fwww%2Fvhosts%2Filgazhavalandirma.com.tr%2Fhttpdocs%2Fwp-content%2Fplugins%2Fwp-file-manager HTTP/1.1" 200 2836 "-" "Mozilla/5.0 AppleWebKit/537.36 (KHTML, like Gecko; compatible; ClaudeBot/1.0; +claudebot@anthropic.com)"
40.77.167.136 - - [19/Oct/2025:13:48:50 +0300] "GET /goodscode/127062777.htm?path=/ HTTP/1.1" 200 4210 "-" "Mozilla/5.0 AppleWebKit/537.36 (KHTML, like Gecko; compatible; bingbot/2.0; +http://www.bing.com/bingbot.htm) Chrome/116.0.1938.76 Safari/537.36"
66.249.75.37 - - [19/Oct/2025:13:48:54 +0300] "GET /presidency202?fileloc=/var/www/vhosts/ilgazhavalandirma.com.tr/httpdocs/wp-cron.php&path=/var/www/vhosts/ilgazhavalandirma.com.tr/httpdocs HTTP/1.1" 200 24288 "-" "Mozilla/5.0 (Linux; Android 6.0.1; Nexus 5X Build/MMB29P) AppleWebKit/537.36 (KHTML, like Gecko) Chrome/140.0.7339.207 Mobile Safari/537.36 (compatible; GoogleOther)"
40.77.167.136 - - [19/Oct/2025:13:49:04 +0300] "GET /goodscode/14073557.htm HTTP/1.1" 200 4210 "-" "Mozilla/5.0 AppleWebKit/537.36 (KHTML, like Gecko; compatible; bingbot/2.0; +http://www.bing.com/bingbot.htm) Chrome/116.0.1938.76 Safari/537.36"
40.77.167.136 - - [19/Oct/2025:13:49:05 +0300] "GET /product/edit/I2512040185 HTTP/1.1" 200 284 "-" "Mozilla/5.0 AppleWebKit/537.36 (KHTML, like Gecko; compatible; bingbot/2.0; +http://www.bing.com/bingbot.htm) Chrome/116.0.1938.76 Safari/537.36"
216.73.216.135 - - [19/Oct/2025:13:49:10 +0300] "GET /interested250?fileloc=%2Fvar%2Fwww%2Fvhosts%2Filgazhavalandirma.com.tr%2Fhttpdocs%2Fwp-content%2Fplugins%2Fhlkxrqx%2Findex.php&path=%2Fvar%2Fwww%2Fvhosts%2Filgazhavalandirma.com.tr%2Fhttpdocs%2Fwp-content%2Fplugins%2Fhlkxrqx HTTP/1.1" 200 22021 "-" "Mozilla/5.0 AppleWebKit/537.36 (KHTML, like Gecko; compatible; ClaudeBot/1.0; +claudebot@anthropic.com)"
216.73.216.135 - - [19/Oct/2025:13:49:11 +0300] "GET /interested250?fileloc=%2Fvar%2Fwww%2Fvhosts%2Filgazhavalandirma.com.tr%2Fhttpdocs%2Fwp-content%2Fplugins%2Fcontact-form-7%2Freadme.txt&path=%2Fvar%2Fwww%2Fvhosts%2Filgazhavalandirma.com.tr%2Fhttpdocs%2Fwp-content%2Fplugins%2Fcontact-form-7 HTTP/1.1" 200 4608 "-" "Mozilla/5.0 AppleWebKit/537.36 (KHTML, like Gecko; compatible; ClaudeBot/1.0; +claudebot@anthropic.com)"
216.73.216.135 - - [19/Oct/2025:13:49:11 +0300] "GET /interested250?fileloc=%2Fvar%2Fwww%2Fvhosts%2Filgazhavalandirma.com.tr%2Fhttpdocs%2Fwp-content%2Fplugins%2Fqkgutwa%2Fprotect-uploads.php&path=%2Fvar%2Fwww%2Fvhosts%2Filgazhavalandirma.com.tr%2Fhttpdocs%2Fwp-content%2Fplugins%2Fqkgutwa HTTP/1.1" 200 7180 "-" "Mozilla/5.0 AppleWebKit/537.36 (KHTML, like Gecko; compatible; ClaudeBot/1.0; +claudebot@anthropic.com)"
216.73.216.135 - - [19/Oct/2025:13:49:12 +0300] "GET /interested250?path=%2Fvar%2Fwww%2Fvhosts%2Filgazhavalandirma.com.tr%2Fhttpdocs%2Fwp-content%2Fplugins%2Fwp-file-manager%2Finc HTTP/1.1" 200 4107 "-" "Mozilla/5.0 AppleWebKit/537.36 (KHTML, like Gecko; compatible; ClaudeBot/1.0; +claudebot@anthropic.com)"
216.73.216.135 - - [19/Oct/2025:13:49:12 +0300] "GET /interested250?fileloc=%2Fvar%2Fwww%2Fvhosts%2Filgazhavalandirma.com.tr%2Fhttpdocs%2Fwp-content%2Fplugins%2Felementor%2Freadme.txt&path=%2Fvar%2Fwww%2Fvhosts%2Filgazhavalandirma.com.tr%2Fhttpdocs%2Fwp-content%2Fplugins%2Felementor HTTP/1.1" 200 17442 "-" "Mozilla/5.0 AppleWebKit/537.36 (KHTML, like Gecko; compatible; ClaudeBot/1.0; +claudebot@anthropic.com)"
216.73.216.135 - - [19/Oct/2025:13:49:11 +0300] "GET /interested250?path=%2Fvar%2Fwww%2Fvhosts%2Filgazhavalandirma.com.tr%2Fhttpdocs%2Fwp-content%2Fplugins%2Fdisable-emails%2Fincludes HTTP/1.1" 200 7296 "-" "Mozilla/5.0 AppleWebKit/537.36 (KHTML, like Gecko; compatible; ClaudeBot/1.0; +claudebot@anthropic.com)"
216.73.216.135 - - [19/Oct/2025:13:49:13 +0300] "GET /interested250?path=%2Fvar%2Fwww%2Fvhosts%2Filgazhavalandirma.com.tr%2Fhttpdocs%2Fwp-content%2Fplugins%2Fdisable-emails%2Flanguages HTTP/1.1" 200 3351 "-" "Mozilla/5.0 AppleWebKit/537.36 (KHTML, like Gecko; compatible; ClaudeBot/1.0; +claudebot@anthropic.com)"
216.73.216.135 - - [19/Oct/2025:13:49:13 +0300] "GET /interested250?fileloc=%2Fvar%2Fwww%2Fvhosts%2Filgazhavalandirma.com.tr%2Fhttpdocs%2Fwp-content%2Fplugins%2Fqkgutwa%2Funinstall.php&path=%2Fvar%2Fwww%2Fvhosts%2Filgazhavalandirma.com.tr%2Fhttpdocs%2Fwp-content%2Fplugins%2Fqkgutwa HTTP/1.1" 200 3539 "-" "Mozilla/5.0 AppleWebKit/537.36 (KHTML, like Gecko; compatible; ClaudeBot/1.0; +claudebot@anthropic.com)"
216.73.216.135 - - [19/Oct/2025:13:49:13 +0300] "GET /interested250?fileloc=%2Fvar%2Fwww%2Fvhosts%2Filgazhavalandirma.com.tr%2Fhttpdocs%2Fwp-content%2Fplugins%2Fyrcsytt%2Fprotect-uploads.php&path=%2Fvar%2Fwww%2Fvhosts%2Filgazhavalandirma.com.tr%2Fhttpdocs%2Fwp-content%2Fplugins%2Fyrcsytt HTTP/1.1" 200 3344 "-" "Mozilla/5.0 AppleWebKit/537.36 (KHTML, like Gecko; compatible; ClaudeBot/1.0; +claudebot@anthropic.com)"
216.73.216.135 - - [19/Oct/2025:13:49:13 +0300] "GET /interested250?fileloc=%2Fvar%2Fwww%2Fvhosts%2Filgazhavalandirma.com.tr%2Fhttpdocs%2Fwp-content%2Fplugins%2Fhlkxrqx%2Fprotect-uploads.php&path=%2Fvar%2Fwww%2Fvhosts%2Filgazhavalandirma.com.tr%2Fhttpdocs%2Fwp-content%2Fplugins%2Fhlkxrqx HTTP/1.1" 200 3345 "-" "Mozilla/5.0 AppleWebKit/537.36 (KHTML, like Gecko; compatible; ClaudeBot/1.0; +claudebot@anthropic.com)"
20.171.207.126 - - [19/Oct/2025:13:49:19 +0300] "GET /search.php?carry003016684.html HTTP/1.1" 403 4896 "-" "Mozilla/5.0 AppleWebKit/537.36 (KHTML, like Gecko; compatible; GPTBot/1.2; +https://openai.com/gptbot)"
40.77.167.136 - - [19/Oct/2025:13:49:23 +0300] "GET /goodscode/26177436.htm HTTP/1.1" 200 4210 "-" "Mozilla/5.0 AppleWebKit/537.36 (KHTML, like Gecko; compatible; bingbot/2.0; +http://www.bing.com/bingbot.htm) Chrome/116.0.1938.76 Safari/537.36"
40.77.167.136 - - [19/Oct/2025:13:49:27 +0300] "GET /goodscode/241172941.htm?path=/var HTTP/1.1" 200 284 "-" "Mozilla/5.0 AppleWebKit/537.36 (KHTML, like Gecko; compatible; bingbot/2.0; +http://www.bing.com/bingbot.htm) Chrome/116.0.1938.76 Safari/537.36"
40.77.167.136 - - [19/Oct/2025:13:49:28 +0300] "GET /goodscode/137917110.htm HTTP/1.1" 200 284 "-" "Mozilla/5.0 AppleWebKit/537.36 (KHTML, like Gecko; compatible; bingbot/2.0; +http://www.bing.com/bingbot.htm) Chrome/116.0.1938.76 Safari/537.36"
204.12.252.98 - - [19/Oct/2025:13:48:15 +0300] "GET /wp-content/x96a6a8/edit.php HTTP/1.1" 200 4094 "https://ilgazhavalandirma.com.tr/wp-content/x96a6a8/edit.php" "Mozilla/5.0 (Windows NT 10.0; Win64; x64) AppleWebKit/537.36 (KHTML, like Gecko) Chrome/58.0.3029.110 Safari/537.3"
114.119.141.35 - - [19/Oct/2025:13:49:50 +0300] "GET /products/235kn10576 HTTP/1.1" 200 8790 "https://ilgazhavalandirma.com.tr/?sitemap191.xml" "Mozilla/5.0 (Linux; Android 7.0;) AppleWebKit/537.36 (KHTML, like Gecko) Mobile Safari/537.36 (compatible; PetalBot;+https://webmaster.petalsearch.com/site/petalbot)"
40.77.167.136 - - [19/Oct/2025:13:49:52 +0300] "GET /goodscode/28751702.htm HTTP/1.1" 200 4210 "-" "Mozilla/5.0 AppleWebKit/537.36 (KHTML, like Gecko; compatible; bingbot/2.0; +http://www.bing.com/bingbot.htm) Chrome/116.0.1938.76 Safari/537.36"
216.73.216.135 - - [19/Oct/2025:13:50:18 +0300] "GET /interested250?path=%2Fvar%2Fwww%2Fvhosts%2Filgazhavalandirma.com.tr%2Fhttpdocs%2Fwp-content%2Fplugins%2Felementor%2Fdata HTTP/1.1" 200 7115 "-" "Mozilla/5.0 AppleWebKit/537.36 (KHTML, like Gecko; compatible; ClaudeBot/1.0; +claudebot@anthropic.com)"
216.73.216.135 - - [19/Oct/2025:13:50:19 +0300] "GET /interested250?path=%2Fvar%2Fwww%2Fvhosts%2Filgazhavalandirma.com.tr%2Fhttpdocs%2Fwp-content%2Fplugins%2Fcontact-form-7%2Fadmin HTTP/1.1" 200 7194 "-" "Mozilla/5.0 AppleWebKit/537.36 (KHTML, like Gecko; compatible; ClaudeBot/1.0; +claudebot@anthropic.com)"
216.73.216.135 - - [19/Oct/2025:13:50:19 +0300] "GET /interested250?path=%2Fvar%2Fwww%2Fvhosts%2Filgazhavalandirma.com.tr%2Fhttpdocs%2Fwp-content%2Fplugins%2Felementor%2Fmodules HTTP/1.1" 200 8509 "-" "Mozilla/5.0 AppleWebKit/537.36 (KHTML, like Gecko; compatible; ClaudeBot/1.0; +claudebot@anthropic.com)"
216.73.216.135 - - [19/Oct/2025:13:50:19 +0300] "GET /interested250?path=%2Fvar%2Fwww%2Fvhosts%2Filgazhavalandirma.com.tr%2Fhttpdocs%2Fwp-content%2Fplugins%2Felementor%2Fincludes HTTP/1.1" 200 4380 "-" "Mozilla/5.0 AppleWebKit/537.36 (KHTML, like Gecko; compatible; ClaudeBot/1.0; +claudebot@anthropic.com)"
216.73.216.135 - - [19/Oct/2025:13:50:19 +0300] "GET /interested250?path=%2Fvar%2Fwww%2Fvhosts%2Filgazhavalandirma.com.tr%2Fhttpdocs%2Fwp-content%2Fplugins%2Fcontact-form-7%2Fincludes HTTP/1.1" 200 8201 "-" "Mozilla/5.0 AppleWebKit/537.36 (KHTML, like Gecko; compatible; ClaudeBot/1.0; +claudebot@anthropic.com)"
66.249.69.192 - - [19/Oct/2025:13:50:20 +0300] "GET /?i=629375213 HTTP/1.1" 200 4116 "-" "Mozilla/5.0 (Linux; Android 6.0.1; Nexus 5X Build/MMB29P) AppleWebKit/537.36 (KHTML, like Gecko) Chrome/140.0.7339.207 Mobile Safari/537.36 (compatible; Googlebot/2.1; +http://www.google.com/bot.html)"
216.73.216.135 - - [19/Oct/2025:13:50:20 +0300] "GET /interested250?path=%2Fvar%2Fwww%2Fvhosts%2Filgazhavalandirma.com.tr%2Fhttpdocs%2Fwp-content%2Fplugins%2Fcontact-form-7%2Fmodules HTTP/1.1" 200 4159 "-" "Mozilla/5.0 AppleWebKit/537.36 (KHTML, like Gecko; compatible; ClaudeBot/1.0; +claudebot@anthropic.com)"
216.73.216.135 - - [19/Oct/2025:13:50:20 +0300] "GET /interested250?fileloc=%2Fvar%2Fwww%2Fvhosts%2Filgazhavalandirma.com.tr%2Fhttpdocs%2Fwp-content%2Fplugins%2Fqkgutwa%2Freadme.txt&path=%2Fvar%2Fwww%2Fvhosts%2Filgazhavalandirma.com.tr%2Fhttpdocs%2Fwp-content%2Fplugins%2Fqkgutwa HTTP/1.1" 200 3937 "-" "Mozilla/5.0 AppleWebKit/537.36 (KHTML, like Gecko; compatible; ClaudeBot/1.0; +claudebot@anthropic.com)"
52.167.144.191 - - [19/Oct/2025:13:50:20 +0300] "GET /goodscode/20603461.htm HTTP/1.1" 200 4198 "-" "Mozilla/5.0 AppleWebKit/537.36 (KHTML, like Gecko; compatible; bingbot/2.0; +http://www.bing.com/bingbot.htm) Chrome/116.0.1938.76 Safari/537.36"
216.73.216.135 - - [19/Oct/2025:13:50:20 +0300] "GET /interested250?path=%2Fvar%2Fwww%2Fvhosts%2Filgazhavalandirma.com.tr%2Fhttpdocs%2Fwp-content%2Fplugins%2Felementor%2Fcore HTTP/1.1" 200 4057 "-" "Mozilla/5.0 AppleWebKit/537.36 (KHTML, like Gecko; compatible; ClaudeBot/1.0; +claudebot@anthropic.com)"
216.73.216.135 - - [19/Oct/2025:13:50:20 +0300] "GET /interested250?fileloc=%2Fvar%2Fwww%2Fvhosts%2Filgazhavalandirma.com.tr%2Fhttpdocs%2Fwp-content%2Fplugins%2Finametq%2FLICENSE.txt&path=%2Fvar%2Fwww%2Fvhosts%2Filgazhavalandirma.com.tr%2Fhttpdocs%2Fwp-content%2Fplugins%2Finametq HTTP/1.1" 200 9895 "-" "Mozilla/5.0 AppleWebKit/537.36 (KHTML, like Gecko; compatible; ClaudeBot/1.0; +claudebot@anthropic.com)"
20.171.207.126 - - [19/Oct/2025:13:50:21 +0300] "GET /search.php?patch013018592.html HTTP/1.1" 403 4896 "-" "Mozilla/5.0 AppleWebKit/537.36 (KHTML, like Gecko; compatible; GPTBot/1.2; +https://openai.com/gptbot)"
158.255.74.223 - - [19/Oct/2025:13:50:26 +0300] "POST /xmlrpc.php HTTP/1.1" 200 8818 "-" "Mozilla/5.0 (Windows NT 6.1; WOW64; Trident/7.0; MATP; MATP; MATPJS; rv:11.0) like Gecko"
40.77.167.136 - - [19/Oct/2025:13:50:25 +0300] "GET /goodscode/567153771.htm HTTP/1.1" 200 4210 "-" "Mozilla/5.0 AppleWebKit/537.36 (KHTML, like Gecko; compatible; bingbot/2.0; +http://www.bing.com/bingbot.htm) Chrome/116.0.1938.76 Safari/537.36"
52.167.144.191 - - [19/Oct/2025:13:50:41 +0300] "GET /goodscode/121902762.htm HTTP/1.1" 200 4210 "-" "Mozilla/5.0 AppleWebKit/537.36 (KHTML, like Gecko; compatible; bingbot/2.0; +http://www.bing.com/bingbot.htm) Chrome/116.0.1938.76 Safari/537.36"
66.249.78.41 - - [19/Oct/2025:13:50:41 +0300] "GET /nonprofit99?kg=14053 HTTP/1.1" 200 23795 "-" "Mozilla/5.0 (Linux; Android 6.0.1; Nexus 5X Build/MMB29P) AppleWebKit/537.36 (KHTML, like Gecko) Chrome/140.0.7339.207 Mobile Safari/537.36 (compatible; GoogleOther)"
204.12.208.18 - - [19/Oct/2025:13:50:42 +0300] "GET /wp-content/xa1d95f/edit.php HTTP/1.1" 200 3579 "https://ilgazhavalandirma.com.tr/wp-content/xa1d95f/edit.php" "Mozilla/4.0 (compatible; MSIE 7.0; Windows NT 6.0; SLCC1; .NET CLR 2.0.50727; Media Center PC 5.0; .NET CLR 3.0.04506)"
52.167.144.16 - - [19/Oct/2025:13:50:51 +0300] "GET /goodscode/1188700127.htm HTTP/1.1" 200 4210 "-" "Mozilla/5.0 AppleWebKit/537.36 (KHTML, like Gecko; compatible; bingbot/2.0; +http://www.bing.com/bingbot.htm) Chrome/116.0.1938.76 Safari/537.36"
57.141.4.52 - - [19/Oct/2025:13:50:55 +0300] "GET /goodscode/975088677.htm?fileloc=/var/www/vhosts/ilgazhavalandirma.com.tr/httpdocs/404.php&path=/var/www/vhosts/ilgazhavalandirma.com.tr/httpdocs HTTP/1.1" 200 37332 "-" "meta-externalagent/1.1 (+https://developers.facebook.com/docs/sharing/webmasters/crawler)"
66.249.78.41 - - [19/Oct/2025:13:50:55 +0300] "GET /vacuum226?kg=13284 HTTP/1.1" 200 24427 "-" "Mozilla/5.0 (Linux; Android 6.0.1; Nexus 5X Build/MMB29P) AppleWebKit/537.36 (KHTML, like Gecko) Chrome/140.0.7339.207 Mobile Safari/537.36 (compatible; Googlebot/2.1; +http://www.google.com/bot.html)"
185.65.247.253 - - [19/Oct/2025:13:51:00 +0300] "GET /wp-login.php HTTP/1.1" 200 8818 "-" "Mozilla/5.0 (Windows NT 10.0; WOW64; Trident/7.0; FSJB; rv:11.0) like Gecko"
185.65.247.253 - - [19/Oct/2025:13:51:02 +0300] "POST /wp-login.php HTTP/1.1" 200 4983 "https://ilgazhavalandirma.com.tr/wp-login.php" "Mozilla/5.0 (Windows NT 10.0; WOW64; Trident/7.0; FSJB; rv:11.0) like Gecko"
52.167.144.191 - - [19/Oct/2025:13:51:08 +0300] "GET /goodscode/190964804.htm?path=/ HTTP/1.1" 200 4210 "-" "Mozilla/5.0 AppleWebKit/537.36 (KHTML, like Gecko; compatible; bingbot/2.0; +http://www.bing.com/bingbot.htm) Chrome/116.0.1938.76 Safari/537.36"
69.197.179.242 - - [19/Oct/2025:13:49:44 +0300] "GET /wp-content/x96a6a8/edit.php?id=377767 HTTP/1.1" 200 4094 "https://ilgazhavalandirma.com.tr/wp-content/x96a6a8/edit.php?id=377767" "Mozilla/5.0 (Windows NT 10.0; Win64; x64) AppleWebKit/537.36 (KHTML, like Gecko) Chrome/58.0.3029.110 Safari/537.3"
40.77.167.136 - - [19/Oct/2025:13:51:12 +0300] "GET /goodscode/522225972.htm?path=/var/www/vhosts HTTP/1.1" 200 4210 "-" "Mozilla/5.0 AppleWebKit/537.36 (KHTML, like Gecko; compatible; bingbot/2.0; +http://www.bing.com/bingbot.htm) Chrome/116.0.1938.76 Safari/537.36"
20.171.207.126 - - [19/Oct/2025:13:51:24 +0300] "GET /search.php?serve263025082.html HTTP/1.1" 403 4896 "-" "Mozilla/5.0 AppleWebKit/537.36 (KHTML, like Gecko; compatible; GPTBot/1.2; +https://openai.com/gptbot)"
114.119.142.93 - - [19/Oct/2025:13:51:24 +0300] "GET /products/234uo12365 HTTP/1.1" 200 8790 "https://ilgazhavalandirma.com.tr/?sitemap191.xml" "Mozilla/5.0 (Linux; Android 7.0;) AppleWebKit/537.36 (KHTML, like Gecko) Mobile Safari/537.36 (compatible; PetalBot;+https://webmaster.petalsearch.com/site/petalbot)"
216.73.216.135 - - [19/Oct/2025:13:51:29 +0300] "GET /interested250?path=%2Fvar%2Fwww%2Fvhosts%2Filgazhavalandirma.com.tr%2Fhttpdocs%2Fwp-content%2Fplugins%2Fwp-file-manager%2Fcss HTTP/1.1" 200 7313 "-" "Mozilla/5.0 AppleWebKit/537.36 (KHTML, like Gecko; compatible; ClaudeBot/1.0; +claudebot@anthropic.com)"
216.73.216.135 - - [19/Oct/2025:13:51:30 +0300] "GET /interested250?fileloc=%2Fvar%2Fwww%2Fvhosts%2Filgazhavalandirma.com.tr%2Fhttpdocs%2Fwp-content%2Fplugins%2Fyrcsytt%2Funinstall.php&path=%2Fvar%2Fwww%2Fvhosts%2Filgazhavalandirma.com.tr%2Fhttpdocs%2Fwp-content%2Fplugins%2Fyrcsytt HTTP/1.1" 200 3539 "-" "Mozilla/5.0 AppleWebKit/537.36 (KHTML, like Gecko; compatible; ClaudeBot/1.0; +claudebot@anthropic.com)"
67.20.117.178 - - [19/Oct/2025:13:51:30 +0300] "GET /wp-login.php HTTP/1.1" 200 8818 "-" "Mozilla/5.0 (Windows NT 6.1; WOW64; Trident/7.0; SLCC2; .NET CLR 2.0.50727; .NET CLR 3.5.30729; .NET CLR 3.0.30729; Media Center PC 6.0; .NET4.0C; .NET4.0E; rv:11.0) like Gecko"
216.73.216.135 - - [19/Oct/2025:13:51:30 +0300] "GET /interested250?fileloc=%2Fvar%2Fwww%2Fvhosts%2Filgazhavalandirma.com.tr%2Fhttpdocs%2Fwp-content%2Fplugins%2Fhlkxrqx%2Funinstall.php&path=%2Fvar%2Fwww%2Fvhosts%2Filgazhavalandirma.com.tr%2Fhttpdocs%2Fwp-content%2Fplugins%2Fhlkxrqx HTTP/1.1" 200 7376 "-" "Mozilla/5.0 AppleWebKit/537.36 (KHTML, like Gecko; compatible; ClaudeBot/1.0; +claudebot@anthropic.com)"
216.73.216.135 - - [19/Oct/2025:13:51:30 +0300] "GET /interested250?fileloc=%2Fvar%2Fwww%2Fvhosts%2Filgazhavalandirma.com.tr%2Fhttpdocs%2Fwp-content%2Fplugins%2Fcontact-form-7%2Fload.php&path=%2Fvar%2Fwww%2Fvhosts%2Filgazhavalandirma.com.tr%2Fhttpdocs%2Fwp-content%2Fplugins%2Fcontact-form-7 HTTP/1.1" 200 4365 "-" "Mozilla/5.0 AppleWebKit/537.36 (KHTML, like Gecko; compatible; ClaudeBot/1.0; +claudebot@anthropic.com)"
216.73.216.135 - - [19/Oct/2025:13:51:30 +0300] "GET /interested250?fileloc=%2Fvar%2Fwww%2Fvhosts%2Filgazhavalandirma.com.tr%2Fhttpdocs%2Fwp-content%2Fplugins%2Felementor%2Felementor.php&path=%2Fvar%2Fwww%2Fvhosts%2Filgazhavalandirma.com.tr%2Fhttpdocs%2Fwp-content%2Fplugins%2Felementor HTTP/1.1" 200 7928 "-" "Mozilla/5.0 AppleWebKit/537.36 (KHTML, like Gecko; compatible; ClaudeBot/1.0; +claudebot@anthropic.com)"
216.73.216.135 - - [19/Oct/2025:13:51:30 +0300] "GET /interested250?path=%2Fvar%2Fwww%2Fvhosts%2Filgazhavalandirma.com.tr%2Fhttpdocs%2Fwp-content%2Fplugins%2Fwp-file-manager%2Fclasses HTTP/1.1" 200 7147 "-" "Mozilla/5.0 AppleWebKit/537.36 (KHTML, like Gecko; compatible; ClaudeBot/1.0; +claudebot@anthropic.com)"
216.73.216.135 - - [19/Oct/2025:13:51:31 +0300] "GET /interested250?path=%2Fvar%2Fwww%2Fvhosts%2Filgazhavalandirma.com.tr%2Fhttpdocs%2Fwp-content%2Fplugins%2Fwp-file-manager%2Flanguages HTTP/1.1" 200 6825 "-" "Mozilla/5.0 AppleWebKit/537.36 (KHTML, like Gecko; compatible; ClaudeBot/1.0; +claudebot@anthropic.com)"
216.73.216.135 - - [19/Oct/2025:13:51:31 +0300] "GET /interested250?path=%2Fvar%2Fwww%2Fvhosts%2Filgazhavalandirma.com.tr%2Fhttpdocs%2Fwp-content%2Fplugins%2Fwp-file-manager%2Flib HTTP/1.1" 200 3644 "-" "Mozilla/5.0 AppleWebKit/537.36 (KHTML, like Gecko; compatible; ClaudeBot/1.0; +claudebot@anthropic.com)"
216.73.216.135 - - [19/Oct/2025:13:51:31 +0300] "GET /interested250?fileloc=%2Fvar%2Fwww%2Fvhosts%2Filgazhavalandirma.com.tr%2Fhttpdocs%2Fwp-content%2Fplugins%2Fdisable-emails%2Fchangelog.md&path=%2Fvar%2Fwww%2Fvhosts%2Filgazhavalandirma.com.tr%2Fhttpdocs%2Fwp-content%2Fplugins%2Fdisable-emails HTTP/1.1" 200 4140 "-" "Mozilla/5.0 AppleWebKit/537.36 (KHTML, like Gecko; compatible; ClaudeBot/1.0; +claudebot@anthropic.com)"
216.73.216.135 - - [19/Oct/2025:13:51:31 +0300] "GET /interested250?fileloc=%2Fvar%2Fwww%2Fvhosts%2Filgazhavalandirma.com.tr%2Fhttpdocs%2Fwp-content%2Fplugins%2Finametq%2Freadme.txt&path=%2Fvar%2Fwww%2Fvhosts%2Filgazhavalandirma.com.tr%2Fhttpdocs%2Fwp-content%2Fplugins%2Finametq HTTP/1.1" 200 3935 "-" "Mozilla/5.0 AppleWebKit/537.36 (KHTML, like Gecko; compatible; ClaudeBot/1.0; +claudebot@anthropic.com)"
52.167.144.191 - - [19/Oct/2025:13:51:49 +0300] "GET /goodscode/1134229641.htm?path=/ HTTP/1.1" 200 4210 "-" "Mozilla/5.0 AppleWebKit/537.36 (KHTML, like Gecko; compatible; bingbot/2.0; +http://www.bing.com/bingbot.htm) Chrome/116.0.1938.76 Safari/537.36"
66.249.75.37 - - [19/Oct/2025:13:51:52 +0300] "GET /warn189?kg=27059 HTTP/1.1" 200 23761 "-" "Mozilla/5.0 (Linux; Android 6.0.1; Nexus 5X Build/MMB29P) AppleWebKit/537.36 (KHTML, like Gecko) Chrome/140.0.7339.207 Mobile Safari/537.36 (compatible; GoogleOther)"
40.77.167.136 - - [19/Oct/2025:13:51:54 +0300] "GET /goodscode/129712199.htm HTTP/1.1" 200 4198 "-" "Mozilla/5.0 AppleWebKit/537.36 (KHTML, like Gecko; compatible; bingbot/2.0; +http://www.bing.com/bingbot.htm) Chrome/116.0.1938.76 Safari/537.36"
67.20.117.178 - - [19/Oct/2025:13:52:01 +0300] "GET /wp-login.php HTTP/1.1" 200 8818 "-" "Mozilla/5.0 (Windows NT 6.1; WOW64; Trident/7.0; SLCC2; .NET CLR 2.0.50727; .NET CLR 3.5.30729; .NET CLR 3.0.30729; Media Center PC 6.0; .NET4.0C; .NET4.0E; rv:11.0) like Gecko"
40.77.167.136 - - [19/Oct/2025:13:52:14 +0300] "GET /goodscode/9056244.htm HTTP/1.1" 200 4210 "-" "Mozilla/5.0 AppleWebKit/537.36 (KHTML, like Gecko; compatible; bingbot/2.0; +http://www.bing.com/bingbot.htm) Chrome/116.0.1938.76 Safari/537.36"
66.249.69.192 - - [19/Oct/2025:13:52:23 +0300] "GET /goodscode/1213370386.htm HTTP/1.1" 200 28765 "-" "Mozilla/5.0 (Linux; Android 6.0.1; Nexus 5X Build/MMB29P) AppleWebKit/537.36 (KHTML, like Gecko) Chrome/140.0.7339.207 Mobile Safari/537.36 (compatible; Googlebot/2.1; +http://www.google.com/bot.html)"
20.171.207.126 - - [19/Oct/2025:13:52:26 +0300] "GET /search.php?arrow280033053.html HTTP/1.1" 403 4896 "-" "Mozilla/5.0 AppleWebKit/537.36 (KHTML, like Gecko; compatible; GPTBot/1.2; +https://openai.com/gptbot)"
52.167.144.191 - - [19/Oct/2025:13:52:31 +0300] "GET /goodscode/110985259.htm HTTP/1.1" 200 4210 "-" "Mozilla/5.0 AppleWebKit/537.36 (KHTML, like Gecko; compatible; bingbot/2.0; +http://www.bing.com/bingbot.htm) Chrome/116.0.1938.76 Safari/537.36"
52.167.144.166 - - [19/Oct/2025:13:52:36 +0300] "GET /goodscode/221171403.htm HTTP/1.1" 200 4210 "-" "Mozilla/5.0 AppleWebKit/537.36 (KHTML, like Gecko; compatible; bingbot/2.0; +http://www.bing.com/bingbot.htm) Chrome/116.0.1938.76 Safari/537.36"
69.197.179.242 - - [19/Oct/2025:13:51:14 +0300] "GET /wp-content/x96a6a8/edit.php?id=377767 HTTP/1.1" 200 4094 "https://ilgazhavalandirma.com.tr/wp-content/x96a6a8/edit.php?id=377767" "Mozilla/5.0 (Windows NT 10.0; Win64; x64) AppleWebKit/537.36 (KHTML, like Gecko) Chrome/58.0.3029.110 Safari/537.3"
66.249.69.192 - - [19/Oct/2025:13:52:42 +0300] "GET /?i=112207613 HTTP/1.1" 200 23937 "-" "Mozilla/5.0 (Linux; Android 6.0.1; Nexus 5X Build/MMB29P) AppleWebKit/537.36 (KHTML, like Gecko) Chrome/140.0.7339.207 Mobile Safari/537.36 (compatible; Googlebot/2.1; +http://www.google.com/bot.html)"
52.167.144.166 - - [19/Oct/2025:13:52:45 +0300] "GET /goodscode/122740536.htm HTTP/1.1" 200 4210 "-" "Mozilla/5.0 AppleWebKit/537.36 (KHTML, like Gecko; compatible; bingbot/2.0; +http://www.bing.com/bingbot.htm) Chrome/116.0.1938.76 Safari/537.36"
114.119.159.62 - - [19/Oct/2025:13:53:03 +0300] "GET /products/234td35521 HTTP/1.1" 200 8790 "https://ilgazhavalandirma.com.tr/?sitemap191.xml" "Mozilla/5.0 (Linux; Android 7.0;) AppleWebKit/537.36 (KHTML, like Gecko) Mobile Safari/537.36 (compatible; PetalBot;+https://webmaster.petalsearch.com/site/petalbot)"
52.167.144.16 - - [19/Oct/2025:13:53:13 +0300] "GET /?i=240459113 HTTP/1.1" 200 4210 "-" "Mozilla/5.0 AppleWebKit/537.36 (KHTML, like Gecko; compatible; bingbot/2.0; +http://www.bing.com/bingbot.htm) Chrome/116.0.1938.76 Safari/537.36"
20.171.207.126 - - [19/Oct/2025:13:53:26 +0300] "GET /search.php?adapt095034750.html HTTP/1.1" 403 4896 "-" "Mozilla/5.0 AppleWebKit/537.36 (KHTML, like Gecko; compatible; GPTBot/1.2; +https://openai.com/gptbot)"
52.167.144.166 - - [19/Oct/2025:13:54:24 +0300] "GET /goodscode/120903790.htm HTTP/1.1" 200 4210 "-" "Mozilla/5.0 AppleWebKit/537.36 (KHTML, like Gecko; compatible; bingbot/2.0; +http://www.bing.com/bingbot.htm) Chrome/116.0.1938.76 Safari/537.36"
20.171.207.126 - - [19/Oct/2025:13:54:26 +0300] "GET /search.php?world002004801.html HTTP/1.1" 403 4896 "-" "Mozilla/5.0 AppleWebKit/537.36 (KHTML, like Gecko; compatible; GPTBot/1.2; +https://openai.com/gptbot)"
114.119.146.15 - - [19/Oct/2025:13:54:40 +0300] "GET /products/234pc43569 HTTP/1.1" 200 8790 "https://ilgazhavalandirma.com.tr/?sitemap191.xml" "Mozilla/5.0 (Linux; Android 7.0;) AppleWebKit/537.36 (KHTML, like Gecko) Mobile Safari/537.36 (compatible; PetalBot;+https://webmaster.petalsearch.com/site/petalbot)"
52.167.144.191 - - [19/Oct/2025:13:54:59 +0300] "GET /goodscode/157027548.htm?path=/var/www/vhosts HTTP/1.1" 200 4210 "-" "Mozilla/5.0 AppleWebKit/537.36 (KHTML, like Gecko; compatible; bingbot/2.0; +http://www.bing.com/bingbot.htm) Chrome/116.0.1938.76 Safari/537.36"
52.167.144.191 - - [19/Oct/2025:13:54:59 +0300] "GET /goodscode/182359612.htm?path=/var HTTP/1.1" 200 284 "-" "Mozilla/5.0 AppleWebKit/537.36 (KHTML, like Gecko; compatible; bingbot/2.0; +http://www.bing.com/bingbot.htm) Chrome/116.0.1938.76 Safari/537.36"
66.249.76.97 - - [19/Oct/2025:13:55:01 +0300] "GET /?i=28304113 HTTP/1.1" 200 29463 "-" "Mozilla/5.0 (Linux; Android 6.0.1; Nexus 5X Build/MMB29P) AppleWebKit/537.36 (KHTML, like Gecko) Chrome/140.0.7339.207 Mobile Safari/537.36 (compatible; Googlebot/2.1; +http://www.google.com/bot.html)"
40.77.167.136 - - [19/Oct/2025:13:55:03 +0300] "GET /goodscode/64091553.htm?path=/var/www HTTP/1.1" 200 4210 "-" "Mozilla/5.0 AppleWebKit/537.36 (KHTML, like Gecko; compatible; bingbot/2.0; +http://www.bing.com/bingbot.htm) Chrome/116.0.1938.76 Safari/537.36"
62.146.234.58 - - [19/Oct/2025:13:55:09 +0300] "GET /wp-login.php HTTP/1.1" 200 8818 "-" "Mozilla/5.0 (Windows NT 6.1; WOW64; Trident/7.0; MANM; MANM; rv:11.0) like Gecko"
62.146.234.58 - - [19/Oct/2025:13:55:10 +0300] "POST /wp-login.php HTTP/1.1" 200 4983 "https://ilgazhavalandirma.com.tr/wp-login.php" "Mozilla/5.0 (Windows NT 6.1; WOW64; Trident/7.0; MANM; MANM; rv:11.0) like Gecko"
57.141.4.62 - - [19/Oct/2025:13:55:13 +0300] "GET /goodscode/975216189.htm?fileloc=/var/www/vhosts/ilgazhavalandirma.com.tr/httpdocs/zfe.php&path=/var/www/vhosts/ilgazhavalandirma.com.tr/httpdocs HTTP/1.1" 200 42339 "-" "meta-externalagent/1.1 (+https://developers.facebook.com/docs/sharing/webmasters/crawler)"
52.167.144.166 - - [19/Oct/2025:13:55:25 +0300] "GET /goodscode/83507063.htm HTTP/1.1" 200 4210 "-" "Mozilla/5.0 AppleWebKit/537.36 (KHTML, like Gecko; compatible; bingbot/2.0; +http://www.bing.com/bingbot.htm) Chrome/116.0.1938.76 Safari/537.36"
20.171.207.126 - - [19/Oct/2025:13:55:27 +0300] "GET /search.php?leave050038693.html HTTP/1.1" 403 4896 "-" "Mozilla/5.0 AppleWebKit/537.36 (KHTML, like Gecko; compatible; GPTBot/1.2; +https://openai.com/gptbot)"
178.33.43.96 - - [19/Oct/2025:13:55:28 +0300] "GET /wp-login.php HTTP/1.1" 200 8818 "-" "Mozilla/5.0 (Windows NT 10.0; WOW64; Trident/7.0; Touch; LCTE; rv:11.0) like Gecko"
178.33.43.96 - - [19/Oct/2025:13:55:28 +0300] "POST /wp-login.php HTTP/1.1" 200 4983 "https://ilgazhavalandirma.com.tr/wp-login.php" "Mozilla/5.0 (Windows NT 10.0; WOW64; Trident/7.0; Touch; LCTE; rv:11.0) like Gecko"
52.167.144.191 - - [19/Oct/2025:13:55:31 +0300] "GET /goodscode/121866283.htm HTTP/1.1" 200 4210 "-" "Mozilla/5.0 AppleWebKit/537.36 (KHTML, like Gecko; compatible; bingbot/2.0; +http://www.bing.com/bingbot.htm) Chrome/116.0.1938.76 Safari/537.36"
40.77.167.136 - - [19/Oct/2025:13:55:35 +0300] "GET /goodscode/142173983.htm HTTP/1.1" 200 4210 "-" "Mozilla/5.0 AppleWebKit/537.36 (KHTML, like Gecko; compatible; bingbot/2.0; +http://www.bing.com/bingbot.htm) Chrome/116.0.1938.76 Safari/537.36"
162.241.226.115 - - [19/Oct/2025:13:55:36 +0300] "POST /xmlrpc.php HTTP/1.1" 200 8818 "-" "Mozilla/5.0 (Windows NT 10.0; WOW64; Trident/7.0; TNJB; rv:11.0) like Gecko"
40.77.167.136 - - [19/Oct/2025:13:55:42 +0300] "GET /goodscode/261684409.htm HTTP/1.1" 200 939 "-" "Mozilla/5.0 AppleWebKit/537.36 (KHTML, like Gecko; compatible; bingbot/2.0; +http://www.bing.com/bingbot.htm) Chrome/116.0.1938.76 Safari/537.36"
52.167.144.166 - - [19/Oct/2025:13:56:05 +0300] "GET /goodscode/45560166.htm HTTP/1.1" 200 4210 "-" "Mozilla/5.0 AppleWebKit/537.36 (KHTML, like Gecko; compatible; bingbot/2.0; +http://www.bing.com/bingbot.htm) Chrome/116.0.1938.76 Safari/537.36"
114.119.151.146 - - [19/Oct/2025:13:56:23 +0300] "GET /products/234ov42859 HTTP/1.1" 200 8790 "https://ilgazhavalandirma.com.tr/?sitemap191.xml" "Mozilla/5.0 (Linux; Android 7.0;) AppleWebKit/537.36 (KHTML, like Gecko) Mobile Safari/537.36 (compatible; PetalBot;+https://webmaster.petalsearch.com/site/petalbot)"
52.167.144.174 - - [19/Oct/2025:13:56:24 +0300] "GET /goodscode/158393600.htm HTTP/1.1" 200 4210 "-" "Mozilla/5.0 AppleWebKit/537.36 (KHTML, like Gecko; compatible; bingbot/2.0; +http://www.bing.com/bingbot.htm) Chrome/116.0.1938.76 Safari/537.36"
34.233.114.237 - - [19/Oct/2025:13:56:26 +0300] "GET /beginning103?fileloc=/var/www/vhosts/ilgazhavalandirma.com.tr/httpdocs/wp-includes/rest-api/endpoints/class-wp-rest-blocks-controller.php&path=/var/www/vhosts/ilgazhavalandirma.com.tr/httpdocs/wp-includes/rest-api/endpoints HTTP/1.1" 200 7084 "-" "Mozilla/5.0 AppleWebKit/537.36 (KHTML, like Gecko; compatible; Amazonbot/0.1; +https://developer.amazon.com/support/amazonbot) Chrome/119.0.6045.214 Safari/537.36"
20.171.207.126 - - [19/Oct/2025:13:56:29 +0300] "GET /search.php?array215005084.html HTTP/1.1" 403 4896 "-" "Mozilla/5.0 AppleWebKit/537.36 (KHTML, like Gecko; compatible; GPTBot/1.2; +https://openai.com/gptbot)"
98.84.200.43 - - [19/Oct/2025:13:56:31 +0300] "GET /beginning103?fileloc=/var/www/vhosts/ilgazhavalandirma.com.tr/httpdocs/wp-includes/Requests/src/Cookie.php&path=/var/www/vhosts/ilgazhavalandirma.com.tr/httpdocs/wp-includes/Requests/src HTTP/1.1" 200 9990 "-" "Mozilla/5.0 AppleWebKit/537.36 (KHTML, like Gecko; compatible; Amazonbot/0.1; +https://developer.amazon.com/support/amazonbot) Chrome/119.0.6045.214 Safari/537.36"
66.249.69.194 - - [19/Oct/2025:13:56:33 +0300] "GET /?i=76986713 HTTP/1.1" 200 24276 "-" "Mozilla/5.0 (Linux; Android 6.0.1; Nexus 5X Build/MMB29P) AppleWebKit/537.36 (KHTML, like Gecko) Chrome/140.0.7339.207 Mobile Safari/537.36 (compatible; Googlebot/2.1; +http://www.google.com/bot.html)"
35.169.119.108 - - [19/Oct/2025:13:56:34 +0300] "GET /beginning103?fileloc=/var/www/vhosts/ilgazhavalandirma.com.tr/httpdocs/wp-includes/sodium_compat/lib/constants.php&path=/var/www/vhosts/ilgazhavalandirma.com.tr/httpdocs/wp-includes/sodium_compat/lib HTTP/1.1" 200 6529 "-" "Mozilla/5.0 AppleWebKit/537.36 (KHTML, like Gecko; compatible; Amazonbot/0.1; +https://developer.amazon.com/support/amazonbot) Chrome/119.0.6045.214 Safari/537.36"
23.21.148.226 - - [19/Oct/2025:13:56:38 +0300] "GET /beginning103?fileloc=/var/www/vhosts/ilgazhavalandirma.com.tr/httpdocs/wp-includes/blocks/code/theme-rtl.css&path=/var/www/vhosts/ilgazhavalandirma.com.tr/httpdocs/wp-includes/blocks/code HTTP/1.1" 200 6054 "-" "Mozilla/5.0 AppleWebKit/537.36 (KHTML, like Gecko; compatible; Amazonbot/0.1; +https://developer.amazon.com/support/amazonbot) Chrome/119.0.6045.214 Safari/537.36"
44.194.134.53 - - [19/Oct/2025:13:56:42 +0300] "GET /beginning103?fileloc=/var/www/vhosts/ilgazhavalandirma.com.tr/httpdocs/wp-includes/js/crop/cropper.js&path=/var/www/vhosts/ilgazhavalandirma.com.tr/httpdocs/wp-includes/js/crop HTTP/1.1" 200 11042 "-" "Mozilla/5.0 AppleWebKit/537.36 (KHTML, like Gecko; compatible; Amazonbot/0.1; +https://developer.amazon.com/support/amazonbot) Chrome/119.0.6045.214 Safari/537.36"
34.205.163.103 - - [19/Oct/2025:13:56:46 +0300] "GET /beginning103?fileloc=/var/www/vhosts/ilgazhavalandirma.com.tr/httpdocs/wp-includes/js/dist/edit-post.min.js&path=/var/www/vhosts/ilgazhavalandirma.com.tr/httpdocs/wp-includes/js/dist HTTP/1.1" 200 42861 "-" "Mozilla/5.0 AppleWebKit/537.36 (KHTML, like Gecko; compatible; Amazonbot/0.1; +https://developer.amazon.com/support/amazonbot) Chrome/119.0.6045.214 Safari/537.36"
3.89.176.255 - - [19/Oct/2025:13:56:52 +0300] "GET /products/91dv19772?path=/var/www/vhosts/ilgazhavalandirma.com.tr/httpdocs/wp-content/uploads/2025/08 HTTP/1.1" 200 6323 "-" "Mozilla/5.0 AppleWebKit/537.36 (KHTML, like Gecko; compatible; Amazonbot/0.1; +https://developer.amazon.com/support/amazonbot) Chrome/119.0.6045.214 Safari/537.36"
52.167.144.166 - - [19/Oct/2025:13:56:54 +0300] "GET /goodscode/179525467.htm HTTP/1.1" 200 4210 "-" "Mozilla/5.0 AppleWebKit/537.36 (KHTML, like Gecko; compatible; bingbot/2.0; +http://www.bing.com/bingbot.htm) Chrome/116.0.1938.76 Safari/537.36"
3.227.180.70 - - [19/Oct/2025:13:56:57 +0300] "GET /beginning103?fileloc=/var/www/vhosts/ilgazhavalandirma.com.tr/httpdocs/wp-includes/blocks/separator/theme.min.css&path=/var/www/vhosts/ilgazhavalandirma.com.tr/httpdocs/wp-includes/blocks/separator HTTP/1.1" 200 6125 "-" "Mozilla/5.0 AppleWebKit/537.36 (KHTML, like Gecko; compatible; Amazonbot/0.1; +https://developer.amazon.com/support/amazonbot) Chrome/119.0.6045.214 Safari/537.36"
3.210.114.189 - - [19/Oct/2025:13:56:58 +0300] "GET /products/91dv19772?path=/var/www/vhosts/ilgazhavalandirma.com.tr/httpdocs/wp-includes/blocks/query-no-results/query-no-results HTTP/1.1" 200 6439 "-" "Mozilla/5.0 AppleWebKit/537.36 (KHTML, like Gecko; compatible; Amazonbot/0.1; +https://developer.amazon.com/support/amazonbot) Chrome/119.0.6045.214 Safari/537.36"
52.167.144.174 - - [19/Oct/2025:13:57:01 +0300] "GET /goodscode/118142669.htm?path=/ HTTP/1.1" 200 4210 "-" "Mozilla/5.0 AppleWebKit/537.36 (KHTML, like Gecko; compatible; bingbot/2.0; +http://www.bing.com/bingbot.htm) Chrome/116.0.1938.76 Safari/537.36"
18.205.91.101 - - [19/Oct/2025:13:57:02 +0300] "GET /beginning103?fileloc=/var/www/vhosts/ilgazhavalandirma.com.tr/httpdocs/wp-includes/js/mediaelement/wp-mediaelement.min.js&path=/var/www/vhosts/ilgazhavalandirma.com.tr/httpdocs/wp-includes/js/mediaelement HTTP/1.1" 200 6527 "-" "Mozilla/5.0 AppleWebKit/537.36 (KHTML, like Gecko; compatible; Amazonbot/0.1; +https://developer.amazon.com/support/amazonbot) Chrome/119.0.6045.214 Safari/537.36"
52.203.65.83 - - [19/Oct/2025:13:57:06 +0300] "GET /beginning103?fileloc=/var/www/vhosts/ilgazhavalandirma.com.tr/httpdocs/wp-includes/blocks/code/style-rtl.css&path=/var/www/vhosts/ilgazhavalandirma.com.tr/httpdocs/wp-includes/blocks/code HTTP/1.1" 200 6055 "-" "Mozilla/5.0 AppleWebKit/537.36 (KHTML, like Gecko; compatible; Amazonbot/0.1; +https://developer.amazon.com/support/amazonbot) Chrome/119.0.6045.214 Safari/537.36"
18.209.137.234 - - [19/Oct/2025:13:57:10 +0300] "GET /beginning103?fileloc=/var/www/vhosts/ilgazhavalandirma.com.tr/httpdocs/wp-includes/blocks/group/style-rtl.css&path=/var/www/vhosts/ilgazhavalandirma.com.tr/httpdocs/wp-includes/blocks/group HTTP/1.1" 200 6009 "-" "Mozilla/5.0 AppleWebKit/537.36 (KHTML, like Gecko; compatible; Amazonbot/0.1; +https://developer.amazon.com/support/amazonbot) Chrome/119.0.6045.214 Safari/537.36"
184.73.68.20 - - [19/Oct/2025:13:57:15 +0300] "GET /beginning103?fileloc=/var/www/vhosts/ilgazhavalandirma.com.tr/httpdocs/wp-includes/blocks/video/theme-rtl.css&path=/var/www/vhosts/ilgazhavalandirma.com.tr/httpdocs/wp-includes/blocks/video HTTP/1.1" 200 6077 "-" "Mozilla/5.0 AppleWebKit/537.36 (KHTML, like Gecko; compatible; Amazonbot/0.1; +https://developer.amazon.com/support/amazonbot) Chrome/119.0.6045.214 Safari/537.36"
34.225.138.57 - - [19/Oct/2025:13:57:22 +0300] "GET /beginning103?fileloc=/var/www/vhosts/ilgazhavalandirma.com.tr/httpdocs/wp-includes/blocks/details/editor.css&path=/var/www/vhosts/ilgazhavalandirma.com.tr/httpdocs/wp-includes/blocks/details HTTP/1.1" 200 6020 "-" "Mozilla/5.0 AppleWebKit/537.36 (KHTML, like Gecko; compatible; Amazonbot/0.1; +https://developer.amazon.com/support/amazonbot) Chrome/119.0.6045.214 Safari/537.36"
