40.77.167.62 - - [19/Oct/2025:07:50:16 +0300] "GET /goodscode/54069051.htm HTTP/1.1" 200 4210 "-" "Mozilla/5.0 AppleWebKit/537.36 (KHTML, like Gecko; compatible; bingbot/2.0; +http://www.bing.com/bingbot.htm) Chrome/116.0.1938.76 Safari/537.36"
52.167.144.137 - - [19/Oct/2025:07:50:17 +0300] "GET /goodscode/117363204.htm HTTP/1.1" 200 4210 "-" "Mozilla/5.0 AppleWebKit/537.36 (KHTML, like Gecko; compatible; bingbot/2.0; +http://www.bing.com/bingbot.htm) Chrome/116.0.1938.76 Safari/537.36"
141.94.174.23 - - [19/Oct/2025:07:50:19 +0300] "GET /wp-login.php HTTP/1.1" 200 8807 "-" "Mozilla/5.0 (Windows NT 6.3; Win64; x64) AppleWebKit/537.36 (KHTML, like Gecko) Chrome/52.0.2743.116 Safari/537.36 Edge/15.15063"
20.171.207.126 - - [19/Oct/2025:07:50:25 +0300] "GET /search.php?future050004609.html HTTP/1.1" 403 4896 "-" "Mozilla/5.0 AppleWebKit/537.36 (KHTML, like Gecko; compatible; GPTBot/1.2; +https://openai.com/gptbot)"
66.249.75.38 - - [19/Oct/2025:07:50:27 +0300] "GET /specialist111?kg=30725 HTTP/1.1" 200 25153 "-" "Mozilla/5.0 (Linux; Android 6.0.1; Nexus 5X Build/MMB29P) AppleWebKit/537.36 (KHTML, like Gecko) Chrome/140.0.7339.207 Mobile Safari/537.36 (compatible; Googlebot/2.1; +http://www.google.com/bot.html)"
141.94.174.23 - - [19/Oct/2025:07:50:40 +0300] "GET /wp-login.php HTTP/1.1" 200 8807 "-" "Mozilla/5.0 (Windows NT 6.3; Win64; x64) AppleWebKit/537.36 (KHTML, like Gecko) Chrome/52.0.2743.116 Safari/537.36 Edge/15.15063"
75.119.147.14 - - [19/Oct/2025:07:50:42 +0300] "POST /xmlrpc.php HTTP/1.1" 200 8807 "-" "Mozilla/4.0 (compatible; MSIE 7.0; Windows NT 6.1; WOW64; Trident/7.0; SLCC2; .NET CLR 2.0.50727; .NET CLR 3.5.30729; .NET CLR 3.0.30729; Media Center PC 6.0; .NET4.0C; .NET4.0E; GWX:RESERVED)"
141.94.174.23 - - [19/Oct/2025:07:50:43 +0300] "POST /wp-login.php HTTP/1.1" 200 4972 "https://ilgazhavalandirma.com.tr/wp-login.php" "Mozilla/5.0 (Windows NT 6.3; Win64; x64) AppleWebKit/537.36 (KHTML, like Gecko) Chrome/52.0.2743.116 Safari/537.36 Edge/15.15063"
75.119.147.14 - - [19/Oct/2025:07:50:43 +0300] "POST /xmlrpc.php HTTP/1.1" 200 8807 "-" "Mozilla/4.0 (compatible; MSIE 7.0; Windows NT 6.1; WOW64; Trident/7.0; SLCC2; .NET CLR 2.0.50727; .NET CLR 3.5.30729; .NET CLR 3.0.30729; Media Center PC 6.0; .NET4.0C; .NET4.0E; GWX:RESERVED)"
75.119.147.14 - - [19/Oct/2025:07:50:44 +0300] "POST /xmlrpc.php HTTP/1.1" 200 8807 "-" "Mozilla/4.0 (compatible; MSIE 7.0; Windows NT 6.1; WOW64; Trident/7.0; SLCC2; .NET CLR 2.0.50727; .NET CLR 3.5.30729; .NET CLR 3.0.30729; Media Center PC 6.0; .NET4.0C; .NET4.0E; GWX:RESERVED)"
75.119.147.14 - - [19/Oct/2025:07:50:45 +0300] "POST /xmlrpc.php HTTP/1.1" 200 8807 "-" "Mozilla/4.0 (compatible; MSIE 7.0; Windows NT 6.1; WOW64; Trident/7.0; SLCC2; .NET CLR 2.0.50727; .NET CLR 3.5.30729; .NET CLR 3.0.30729; Media Center PC 6.0; .NET4.0C; .NET4.0E; GWX:RESERVED)"
75.119.147.14 - - [19/Oct/2025:07:50:46 +0300] "POST /xmlrpc.php HTTP/1.1" 200 8807 "-" "Mozilla/4.0 (compatible; MSIE 7.0; Windows NT 6.1; WOW64; Trident/7.0; SLCC2; .NET CLR 2.0.50727; .NET CLR 3.5.30729; .NET CLR 3.0.30729; Media Center PC 6.0; .NET4.0C; .NET4.0E; GWX:RESERVED)"
75.119.147.14 - - [19/Oct/2025:07:50:49 +0300] "POST /xmlrpc.php HTTP/1.1" 200 8807 "-" "Mozilla/4.0 (compatible; MSIE 7.0; Windows NT 6.1; WOW64; Trident/7.0; SLCC2; .NET CLR 2.0.50727; .NET CLR 3.5.30729; .NET CLR 3.0.30729; Media Center PC 6.0; .NET4.0C; .NET4.0E; GWX:RESERVED)"
52.167.144.20 - - [19/Oct/2025:07:50:50 +0300] "GET /goodscode/192583626.htm HTTP/1.1" 200 4210 "-" "Mozilla/5.0 AppleWebKit/537.36 (KHTML, like Gecko; compatible; bingbot/2.0; +http://www.bing.com/bingbot.htm) Chrome/116.0.1938.76 Safari/537.36"
20.171.207.126 - - [19/Oct/2025:07:50:52 +0300] "GET /search.php?shrimp205011160.html HTTP/1.1" 403 4896 "-" "Mozilla/5.0 AppleWebKit/537.36 (KHTML, like Gecko; compatible; GPTBot/1.2; +https://openai.com/gptbot)"
40.77.167.65 - - [19/Oct/2025:07:50:56 +0300] "GET /goodscode/203923853.htm?path=/ HTTP/1.1" 200 4210 "-" "Mozilla/5.0 AppleWebKit/537.36 (KHTML, like Gecko; compatible; bingbot/2.0; +http://www.bing.com/bingbot.htm) Chrome/116.0.1938.76 Safari/537.36"
66.249.75.37 - - [19/Oct/2025:07:51:01 +0300] "GET /?example117?kg=22801 HTTP/1.1" 200 24361 "-" "Mozilla/5.0 (Linux; Android 6.0.1; Nexus 5X Build/MMB29P) AppleWebKit/537.36 (KHTML, like Gecko) Chrome/140.0.7339.207 Mobile Safari/537.36 (compatible; Googlebot/2.1; +http://www.google.com/bot.html)"
40.77.167.65 - - [19/Oct/2025:07:51:08 +0300] "GET /zhHant/product/surugaya/I3243978941?campaign_uid=f64d716db5e979ed2f947dbaf4296895b951ae7f HTTP/1.1" 200 4198 "-" "Mozilla/5.0 AppleWebKit/537.36 (KHTML, like Gecko; compatible; bingbot/2.0; +http://www.bing.com/bingbot.htm) Chrome/116.0.1938.76 Safari/537.36"
204.12.208.18 - - [19/Oct/2025:07:51:16 +0300] "GET /wp-content/xa1d95f/edit.php HTTP/1.1" 200 3579 "https://ilgazhavalandirma.com.tr/wp-content/xa1d95f/edit.php" "Mozilla/5.0 (Macintosh; Intel Mac OS X 10.6; rv:6.0.2) Gecko/20100101 Firefox/6.0.2"
20.171.207.126 - - [19/Oct/2025:07:51:19 +0300] "GET /search.php?racial022000791.html HTTP/1.1" 403 4896 "-" "Mozilla/5.0 AppleWebKit/537.36 (KHTML, like Gecko; compatible; GPTBot/1.2; +https://openai.com/gptbot)"
220.158.234.54 - - [19/Oct/2025:07:51:19 +0300] "GET /wp-login.php HTTP/1.1" 200 8807 "-" "Mozilla/5.0 (compatible; MSIE 10.0; Windows NT 6.1; Trident/7.0)"
220.158.234.54 - - [19/Oct/2025:07:51:23 +0300] "POST /wp-login.php HTTP/1.1" 200 4972 "https://ilgazhavalandirma.com.tr/wp-login.php" "Mozilla/5.0 (compatible; MSIE 10.0; Windows NT 6.1; Trident/7.0)"
40.77.167.65 - - [19/Oct/2025:07:51:30 +0300] "GET /goodscode/297693180.htm HTTP/1.1" 200 4210 "-" "Mozilla/5.0 AppleWebKit/537.36 (KHTML, like Gecko; compatible; bingbot/2.0; +http://www.bing.com/bingbot.htm) Chrome/116.0.1938.76 Safari/537.36"
20.171.207.126 - - [19/Oct/2025:07:51:47 +0300] "GET /search.php?height041030222.html HTTP/1.1" 403 4896 "-" "Mozilla/5.0 AppleWebKit/537.36 (KHTML, like Gecko; compatible; GPTBot/1.2; +https://openai.com/gptbot)"
66.249.75.37 - - [19/Oct/2025:07:51:46 +0300] "GET /invade293?kg=3633 HTTP/1.1" 200 24131 "-" "Mozilla/5.0 (Linux; Android 6.0.1; Nexus 5X Build/MMB29P) AppleWebKit/537.36 (KHTML, like Gecko) Chrome/140.0.7339.207 Mobile Safari/537.36 (compatible; Googlebot/2.1; +http://www.google.com/bot.html)"
40.77.167.27 - - [19/Oct/2025:07:51:51 +0300] "GET /goodscode/201743432.htm HTTP/1.1" 200 4210 "-" "Mozilla/5.0 AppleWebKit/537.36 (KHTML, like Gecko; compatible; bingbot/2.0; +http://www.bing.com/bingbot.htm) Chrome/116.0.1938.76 Safari/537.36"
114.119.142.93 - - [19/Oct/2025:07:51:53 +0300] "GET /products/276ze45501 HTTP/1.1" 200 8779 "https://ilgazhavalandirma.com.tr/?sitemap191.xml" "Mozilla/5.0 (Linux; Android 7.0;) AppleWebKit/537.36 (KHTML, like Gecko) Mobile Safari/537.36 (compatible; PetalBot;+https://webmaster.petalsearch.com/site/petalbot)"
66.249.75.37 - - [19/Oct/2025:07:51:57 +0300] "GET /criticize146?kg=28894 HTTP/1.1" 200 29245 "-" "Mozilla/5.0 (Linux; Android 6.0.1; Nexus 5X Build/MMB29P) AppleWebKit/537.36 (KHTML, like Gecko) Chrome/140.0.7339.207 Mobile Safari/537.36 (compatible; GoogleOther)"
66.249.76.98 - - [19/Oct/2025:07:52:05 +0300] "GET /?i=637799813 HTTP/1.1" 200 23505 "-" "Mozilla/5.0 (Linux; Android 6.0.1; Nexus 5X Build/MMB29P) AppleWebKit/537.36 (KHTML, like Gecko) Chrome/140.0.7339.207 Mobile Safari/537.36 (compatible; GoogleOther)"
66.249.78.32 - - [19/Oct/2025:07:52:12 +0300] "GET /goodscode/975556568.htm HTTP/1.1" 200 23952 "-" "Mozilla/5.0 (Linux; Android 6.0.1; Nexus 5X Build/MMB29P) AppleWebKit/537.36 (KHTML, like Gecko) Chrome/140.0.7339.207 Mobile Safari/537.36 (compatible; GoogleOther)"
20.171.207.126 - - [19/Oct/2025:07:52:14 +0300] "GET /search.php?adjust059000450.html HTTP/1.1" 403 4896 "-" "Mozilla/5.0 AppleWebKit/537.36 (KHTML, like Gecko; compatible; GPTBot/1.2; +https://openai.com/gptbot)"
52.167.144.20 - - [19/Oct/2025:07:52:21 +0300] "GET /goodscode/76927057.htm HTTP/1.1" 200 4210 "-" "Mozilla/5.0 AppleWebKit/537.36 (KHTML, like Gecko; compatible; bingbot/2.0; +http://www.bing.com/bingbot.htm) Chrome/116.0.1938.76 Safari/537.36"
66.249.78.32 - - [19/Oct/2025:07:52:20 +0300] "GET /Italian285?kg=41025 HTTP/1.1" 200 24535 "-" "Mozilla/5.0 (Linux; Android 6.0.1; Nexus 5X Build/MMB29P) AppleWebKit/537.36 (KHTML, like Gecko) Chrome/140.0.7339.207 Mobile Safari/537.36 (compatible; GoogleOther)"
66.249.78.41 - - [19/Oct/2025:07:52:20 +0300] "GET /goodscode/911691579.htm HTTP/1.1" 200 28372 "-" "Mozilla/5.0 (Linux; Android 6.0.1; Nexus 5X Build/MMB29P) AppleWebKit/537.36 (KHTML, like Gecko) Chrome/140.0.7339.207 Mobile Safari/537.36 (compatible; Googlebot/2.1; +http://www.google.com/bot.html)"
40.77.167.62 - - [19/Oct/2025:07:52:27 +0300] "GET /goodscode/28162863.htm HTTP/1.1" 200 4210 "-" "Mozilla/5.0 AppleWebKit/537.36 (KHTML, like Gecko; compatible; bingbot/2.0; +http://www.bing.com/bingbot.htm) Chrome/116.0.1938.76 Safari/537.36"
66.249.78.41 - - [19/Oct/2025:07:52:28 +0300] "GET /mall1?kg=10659 HTTP/1.1" 200 23676 "-" "Mozilla/5.0 (Linux; Android 6.0.1; Nexus 5X Build/MMB29P) AppleWebKit/537.36 (KHTML, like Gecko) Chrome/140.0.7339.207 Mobile Safari/537.36 (compatible; GoogleOther)"
66.249.78.41 - - [19/Oct/2025:07:52:35 +0300] "GET /tragedy154?kg=44948 HTTP/1.1" 200 23980 "-" "Mozilla/5.0 (Linux; Android 6.0.1; Nexus 5X Build/MMB29P) AppleWebKit/537.36 (KHTML, like Gecko) Chrome/140.0.7339.207 Mobile Safari/537.36 (compatible; GoogleOther)"
20.171.207.126 - - [19/Oct/2025:07:52:41 +0300] "GET /search.php?openly034000307.html HTTP/1.1" 403 4896 "-" "Mozilla/5.0 AppleWebKit/537.36 (KHTML, like Gecko; compatible; GPTBot/1.2; +https://openai.com/gptbot)"
66.249.78.41 - - [19/Oct/2025:07:52:43 +0300] "GET /past230?kg=16990 HTTP/1.1" 200 4148 "-" "Mozilla/5.0 (Linux; Android 6.0.1; Nexus 5X Build/MMB29P) AppleWebKit/537.36 (KHTML, like Gecko) Chrome/140.0.7339.207 Mobile Safari/537.36 (compatible; GoogleOther)"
20.171.207.126 - - [19/Oct/2025:07:53:10 +0300] "GET /search.php?salmon111002660.html HTTP/1.1" 403 4896 "-" "Mozilla/5.0 AppleWebKit/537.36 (KHTML, like Gecko; compatible; GPTBot/1.2; +https://openai.com/gptbot)"
20.171.207.126 - - [19/Oct/2025:07:53:37 +0300] "GET /search.php?switch100029995.html HTTP/1.1" 403 4896 "-" "Mozilla/5.0 AppleWebKit/537.36 (KHTML, like Gecko; compatible; GPTBot/1.2; +https://openai.com/gptbot)"
94.142.244.16 - - [19/Oct/2025:07:53:48 +0300] "POST /xmlrpc.php HTTP/1.1" 200 8728 "https://www.google.com/" "Mozilla/5.0 (X11; Linux x86_64; rv:52.0) Gecko/20100101 Firefox/52.0"
94.142.244.16 - - [19/Oct/2025:07:53:49 +0300] "POST /xmlrpc.php HTTP/1.1" 200 4972 "https://www.google.com/" "Mozilla/5.0 (X11; Linux x86_64; rv:52.0) Gecko/20100101 Firefox/52.0"
52.167.144.20 - - [19/Oct/2025:07:53:51 +0300] "GET /goodscode/595806906.htm HTTP/1.1" 200 4210 "-" "Mozilla/5.0 AppleWebKit/537.36 (KHTML, like Gecko; compatible; bingbot/2.0; +http://www.bing.com/bingbot.htm) Chrome/116.0.1938.76 Safari/537.36"
185.183.157.214 - - [19/Oct/2025:07:53:52 +0300] "POST /xmlrpc.php HTTP/1.1" 200 8728 "https://www.google.com/" "Mozilla/5.0 (Macintosh; Intel Mac OS X 10_7_5) AppleWebKit/537.78.2 (KHTML, like Gecko) Version/6.1.6 Safari/537.78.2"
185.183.157.214 - - [19/Oct/2025:07:53:56 +0300] "POST /xmlrpc.php HTTP/1.1" 200 4972 "https://www.google.com/" "Mozilla/5.0 (Macintosh; Intel Mac OS X 10_7_5) AppleWebKit/537.78.2 (KHTML, like Gecko) Version/6.1.6 Safari/537.78.2"
40.77.167.62 - - [19/Oct/2025:07:54:04 +0300] "GET /goodscode/148992589.htm?path=/var HTTP/1.1" 200 4210 "-" "Mozilla/5.0 AppleWebKit/537.36 (KHTML, like Gecko; compatible; bingbot/2.0; +http://www.bing.com/bingbot.htm) Chrome/116.0.1938.76 Safari/537.36"
20.171.207.126 - - [19/Oct/2025:07:54:06 +0300] "GET /search.php?island065002666.html HTTP/1.1" 403 4896 "-" "Mozilla/5.0 AppleWebKit/537.36 (KHTML, like Gecko; compatible; GPTBot/1.2; +https://openai.com/gptbot)"
40.77.167.27 - - [19/Oct/2025:07:54:23 +0300] "GET /goodscode/443139717.htm HTTP/1.1" 200 4210 "-" "Mozilla/5.0 AppleWebKit/537.36 (KHTML, like Gecko; compatible; bingbot/2.0; +http://www.bing.com/bingbot.htm) Chrome/116.0.1938.76 Safari/537.36"
40.77.167.27 - - [19/Oct/2025:07:54:24 +0300] "GET /goodscode/121670181.htm HTTP/1.1" 200 284 "-" "Mozilla/5.0 AppleWebKit/537.36 (KHTML, like Gecko; compatible; bingbot/2.0; +http://www.bing.com/bingbot.htm) Chrome/116.0.1938.76 Safari/537.36"
40.77.167.13 - - [19/Oct/2025:07:54:30 +0300] "GET /goodscode/308258877.htm HTTP/1.1" 200 4210 "-" "Mozilla/5.0 AppleWebKit/537.36 (KHTML, like Gecko; compatible; bingbot/2.0; +http://www.bing.com/bingbot.htm) Chrome/116.0.1938.76 Safari/537.36"
66.249.75.37 - - [19/Oct/2025:07:54:30 +0300] "GET /founder172?kg=11716 HTTP/1.1" 200 23797 "-" "Mozilla/5.0 (Linux; Android 6.0.1; Nexus 5X Build/MMB29P) AppleWebKit/537.36 (KHTML, like Gecko) Chrome/140.0.7339.207 Mobile Safari/537.36 (compatible; Googlebot/2.1; +http://www.google.com/bot.html)"
20.171.207.126 - - [19/Oct/2025:07:54:33 +0300] "GET /search.php?either284011145.html HTTP/1.1" 403 4896 "-" "Mozilla/5.0 AppleWebKit/537.36 (KHTML, like Gecko; compatible; GPTBot/1.2; +https://openai.com/gptbot)"
52.167.144.183 - - [19/Oct/2025:07:54:38 +0300] "GET /goodscode/130377833.htm HTTP/1.1" 200 4210 "-" "Mozilla/5.0 AppleWebKit/537.36 (KHTML, like Gecko; compatible; bingbot/2.0; +http://www.bing.com/bingbot.htm) Chrome/116.0.1938.76 Safari/537.36"
52.167.144.137 - - [19/Oct/2025:07:54:56 +0300] "GET /goodscode/185139694.htm HTTP/1.1" 200 4210 "-" "Mozilla/5.0 AppleWebKit/537.36 (KHTML, like Gecko; compatible; bingbot/2.0; +http://www.bing.com/bingbot.htm) Chrome/116.0.1938.76 Safari/537.36"
20.171.207.126 - - [19/Oct/2025:07:55:02 +0300] "GET /search.php?engage069000204.html HTTP/1.1" 403 4896 "-" "Mozilla/5.0 AppleWebKit/537.36 (KHTML, like Gecko; compatible; GPTBot/1.2; +https://openai.com/gptbot)"
52.167.144.183 - - [19/Oct/2025:07:55:07 +0300] "GET /goodscode/379612983.htm HTTP/1.1" 200 4210 "-" "Mozilla/5.0 AppleWebKit/537.36 (KHTML, like Gecko; compatible; bingbot/2.0; +http://www.bing.com/bingbot.htm) Chrome/116.0.1938.76 Safari/537.36"
52.167.144.20 - - [19/Oct/2025:07:55:11 +0300] "GET /goodscode/203020162.htm HTTP/1.1" 200 4210 "-" "Mozilla/5.0 AppleWebKit/537.36 (KHTML, like Gecko; compatible; bingbot/2.0; +http://www.bing.com/bingbot.htm) Chrome/116.0.1938.76 Safari/537.36"
114.119.151.146 - - [19/Oct/2025:07:55:07 +0300] "GET /products/276ue30797 HTTP/1.1" 200 8779 "https://ilgazhavalandirma.com.tr/?sitemap191.xml" "Mozilla/5.0 (Linux; Android 7.0;) AppleWebKit/537.36 (KHTML, like Gecko) Mobile Safari/537.36 (compatible; PetalBot;+https://webmaster.petalsearch.com/site/petalbot)"
20.171.207.126 - - [19/Oct/2025:07:55:29 +0300] "GET /search.php?eleven290002725.html HTTP/1.1" 403 4896 "-" "Mozilla/5.0 AppleWebKit/537.36 (KHTML, like Gecko; compatible; GPTBot/1.2; +https://openai.com/gptbot)"
66.249.75.39 - - [19/Oct/2025:07:55:29 +0300] "GET /sophisticated71?kg=35691 HTTP/1.1" 200 23884 "-" "Mozilla/5.0 (Linux; Android 6.0.1; Nexus 5X Build/MMB29P) AppleWebKit/537.36 (KHTML, like Gecko) Chrome/140.0.7339.207 Mobile Safari/537.36 (compatible; Googlebot/2.1; +http://www.google.com/bot.html)"
66.249.69.193 - - [19/Oct/2025:07:55:42 +0300] "GET /goodscode/1419151661.htm HTTP/1.1" 200 23894 "-" "Mozilla/5.0 (Linux; Android 6.0.1; Nexus 5X Build/MMB29P) AppleWebKit/537.36 (KHTML, like Gecko) Chrome/140.0.7339.207 Mobile Safari/537.36 (compatible; Googlebot/2.1; +http://www.google.com/bot.html)"
20.171.207.126 - - [19/Oct/2025:07:55:56 +0300] "GET /search.php?cancer111028520.html HTTP/1.1" 403 4896 "-" "Mozilla/5.0 AppleWebKit/537.36 (KHTML, like Gecko; compatible; GPTBot/1.2; +https://openai.com/gptbot)"
20.171.207.126 - - [19/Oct/2025:07:56:25 +0300] "GET /search.php?parent222014723.html HTTP/1.1" 403 4896 "-" "Mozilla/5.0 AppleWebKit/537.36 (KHTML, like Gecko; compatible; GPTBot/1.2; +https://openai.com/gptbot)"
52.167.144.183 - - [19/Oct/2025:07:56:25 +0300] "GET /goodscode/152724891.htm HTTP/1.1" 200 4210 "-" "Mozilla/5.0 AppleWebKit/537.36 (KHTML, like Gecko; compatible; bingbot/2.0; +http://www.bing.com/bingbot.htm) Chrome/116.0.1938.76 Safari/537.36"
66.249.75.37 - - [19/Oct/2025:07:56:35 +0300] "GET /goodscode/288535023.htm HTTP/1.1" 200 24466 "-" "Mozilla/5.0 (Linux; Android 6.0.1; Nexus 5X Build/MMB29P) AppleWebKit/537.36 (KHTML, like Gecko) Chrome/140.0.7339.207 Mobile Safari/537.36 (compatible; Googlebot/2.1; +http://www.google.com/bot.html)"
40.77.167.13 - - [19/Oct/2025:07:56:40 +0300] "GET /goodscode/147884106.htm HTTP/1.1" 200 4210 "-" "Mozilla/5.0 AppleWebKit/537.36 (KHTML, like Gecko; compatible; bingbot/2.0; +http://www.bing.com/bingbot.htm) Chrome/116.0.1938.76 Safari/537.36"
114.119.136.249 - - [19/Oct/2025:07:56:45 +0300] "GET /products/276lb16379 HTTP/1.1" 200 8779 "https://ilgazhavalandirma.com.tr/?sitemap191.xml" "Mozilla/5.0 (Linux; Android 7.0;) AppleWebKit/537.36 (KHTML, like Gecko) Mobile Safari/537.36 (compatible; PetalBot;+https://webmaster.petalsearch.com/site/petalbot)"
20.171.207.126 - - [19/Oct/2025:07:56:53 +0300] "GET /search.php?faster110008895.html HTTP/1.1" 403 4896 "-" "Mozilla/5.0 AppleWebKit/537.36 (KHTML, like Gecko; compatible; GPTBot/1.2; +https://openai.com/gptbot)"
66.249.75.38 - - [19/Oct/2025:07:57:10 +0300] "GET /background27?kg=37737 HTTP/1.1" 200 23793 "-" "Mozilla/5.0 (Linux; Android 6.0.1; Nexus 5X Build/MMB29P) AppleWebKit/537.36 (KHTML, like Gecko) Chrome/140.0.7339.207 Mobile Safari/537.36 (compatible; Googlebot/2.1; +http://www.google.com/bot.html)"
40.77.167.13 - - [19/Oct/2025:07:57:20 +0300] "GET /goodscode/9521408.htm HTTP/1.1" 200 4210 "-" "Mozilla/5.0 AppleWebKit/537.36 (KHTML, like Gecko; compatible; bingbot/2.0; +http://www.bing.com/bingbot.htm) Chrome/116.0.1938.76 Safari/537.36"
20.171.207.126 - - [19/Oct/2025:07:57:21 +0300] "GET /search.php?excuse060009881.html HTTP/1.1" 403 4896 "-" "Mozilla/5.0 AppleWebKit/537.36 (KHTML, like Gecko; compatible; GPTBot/1.2; +https://openai.com/gptbot)"
66.249.75.37 - - [19/Oct/2025:07:57:30 +0300] "GET /theoretical45?kg=35241 HTTP/1.1" 200 4148 "-" "Mozilla/5.0 (Linux; Android 6.0.1; Nexus 5X Build/MMB29P) AppleWebKit/537.36 (KHTML, like Gecko) Chrome/140.0.7339.207 Mobile Safari/537.36 (compatible; Googlebot/2.1; +http://www.google.com/bot.html)"
66.249.78.41 - - [19/Oct/2025:07:57:30 +0300] "GET /assign150?kg=41866 HTTP/1.1" 200 4148 "-" "Mozilla/5.0 (Linux; Android 6.0.1; Nexus 5X Build/MMB29P) AppleWebKit/537.36 (KHTML, like Gecko) Chrome/140.0.7339.207 Mobile Safari/537.36 (compatible; Googlebot/2.1; +http://www.google.com/bot.html)"
66.249.78.41 - - [19/Oct/2025:07:57:37 +0300] "GET /precise277?kg=11411 HTTP/1.1" 200 23752 "-" "Mozilla/5.0 (Linux; Android 6.0.1; Nexus 5X Build/MMB29P) AppleWebKit/537.36 (KHTML, like Gecko) Chrome/140.0.7339.207 Mobile Safari/537.36 (compatible; Googlebot/2.1; +http://www.google.com/bot.html)"
40.77.167.27 - - [19/Oct/2025:07:57:42 +0300] "GET /goodscode/987714388.htm HTTP/1.1" 200 4210 "-" "Mozilla/5.0 AppleWebKit/537.36 (KHTML, like Gecko; compatible; bingbot/2.0; +http://www.bing.com/bingbot.htm) Chrome/116.0.1938.76 Safari/537.36"
20.171.207.126 - - [19/Oct/2025:07:57:49 +0300] "GET /search.php?priest040007719.html HTTP/1.1" 403 4896 "-" "Mozilla/5.0 AppleWebKit/537.36 (KHTML, like Gecko; compatible; GPTBot/1.2; +https://openai.com/gptbot)"
164.90.154.67 - - [19/Oct/2025:07:57:47 +0300] "GET /wp-login.php HTTP/1.1" 200 8807 "-" "Mozilla/5.0 (Windows NT 6.1) AppleWebKit/537.36 (KHTML, like Gecko) Chrome/65.0.3325.181 Safari/537.36 OPR/52.0.2871.64"
66.249.75.37 - - [19/Oct/2025:07:57:50 +0300] "GET /widespread72?kg=25548 HTTP/1.1" 200 28453 "-" "Mozilla/5.0 (Linux; Android 6.0.1; Nexus 5X Build/MMB29P) AppleWebKit/537.36 (KHTML, like Gecko) Chrome/140.0.7339.207 Mobile Safari/537.36 (compatible; Googlebot/2.1; +http://www.google.com/bot.html)"
164.90.154.67 - - [19/Oct/2025:07:57:51 +0300] "POST /wp-login.php HTTP/1.1" 200 4972 "https://ilgazhavalandirma.com.tr/wp-login.php" "Mozilla/5.0 (Windows NT 6.1) AppleWebKit/537.36 (KHTML, like Gecko) Chrome/65.0.3325.181 Safari/537.36 OPR/52.0.2871.64"
66.249.75.37 - - [19/Oct/2025:07:57:52 +0300] "GET /products/122nm31463 HTTP/1.1" 200 19744 "-" "Mozilla/5.0 (Linux; Android 6.0.1; Nexus 5X Build/MMB29P) AppleWebKit/537.36 (KHTML, like Gecko) Chrome/140.0.7339.207 Mobile Safari/537.36 (compatible; Googlebot/2.1; +http://www.google.com/bot.html)"
66.249.76.97 - - [19/Oct/2025:07:57:54 +0300] "GET /?i=191416913 HTTP/1.1" 200 28997 "-" "Mozilla/5.0 (Linux; Android 6.0.1; Nexus 5X Build/MMB29P) AppleWebKit/537.36 (KHTML, like Gecko) Chrome/140.0.7339.207 Mobile Safari/537.36 (compatible; Googlebot/2.1; +http://www.google.com/bot.html)"
40.77.167.27 - - [19/Oct/2025:07:58:03 +0300] "GET /goodscode/122669153.htm HTTP/1.1" 200 4210 "-" "Mozilla/5.0 AppleWebKit/537.36 (KHTML, like Gecko; compatible; bingbot/2.0; +http://www.bing.com/bingbot.htm) Chrome/116.0.1938.76 Safari/537.36"
40.77.167.27 - - [19/Oct/2025:07:58:04 +0300] "GET /goodscode/1218220959.htm HTTP/1.1" 200 284 "-" "Mozilla/5.0 AppleWebKit/537.36 (KHTML, like Gecko; compatible; bingbot/2.0; +http://www.bing.com/bingbot.htm) Chrome/116.0.1938.76 Safari/537.36"
94.136.190.3 - - [19/Oct/2025:07:58:05 +0300] "POST /xmlrpc.php HTTP/1.1" 200 8807 "-" "Mozilla/4.0 (compatible; MSIE 7.0; Windows NT 6.1; WOW64; Trident/7.0; SLCC2; .NET CLR 2.0.50727; .NET CLR 3.5.30729; .NET CLR 3.0.30729; Media Center PC 6.0; .NET4.0C; .NET4.0E; MS-RTC LM 8)"
94.136.190.3 - - [19/Oct/2025:07:58:07 +0300] "POST /xmlrpc.php HTTP/1.1" 200 8807 "-" "Mozilla/4.0 (compatible; MSIE 7.0; Windows NT 6.1; WOW64; Trident/7.0; SLCC2; .NET CLR 2.0.50727; .NET CLR 3.5.30729; .NET CLR 3.0.30729; Media Center PC 6.0; .NET4.0C; .NET4.0E; MS-RTC LM 8)"
94.136.190.3 - - [19/Oct/2025:07:58:10 +0300] "POST /xmlrpc.php HTTP/1.1" 200 8807 "-" "Mozilla/4.0 (compatible; MSIE 7.0; Windows NT 6.1; WOW64; Trident/7.0; SLCC2; .NET CLR 2.0.50727; .NET CLR 3.5.30729; .NET CLR 3.0.30729; Media Center PC 6.0; .NET4.0C; .NET4.0E; MS-RTC LM 8)"
94.136.190.3 - - [19/Oct/2025:07:58:12 +0300] "POST /xmlrpc.php HTTP/1.1" 200 8807 "-" "Mozilla/4.0 (compatible; MSIE 7.0; Windows NT 6.1; WOW64; Trident/7.0; SLCC2; .NET CLR 2.0.50727; .NET CLR 3.5.30729; .NET CLR 3.0.30729; Media Center PC 6.0; .NET4.0C; .NET4.0E; MS-RTC LM 8)"
94.136.190.3 - - [19/Oct/2025:07:58:14 +0300] "POST /xmlrpc.php HTTP/1.1" 200 8807 "-" "Mozilla/4.0 (compatible; MSIE 7.0; Windows NT 6.1; WOW64; Trident/7.0; SLCC2; .NET CLR 2.0.50727; .NET CLR 3.5.30729; .NET CLR 3.0.30729; Media Center PC 6.0; .NET4.0C; .NET4.0E; MS-RTC LM 8)"
94.136.190.3 - - [19/Oct/2025:07:58:16 +0300] "POST /xmlrpc.php HTTP/1.1" 200 8807 "-" "Mozilla/4.0 (compatible; MSIE 7.0; Windows NT 6.1; WOW64; Trident/7.0; SLCC2; .NET CLR 2.0.50727; .NET CLR 3.5.30729; .NET CLR 3.0.30729; Media Center PC 6.0; .NET4.0C; .NET4.0E; MS-RTC LM 8)"
20.171.207.126 - - [19/Oct/2025:07:58:17 +0300] "GET /search.php?twelve014000919.html HTTP/1.1" 403 4896 "-" "Mozilla/5.0 AppleWebKit/537.36 (KHTML, like Gecko; compatible; GPTBot/1.2; +https://openai.com/gptbot)"
114.119.136.249 - - [19/Oct/2025:07:58:23 +0300] "GET /products/275xq9262 HTTP/1.1" 200 8779 "https://ilgazhavalandirma.com.tr/?sitemap191.xml" "Mozilla/5.0 (Linux; Android 7.0;) AppleWebKit/537.36 (KHTML, like Gecko) Mobile Safari/537.36 (compatible; PetalBot;+https://webmaster.petalsearch.com/site/petalbot)"
220.158.232.162 - - [19/Oct/2025:07:58:36 +0300] "GET /wp-login.php HTTP/1.1" 200 8807 "-" "Mozilla/4.0 (compatible; MSIE 7.0; Windows NT 6.1; Win64; x64; Trident/7.0; .NET CLR 2.0.50727; SLCC2; .NET CLR 3.5.30729; .NET CLR 3.0.30729; Media Center PC 6.0; .NET4.0C)"
40.77.167.13 - - [19/Oct/2025:07:58:39 +0300] "GET /goodscode/138929158.htm HTTP/1.1" 200 4210 "-" "Mozilla/5.0 AppleWebKit/537.36 (KHTML, like Gecko; compatible; bingbot/2.0; +http://www.bing.com/bingbot.htm) Chrome/116.0.1938.76 Safari/537.36"
66.249.76.98 - - [19/Oct/2025:07:58:39 +0300] "GET /goodscode/314932517.htm HTTP/1.1" 200 23877 "-" "Mozilla/5.0 (Linux; Android 6.0.1; Nexus 5X Build/MMB29P) AppleWebKit/537.36 (KHTML, like Gecko) Chrome/140.0.7339.207 Mobile Safari/537.36 (compatible; Googlebot/2.1; +http://www.google.com/bot.html)"
40.77.167.13 - - [19/Oct/2025:07:58:41 +0300] "GET /goodscode/103286972.htm HTTP/1.1" 200 284 "-" "Mozilla/5.0 AppleWebKit/537.36 (KHTML, like Gecko; compatible; bingbot/2.0; +http://www.bing.com/bingbot.htm) Chrome/116.0.1938.76 Safari/537.36"
20.171.207.126 - - [19/Oct/2025:07:58:45 +0300] "GET /search.php?ensure222031253.html HTTP/1.1" 403 4896 "-" "Mozilla/5.0 AppleWebKit/537.36 (KHTML, like Gecko; compatible; GPTBot/1.2; +https://openai.com/gptbot)"
40.77.167.27 - - [19/Oct/2025:07:59:02 +0300] "GET /pcmypage?callback=/product%2Fdetail%2FI1817758865 HTTP/1.1" 200 4198 "-" "Mozilla/5.0 AppleWebKit/537.36 (KHTML, like Gecko; compatible; bingbot/2.0; +http://www.bing.com/bingbot.htm) Chrome/116.0.1938.76 Safari/537.36"
20.171.207.126 - - [19/Oct/2025:07:59:14 +0300] "GET /search.php?expert098000293.html HTTP/1.1" 403 4896 "-" "Mozilla/5.0 AppleWebKit/537.36 (KHTML, like Gecko; compatible; GPTBot/1.2; +https://openai.com/gptbot)"
52.167.144.20 - - [19/Oct/2025:07:59:23 +0300] "GET /goodscode/172467772.htm HTTP/1.1" 200 4210 "-" "Mozilla/5.0 AppleWebKit/537.36 (KHTML, like Gecko; compatible; bingbot/2.0; +http://www.bing.com/bingbot.htm) Chrome/116.0.1938.76 Safari/537.36"
5.39.1.254 - - [19/Oct/2025:07:59:37 +0300] "GET /?sitemap946.xml HTTP/1.1" 200 4119 "-" "Mozilla/5.0 (compatible; AhrefsBot/7.0; +http://ahrefs.com/robot/)"
52.167.144.183 - - [19/Oct/2025:07:59:37 +0300] "GET /goodscode/137575567.htm HTTP/1.1" 200 4210 "-" "Mozilla/5.0 AppleWebKit/537.36 (KHTML, like Gecko; compatible; bingbot/2.0; +http://www.bing.com/bingbot.htm) Chrome/116.0.1938.76 Safari/537.36"
40.69.165.140 - - [19/Oct/2025:07:59:39 +0300] "GET /aa.php HTTP/1.1" 403 4849 "-" "-"
40.69.165.140 - - [19/Oct/2025:07:59:39 +0300] "GET /about.php HTTP/1.1" 403 1061 "-" "-"
40.69.165.140 - - [19/Oct/2025:07:59:39 +0300] "GET /admin.php HTTP/1.1" 200 85461 "-" "-"
20.171.207.126 - - [19/Oct/2025:07:59:42 +0300] "GET /search.php?assume111027670.html HTTP/1.1" 403 4896 "-" "Mozilla/5.0 AppleWebKit/537.36 (KHTML, like Gecko; compatible; GPTBot/1.2; +https://openai.com/gptbot)"
180.252.122.186 - - [19/Oct/2025:07:59:52 +0300] "POST /wp-content/plugins/helloapx/wp-apxupx.php?apx=upx HTTP/1.1" 200 8879 "https://ilgazhavalandirma.com.tr/wp-content/plugins/helloapx/wp-apxupx.php?apx=upx" "Mozilla/5.0 (Windows NT 10.0; Win64; x64) AppleWebKit/537.36 (KHTML, like Gecko) Chrome/141.0.0.0 Safari/537.36"
180.252.122.186 - - [19/Oct/2025:07:59:54 +0300] "GET /favicon.ico HTTP/1.1" 200 5027 "https://ilgazhavalandirma.com.tr/wp-content/plugins/helloapx/wp-apxupx.php?apx=upx" "Mozilla/5.0 (Windows NT 10.0; Win64; x64) AppleWebKit/537.36 (KHTML, like Gecko) Chrome/141.0.0.0 Safari/537.36"
180.252.122.186 - - [19/Oct/2025:07:59:56 +0300] "GET /wp-content/plugins/helloapx/wp-apxupx.php?path=/var/www/vhosts/ilgazhavalandirma.com.tr/httpdocs/wp-content HTTP/1.1" 200 4133 "https://ilgazhavalandirma.com.tr/wp-content/plugins/helloapx/wp-apxupx.php?apx=upx" "Mozilla/5.0 (Windows NT 10.0; Win64; x64) AppleWebKit/537.36 (KHTML, like Gecko) Chrome/141.0.0.0 Safari/537.36"
52.167.144.183 - - [19/Oct/2025:07:59:57 +0300] "GET /goodscode/189266931.htm HTTP/1.1" 200 4210 "-" "Mozilla/5.0 AppleWebKit/537.36 (KHTML, like Gecko; compatible; bingbot/2.0; +http://www.bing.com/bingbot.htm) Chrome/116.0.1938.76 Safari/537.36"
180.252.122.186 - - [19/Oct/2025:07:59:58 +0300] "GET /favicon.ico HTTP/1.1" 200 5027 "https://ilgazhavalandirma.com.tr/wp-content/plugins/helloapx/wp-apxupx.php?path=/var/www/vhosts/ilgazhavalandirma.com.tr/httpdocs/wp-content" "Mozilla/5.0 (Windows NT 10.0; Win64; x64) AppleWebKit/537.36 (KHTML, like Gecko) Chrome/141.0.0.0 Safari/537.36"
220.158.232.162 - - [19/Oct/2025:07:59:59 +0300] "GET /wp-login.php HTTP/1.1" 200 8807 "-" "Mozilla/4.0 (compatible; MSIE 7.0; Windows NT 6.1; Win64; x64; Trident/7.0; .NET CLR 2.0.50727; SLCC2; .NET CLR 3.5.30729; .NET CLR 3.0.30729; Media Center PC 6.0; .NET4.0C)"
40.77.167.13 - - [19/Oct/2025:08:00:01 +0300] "GET /goodscode/279694513.htm HTTP/1.1" 200 4210 "-" "Mozilla/5.0 AppleWebKit/537.36 (KHTML, like Gecko; compatible; bingbot/2.0; +http://www.bing.com/bingbot.htm) Chrome/116.0.1938.76 Safari/537.36"
114.119.149.66 - - [19/Oct/2025:08:00:02 +0300] "GET /products/275ov7816 HTTP/1.1" 200 8779 "https://ilgazhavalandirma.com.tr/?sitemap191.xml" "Mozilla/5.0 (Linux; Android 7.0;) AppleWebKit/537.36 (KHTML, like Gecko) Mobile Safari/537.36 (compatible; PetalBot;+https://webmaster.petalsearch.com/site/petalbot)"
180.252.122.186 - - [19/Oct/2025:08:00:03 +0300] "POST /wp-content/plugins/helloapx/wp-apxupx.php?path=/var/www/vhosts/ilgazhavalandirma.com.tr/httpdocs/wp-content HTTP/1.1" 200 4161 "https://ilgazhavalandirma.com.tr/wp-content/plugins/helloapx/wp-apxupx.php?path=/var/www/vhosts/ilgazhavalandirma.com.tr/httpdocs/wp-content" "Mozilla/5.0 (Windows NT 10.0; Win64; x64) AppleWebKit/537.36 (KHTML, like Gecko) Chrome/141.0.0.0 Safari/537.36"
180.252.122.186 - - [19/Oct/2025:08:00:04 +0300] "GET /favicon.ico HTTP/1.1" 200 5027 "https://ilgazhavalandirma.com.tr/wp-content/plugins/helloapx/wp-apxupx.php?path=/var/www/vhosts/ilgazhavalandirma.com.tr/httpdocs/wp-content" "Mozilla/5.0 (Windows NT 10.0; Win64; x64) AppleWebKit/537.36 (KHTML, like Gecko) Chrome/141.0.0.0 Safari/537.36"
66.249.78.33 - - [19/Oct/2025:08:00:07 +0300] "GET /goodscode/1033538763.htm HTTP/1.1" 200 23827 "-" "Mozilla/5.0 (Linux; Android 6.0.1; Nexus 5X Build/MMB29P) AppleWebKit/537.36 (KHTML, like Gecko) Chrome/140.0.7339.207 Mobile Safari/537.36 (compatible; GoogleOther)"
66.249.76.96 - - [19/Oct/2025:08:00:07 +0300] "GET /goodscode/261047590.htm HTTP/1.1" 200 24282 "-" "Mozilla/5.0 (Linux; Android 6.0.1; Nexus 5X Build/MMB29P) AppleWebKit/537.36 (KHTML, like Gecko) Chrome/140.0.7339.207 Mobile Safari/537.36 (compatible; Googlebot/2.1; +http://www.google.com/bot.html)"
180.252.122.186 - - [19/Oct/2025:08:00:09 +0300] "GET /wp-content/bru.php HTTP/1.1" 403 1116 "-" "Mozilla/5.0 (Windows NT 10.0; Win64; x64) AppleWebKit/537.36 (KHTML, like Gecko) Chrome/141.0.0.0 Safari/537.36"
180.252.122.186 - - [19/Oct/2025:08:00:10 +0300] "GET /error_docs/styles.css HTTP/1.1" 200 1313 "https://ilgazhavalandirma.com.tr/wp-content/bru.php" "Mozilla/5.0 (Windows NT 10.0; Win64; x64) AppleWebKit/537.36 (KHTML, like Gecko) Chrome/141.0.0.0 Safari/537.36"
66.249.69.193 - - [19/Oct/2025:08:00:08 +0300] "GET /goodscode/428953974.htm HTTP/1.1" 200 23587 "-" "Mozilla/5.0 (Linux; Android 6.0.1; Nexus 5X Build/MMB29P) AppleWebKit/537.36 (KHTML, like Gecko) Chrome/140.0.7339.207 Mobile Safari/537.36 (compatible; Googlebot/2.1; +http://www.google.com/bot.html)"
180.252.122.186 - - [19/Oct/2025:08:00:10 +0300] "GET /error_docs/server.svg HTTP/1.1" 200 7736 "https://ilgazhavalandirma.com.tr/error_docs/styles.css" "Mozilla/5.0 (Windows NT 10.0; Win64; x64) AppleWebKit/537.36 (KHTML, like Gecko) Chrome/141.0.0.0 Safari/537.36"
47.82.11.22 - - [19/Oct/2025:08:00:09 +0300] "GET /?i=383618513 HTTP/1.1" 200 8760 "https://ilgazhavalandirma.com.tr/" "Mozilla/5.0 (Windows NT 10.0; Win64; x64) AppleWebKit/537.36 (KHTML, like Gecko) Chrome/132.0.0.0 Safari/537.36"
20.171.207.126 - - [19/Oct/2025:08:00:10 +0300] "GET /search.php?needle057000746.html HTTP/1.1" 403 4896 "-" "Mozilla/5.0 AppleWebKit/537.36 (KHTML, like Gecko; compatible; GPTBot/1.2; +https://openai.com/gptbot)"
180.252.122.186 - - [19/Oct/2025:08:00:10 +0300] "GET /favicon.ico HTTP/1.1" 200 5027 "https://ilgazhavalandirma.com.tr/wp-content/bru.php" "Mozilla/5.0 (Windows NT 10.0; Win64; x64) AppleWebKit/537.36 (KHTML, like Gecko) Chrome/141.0.0.0 Safari/537.36"
180.252.122.186 - - [19/Oct/2025:08:00:12 +0300] "GET /favicon.ico HTTP/1.1" 200 5027 "https://ilgazhavalandirma.com.tr/wp-content/plugins/helloapx/wp-apxupx.php?path=/var/www/vhosts/ilgazhavalandirma.com.tr/httpdocs/wp-content" "Mozilla/5.0 (Windows NT 10.0; Win64; x64) AppleWebKit/537.36 (KHTML, like Gecko) Chrome/141.0.0.0 Safari/537.36"
52.167.144.197 - - [19/Oct/2025:08:00:20 +0300] "GET /goodscode/118142669.htm?path=/var HTTP/1.1" 200 4210 "-" "Mozilla/5.0 AppleWebKit/537.36 (KHTML, like Gecko; compatible; bingbot/2.0; +http://www.bing.com/bingbot.htm) Chrome/116.0.1938.76 Safari/537.36"
52.167.144.197 - - [19/Oct/2025:08:00:22 +0300] "GET /goodscode/199229615.htm HTTP/1.1" 200 284 "-" "Mozilla/5.0 AppleWebKit/537.36 (KHTML, like Gecko; compatible; bingbot/2.0; +http://www.bing.com/bingbot.htm) Chrome/116.0.1938.76 Safari/537.36"
180.252.122.186 - - [19/Oct/2025:08:00:28 +0300] "GET /wp-content/plugins/helloapx/wp-apxupx.php?path=/var/www/vhosts/ilgazhavalandirma.com.tr/httpdocs/wp-content HTTP/1.1" 200 4749 "https://ilgazhavalandirma.com.tr/wp-content/plugins/helloapx/wp-apxupx.php?apx=upx" "Mozilla/5.0 (Windows NT 10.0; Win64; x64) AppleWebKit/537.36 (KHTML, like Gecko) Chrome/141.0.0.0 Safari/537.36"
180.252.122.186 - - [19/Oct/2025:08:00:29 +0300] "GET /favicon.ico HTTP/1.1" 200 5027 "https://ilgazhavalandirma.com.tr/wp-content/plugins/helloapx/wp-apxupx.php?path=/var/www/vhosts/ilgazhavalandirma.com.tr/httpdocs/wp-content" "Mozilla/5.0 (Windows NT 10.0; Win64; x64) AppleWebKit/537.36 (KHTML, like Gecko) Chrome/141.0.0.0 Safari/537.36"
180.252.122.186 - - [19/Oct/2025:08:00:33 +0300] "GET /favicon.ico HTTP/1.1" 200 5027 "https://ilgazhavalandirma.com.tr/wp-content/plugins/helloapx/wp-apxupx.php?apx=upx" "Mozilla/5.0 (Windows NT 10.0; Win64; x64) AppleWebKit/537.36 (KHTML, like Gecko) Chrome/141.0.0.0 Safari/537.36"
180.252.122.186 - - [19/Oct/2025:08:00:35 +0300] "GET /wp-content/plugins/helloapx/wp-apxupx.php?path=/var/www/vhosts/ilgazhavalandirma.com.tr/httpdocs/wp-admin HTTP/1.1" 200 6698 "https://ilgazhavalandirma.com.tr/wp-content/plugins/helloapx/wp-apxupx.php?apx=upx" "Mozilla/5.0 (Windows NT 10.0; Win64; x64) AppleWebKit/537.36 (KHTML, like Gecko) Chrome/141.0.0.0 Safari/537.36"
40.77.167.13 - - [19/Oct/2025:08:00:37 +0300] "GET /goodscode/225452230.htm HTTP/1.1" 200 4198 "-" "Mozilla/5.0 AppleWebKit/537.36 (KHTML, like Gecko; compatible; bingbot/2.0; +http://www.bing.com/bingbot.htm) Chrome/116.0.1938.76 Safari/537.36"
66.249.78.41 - - [19/Oct/2025:08:00:37 +0300] "GET /partially44?kg=5948 HTTP/1.1" 200 23719 "-" "Mozilla/5.0 (Linux; Android 6.0.1; Nexus 5X Build/MMB29P) AppleWebKit/537.36 (KHTML, like Gecko) Chrome/140.0.7339.207 Mobile Safari/537.36 (compatible; Googlebot/2.1; +http://www.google.com/bot.html)"
180.252.122.186 - - [19/Oct/2025:08:00:37 +0300] "GET /favicon.ico HTTP/1.1" 200 5027 "https://ilgazhavalandirma.com.tr/wp-content/plugins/helloapx/wp-apxupx.php?path=/var/www/vhosts/ilgazhavalandirma.com.tr/httpdocs/wp-admin" "Mozilla/5.0 (Windows NT 10.0; Win64; x64) AppleWebKit/537.36 (KHTML, like Gecko) Chrome/141.0.0.0 Safari/537.36"
20.171.207.126 - - [19/Oct/2025:08:00:38 +0300] "GET /search.php?expand041000424.html HTTP/1.1" 403 4896 "-" "Mozilla/5.0 AppleWebKit/537.36 (KHTML, like Gecko; compatible; GPTBot/1.2; +https://openai.com/gptbot)"
180.252.122.186 - - [19/Oct/2025:08:00:39 +0300] "GET /wp-content/plugins/helloapx/wp-apxupx.php?path=/var/www/vhosts/ilgazhavalandirma.com.tr/httpdocs/wp-admin/js HTTP/1.1" 200 6469 "https://ilgazhavalandirma.com.tr/wp-content/plugins/helloapx/wp-apxupx.php?path=/var/www/vhosts/ilgazhavalandirma.com.tr/httpdocs/wp-admin" "Mozilla/5.0 (Windows NT 10.0; Win64; x64) AppleWebKit/537.36 (KHTML, like Gecko) Chrome/141.0.0.0 Safari/537.36"
180.252.122.186 - - [19/Oct/2025:08:00:40 +0300] "GET /favicon.ico HTTP/1.1" 200 5027 "https://ilgazhavalandirma.com.tr/wp-content/plugins/helloapx/wp-apxupx.php?path=/var/www/vhosts/ilgazhavalandirma.com.tr/httpdocs/wp-admin/js" "Mozilla/5.0 (Windows NT 10.0; Win64; x64) AppleWebKit/537.36 (KHTML, like Gecko) Chrome/141.0.0.0 Safari/537.36"
180.252.122.186 - - [19/Oct/2025:08:00:47 +0300] "POST /wp-content/plugins/helloapx/wp-apxupx.php?path=/var/www/vhosts/ilgazhavalandirma.com.tr/httpdocs/wp-admin/js HTTP/1.1" 200 7076 "https://ilgazhavalandirma.com.tr/wp-content/plugins/helloapx/wp-apxupx.php?path=/var/www/vhosts/ilgazhavalandirma.com.tr/httpdocs/wp-admin/js" "Mozilla/5.0 (Windows NT 10.0; Win64; x64) AppleWebKit/537.36 (KHTML, like Gecko) Chrome/141.0.0.0 Safari/537.36"
180.252.122.186 - - [19/Oct/2025:08:00:49 +0300] "GET /favicon.ico HTTP/1.1" 200 5027 "https://ilgazhavalandirma.com.tr/wp-content/plugins/helloapx/wp-apxupx.php?path=/var/www/vhosts/ilgazhavalandirma.com.tr/httpdocs/wp-admin/js" "Mozilla/5.0 (Windows NT 10.0; Win64; x64) AppleWebKit/537.36 (KHTML, like Gecko) Chrome/141.0.0.0 Safari/537.36"
66.249.78.41 - - [19/Oct/2025:08:00:54 +0300] "GET /laugh270?kg=19680 HTTP/1.1" 200 23390 "-" "Mozilla/5.0 (Linux; Android 6.0.1; Nexus 5X Build/MMB29P) AppleWebKit/537.36 (KHTML, like Gecko) Chrome/140.0.7339.207 Mobile Safari/537.36 (compatible; GoogleOther)"
66.249.75.37 - - [19/Oct/2025:08:00:58 +0300] "GET /example290?kg=20512 HTTP/1.1" 200 28913 "-" "Mozilla/5.0 (Linux; Android 6.0.1; Nexus 5X Build/MMB29P) AppleWebKit/537.36 (KHTML, like Gecko) Chrome/140.0.7339.207 Mobile Safari/537.36 (compatible; Googlebot/2.1; +http://www.google.com/bot.html)"
180.252.122.186 - - [19/Oct/2025:08:01:01 +0300] "GET /wp-admin/js/bru.php HTTP/1.1" 403 1696 "-" "Mozilla/5.0 (Windows NT 10.0; Win64; x64) AppleWebKit/537.36 (KHTML, like Gecko) Chrome/141.0.0.0 Safari/537.36"
180.252.122.186 - - [19/Oct/2025:08:01:02 +0300] "GET /favicon.ico HTTP/1.1" 200 5027 "https://ilgazhavalandirma.com.tr/wp-admin/js/bru.php" "Mozilla/5.0 (Windows NT 10.0; Win64; x64) AppleWebKit/537.36 (KHTML, like Gecko) Chrome/141.0.0.0 Safari/537.36"
40.77.167.27 - - [19/Oct/2025:08:01:02 +0300] "GET /goodscode/191068298.htm HTTP/1.1" 200 4210 "-" "Mozilla/5.0 AppleWebKit/537.36 (KHTML, like Gecko; compatible; bingbot/2.0; +http://www.bing.com/bingbot.htm) Chrome/116.0.1938.76 Safari/537.36"
20.171.207.126 - - [19/Oct/2025:08:01:05 +0300] "GET /search.php?closer288000125.html HTTP/1.1" 403 4896 "-" "Mozilla/5.0 AppleWebKit/537.36 (KHTML, like Gecko; compatible; GPTBot/1.2; +https://openai.com/gptbot)"
52.167.144.197 - - [19/Oct/2025:08:01:12 +0300] "GET /goodscode/113789359.htm HTTP/1.1" 200 4210 "-" "Mozilla/5.0 AppleWebKit/537.36 (KHTML, like Gecko; compatible; bingbot/2.0; +http://www.bing.com/bingbot.htm) Chrome/116.0.1938.76 Safari/537.36"
66.249.75.37 - - [19/Oct/2025:08:01:12 +0300] "GET /companion231?kg=12727 HTTP/1.1" 200 24525 "-" "Mozilla/5.0 (Linux; Android 6.0.1; Nexus 5X Build/MMB29P) AppleWebKit/537.36 (KHTML, like Gecko) Chrome/140.0.7339.207 Mobile Safari/537.36 (compatible; Googlebot/2.1; +http://www.google.com/bot.html)"
66.249.75.37 - - [19/Oct/2025:08:01:14 +0300] "GET /goodscode/1033538763.htm HTTP/1.1" 200 20065 "-" "Mozilla/5.0 (Linux; Android 6.0.1; Nexus 5X Build/MMB29P) AppleWebKit/537.36 (KHTML, like Gecko) Chrome/140.0.7339.207 Mobile Safari/537.36 (compatible; Googlebot/2.1; +http://www.google.com/bot.html)"
45.61.186.39 - - [19/Oct/2025:08:01:25 +0300] "GET /wp-login.php HTTP/1.1" 200 8181 "-" "Mozilla/5.0 (Windows NT 6.1; WOW64; rv:24.0) Gecko/20100101 Firefox/24.0"
20.171.207.126 - - [19/Oct/2025:08:01:33 +0300] "GET /search.php?notice007000558.html HTTP/1.1" 403 4896 "-" "Mozilla/5.0 AppleWebKit/537.36 (KHTML, like Gecko; compatible; GPTBot/1.2; +https://openai.com/gptbot)"
52.167.144.183 - - [19/Oct/2025:08:01:35 +0300] "GET /goodscode/115172444.htm?path=/var HTTP/1.1" 200 4210 "-" "Mozilla/5.0 AppleWebKit/537.36 (KHTML, like Gecko; compatible; bingbot/2.0; +http://www.bing.com/bingbot.htm) Chrome/116.0.1938.76 Safari/537.36"
52.167.144.183 - - [19/Oct/2025:08:01:37 +0300] "GET /goodscode/105257135.htm HTTP/1.1" 200 284 "-" "Mozilla/5.0 AppleWebKit/537.36 (KHTML, like Gecko; compatible; bingbot/2.0; +http://www.bing.com/bingbot.htm) Chrome/116.0.1938.76 Safari/537.36"
114.119.149.66 - - [19/Oct/2025:08:01:38 +0300] "GET /products/275nu35394 HTTP/1.1" 200 8779 "https://ilgazhavalandirma.com.tr/?sitemap191.xml" "Mozilla/5.0 (Linux; Android 7.0;) AppleWebKit/537.36 (KHTML, like Gecko) Mobile Safari/537.36 (compatible; PetalBot;+https://webmaster.petalsearch.com/site/petalbot)"
52.167.144.183 - - [19/Oct/2025:08:01:40 +0300] "GET /goodscode/155795929.htm?path=/ HTTP/1.1" 200 284 "-" "Mozilla/5.0 AppleWebKit/537.36 (KHTML, like Gecko; compatible; bingbot/2.0; +http://www.bing.com/bingbot.htm) Chrome/116.0.1938.76 Safari/537.36"
52.167.144.197 - - [19/Oct/2025:08:01:49 +0300] "GET /goodscode/152738508.htm HTTP/1.1" 200 4210 "-" "Mozilla/5.0 AppleWebKit/537.36 (KHTML, like Gecko; compatible; bingbot/2.0; +http://www.bing.com/bingbot.htm) Chrome/116.0.1938.76 Safari/537.36"
52.167.144.197 - - [19/Oct/2025:08:01:50 +0300] "GET /goodscode/44307873.htm HTTP/1.1" 200 284 "-" "Mozilla/5.0 AppleWebKit/537.36 (KHTML, like Gecko; compatible; bingbot/2.0; +http://www.bing.com/bingbot.htm) Chrome/116.0.1938.76 Safari/537.36"
52.167.144.183 - - [19/Oct/2025:08:01:56 +0300] "GET /goodscode/127409191.htm HTTP/1.1" 200 4210 "-" "Mozilla/5.0 AppleWebKit/537.36 (KHTML, like Gecko; compatible; bingbot/2.0; +http://www.bing.com/bingbot.htm) Chrome/116.0.1938.76 Safari/537.36"
20.171.207.126 - - [19/Oct/2025:08:02:00 +0300] "GET /search.php?escape113000496.html HTTP/1.1" 403 4896 "-" "Mozilla/5.0 AppleWebKit/537.36 (KHTML, like Gecko; compatible; GPTBot/1.2; +https://openai.com/gptbot)"
52.167.144.197 - - [19/Oct/2025:08:02:02 +0300] "GET /goodscode/93915810.htm HTTP/1.1" 200 4210 "-" "Mozilla/5.0 AppleWebKit/537.36 (KHTML, like Gecko; compatible; bingbot/2.0; +http://www.bing.com/bingbot.htm) Chrome/116.0.1938.76 Safari/537.36"
66.249.75.37 - - [19/Oct/2025:08:02:17 +0300] "GET /sample17?kg=30827 HTTP/1.1" 200 4148 "-" "Mozilla/5.0 (Linux; Android 6.0.1; Nexus 5X Build/MMB29P) AppleWebKit/537.36 (KHTML, like Gecko) Chrome/140.0.7339.207 Mobile Safari/537.36 (compatible; Googlebot/2.1; +http://www.google.com/bot.html)"
52.167.144.183 - - [19/Oct/2025:08:02:19 +0300] "GET /goodscode/405707601.htm HTTP/1.1" 200 4210 "-" "Mozilla/5.0 AppleWebKit/537.36 (KHTML, like Gecko; compatible; bingbot/2.0; +http://www.bing.com/bingbot.htm) Chrome/116.0.1938.76 Safari/537.36"
220.158.232.162 - - [19/Oct/2025:08:02:24 +0300] "GET /wp-login.php HTTP/1.1" 200 8807 "-" "Mozilla/4.0 (compatible; MSIE 7.0; Windows NT 6.1; Win64; x64; Trident/7.0; .NET CLR 2.0.50727; SLCC2; .NET CLR 3.5.30729; .NET CLR 3.0.30729; Media Center PC 6.0; .NET4.0C)"
20.171.207.126 - - [19/Oct/2025:08:02:28 +0300] "GET /search.php?emerge277000448.html HTTP/1.1" 403 4896 "-" "Mozilla/5.0 AppleWebKit/537.36 (KHTML, like Gecko; compatible; GPTBot/1.2; +https://openai.com/gptbot)"
52.167.144.183 - - [19/Oct/2025:08:02:38 +0300] "GET /goodscode/113483746.htm HTTP/1.1" 200 4210 "-" "Mozilla/5.0 AppleWebKit/537.36 (KHTML, like Gecko; compatible; bingbot/2.0; +http://www.bing.com/bingbot.htm) Chrome/116.0.1938.76 Safari/537.36"
66.249.78.41 - - [19/Oct/2025:08:02:51 +0300] "GET /side285?kg=10723 HTTP/1.1" 200 28442 "-" "Mozilla/5.0 (Linux; Android 6.0.1; Nexus 5X Build/MMB29P) AppleWebKit/537.36 (KHTML, like Gecko) Chrome/140.0.7339.207 Mobile Safari/537.36 (compatible; Googlebot/2.1; +http://www.google.com/bot.html)"
52.167.144.197 - - [19/Oct/2025:08:02:52 +0300] "GET /goodscode/67486215.htm HTTP/1.1" 200 4210 "-" "Mozilla/5.0 AppleWebKit/537.36 (KHTML, like Gecko; compatible; bingbot/2.0; +http://www.bing.com/bingbot.htm) Chrome/116.0.1938.76 Safari/537.36"
20.171.207.126 - - [19/Oct/2025:08:02:56 +0300] "GET /search.php?simply033000482.html HTTP/1.1" 403 4896 "-" "Mozilla/5.0 AppleWebKit/537.36 (KHTML, like Gecko; compatible; GPTBot/1.2; +https://openai.com/gptbot)"
114.119.129.175 - - [19/Oct/2025:08:03:16 +0300] "GET /products/276xm43347 HTTP/1.1" 200 8779 "https://ilgazhavalandirma.com.tr/?sitemap191.xml" "Mozilla/5.0 (Linux; Android 7.0;) AppleWebKit/537.36 (KHTML, like Gecko) Mobile Safari/537.36 (compatible; PetalBot;+https://webmaster.petalsearch.com/site/petalbot)"
220.158.232.162 - - [19/Oct/2025:08:03:19 +0300] "GET /wp-login.php HTTP/1.1" 200 8807 "-" "Mozilla/4.0 (compatible; MSIE 7.0; Windows NT 6.1; Win64; x64; Trident/7.0; .NET CLR 2.0.50727; SLCC2; .NET CLR 3.5.30729; .NET CLR 3.0.30729; Media Center PC 6.0; .NET4.0C)"
20.171.207.126 - - [19/Oct/2025:08:03:24 +0300] "GET /search.php?closed099000244.html HTTP/1.1" 403 4896 "-" "Mozilla/5.0 AppleWebKit/537.36 (KHTML, like Gecko; compatible; GPTBot/1.2; +https://openai.com/gptbot)"
52.167.144.183 - - [19/Oct/2025:08:03:36 +0300] "GET /goodscode/134073648.htm?path=/ HTTP/1.1" 200 4210 "-" "Mozilla/5.0 AppleWebKit/537.36 (KHTML, like Gecko; compatible; bingbot/2.0; +http://www.bing.com/bingbot.htm) Chrome/116.0.1938.76 Safari/537.36"
52.167.144.197 - - [19/Oct/2025:08:03:41 +0300] "GET /goodscode/207285250.htm?path=/var HTTP/1.1" 200 4210 "-" "Mozilla/5.0 AppleWebKit/537.36 (KHTML, like Gecko; compatible; bingbot/2.0; +http://www.bing.com/bingbot.htm) Chrome/116.0.1938.76 Safari/537.36"
20.171.207.126 - - [19/Oct/2025:08:03:53 +0300] "GET /search.php?racism260009905.html HTTP/1.1" 403 4896 "-" "Mozilla/5.0 AppleWebKit/537.36 (KHTML, like Gecko; compatible; GPTBot/1.2; +https://openai.com/gptbot)"
66.249.69.193 - - [19/Oct/2025:08:03:58 +0300] "GET /?i=489218213 HTTP/1.1" 200 23567 "-" "Mozilla/5.0 (Linux; Android 6.0.1; Nexus 5X Build/MMB29P) AppleWebKit/537.36 (KHTML, like Gecko) Chrome/140.0.7339.207 Mobile Safari/537.36 (compatible; Googlebot/2.1; +http://www.google.com/bot.html)"
52.167.144.218 - - [19/Oct/2025:08:04:00 +0300] "GET /goodscode/242317428.htm HTTP/1.1" 200 4210 "-" "Mozilla/5.0 AppleWebKit/537.36 (KHTML, like Gecko; compatible; bingbot/2.0; +http://www.bing.com/bingbot.htm) Chrome/116.0.1938.76 Safari/537.36"
66.249.75.38 - - [19/Oct/2025:08:04:15 +0300] "GET /slope60?kg=8776 HTTP/1.1" 200 23729 "-" "Mozilla/5.0 (Linux; Android 6.0.1; Nexus 5X Build/MMB29P) AppleWebKit/537.36 (KHTML, like Gecko) Chrome/140.0.7339.207 Mobile Safari/537.36 (compatible; Googlebot/2.1; +http://www.google.com/bot.html)"
52.167.144.197 - - [19/Oct/2025:08:04:20 +0300] "GET /goodscode/223735388.htm?path=/var/www/vhosts HTTP/1.1" 200 4210 "-" "Mozilla/5.0 AppleWebKit/537.36 (KHTML, like Gecko; compatible; bingbot/2.0; +http://www.bing.com/bingbot.htm) Chrome/116.0.1938.76 Safari/537.36"
20.171.207.126 - - [19/Oct/2025:08:04:23 +0300] "GET /search.php?defend267007222.html HTTP/1.1" 403 4896 "-" "Mozilla/5.0 AppleWebKit/537.36 (KHTML, like Gecko; compatible; GPTBot/1.2; +https://openai.com/gptbot)"
52.167.144.197 - - [19/Oct/2025:08:04:30 +0300] "GET /goodscode/39198575.htm?path=/ HTTP/1.1" 200 4210 "-" "Mozilla/5.0 AppleWebKit/537.36 (KHTML, like Gecko; compatible; bingbot/2.0; +http://www.bing.com/bingbot.htm) Chrome/116.0.1938.76 Safari/537.36"
40.77.167.76 - - [19/Oct/2025:08:04:38 +0300] "GET /?sitemap298.xml HTTP/1.1" 200 4210 "-" "Mozilla/5.0 AppleWebKit/537.36 (KHTML, like Gecko; compatible; bingbot/2.0; +http://www.bing.com/bingbot.htm) Chrome/116.0.1938.76 Safari/537.36"
20.171.207.126 - - [19/Oct/2025:08:04:50 +0300] "GET /search.php?center210002833.html HTTP/1.1" 403 4896 "-" "Mozilla/5.0 AppleWebKit/537.36 (KHTML, like Gecko; compatible; GPTBot/1.2; +https://openai.com/gptbot)"
52.167.144.218 - - [19/Oct/2025:08:04:51 +0300] "GET /goodscode/656685252.htm HTTP/1.1" 200 4210 "-" "Mozilla/5.0 AppleWebKit/537.36 (KHTML, like Gecko; compatible; bingbot/2.0; +http://www.bing.com/bingbot.htm) Chrome/116.0.1938.76 Safari/537.36"
114.119.129.175 - - [19/Oct/2025:08:04:53 +0300] "GET /products/275ks26988 HTTP/1.1" 200 8779 "https://ilgazhavalandirma.com.tr/?sitemap191.xml" "Mozilla/5.0 (Linux; Android 7.0;) AppleWebKit/537.36 (KHTML, like Gecko) Mobile Safari/537.36 (compatible; PetalBot;+https://webmaster.petalsearch.com/site/petalbot)"
57.141.4.48 - - [19/Oct/2025:08:04:56 +0300] "GET /goodscode/974853357.htm HTTP/1.1" 200 89337 "-" "meta-externalagent/1.1 (+https://developers.facebook.com/docs/sharing/webmasters/crawler)"
52.167.144.218 - - [19/Oct/2025:08:05:08 +0300] "GET /goodscode/157015572.htm HTTP/1.1" 200 4210 "-" "Mozilla/5.0 AppleWebKit/537.36 (KHTML, like Gecko; compatible; bingbot/2.0; +http://www.bing.com/bingbot.htm) Chrome/116.0.1938.76 Safari/537.36"
20.171.207.126 - - [19/Oct/2025:08:05:19 +0300] "GET /search.php?dealer083000696.html HTTP/1.1" 403 4896 "-" "Mozilla/5.0 AppleWebKit/537.36 (KHTML, like Gecko; compatible; GPTBot/1.2; +https://openai.com/gptbot)"
66.249.75.37 - - [19/Oct/2025:08:05:18 +0300] "GET /small83?kg=29401 HTTP/1.1" 200 23697 "-" "Mozilla/5.0 (Linux; Android 6.0.1; Nexus 5X Build/MMB29P) AppleWebKit/537.36 (KHTML, like Gecko) Chrome/140.0.7339.207 Mobile Safari/537.36 (compatible; Googlebot/2.1; +http://www.google.com/bot.html)"
52.167.144.197 - - [19/Oct/2025:08:05:20 +0300] "GET /goodscode/1002475902.htm HTTP/1.1" 200 4210 "-" "Mozilla/5.0 AppleWebKit/537.36 (KHTML, like Gecko; compatible; bingbot/2.0; +http://www.bing.com/bingbot.htm) Chrome/116.0.1938.76 Safari/537.36"
40.77.167.76 - - [19/Oct/2025:08:05:31 +0300] "GET /goodscode/1008876170.htm HTTP/1.1" 200 4210 "-" "Mozilla/5.0 AppleWebKit/537.36 (KHTML, like Gecko; compatible; bingbot/2.0; +http://www.bing.com/bingbot.htm) Chrome/116.0.1938.76 Safari/537.36"
216.244.66.233 - - [19/Oct/2025:08:05:36 +0300] "GET /robots.txt HTTP/1.1" 200 3860 "-" "Mozilla/5.0 (compatible; DotBot/1.2; +https://opensiteexplorer.org/dotbot; help@moz.com)"
40.77.167.254 - - [19/Oct/2025:08:05:46 +0300] "GET /pages.php?sitemap966.xml HTTP/1.1" 403 4987 "-" "Mozilla/5.0 AppleWebKit/537.36 (KHTML, like Gecko; compatible; bingbot/2.0; +http://www.bing.com/bingbot.htm) Chrome/116.0.1938.76 Safari/537.36"
