52.167.144.194 - - [19/Oct/2025:10:33:24 +0300] "GET /goodscode/1046406909.htm HTTP/1.1" 200 4210 "-" "Mozilla/5.0 AppleWebKit/537.36 (KHTML, like Gecko; compatible; bingbot/2.0; +http://www.bing.com/bingbot.htm) Chrome/116.0.1938.76 Safari/537.36"
52.167.144.194 - - [19/Oct/2025:10:33:27 +0300] "GET /goodscode/79135818.htm HTTP/1.1" 200 284 "-" "Mozilla/5.0 AppleWebKit/537.36 (KHTML, like Gecko; compatible; bingbot/2.0; +http://www.bing.com/bingbot.htm) Chrome/116.0.1938.76 Safari/537.36"
114.119.142.93 - - [19/Oct/2025:10:33:16 +0300] "GET /products/259jo16332 HTTP/1.1" 200 8790 "https://ilgazhavalandirma.com.tr/?sitemap191.xml" "Mozilla/5.0 (Linux; Android 7.0;) AppleWebKit/537.36 (KHTML, like Gecko) Mobile Safari/537.36 (compatible; PetalBot;+https://webmaster.petalsearch.com/site/petalbot)"
52.167.144.194 - - [19/Oct/2025:10:33:36 +0300] "GET /goodscode/197364521.htm HTTP/1.1" 200 4195 "-" "Mozilla/5.0 AppleWebKit/537.36 (KHTML, like Gecko; compatible; bingbot/2.0; +http://www.bing.com/bingbot.htm) Chrome/116.0.1938.76 Safari/537.36"
20.171.207.126 - - [19/Oct/2025:10:33:40 +0300] "GET /search.php?weave255006542.html HTTP/1.1" 403 4896 "-" "Mozilla/5.0 AppleWebKit/537.36 (KHTML, like Gecko; compatible; GPTBot/1.2; +https://openai.com/gptbot)"
125.160.16.51 - - [19/Oct/2025:10:33:32 +0300] "GET /admin.php HTTP/1.1" 200 8874 "-" "Mozilla/5.0 (Windows NT 10.0; Win64; x64) AppleWebKit/537.36 (KHTML, like Gecko) Chrome/120.0.0.0 Safari/537.36"
52.167.144.194 - - [19/Oct/2025:10:33:46 +0300] "GET /goodscode/216122538.htm HTTP/1.1" 200 4195 "-" "Mozilla/5.0 AppleWebKit/537.36 (KHTML, like Gecko; compatible; bingbot/2.0; +http://www.bing.com/bingbot.htm) Chrome/116.0.1938.76 Safari/537.36"
52.167.144.194 - - [19/Oct/2025:10:33:56 +0300] "GET /zhHant/product/surugaya/I3952061279?campaign_uid=f64d716db5e979ed2f947dbaf4296895b951ae7f HTTP/1.1" 200 939 "-" "Mozilla/5.0 AppleWebKit/537.36 (KHTML, like Gecko; compatible; bingbot/2.0; +http://www.bing.com/bingbot.htm) Chrome/116.0.1938.76 Safari/537.36"
47.82.11.11 - - [19/Oct/2025:10:33:45 +0300] "GET /?i=423094913 HTTP/1.1" 200 8771 "https://ilgazhavalandirma.com.tr/" "Mozilla/5.0 (Windows NT 10.0; Win64; x64) AppleWebKit/537.36 (KHTML, like Gecko) Chrome/135.0.0.0 Safari/537.36"
125.160.16.51 - - [19/Oct/2025:10:33:50 +0300] "GET /admin.php HTTP/1.1" 200 8874 "-" "Mozilla/5.0 (Windows NT 10.0; Win64; x64) AppleWebKit/537.36 (KHTML, like Gecko) Chrome/120.0.0.0 Safari/537.36"
66.249.76.98 - - [19/Oct/2025:10:34:05 +0300] "GET /?i=396033413 HTTP/1.1" 200 23632 "-" "Mozilla/5.0 (Linux; Android 6.0.1; Nexus 5X Build/MMB29P) AppleWebKit/537.36 (KHTML, like Gecko) Chrome/140.0.7339.207 Mobile Safari/537.36 (compatible; Googlebot/2.1; +http://www.google.com/bot.html)"
20.171.207.126 - - [19/Oct/2025:10:34:09 +0300] "GET /search.php?patch167025420.html HTTP/1.1" 403 4896 "-" "Mozilla/5.0 AppleWebKit/537.36 (KHTML, like Gecko; compatible; GPTBot/1.2; +https://openai.com/gptbot)"
52.167.144.191 - - [19/Oct/2025:10:34:14 +0300] "GET /goodscode/228432307.htm HTTP/1.1" 200 4210 "-" "Mozilla/5.0 AppleWebKit/537.36 (KHTML, like Gecko; compatible; bingbot/2.0; +http://www.bing.com/bingbot.htm) Chrome/116.0.1938.76 Safari/537.36"
125.160.16.51 - - [19/Oct/2025:10:34:09 +0300] "GET /admin.php HTTP/1.1" 200 8874 "-" "Mozilla/5.0 (Windows NT 10.0; Win64; x64) AppleWebKit/537.36 (KHTML, like Gecko) Chrome/120.0.0.0 Safari/537.36"
204.12.208.18 - - [19/Oct/2025:10:34:23 +0300] "GET /wp-content/xa1d95f/edit.php HTTP/1.1" 200 449 "https://ilgazhavalandirma.com.tr/wp-content/xa1d95f/edit.php" "Mozilla/5.0 (Windows NT 5.1) AppleWebKit/534.30 (KHTML, like Gecko) Chrome/12.0.742.122 Safari/534.30 ChromePlus/1.6.3.1"
20.171.207.126 - - [19/Oct/2025:10:34:38 +0300] "GET /search.php?trick082008893.html HTTP/1.1" 403 4896 "-" "Mozilla/5.0 AppleWebKit/537.36 (KHTML, like Gecko; compatible; GPTBot/1.2; +https://openai.com/gptbot)"
125.160.16.51 - - [19/Oct/2025:10:34:22 +0300] "GET /admin.php HTTP/1.1" 200 8874 "-" "Mozilla/5.0 (Windows NT 10.0; Win64; x64) AppleWebKit/537.36 (KHTML, like Gecko) Chrome/120.0.0.0 Safari/537.36"
40.77.167.150 - - [19/Oct/2025:10:34:44 +0300] "GET /goodscode/130450250.htm?path=/var/www HTTP/1.1" 200 4210 "-" "Mozilla/5.0 AppleWebKit/537.36 (KHTML, like Gecko; compatible; bingbot/2.0; +http://www.bing.com/bingbot.htm) Chrome/116.0.1938.76 Safari/537.36"
40.77.167.150 - - [19/Oct/2025:10:34:46 +0300] "GET /goodscode/226196306.htm HTTP/1.1" 200 284 "-" "Mozilla/5.0 AppleWebKit/537.36 (KHTML, like Gecko; compatible; bingbot/2.0; +http://www.bing.com/bingbot.htm) Chrome/116.0.1938.76 Safari/537.36"
52.167.144.150 - - [19/Oct/2025:10:34:49 +0300] "GET /goodscode/143416965.htm HTTP/1.1" 200 4198 "-" "Mozilla/5.0 AppleWebKit/537.36 (KHTML, like Gecko; compatible; bingbot/2.0; +http://www.bing.com/bingbot.htm) Chrome/116.0.1938.76 Safari/537.36"
114.119.151.146 - - [19/Oct/2025:10:34:46 +0300] "GET /products/259eu20246 HTTP/1.1" 200 8790 "https://ilgazhavalandirma.com.tr/?sitemap191.xml" "Mozilla/5.0 (Linux; Android 7.0;) AppleWebKit/537.36 (KHTML, like Gecko) Mobile Safari/537.36 (compatible; PetalBot;+https://webmaster.petalsearch.com/site/petalbot)"
20.171.207.126 - - [19/Oct/2025:10:35:06 +0300] "GET /search.php?truth048042683.html HTTP/1.1" 403 4896 "-" "Mozilla/5.0 AppleWebKit/537.36 (KHTML, like Gecko; compatible; GPTBot/1.2; +https://openai.com/gptbot)"
40.77.167.123 - - [19/Oct/2025:10:35:13 +0300] "GET /goodscode/149486091.htm HTTP/1.1" 200 4210 "-" "Mozilla/5.0 AppleWebKit/537.36 (KHTML, like Gecko; compatible; bingbot/2.0; +http://www.bing.com/bingbot.htm) Chrome/116.0.1938.76 Safari/537.36"
52.167.144.191 - - [19/Oct/2025:10:35:14 +0300] "GET /goodscode/25560267.htm HTTP/1.1" 200 4210 "-" "Mozilla/5.0 AppleWebKit/537.36 (KHTML, like Gecko; compatible; bingbot/2.0; +http://www.bing.com/bingbot.htm) Chrome/116.0.1938.76 Safari/537.36"
40.77.167.123 - - [19/Oct/2025:10:35:15 +0300] "GET /goodscode/140495680.htm HTTP/1.1" 200 284 "-" "Mozilla/5.0 AppleWebKit/537.36 (KHTML, like Gecko; compatible; bingbot/2.0; +http://www.bing.com/bingbot.htm) Chrome/116.0.1938.76 Safari/537.36"
204.12.208.18 - - [19/Oct/2025:10:34:03 +0300] "GET /wp-content/xa1d95f/edit.php HTTP/1.1" 200 3579 "https://ilgazhavalandirma.com.tr/wp-content/xa1d95f/edit.php" "Mozilla/5.0 (Windows NT 6.1; WOW64; rv:5.0) Gecko/20100101 Firefox/5.0"
20.171.207.126 - - [19/Oct/2025:10:35:33 +0300] "GET /search.php?exist114015701.html HTTP/1.1" 403 4896 "-" "Mozilla/5.0 AppleWebKit/537.36 (KHTML, like Gecko; compatible; GPTBot/1.2; +https://openai.com/gptbot)"
40.77.167.150 - - [19/Oct/2025:10:35:56 +0300] "GET /goodscode/345967102.htm HTTP/1.1" 200 4210 "-" "Mozilla/5.0 AppleWebKit/537.36 (KHTML, like Gecko; compatible; bingbot/2.0; +http://www.bing.com/bingbot.htm) Chrome/116.0.1938.76 Safari/537.36"
20.171.207.126 - - [19/Oct/2025:10:36:01 +0300] "GET /search.php?cheap051028632.html HTTP/1.1" 403 4896 "-" "Mozilla/5.0 AppleWebKit/537.36 (KHTML, like Gecko; compatible; GPTBot/1.2; +https://openai.com/gptbot)"
204.12.252.98 - - [19/Oct/2025:10:36:09 +0300] "GET /wp-content/x96a6a8/edit.php HTTP/1.1" 200 4168 "https://ilgazhavalandirma.com.tr/wp-content/x96a6a8/edit.php" "Mozilla/5.0 (Windows NT 10.0; Win64; x64) AppleWebKit/537.36 (KHTML, like Gecko) Chrome/58.0.3029.110 Safari/537.3"
173.252.70.125 - - [19/Oct/2025:10:36:18 +0300] "GET /robots.txt HTTP/1.1" 206 4658 "-" "facebookexternalhit/1.1 (+http://www.facebook.com/externalhit_uatext.php)"
52.167.144.150 - - [19/Oct/2025:10:36:24 +0300] "GET /goodscode/550348521.htm HTTP/1.1" 200 4198 "-" "Mozilla/5.0 AppleWebKit/537.36 (KHTML, like Gecko; compatible; bingbot/2.0; +http://www.bing.com/bingbot.htm) Chrome/116.0.1938.76 Safari/537.36"
114.119.129.175 - - [19/Oct/2025:10:36:26 +0300] "GET /products/259em20618 HTTP/1.1" 200 8790 "https://ilgazhavalandirma.com.tr/?sitemap191.xml" "Mozilla/5.0 (Linux; Android 7.0;) AppleWebKit/537.36 (KHTML, like Gecko) Mobile Safari/537.36 (compatible; PetalBot;+https://webmaster.petalsearch.com/site/petalbot)"
20.171.207.126 - - [19/Oct/2025:10:36:28 +0300] "GET /search.php?pulse287022530.html HTTP/1.1" 403 4896 "-" "Mozilla/5.0 AppleWebKit/537.36 (KHTML, like Gecko; compatible; GPTBot/1.2; +https://openai.com/gptbot)"
40.77.167.123 - - [19/Oct/2025:10:36:33 +0300] "GET /goodscode/135543258.htm HTTP/1.1" 200 4210 "-" "Mozilla/5.0 AppleWebKit/537.36 (KHTML, like Gecko; compatible; bingbot/2.0; +http://www.bing.com/bingbot.htm) Chrome/116.0.1938.76 Safari/537.36"
52.167.144.191 - - [19/Oct/2025:10:36:44 +0300] "GET /goodscode/118976616.htm HTTP/1.1" 200 4210 "-" "Mozilla/5.0 AppleWebKit/537.36 (KHTML, like Gecko; compatible; bingbot/2.0; +http://www.bing.com/bingbot.htm) Chrome/116.0.1938.76 Safari/537.36"
52.167.144.150 - - [19/Oct/2025:10:36:45 +0300] "GET /goodscode/182069197.htm HTTP/1.1" 200 4210 "-" "Mozilla/5.0 AppleWebKit/537.36 (KHTML, like Gecko; compatible; bingbot/2.0; +http://www.bing.com/bingbot.htm) Chrome/116.0.1938.76 Safari/537.36"
20.171.207.126 - - [19/Oct/2025:10:36:57 +0300] "GET /search.php?array052034493.html HTTP/1.1" 403 4896 "-" "Mozilla/5.0 AppleWebKit/537.36 (KHTML, like Gecko; compatible; GPTBot/1.2; +https://openai.com/gptbot)"
124.248.184.195 - - [19/Oct/2025:10:36:56 +0300] "GET /wp-login.php HTTP/1.1" 200 8874 "-" "Mozilla/5.0 (Windows NT 10.0; Win64; x64) AppleWebKit/537.36 (KHTML, like Gecko) Chrome/120.0.6099.71 Safari/537.36"
124.248.184.195 - - [19/Oct/2025:10:36:58 +0300] "GET /wp-login.php HTTP/1.1" 200 5038 "-" "Mozilla/5.0 (Windows NT 10.0; Win64; x64) AppleWebKit/537.36 (KHTML, like Gecko) Chrome/120.0.6099.71 Safari/537.36"
124.248.184.195 - - [19/Oct/2025:10:37:01 +0300] "GET /wp-admin/ HTTP/1.1" 200 6698 "-" "Mozilla/5.0 (Windows NT 10.0; Win64; x64) AppleWebKit/537.36 (KHTML, like Gecko) Chrome/120.0.6099.71 Safari/537.36"
124.248.184.195 - - [19/Oct/2025:10:37:05 +0300] "GET /wp-admin/edit.php HTTP/1.1" 200 6698 "-" "Mozilla/5.0 (Windows NT 10.0; Win64; x64) AppleWebKit/537.36 (KHTML, like Gecko) Chrome/120.0.6099.71 Safari/537.36"
40.77.167.123 - - [19/Oct/2025:10:37:20 +0300] "GET /goodscode/138146405.htm HTTP/1.1" 200 4210 "-" "Mozilla/5.0 AppleWebKit/537.36 (KHTML, like Gecko; compatible; bingbot/2.0; +http://www.bing.com/bingbot.htm) Chrome/116.0.1938.76 Safari/537.36"
40.77.167.123 - - [19/Oct/2025:10:37:21 +0300] "GET /goodscode/211106938.htm HTTP/1.1" 200 284 "-" "Mozilla/5.0 AppleWebKit/537.36 (KHTML, like Gecko; compatible; bingbot/2.0; +http://www.bing.com/bingbot.htm) Chrome/116.0.1938.76 Safari/537.36"
20.171.207.126 - - [19/Oct/2025:10:37:24 +0300] "GET /search.php?smart144029925.html HTTP/1.1" 403 4896 "-" "Mozilla/5.0 AppleWebKit/537.36 (KHTML, like Gecko; compatible; GPTBot/1.2; +https://openai.com/gptbot)"
66.249.69.194 - - [19/Oct/2025:10:37:26 +0300] "GET /goodscode/1094955844.htm HTTP/1.1" 200 28461 "-" "Mozilla/5.0 (Linux; Android 6.0.1; Nexus 5X Build/MMB29P) AppleWebKit/537.36 (KHTML, like Gecko) Chrome/140.0.7339.207 Mobile Safari/537.36 (compatible; Googlebot/2.1; +http://www.google.com/bot.html)"
40.77.167.150 - - [19/Oct/2025:10:37:27 +0300] "GET /goodscode/144254198.htm HTTP/1.1" 200 4210 "-" "Mozilla/5.0 AppleWebKit/537.36 (KHTML, like Gecko; compatible; bingbot/2.0; +http://www.bing.com/bingbot.htm) Chrome/116.0.1938.76 Safari/537.36"
204.12.252.98 - - [19/Oct/2025:10:36:06 +0300] "GET /wp-content/x96a6a8/edit.php HTTP/1.1" 200 4094 "https://ilgazhavalandirma.com.tr/wp-content/x96a6a8/edit.php" "Mozilla/5.0 (Windows NT 10.0; Win64; x64) AppleWebKit/537.36 (KHTML, like Gecko) Chrome/58.0.3029.110 Safari/537.3"
52.167.144.150 - - [19/Oct/2025:10:37:34 +0300] "GET /goodscode/289238300.htm HTTP/1.1" 200 4210 "-" "Mozilla/5.0 AppleWebKit/537.36 (KHTML, like Gecko; compatible; bingbot/2.0; +http://www.bing.com/bingbot.htm) Chrome/116.0.1938.76 Safari/537.36"
66.249.75.39 - - [19/Oct/2025:10:37:33 +0300] "GET /donor94?path=/var/www/vhosts/ilgazhavalandirma.com.tr HTTP/1.1" 200 23563 "-" "Mozilla/5.0 (Linux; Android 6.0.1; Nexus 5X Build/MMB29P) AppleWebKit/537.36 (KHTML, like Gecko) Chrome/140.0.7339.207 Mobile Safari/537.36 (compatible; Googlebot/2.1; +http://www.google.com/bot.html)"
216.73.216.135 - - [19/Oct/2025:10:37:38 +0300] "GET /robots.txt HTTP/1.1" 200 4286 "-" "Mozilla/5.0 AppleWebKit/537.36 (KHTML, like Gecko; compatible; ClaudeBot/1.0; +claudebot@anthropic.com)"
216.73.216.135 - - [19/Oct/2025:10:37:38 +0300] "GET / HTTP/1.1" 200 4983 "-" "Mozilla/5.0 AppleWebKit/537.36 (KHTML, like Gecko; compatible; ClaudeBot/1.0; +claudebot@anthropic.com)"
57.141.4.23 - - [19/Oct/2025:10:37:39 +0300] "GET /goodscode/975069035.htm?fileloc=/var/www/vhosts/ilgazhavalandirma.com.tr/httpdocs/wp-load.php&path=/var/www/vhosts/ilgazhavalandirma.com.tr/httpdocs HTTP/1.1" 200 20943 "-" "meta-externalagent/1.1 (+https://developers.facebook.com/docs/sharing/webmasters/crawler)"
66.249.78.41 - - [19/Oct/2025:10:37:48 +0300] "GET /visitor177?kg=7865 HTTP/1.1" 200 23858 "-" "Mozilla/5.0 (Linux; Android 6.0.1; Nexus 5X Build/MMB29P) AppleWebKit/537.36 (KHTML, like Gecko) Chrome/140.0.7339.207 Mobile Safari/537.36 (compatible; Googlebot/2.1; +http://www.google.com/bot.html)"
66.249.76.96 - - [19/Oct/2025:10:37:49 +0300] "GET /?i=670941313 HTTP/1.1" 200 23604 "-" "Mozilla/5.0 (Linux; Android 6.0.1; Nexus 5X Build/MMB29P) AppleWebKit/537.36 (KHTML, like Gecko) Chrome/140.0.7339.207 Mobile Safari/537.36 (compatible; Googlebot/2.1; +http://www.google.com/bot.html)"
114.119.146.15 - - [19/Oct/2025:10:37:51 +0300] "GET /products/258wg24259 HTTP/1.1" 200 8790 "https://ilgazhavalandirma.com.tr/?sitemap191.xml" "Mozilla/5.0 (Linux; Android 7.0;) AppleWebKit/537.36 (KHTML, like Gecko) Mobile Safari/537.36 (compatible; PetalBot;+https://webmaster.petalsearch.com/site/petalbot)"
20.171.207.126 - - [19/Oct/2025:10:37:52 +0300] "GET /search.php?laser224047317.html HTTP/1.1" 403 4896 "-" "Mozilla/5.0 AppleWebKit/537.36 (KHTML, like Gecko; compatible; GPTBot/1.2; +https://openai.com/gptbot)"
153.231.223.160 - - [19/Oct/2025:10:38:14 +0300] "GET /iletisim/ HTTP/1.1" 200 4351 "https://search.yahoo.co.jp/" "Mozilla/5.0 (Windows NT 10.0; Win64; x64) AppleWebKit/537.36 (KHTML, like Gecko) HeadlessChrome/141.0.0.0 Safari/537.36"
153.231.223.160 - - [19/Oct/2025:10:38:14 +0300] "GET / HTTP/1.1" 200 4350 "https://search.yahoo.co.jp/" "Mozilla/5.0 (Windows NT 10.0; Win64; x64) AppleWebKit/537.36 (KHTML, like Gecko) HeadlessChrome/141.0.0.0 Safari/537.36"
153.231.223.160 - - [19/Oct/2025:10:38:15 +0300] "GET /urunlerimiz/ HTTP/1.1" 200 1093 "https://search.yahoo.co.jp/" "Mozilla/5.0 (Windows NT 10.0; Win64; x64) AppleWebKit/537.36 (KHTML, like Gecko) HeadlessChrome/141.0.0.0 Safari/537.36"
153.231.223.160 - - [19/Oct/2025:10:38:15 +0300] "GET /hizmetlerimiz/ HTTP/1.1" 200 515 "https://search.yahoo.co.jp/" "Mozilla/5.0 (Windows NT 10.0; Win64; x64) AppleWebKit/537.36 (KHTML, like Gecko) HeadlessChrome/141.0.0.0 Safari/537.36"
153.231.223.160 - - [19/Oct/2025:10:38:16 +0300] "GET /products/51ih916 HTTP/1.1" 200 515 "https://search.yahoo.co.jp/" "Mozilla/5.0 (Windows NT 10.0; Win64; x64) AppleWebKit/537.36 (KHTML, like Gecko) HeadlessChrome/141.0.0.0 Safari/537.36"
153.231.223.160 - - [19/Oct/2025:10:38:17 +0300] "GET /goodscode/28567101.htm HTTP/1.1" 200 514 "https://search.yahoo.co.jp/" "Mozilla/5.0 (Windows NT 10.0; Win64; x64) AppleWebKit/537.36 (KHTML, like Gecko) HeadlessChrome/141.0.0.0 Safari/537.36"
153.231.223.160 - - [19/Oct/2025:10:38:19 +0300] "GET /?i=422762413 HTTP/1.1" 200 515 "https://search.yahoo.co.jp/" "Mozilla/5.0 (Windows NT 10.0; Win64; x64) AppleWebKit/537.36 (KHTML, like Gecko) HeadlessChrome/141.0.0.0 Safari/537.36"
20.171.207.126 - - [19/Oct/2025:10:38:20 +0300] "GET /search.php?upset292032585.html HTTP/1.1" 403 4896 "-" "Mozilla/5.0 AppleWebKit/537.36 (KHTML, like Gecko; compatible; GPTBot/1.2; +https://openai.com/gptbot)"
153.231.223.160 - - [19/Oct/2025:10:38:20 +0300] "GET /?i=375001813 HTTP/1.1" 200 512 "https://search.yahoo.co.jp/" "Mozilla/5.0 (Windows NT 10.0; Win64; x64) AppleWebKit/537.36 (KHTML, like Gecko) HeadlessChrome/141.0.0.0 Safari/537.36"
153.231.223.160 - - [19/Oct/2025:10:38:21 +0300] "GET /product/edit/I2420804278 HTTP/1.1" 200 1095 "https://search.yahoo.co.jp/" "Mozilla/5.0 (Windows NT 10.0; Win64; x64) AppleWebKit/537.36 (KHTML, like Gecko) HeadlessChrome/141.0.0.0 Safari/537.36"
66.249.78.41 - - [19/Oct/2025:10:38:21 +0300] "GET /request291?kg=9697 HTTP/1.1" 200 29458 "-" "Mozilla/5.0 (Linux; Android 6.0.1; Nexus 5X Build/MMB29P) AppleWebKit/537.36 (KHTML, like Gecko) Chrome/140.0.7339.207 Mobile Safari/537.36 (compatible; Googlebot/2.1; +http://www.google.com/bot.html)"
153.231.223.160 - - [19/Oct/2025:10:38:22 +0300] "GET /goodscode/972675058.htm HTTP/1.1" 200 513 "https://search.yahoo.co.jp/" "Mozilla/5.0 (Windows NT 10.0; Win64; x64) AppleWebKit/537.36 (KHTML, like Gecko) HeadlessChrome/141.0.0.0 Safari/537.36"
66.249.78.41 - - [19/Oct/2025:10:38:23 +0300] "GET /category/43_44_1428/1/listing HTTP/1.1" 200 23790 "-" "Mozilla/5.0 (Linux; Android 6.0.1; Nexus 5X Build/MMB29P) AppleWebKit/537.36 (KHTML, like Gecko) Chrome/140.0.7339.207 Mobile Safari/537.36 (compatible; Googlebot/2.1; +http://www.google.com/bot.html)"
54.237.42.12 - - [19/Oct/2025:10:38:24 +0300] "GET /wp-login.php HTTP/1.1" 200 8818 "-" "Mozilla/5.0 (Windows NT 10.0; Win64; x64) AppleWebKit/537.36 (KHTML, like Gecko) Chrome/64.0.3282.140 Safari/537.36 Edge/17.17134"
54.237.42.12 - - [19/Oct/2025:10:38:29 +0300] "POST /wp-login.php HTTP/1.1" 200 4983 "https://ilgazhavalandirma.com.tr/wp-login.php" "Mozilla/5.0 (Windows NT 10.0; Win64; x64) AppleWebKit/537.36 (KHTML, like Gecko) Chrome/64.0.3282.140 Safari/537.36 Edge/17.17134"
153.231.223.160 - - [19/Oct/2025:10:38:38 +0300] "GET /goodscode/170757859.htm HTTP/1.1" 200 1095 "https://search.yahoo.co.jp/" "Mozilla/5.0 (Windows NT 10.0; Win64; x64) AppleWebKit/537.36 (KHTML, like Gecko) HeadlessChrome/141.0.0.0 Safari/537.36"
153.231.223.160 - - [19/Oct/2025:10:38:39 +0300] "GET /?i=131170713 HTTP/1.1" 200 1093 "https://search.yahoo.co.jp/" "Mozilla/5.0 (Windows NT 10.0; Win64; x64) AppleWebKit/537.36 (KHTML, like Gecko) HeadlessChrome/141.0.0.0 Safari/537.36"
153.231.223.160 - - [19/Oct/2025:10:38:40 +0300] "GET /?i=50206613 HTTP/1.1" 200 514 "https://search.yahoo.co.jp/" "Mozilla/5.0 (Windows NT 10.0; Win64; x64) AppleWebKit/537.36 (KHTML, like Gecko) HeadlessChrome/141.0.0.0 Safari/537.36"
153.231.223.160 - - [19/Oct/2025:10:38:41 +0300] "GET /?i=431701113 HTTP/1.1" 200 1093 "https://search.yahoo.co.jp/" "Mozilla/5.0 (Windows NT 10.0; Win64; x64) AppleWebKit/537.36 (KHTML, like Gecko) HeadlessChrome/141.0.0.0 Safari/537.36"
153.231.223.160 - - [19/Oct/2025:10:38:42 +0300] "GET /goodscode/669358338.htm HTTP/1.1" 200 513 "https://search.yahoo.co.jp/" "Mozilla/5.0 (Windows NT 10.0; Win64; x64) AppleWebKit/537.36 (KHTML, like Gecko) HeadlessChrome/141.0.0.0 Safari/537.36"
153.231.223.160 - - [19/Oct/2025:10:38:43 +0300] "GET /goodscode/28574086.htm HTTP/1.1" 200 1094 "https://search.yahoo.co.jp/" "Mozilla/5.0 (Windows NT 10.0; Win64; x64) AppleWebKit/537.36 (KHTML, like Gecko) HeadlessChrome/141.0.0.0 Safari/537.36"
153.231.223.160 - - [19/Oct/2025:10:38:44 +0300] "GET /?i=265460213 HTTP/1.1" 200 514 "https://search.yahoo.co.jp/" "Mozilla/5.0 (Windows NT 10.0; Win64; x64) AppleWebKit/537.36 (KHTML, like Gecko) HeadlessChrome/141.0.0.0 Safari/537.36"
153.231.223.160 - - [19/Oct/2025:10:38:46 +0300] "GET /goodscode/475408045.htm HTTP/1.1" 200 514 "https://search.yahoo.co.jp/" "Mozilla/5.0 (Windows NT 10.0; Win64; x64) AppleWebKit/537.36 (KHTML, like Gecko) HeadlessChrome/141.0.0.0 Safari/537.36"
153.231.223.160 - - [19/Oct/2025:10:38:47 +0300] "GET /goodscode/493867498.htm HTTP/1.1" 200 517 "https://search.yahoo.co.jp/" "Mozilla/5.0 (Windows NT 10.0; Win64; x64) AppleWebKit/537.36 (KHTML, like Gecko) HeadlessChrome/141.0.0.0 Safari/537.36"
153.231.223.160 - - [19/Oct/2025:10:38:47 +0300] "GET /products/50df43993 HTTP/1.1" 200 4353 "https://search.yahoo.co.jp/" "Mozilla/5.0 (Windows NT 10.0; Win64; x64) AppleWebKit/537.36 (KHTML, like Gecko) HeadlessChrome/141.0.0.0 Safari/537.36"
20.171.207.126 - - [19/Oct/2025:10:38:49 +0300] "GET /search.php?serve056011431.html HTTP/1.1" 403 4896 "-" "Mozilla/5.0 AppleWebKit/537.36 (KHTML, like Gecko; compatible; GPTBot/1.2; +https://openai.com/gptbot)"
69.197.179.242 - - [19/Oct/2025:10:37:36 +0300] "GET /wp-content/x96a6a8/edit.php?id=377767 HTTP/1.1" 200 4094 "https://ilgazhavalandirma.com.tr/wp-content/x96a6a8/edit.php?id=377767" "Mozilla/5.0 (Windows NT 10.0; Win64; x64) AppleWebKit/537.36 (KHTML, like Gecko) Chrome/58.0.3029.110 Safari/537.3"
153.231.223.160 - - [19/Oct/2025:10:39:03 +0300] "GET /goodscode/1038373040.htm HTTP/1.1" 200 1093 "https://search.yahoo.co.jp/" "Mozilla/5.0 (Windows NT 10.0; Win64; x64) AppleWebKit/537.36 (KHTML, like Gecko) HeadlessChrome/141.0.0.0 Safari/537.36"
153.231.223.160 - - [19/Oct/2025:10:39:03 +0300] "GET /?i=622923113 HTTP/1.1" 200 1093 "https://search.yahoo.co.jp/" "Mozilla/5.0 (Windows NT 10.0; Win64; x64) AppleWebKit/537.36 (KHTML, like Gecko) HeadlessChrome/141.0.0.0 Safari/537.36"
153.231.223.160 - - [19/Oct/2025:10:39:04 +0300] "GET /?i=204325913 HTTP/1.1" 200 513 "https://search.yahoo.co.jp/" "Mozilla/5.0 (Windows NT 10.0; Win64; x64) AppleWebKit/537.36 (KHTML, like Gecko) HeadlessChrome/141.0.0.0 Safari/537.36"
153.231.223.160 - - [19/Oct/2025:10:39:06 +0300] "GET /product/edit/I1079964338 HTTP/1.1" 200 514 "https://search.yahoo.co.jp/" "Mozilla/5.0 (Windows NT 10.0; Win64; x64) AppleWebKit/537.36 (KHTML, like Gecko) HeadlessChrome/141.0.0.0 Safari/537.36"
153.231.223.160 - - [19/Oct/2025:10:39:07 +0300] "GET /?i=417703413 HTTP/1.1" 200 513 "https://search.yahoo.co.jp/" "Mozilla/5.0 (Windows NT 10.0; Win64; x64) AppleWebKit/537.36 (KHTML, like Gecko) HeadlessChrome/141.0.0.0 Safari/537.36"
153.231.223.160 - - [19/Oct/2025:10:39:08 +0300] "GET /?i=356516713 HTTP/1.1" 200 516 "https://search.yahoo.co.jp/" "Mozilla/5.0 (Windows NT 10.0; Win64; x64) AppleWebKit/537.36 (KHTML, like Gecko) HeadlessChrome/141.0.0.0 Safari/537.36"
153.231.223.160 - - [19/Oct/2025:10:39:09 +0300] "GET /products/167di32184 HTTP/1.1" 200 1097 "https://search.yahoo.co.jp/" "Mozilla/5.0 (Windows NT 10.0; Win64; x64) AppleWebKit/537.36 (KHTML, like Gecko) HeadlessChrome/141.0.0.0 Safari/537.36"
153.231.223.160 - - [19/Oct/2025:10:39:10 +0300] "GET /goodscode/271249970.htm HTTP/1.1" 200 514 "https://search.yahoo.co.jp/" "Mozilla/5.0 (Windows NT 10.0; Win64; x64) AppleWebKit/537.36 (KHTML, like Gecko) HeadlessChrome/141.0.0.0 Safari/537.36"
40.77.167.123 - - [19/Oct/2025:10:39:11 +0300] "GET /goodscode/68877383.htm?path=/ HTTP/1.1" 200 4210 "-" "Mozilla/5.0 AppleWebKit/537.36 (KHTML, like Gecko; compatible; bingbot/2.0; +http://www.bing.com/bingbot.htm) Chrome/116.0.1938.76 Safari/537.36"
153.231.223.160 - - [19/Oct/2025:10:39:11 +0300] "GET /goodscode/915912450.htm HTTP/1.1" 200 1094 "https://search.yahoo.co.jp/" "Mozilla/5.0 (Windows NT 10.0; Win64; x64) AppleWebKit/537.36 (KHTML, like Gecko) HeadlessChrome/141.0.0.0 Safari/537.36"
153.231.223.160 - - [19/Oct/2025:10:39:12 +0300] "GET /goodscode/561302028.htm HTTP/1.1" 200 515 "https://search.yahoo.co.jp/" "Mozilla/5.0 (Windows NT 10.0; Win64; x64) AppleWebKit/537.36 (KHTML, like Gecko) HeadlessChrome/141.0.0.0 Safari/537.36"
107.150.39.138 - - [19/Oct/2025:10:39:14 +0300] "POST /xmlrpc.php HTTP/1.1" 200 8818 "-" "Mozilla/5.0 (Windows NT 10.0; Win64; x64) AppleWebKit/537.36 (KHTML, like Gecko) Chrome/66.0.3359.181 Safari/537.36"
40.77.167.150 - - [19/Oct/2025:10:39:15 +0300] "GET /goodscode/36168943.htm?path=/var/www/vhosts HTTP/1.1" 200 4210 "-" "Mozilla/5.0 AppleWebKit/537.36 (KHTML, like Gecko; compatible; bingbot/2.0; +http://www.bing.com/bingbot.htm) Chrome/116.0.1938.76 Safari/537.36"
40.77.167.150 - - [19/Oct/2025:10:39:16 +0300] "GET /goodscode/228320664.htm HTTP/1.1" 200 284 "-" "Mozilla/5.0 AppleWebKit/537.36 (KHTML, like Gecko; compatible; bingbot/2.0; +http://www.bing.com/bingbot.htm) Chrome/116.0.1938.76 Safari/537.36"
20.171.207.126 - - [19/Oct/2025:10:39:18 +0300] "GET /search.php?mouth116040167.html HTTP/1.1" 403 4896 "-" "Mozilla/5.0 AppleWebKit/537.36 (KHTML, like Gecko; compatible; GPTBot/1.2; +https://openai.com/gptbot)"
185.191.171.11 - - [19/Oct/2025:10:39:18 +0300] "GET /robots.txt HTTP/1.1" 200 4258 "-" "Mozilla/5.0 (compatible; SemrushBot/7~bl; +http://www.semrush.com/bot.html)"
185.191.171.5 - - [19/Oct/2025:10:39:20 +0300] "GET /2025/10/08/togel-digital-era-explained-2/ HTTP/1.1" 200 8790 "-" "Mozilla/5.0 (compatible; SemrushBot/7~bl; +http://www.semrush.com/bot.html)"
52.167.144.191 - - [19/Oct/2025:10:39:25 +0300] "GET /goodscode/134529024.htm HTTP/1.1" 200 4210 "-" "Mozilla/5.0 AppleWebKit/537.36 (KHTML, like Gecko; compatible; bingbot/2.0; +http://www.bing.com/bingbot.htm) Chrome/116.0.1938.76 Safari/537.36"
52.167.144.202 - - [19/Oct/2025:10:39:25 +0300] "GET /product/edit/I3738577667 HTTP/1.1" 200 4210 "-" "Mozilla/5.0 AppleWebKit/537.36 (KHTML, like Gecko; compatible; bingbot/2.0; +http://www.bing.com/bingbot.htm) Chrome/116.0.1938.76 Safari/537.36"
66.249.78.41 - - [19/Oct/2025:10:39:31 +0300] "GET /m60899770465?path=/var/www/vhosts/ilgazhavalandirma.com.tr/httpdocs/wp-content HTTP/1.1" 200 23696 "-" "Mozilla/5.0 (Linux; Android 6.0.1; Nexus 5X Build/MMB29P) AppleWebKit/537.36 (KHTML, like Gecko) Chrome/140.0.7339.207 Mobile Safari/537.36 (compatible; Googlebot/2.1; +http://www.google.com/bot.html)"
208.110.64.178 - - [19/Oct/2025:10:39:34 +0300] "GET /wp-content/x96a6a8/edit.php HTTP/1.1" 200 4094 "https://ilgazhavalandirma.com.tr/wp-content/x96a6a8/edit.php" "Mozilla/5.0 (Windows NT 10.0; Win64; x64) AppleWebKit/537.36 (KHTML, like Gecko) Chrome/58.0.3029.110 Safari/537.3"
114.119.149.66 - - [19/Oct/2025:10:39:34 +0300] "GET /products/258ny42945 HTTP/1.1" 200 8790 "https://ilgazhavalandirma.com.tr/?sitemap191.xml" "Mozilla/5.0 (Linux; Android 7.0;) AppleWebKit/537.36 (KHTML, like Gecko) Mobile Safari/537.36 (compatible; PetalBot;+https://webmaster.petalsearch.com/site/petalbot)"
40.77.167.150 - - [19/Oct/2025:10:39:35 +0300] "GET /goodscode/1021151640.htm?path=/var/www/vhosts HTTP/1.1" 200 4198 "-" "Mozilla/5.0 AppleWebKit/537.36 (KHTML, like Gecko; compatible; bingbot/2.0; +http://www.bing.com/bingbot.htm) Chrome/116.0.1938.76 Safari/537.36"
40.77.167.150 - - [19/Oct/2025:10:39:35 +0300] "GET /goodscode/203923853.htm?path=/var HTTP/1.1" 200 272 "-" "Mozilla/5.0 AppleWebKit/537.36 (KHTML, like Gecko; compatible; bingbot/2.0; +http://www.bing.com/bingbot.htm) Chrome/116.0.1938.76 Safari/537.36"
107.150.39.138 - - [19/Oct/2025:10:39:35 +0300] "POST /xmlrpc.php HTTP/1.1" 200 8818 "-" "Mozilla/5.0 (Windows NT 10.0; Win64; x64) AppleWebKit/537.36 (KHTML, like Gecko) Chrome/66.0.3359.181 Safari/537.36"
153.231.223.160 - - [19/Oct/2025:10:39:38 +0300] "GET /?i=110535913 HTTP/1.1" 200 907 "https://search.yahoo.co.jp/" "Mozilla/5.0 (Windows NT 10.0; Win64; x64) AppleWebKit/537.36 (KHTML, like Gecko) HeadlessChrome/141.0.0.0 Safari/537.36"
153.231.223.160 - - [19/Oct/2025:10:39:38 +0300] "GET /favicon.ico HTTP/1.1" 200 5038 "https://ilgazhavalandirma.com.tr/?i=110535913" "Mozilla/5.0 (Windows NT 10.0; Win64; x64) AppleWebKit/537.36 (KHTML, like Gecko) HeadlessChrome/141.0.0.0 Safari/537.36"
153.231.223.160 - - [19/Oct/2025:10:39:39 +0300] "GET /goodscode/283062410.htm HTTP/1.1" 200 517 "https://search.yahoo.co.jp/" "Mozilla/5.0 (Windows NT 10.0; Win64; x64) AppleWebKit/537.36 (KHTML, like Gecko) HeadlessChrome/141.0.0.0 Safari/537.36"
153.231.223.160 - - [19/Oct/2025:10:39:40 +0300] "GET /goodscode/1415748383.htm HTTP/1.1" 200 1095 "https://search.yahoo.co.jp/" "Mozilla/5.0 (Windows NT 10.0; Win64; x64) AppleWebKit/537.36 (KHTML, like Gecko) HeadlessChrome/141.0.0.0 Safari/537.36"
153.231.223.160 - - [19/Oct/2025:10:39:41 +0300] "GET /goodscode/667875111.htm HTTP/1.1" 200 514 "https://search.yahoo.co.jp/" "Mozilla/5.0 (Windows NT 10.0; Win64; x64) AppleWebKit/537.36 (KHTML, like Gecko) HeadlessChrome/141.0.0.0 Safari/537.36"
153.231.223.160 - - [19/Oct/2025:10:39:42 +0300] "GET /?i=273683613 HTTP/1.1" 200 515 "https://search.yahoo.co.jp/" "Mozilla/5.0 (Windows NT 10.0; Win64; x64) AppleWebKit/537.36 (KHTML, like Gecko) HeadlessChrome/141.0.0.0 Safari/537.36"
52.167.144.202 - - [19/Oct/2025:10:39:43 +0300] "GET /goodscode/223995694.htm?path=/var/www HTTP/1.1" 200 4210 "-" "Mozilla/5.0 AppleWebKit/537.36 (KHTML, like Gecko; compatible; bingbot/2.0; +http://www.bing.com/bingbot.htm) Chrome/116.0.1938.76 Safari/537.36"
153.231.223.160 - - [19/Oct/2025:10:39:43 +0300] "GET /goodscode/114960537.htm HTTP/1.1" 200 514 "https://search.yahoo.co.jp/" "Mozilla/5.0 (Windows NT 10.0; Win64; x64) AppleWebKit/537.36 (KHTML, like Gecko) HeadlessChrome/141.0.0.0 Safari/537.36"
52.167.144.202 - - [19/Oct/2025:10:39:44 +0300] "GET /goodscode/152734679.htm?path=/var HTTP/1.1" 200 284 "-" "Mozilla/5.0 AppleWebKit/537.36 (KHTML, like Gecko; compatible; bingbot/2.0; +http://www.bing.com/bingbot.htm) Chrome/116.0.1938.76 Safari/537.36"
153.231.223.160 - - [19/Oct/2025:10:39:44 +0300] "GET /goodscode/37254498.htm HTTP/1.1" 200 515 "https://search.yahoo.co.jp/" "Mozilla/5.0 (Windows NT 10.0; Win64; x64) AppleWebKit/537.36 (KHTML, like Gecko) HeadlessChrome/141.0.0.0 Safari/537.36"
52.167.144.202 - - [19/Oct/2025:10:39:45 +0300] "GET /goodscode/138513549.htm HTTP/1.1" 200 284 "-" "Mozilla/5.0 AppleWebKit/537.36 (KHTML, like Gecko; compatible; bingbot/2.0; +http://www.bing.com/bingbot.htm) Chrome/116.0.1938.76 Safari/537.36"
52.167.144.202 - - [19/Oct/2025:10:39:45 +0300] "GET /goodscode/104516337.htm HTTP/1.1" 200 284 "-" "Mozilla/5.0 AppleWebKit/537.36 (KHTML, like Gecko; compatible; bingbot/2.0; +http://www.bing.com/bingbot.htm) Chrome/116.0.1938.76 Safari/537.36"
153.231.223.160 - - [19/Oct/2025:10:39:45 +0300] "GET /?i=37636213 HTTP/1.1" 200 514 "https://search.yahoo.co.jp/" "Mozilla/5.0 (Windows NT 10.0; Win64; x64) AppleWebKit/537.36 (KHTML, like Gecko) HeadlessChrome/141.0.0.0 Safari/537.36"
153.231.223.160 - - [19/Oct/2025:10:39:46 +0300] "GET /goodscode/28581750.htm HTTP/1.1" 200 514 "https://search.yahoo.co.jp/" "Mozilla/5.0 (Windows NT 10.0; Win64; x64) AppleWebKit/537.36 (KHTML, like Gecko) HeadlessChrome/141.0.0.0 Safari/537.36"
20.171.207.126 - - [19/Oct/2025:10:39:47 +0300] "GET /search.php?array187014220.html HTTP/1.1" 403 4896 "-" "Mozilla/5.0 AppleWebKit/537.36 (KHTML, like Gecko; compatible; GPTBot/1.2; +https://openai.com/gptbot)"
153.231.223.160 - - [19/Oct/2025:10:39:47 +0300] "GET /?i=324057313 HTTP/1.1" 200 514 "https://search.yahoo.co.jp/" "Mozilla/5.0 (Windows NT 10.0; Win64; x64) AppleWebKit/537.36 (KHTML, like Gecko) HeadlessChrome/141.0.0.0 Safari/537.36"
37.24.161.119 - - [19/Oct/2025:10:39:49 +0300] "GET /wp-login.php HTTP/1.1" 200 8818 "-" "Mozilla/5.0 (Macintosh; Intel Mac OS X 10_10_5) AppleWebKit/603.1.30 (KHTML, like Gecko) Version/10.1 Safari/603.1.30"
66.249.78.41 - - [19/Oct/2025:10:39:55 +0300] "GET /goodscode/1152456513.htm HTTP/1.1" 200 23905 "-" "Mozilla/5.0 (Linux; Android 6.0.1; Nexus 5X Build/MMB29P) AppleWebKit/537.36 (KHTML, like Gecko) Chrome/140.0.7339.207 Mobile Safari/537.36 (compatible; Googlebot/2.1; +http://www.google.com/bot.html)"
40.77.167.150 - - [19/Oct/2025:10:39:57 +0300] "GET /goodscode/72610775.htm HTTP/1.1" 200 4210 "-" "Mozilla/5.0 AppleWebKit/537.36 (KHTML, like Gecko; compatible; bingbot/2.0; +http://www.bing.com/bingbot.htm) Chrome/116.0.1938.76 Safari/537.36"
153.231.223.160 - - [19/Oct/2025:10:40:03 +0300] "GET /goodscode/246740352.htm HTTP/1.1" 200 1093 "https://search.yahoo.co.jp/" "Mozilla/5.0 (Windows NT 10.0; Win64; x64) AppleWebKit/537.36 (KHTML, like Gecko) HeadlessChrome/141.0.0.0 Safari/537.36"
153.231.223.160 - - [19/Oct/2025:10:40:04 +0300] "GET /goodscode/309920680.htm HTTP/1.1" 200 1094 "https://search.yahoo.co.jp/" "Mozilla/5.0 (Windows NT 10.0; Win64; x64) AppleWebKit/537.36 (KHTML, like Gecko) HeadlessChrome/141.0.0.0 Safari/537.36"
153.231.223.160 - - [19/Oct/2025:10:40:05 +0300] "GET /product/edit/I2306660029 HTTP/1.1" 200 513 "https://search.yahoo.co.jp/" "Mozilla/5.0 (Windows NT 10.0; Win64; x64) AppleWebKit/537.36 (KHTML, like Gecko) HeadlessChrome/141.0.0.0 Safari/537.36"
153.231.223.160 - - [19/Oct/2025:10:40:06 +0300] "GET /?i=289207913 HTTP/1.1" 200 513 "https://search.yahoo.co.jp/" "Mozilla/5.0 (Windows NT 10.0; Win64; x64) AppleWebKit/537.36 (KHTML, like Gecko) HeadlessChrome/141.0.0.0 Safari/537.36"
153.231.223.160 - - [19/Oct/2025:10:40:07 +0300] "GET /goodscode/868123881.htm HTTP/1.1" 200 514 "https://search.yahoo.co.jp/" "Mozilla/5.0 (Windows NT 10.0; Win64; x64) AppleWebKit/537.36 (KHTML, like Gecko) HeadlessChrome/141.0.0.0 Safari/537.36"
153.231.223.160 - - [19/Oct/2025:10:40:08 +0300] "GET /?i=382733313 HTTP/1.1" 200 515 "https://search.yahoo.co.jp/" "Mozilla/5.0 (Windows NT 10.0; Win64; x64) AppleWebKit/537.36 (KHTML, like Gecko) HeadlessChrome/141.0.0.0 Safari/537.36"
153.231.223.160 - - [19/Oct/2025:10:40:09 +0300] "GET /product/edit/I1662857563 HTTP/1.1" 200 513 "https://search.yahoo.co.jp/" "Mozilla/5.0 (Windows NT 10.0; Win64; x64) AppleWebKit/537.36 (KHTML, like Gecko) HeadlessChrome/141.0.0.0 Safari/537.36"
153.231.223.160 - - [19/Oct/2025:10:40:10 +0300] "GET /?i=234243413 HTTP/1.1" 200 516 "https://search.yahoo.co.jp/" "Mozilla/5.0 (Windows NT 10.0; Win64; x64) AppleWebKit/537.36 (KHTML, like Gecko) HeadlessChrome/141.0.0.0 Safari/537.36"
153.231.223.160 - - [19/Oct/2025:10:40:11 +0300] "GET /goodscode/1329874591.htm HTTP/1.1" 200 514 "https://search.yahoo.co.jp/" "Mozilla/5.0 (Windows NT 10.0; Win64; x64) AppleWebKit/537.36 (KHTML, like Gecko) HeadlessChrome/141.0.0.0 Safari/537.36"
153.231.223.160 - - [19/Oct/2025:10:40:12 +0300] "GET /goodscode/665379287.htm HTTP/1.1" 200 1094 "https://search.yahoo.co.jp/" "Mozilla/5.0 (Windows NT 10.0; Win64; x64) AppleWebKit/537.36 (KHTML, like Gecko) HeadlessChrome/141.0.0.0 Safari/537.36"
52.167.144.209 - - [19/Oct/2025:10:40:13 +0300] "GET /goodscode/251636791.htm HTTP/1.1" 200 4210 "-" "Mozilla/5.0 AppleWebKit/537.36 (KHTML, like Gecko; compatible; bingbot/2.0; +http://www.bing.com/bingbot.htm) Chrome/116.0.1938.76 Safari/537.36"
20.171.207.126 - - [19/Oct/2025:10:40:15 +0300] "GET /search.php?chief119001954.html HTTP/1.1" 403 4896 "-" "Mozilla/5.0 AppleWebKit/537.36 (KHTML, like Gecko; compatible; GPTBot/1.2; +https://openai.com/gptbot)"
153.231.223.160 - - [19/Oct/2025:10:40:28 +0300] "GET /goodscode/1045046203.htm HTTP/1.1" 200 1093 "https://search.yahoo.co.jp/" "Mozilla/5.0 (Windows NT 10.0; Win64; x64) AppleWebKit/537.36 (KHTML, like Gecko) HeadlessChrome/141.0.0.0 Safari/537.36"
153.231.223.160 - - [19/Oct/2025:10:40:29 +0300] "GET /?i=128066413 HTTP/1.1" 200 1094 "https://search.yahoo.co.jp/" "Mozilla/5.0 (Windows NT 10.0; Win64; x64) AppleWebKit/537.36 (KHTML, like Gecko) HeadlessChrome/141.0.0.0 Safari/537.36"
153.231.223.160 - - [19/Oct/2025:10:40:30 +0300] "GET /goodscode/996755927.htm HTTP/1.1" 200 515 "https://search.yahoo.co.jp/" "Mozilla/5.0 (Windows NT 10.0; Win64; x64) AppleWebKit/537.36 (KHTML, like Gecko) HeadlessChrome/141.0.0.0 Safari/537.36"
153.231.223.160 - - [19/Oct/2025:10:40:31 +0300] "GET /goodscode/1214580101.htm HTTP/1.1" 200 515 "https://search.yahoo.co.jp/" "Mozilla/5.0 (Windows NT 10.0; Win64; x64) AppleWebKit/537.36 (KHTML, like Gecko) HeadlessChrome/141.0.0.0 Safari/537.36"
153.231.223.160 - - [19/Oct/2025:10:40:32 +0300] "GET /?i=267586913 HTTP/1.1" 200 513 "https://search.yahoo.co.jp/" "Mozilla/5.0 (Windows NT 10.0; Win64; x64) AppleWebKit/537.36 (KHTML, like Gecko) HeadlessChrome/141.0.0.0 Safari/537.36"
52.167.144.202 - - [19/Oct/2025:10:40:33 +0300] "GET /goodscode/264070237.htm HTTP/1.1" 200 4210 "-" "Mozilla/5.0 AppleWebKit/537.36 (KHTML, like Gecko; compatible; bingbot/2.0; +http://www.bing.com/bingbot.htm) Chrome/116.0.1938.76 Safari/537.36"
153.231.223.160 - - [19/Oct/2025:10:40:33 +0300] "GET /products/171cv7418 HTTP/1.1" 200 1097 "https://search.yahoo.co.jp/" "Mozilla/5.0 (Windows NT 10.0; Win64; x64) AppleWebKit/537.36 (KHTML, like Gecko) HeadlessChrome/141.0.0.0 Safari/537.36"
153.231.223.160 - - [19/Oct/2025:10:40:34 +0300] "GET /goodscode/1383889639.htm HTTP/1.1" 200 514 "https://search.yahoo.co.jp/" "Mozilla/5.0 (Windows NT 10.0; Win64; x64) AppleWebKit/537.36 (KHTML, like Gecko) HeadlessChrome/141.0.0.0 Safari/537.36"
153.231.223.160 - - [19/Oct/2025:10:40:35 +0300] "GET /goodscode/124069624.htm HTTP/1.1" 200 515 "https://search.yahoo.co.jp/" "Mozilla/5.0 (Windows NT 10.0; Win64; x64) AppleWebKit/537.36 (KHTML, like Gecko) HeadlessChrome/141.0.0.0 Safari/537.36"
153.231.223.160 - - [19/Oct/2025:10:40:36 +0300] "GET /products/19zh24252 HTTP/1.1" 200 516 "https://search.yahoo.co.jp/" "Mozilla/5.0 (Windows NT 10.0; Win64; x64) AppleWebKit/537.36 (KHTML, like Gecko) HeadlessChrome/141.0.0.0 Safari/537.36"
153.231.223.160 - - [19/Oct/2025:10:40:37 +0300] "GET /?i=304050113 HTTP/1.1" 200 515 "https://search.yahoo.co.jp/" "Mozilla/5.0 (Windows NT 10.0; Win64; x64) AppleWebKit/537.36 (KHTML, like Gecko) HeadlessChrome/141.0.0.0 Safari/537.36"
52.167.144.209 - - [19/Oct/2025:10:40:42 +0300] "GET /goodscode/445781539.htm HTTP/1.1" 200 4210 "-" "Mozilla/5.0 AppleWebKit/537.36 (KHTML, like Gecko; compatible; bingbot/2.0; +http://www.bing.com/bingbot.htm) Chrome/116.0.1938.76 Safari/537.36"
20.171.207.126 - - [19/Oct/2025:10:40:44 +0300] "GET /search.php?react188023277.html HTTP/1.1" 403 4896 "-" "Mozilla/5.0 AppleWebKit/537.36 (KHTML, like Gecko; compatible; GPTBot/1.2; +https://openai.com/gptbot)"
153.231.223.160 - - [19/Oct/2025:10:40:53 +0300] "GET /?i=304050113 HTTP/1.1" 200 1095 "https://search.yahoo.co.jp/" "Mozilla/5.0 (Windows NT 10.0; Win64; x64) AppleWebKit/537.36 (KHTML, like Gecko) HeadlessChrome/141.0.0.0 Safari/537.36"
153.231.223.160 - - [19/Oct/2025:10:40:53 +0300] "GET /products/156fz23681 HTTP/1.1" 200 1096 "https://search.yahoo.co.jp/" "Mozilla/5.0 (Windows NT 10.0; Win64; x64) AppleWebKit/537.36 (KHTML, like Gecko) HeadlessChrome/141.0.0.0 Safari/537.36"
153.231.223.160 - - [19/Oct/2025:10:40:54 +0300] "GET /?i=466716813 HTTP/1.1" 200 514 "https://search.yahoo.co.jp/" "Mozilla/5.0 (Windows NT 10.0; Win64; x64) AppleWebKit/537.36 (KHTML, like Gecko) HeadlessChrome/141.0.0.0 Safari/537.36"
153.231.223.160 - - [19/Oct/2025:10:40:55 +0300] "GET /?i=103870013 HTTP/1.1" 200 1093 "https://search.yahoo.co.jp/" "Mozilla/5.0 (Windows NT 10.0; Win64; x64) AppleWebKit/537.36 (KHTML, like Gecko) HeadlessChrome/141.0.0.0 Safari/537.36"
153.231.223.160 - - [19/Oct/2025:10:40:56 +0300] "GET /goodscode/273937510.htm HTTP/1.1" 200 517 "https://search.yahoo.co.jp/" "Mozilla/5.0 (Windows NT 10.0; Win64; x64) AppleWebKit/537.36 (KHTML, like Gecko) HeadlessChrome/141.0.0.0 Safari/537.36"
153.231.223.160 - - [19/Oct/2025:10:40:57 +0300] "GET /products/184ii291 HTTP/1.1" 200 513 "https://search.yahoo.co.jp/" "Mozilla/5.0 (Windows NT 10.0; Win64; x64) AppleWebKit/537.36 (KHTML, like Gecko) HeadlessChrome/141.0.0.0 Safari/537.36"
153.231.223.160 - - [19/Oct/2025:10:40:58 +0300] "GET /goodscode/731097943.htm HTTP/1.1" 200 514 "https://search.yahoo.co.jp/" "Mozilla/5.0 (Windows NT 10.0; Win64; x64) AppleWebKit/537.36 (KHTML, like Gecko) HeadlessChrome/141.0.0.0 Safari/537.36"
153.231.223.160 - - [19/Oct/2025:10:41:00 +0300] "GET /goodscode/1386484635.htm HTTP/1.1" 200 515 "https://search.yahoo.co.jp/" "Mozilla/5.0 (Windows NT 10.0; Win64; x64) AppleWebKit/537.36 (KHTML, like Gecko) HeadlessChrome/141.0.0.0 Safari/537.36"
153.231.223.160 - - [19/Oct/2025:10:41:01 +0300] "GET /?i=109138813 HTTP/1.1" 200 1096 "https://search.yahoo.co.jp/" "Mozilla/5.0 (Windows NT 10.0; Win64; x64) AppleWebKit/537.36 (KHTML, like Gecko) HeadlessChrome/141.0.0.0 Safari/537.36"
52.167.144.202 - - [19/Oct/2025:10:41:02 +0300] "GET /goodscode/130548883.htm?path=/var HTTP/1.1" 200 4210 "-" "Mozilla/5.0 AppleWebKit/537.36 (KHTML, like Gecko; compatible; bingbot/2.0; +http://www.bing.com/bingbot.htm) Chrome/116.0.1938.76 Safari/537.36"
153.231.223.160 - - [19/Oct/2025:10:41:02 +0300] "GET /goodscode/312388787.htm HTTP/1.1" 200 514 "https://search.yahoo.co.jp/" "Mozilla/5.0 (Windows NT 10.0; Win64; x64) AppleWebKit/537.36 (KHTML, like Gecko) HeadlessChrome/141.0.0.0 Safari/537.36"
52.167.144.202 - - [19/Oct/2025:10:41:03 +0300] "GET /goodscode/166230826.htm HTTP/1.1" 200 284 "-" "Mozilla/5.0 AppleWebKit/537.36 (KHTML, like Gecko; compatible; bingbot/2.0; +http://www.bing.com/bingbot.htm) Chrome/116.0.1938.76 Safari/537.36"
114.119.146.15 - - [19/Oct/2025:10:41:07 +0300] "GET /products/258ib21349 HTTP/1.1" 200 8790 "https://ilgazhavalandirma.com.tr/?sitemap191.xml" "Mozilla/5.0 (Linux; Android 7.0;) AppleWebKit/537.36 (KHTML, like Gecko) Mobile Safari/537.36 (compatible; PetalBot;+https://webmaster.petalsearch.com/site/petalbot)"
52.167.144.209 - - [19/Oct/2025:10:41:30 +0300] "GET /goodscode/283529762.htm HTTP/1.1" 200 4210 "-" "Mozilla/5.0 AppleWebKit/537.36 (KHTML, like Gecko; compatible; bingbot/2.0; +http://www.bing.com/bingbot.htm) Chrome/116.0.1938.76 Safari/537.36"
153.231.223.160 - - [19/Oct/2025:10:41:30 +0300] "GET /?i=54396613 HTTP/1.1" 200 1092 "https://search.yahoo.co.jp/" "Mozilla/5.0 (Windows NT 10.0; Win64; x64) AppleWebKit/537.36 (KHTML, like Gecko) HeadlessChrome/141.0.0.0 Safari/537.36"
153.231.223.160 - - [19/Oct/2025:10:41:30 +0300] "GET /goodscode/1186227718.htm HTTP/1.1" 200 4349 "https://search.yahoo.co.jp/" "Mozilla/5.0 (Windows NT 10.0; Win64; x64) AppleWebKit/537.36 (KHTML, like Gecko) HeadlessChrome/141.0.0.0 Safari/537.36"
153.231.223.160 - - [19/Oct/2025:10:41:31 +0300] "GET /?i=441202213 HTTP/1.1" 200 1093 "https://search.yahoo.co.jp/" "Mozilla/5.0 (Windows NT 10.0; Win64; x64) AppleWebKit/537.36 (KHTML, like Gecko) HeadlessChrome/141.0.0.0 Safari/537.36"
153.231.223.160 - - [19/Oct/2025:10:41:31 +0300] "GET /product/edit/I924773834 HTTP/1.1" 200 4349 "https://search.yahoo.co.jp/" "Mozilla/5.0 (Windows NT 10.0; Win64; x64) AppleWebKit/537.36 (KHTML, like Gecko) HeadlessChrome/141.0.0.0 Safari/537.36"
153.231.223.160 - - [19/Oct/2025:10:41:32 +0300] "GET /?i=385153713 HTTP/1.1" 200 513 "https://search.yahoo.co.jp/" "Mozilla/5.0 (Windows NT 10.0; Win64; x64) AppleWebKit/537.36 (KHTML, like Gecko) HeadlessChrome/141.0.0.0 Safari/537.36"
153.231.223.160 - - [19/Oct/2025:10:41:33 +0300] "GET /goodscode/865736478.htm HTTP/1.1" 200 514 "https://search.yahoo.co.jp/" "Mozilla/5.0 (Windows NT 10.0; Win64; x64) AppleWebKit/537.36 (KHTML, like Gecko) HeadlessChrome/141.0.0.0 Safari/537.36"
153.231.223.160 - - [19/Oct/2025:10:41:33 +0300] "GET /?i=277863013 HTTP/1.1" 200 515 "https://search.yahoo.co.jp/" "Mozilla/5.0 (Windows NT 10.0; Win64; x64) AppleWebKit/537.36 (KHTML, like Gecko) HeadlessChrome/141.0.0.0 Safari/537.36"
153.231.223.160 - - [19/Oct/2025:10:41:33 +0300] "GET /goodscode/720163529.htm HTTP/1.1" 200 4351 "https://search.yahoo.co.jp/" "Mozilla/5.0 (Windows NT 10.0; Win64; x64) AppleWebKit/537.36 (KHTML, like Gecko) HeadlessChrome/141.0.0.0 Safari/537.36"
153.231.223.160 - - [19/Oct/2025:10:41:34 +0300] "GET /goodscode/573836714.htm HTTP/1.1" 200 4351 "https://search.yahoo.co.jp/" "Mozilla/5.0 (Windows NT 10.0; Win64; x64) AppleWebKit/537.36 (KHTML, like Gecko) HeadlessChrome/141.0.0.0 Safari/537.36"
153.231.223.160 - - [19/Oct/2025:10:41:35 +0300] "GET /goodscode/1304485300.htm HTTP/1.1" 200 513 "https://search.yahoo.co.jp/" "Mozilla/5.0 (Windows NT 10.0; Win64; x64) AppleWebKit/537.36 (KHTML, like Gecko) HeadlessChrome/141.0.0.0 Safari/537.36"
52.167.144.202 - - [19/Oct/2025:10:41:37 +0300] "GET /goodscode/55635098.htm HTTP/1.1" 200 4210 "-" "Mozilla/5.0 AppleWebKit/537.36 (KHTML, like Gecko; compatible; bingbot/2.0; +http://www.bing.com/bingbot.htm) Chrome/116.0.1938.76 Safari/537.36"
40.77.167.150 - - [19/Oct/2025:10:41:37 +0300] "GET /goodscode/320309859.htm HTTP/1.1" 200 4210 "-" "Mozilla/5.0 AppleWebKit/537.36 (KHTML, like Gecko; compatible; bingbot/2.0; +http://www.bing.com/bingbot.htm) Chrome/116.0.1938.76 Safari/537.36"
20.171.207.126 - - [19/Oct/2025:10:41:39 +0300] "GET /search.php?short196019793.html HTTP/1.1" 403 4896 "-" "Mozilla/5.0 AppleWebKit/537.36 (KHTML, like Gecko; compatible; GPTBot/1.2; +https://openai.com/gptbot)"
52.167.144.202 - - [19/Oct/2025:10:41:43 +0300] "GET /goodscode/127354152.htm?path=/var/www/vhosts HTTP/1.1" 200 939 "-" "Mozilla/5.0 AppleWebKit/537.36 (KHTML, like Gecko; compatible; bingbot/2.0; +http://www.bing.com/bingbot.htm) Chrome/116.0.1938.76 Safari/537.36"
66.249.69.194 - - [19/Oct/2025:10:41:42 +0300] "GET /?i=493756613 HTTP/1.1" 200 28938 "-" "Mozilla/5.0 (Linux; Android 6.0.1; Nexus 5X Build/MMB29P) AppleWebKit/537.36 (KHTML, like Gecko) Chrome/140.0.7339.207 Mobile Safari/537.36 (compatible; Googlebot/2.1; +http://www.google.com/bot.html)"
40.77.167.150 - - [19/Oct/2025:10:41:47 +0300] "GET /goodscode/84737584.htm HTTP/1.1" 200 4195 "-" "Mozilla/5.0 AppleWebKit/537.36 (KHTML, like Gecko; compatible; bingbot/2.0; +http://www.bing.com/bingbot.htm) Chrome/116.0.1938.76 Safari/537.36"
52.167.144.209 - - [19/Oct/2025:10:41:48 +0300] "GET /goodscode/460948315.htm HTTP/1.1" 200 4210 "-" "Mozilla/5.0 AppleWebKit/537.36 (KHTML, like Gecko; compatible; bingbot/2.0; +http://www.bing.com/bingbot.htm) Chrome/116.0.1938.76 Safari/537.36"
153.231.223.160 - - [19/Oct/2025:10:41:51 +0300] "GET /goodscode/356712539.htm HTTP/1.1" 200 1057 "https://search.yahoo.co.jp/" "Mozilla/5.0 (Windows NT 10.0; Win64; x64) AppleWebKit/537.36 (KHTML, like Gecko) HeadlessChrome/141.0.0.0 Safari/537.36"
153.231.223.160 - - [19/Oct/2025:10:41:52 +0300] "GET /goodscode/1428181216.htm HTTP/1.1" 200 1093 "https://search.yahoo.co.jp/" "Mozilla/5.0 (Windows NT 10.0; Win64; x64) AppleWebKit/537.36 (KHTML, like Gecko) HeadlessChrome/141.0.0.0 Safari/537.36"
153.231.223.160 - - [19/Oct/2025:10:41:53 +0300] "GET /?i=90294213 HTTP/1.1" 200 1094 "https://search.yahoo.co.jp/" "Mozilla/5.0 (Windows NT 10.0; Win64; x64) AppleWebKit/537.36 (KHTML, like Gecko) HeadlessChrome/141.0.0.0 Safari/537.36"
153.231.223.160 - - [19/Oct/2025:10:41:54 +0300] "GET /goodscode/866293150.htm HTTP/1.1" 200 514 "https://search.yahoo.co.jp/" "Mozilla/5.0 (Windows NT 10.0; Win64; x64) AppleWebKit/537.36 (KHTML, like Gecko) HeadlessChrome/141.0.0.0 Safari/537.36"
153.231.223.160 - - [19/Oct/2025:10:41:55 +0300] "GET /goodscode/992993097.htm HTTP/1.1" 200 512 "https://search.yahoo.co.jp/" "Mozilla/5.0 (Windows NT 10.0; Win64; x64) AppleWebKit/537.36 (KHTML, like Gecko) HeadlessChrome/141.0.0.0 Safari/537.36"
153.231.223.160 - - [19/Oct/2025:10:41:56 +0300] "GET /goodscode/44191926.htm HTTP/1.1" 200 514 "https://search.yahoo.co.jp/" "Mozilla/5.0 (Windows NT 10.0; Win64; x64) AppleWebKit/537.36 (KHTML, like Gecko) HeadlessChrome/141.0.0.0 Safari/537.36"
153.231.223.160 - - [19/Oct/2025:10:41:58 +0300] "GET /products/8ck49257 HTTP/1.1" 200 1096 "https://search.yahoo.co.jp/" "Mozilla/5.0 (Windows NT 10.0; Win64; x64) AppleWebKit/537.36 (KHTML, like Gecko) HeadlessChrome/141.0.0.0 Safari/537.36"
66.249.75.37 - - [19/Oct/2025:10:41:57 +0300] "GET /poverty47?fileloc=/var/www/vhosts/ilgazhavalandirma.com.tr/httpdocs/mah.php&path=/var/www/vhosts/ilgazhavalandirma.com.tr/httpdocs HTTP/1.1" 200 23806 "-" "Mozilla/5.0 (Linux; Android 6.0.1; Nexus 5X Build/MMB29P) AppleWebKit/537.36 (KHTML, like Gecko) Chrome/140.0.7339.207 Mobile Safari/537.36 (compatible; Googlebot/2.1; +http://www.google.com/bot.html)"
153.231.223.160 - - [19/Oct/2025:10:41:58 +0300] "GET /goodscode/1300739930.htm HTTP/1.1" 200 516 "https://search.yahoo.co.jp/" "Mozilla/5.0 (Windows NT 10.0; Win64; x64) AppleWebKit/537.36 (KHTML, like Gecko) HeadlessChrome/141.0.0.0 Safari/537.36"
153.231.223.160 - - [19/Oct/2025:10:41:59 +0300] "GET /?i=179795013 HTTP/1.1" 200 479 "https://search.yahoo.co.jp/" "Mozilla/5.0 (Windows NT 10.0; Win64; x64) AppleWebKit/537.36 (KHTML, like Gecko) HeadlessChrome/141.0.0.0 Safari/537.36"
153.231.223.160 - - [19/Oct/2025:10:42:00 +0300] "GET /products/284ju47395 HTTP/1.1" 200 517 "https://search.yahoo.co.jp/" "Mozilla/5.0 (Windows NT 10.0; Win64; x64) AppleWebKit/537.36 (KHTML, like Gecko) HeadlessChrome/141.0.0.0 Safari/537.36"
66.249.78.41 - - [19/Oct/2025:10:42:02 +0300] "GET /m42544224758?fileloc=/var/www/vhosts/ilgazhavalandirma.com.tr/httpdocs/defaults.php&path=/var/www/vhosts/ilgazhavalandirma.com.tr/httpdocs HTTP/1.1" 200 24654 "-" "Mozilla/5.0 (Linux; Android 6.0.1; Nexus 5X Build/MMB29P) AppleWebKit/537.36 (KHTML, like Gecko) Chrome/140.0.7339.207 Mobile Safari/537.36 (compatible; Googlebot/2.1; +http://www.google.com/bot.html)"
66.249.78.32 - - [19/Oct/2025:10:42:05 +0300] "GET /around270?kg=14298 HTTP/1.1" 200 28178 "-" "Mozilla/5.0 (Linux; Android 6.0.1; Nexus 5X Build/MMB29P) AppleWebKit/537.36 (KHTML, like Gecko) Chrome/140.0.7339.207 Mobile Safari/537.36 (compatible; Googlebot/2.1; +http://www.google.com/bot.html)"
153.231.223.160 - - [19/Oct/2025:10:42:17 +0300] "GET /products/222pi14841 HTTP/1.1" 200 1096 "https://search.yahoo.co.jp/" "Mozilla/5.0 (Windows NT 10.0; Win64; x64) AppleWebKit/537.36 (KHTML, like Gecko) HeadlessChrome/141.0.0.0 Safari/537.36"
153.231.223.160 - - [19/Oct/2025:10:42:18 +0300] "GET /?i=528085013 HTTP/1.1" 200 1094 "https://search.yahoo.co.jp/" "Mozilla/5.0 (Windows NT 10.0; Win64; x64) AppleWebKit/537.36 (KHTML, like Gecko) HeadlessChrome/141.0.0.0 Safari/537.36"
15.204.97.227 - - [19/Oct/2025:10:42:20 +0300] "POST /xmlrpc.php HTTP/1.1" 200 8818 "-" "Mozilla/5.0 (Windows NT 10.0; WOW64; Trident/7.0; MALCJS; rv:11.0) like Gecko"
153.231.223.160 - - [19/Oct/2025:10:42:19 +0300] "GET /goodscode/28577438.htm HTTP/1.1" 200 1094 "https://search.yahoo.co.jp/" "Mozilla/5.0 (Windows NT 10.0; Win64; x64) AppleWebKit/537.36 (KHTML, like Gecko) HeadlessChrome/141.0.0.0 Safari/537.36"
