57.141.4.7 - - [18/Oct/2025:09:20:47 +0300] "GET /goodscode/975216189.htm?fileloc=/var/www/vhosts/ilgazhavalandirma.com.tr/httpdocs/404.php&path=/var/www/vhosts/ilgazhavalandirma.com.tr/httpdocs HTTP/1.1" 200 37332 "-" "meta-externalagent/1.1 (+https://developers.facebook.com/docs/sharing/webmasters/crawler)"
20.171.207.126 - - [18/Oct/2025:09:20:59 +0300] "GET /search.php?products/114nu44362 HTTP/1.1" 403 4896 "-" "Mozilla/5.0 AppleWebKit/537.36 (KHTML, like Gecko; compatible; GPTBot/1.2; +https://openai.com/gptbot)"
196.251.115.39 - - [18/Oct/2025:09:20:56 +0300] "GET /?path=/'123 HTTP/1.1" 200 2786 "-" "Go-http-client/1.1"
66.249.78.41 - - [18/Oct/2025:09:21:06 +0300] "GET /aluminum293?kg=6261 HTTP/1.1" 200 23673 "-" "Mozilla/5.0 (Linux; Android 6.0.1; Nexus 5X Build/MMB29P) AppleWebKit/537.36 (KHTML, like Gecko) Chrome/140.0.7339.207 Mobile Safari/537.36 (compatible; GoogleOther)"
170.106.161.78 - - [18/Oct/2025:09:20:55 +0300] "GET / HTTP/1.1" 200 8779 "http://ilgazhavalandirma.com.tr" "Mozilla/5.0 (iPhone; CPU iPhone OS 13_2_3 like Mac OS X) AppleWebKit/605.1.15 (KHTML, like Gecko) Version/13.0.3 Mobile/15E148 Safari/604.1"
20.171.207.126 - - [18/Oct/2025:09:21:09 +0300] "GET /search.php?products/155yu25303 HTTP/1.1" 403 4896 "-" "Mozilla/5.0 AppleWebKit/537.36 (KHTML, like Gecko; compatible; GPTBot/1.2; +https://openai.com/gptbot)"
52.167.144.145 - - [18/Oct/2025:09:21:12 +0300] "GET /goodscode/141537705.htm HTTP/1.1" 200 4210 "-" "Mozilla/5.0 AppleWebKit/537.36 (KHTML, like Gecko; compatible; bingbot/2.0; +http://www.bing.com/bingbot.htm) Chrome/116.0.1938.76 Safari/537.36"
196.251.115.39 - - [18/Oct/2025:09:21:04 +0300] "GET /?path=/var'123 HTTP/1.1" 200 2788 "-" "Go-http-client/1.1"
20.171.207.126 - - [18/Oct/2025:09:21:20 +0300] "GET /search.php?products/240ky44584 HTTP/1.1" 403 4896 "-" "Mozilla/5.0 AppleWebKit/537.36 (KHTML, like Gecko; compatible; GPTBot/1.2; +https://openai.com/gptbot)"
194.35.122.218 - - [18/Oct/2025:09:21:13 +0300] "POST /wp-login.php HTTP/1.1" 200 8863 "-" "Mozilla/5.0 (Windows NT 10.0; Win64; x64) AppleWebKit/537.36 (KHTML, like Gecko) Chrome/120.0.0.0 Safari/537.36"
20.171.207.126 - - [18/Oct/2025:09:21:30 +0300] "GET /search.php?products/214id42486 HTTP/1.1" 403 4896 "-" "Mozilla/5.0 AppleWebKit/537.36 (KHTML, like Gecko; compatible; GPTBot/1.2; +https://openai.com/gptbot)"
196.251.115.39 - - [18/Oct/2025:09:21:17 +0300] "GET /?path=/var/www'123 HTTP/1.1" 200 2798 "-" "Go-http-client/1.1"
66.249.75.37 - - [18/Oct/2025:09:21:34 +0300] "GET /desperate82?kg=26442 HTTP/1.1" 200 23630 "-" "Mozilla/5.0 (Linux; Android 6.0.1; Nexus 5X Build/MMB29P) AppleWebKit/537.36 (KHTML, like Gecko) Chrome/140.0.7339.207 Mobile Safari/537.36 (compatible; GoogleOther)"
20.171.207.126 - - [18/Oct/2025:09:21:40 +0300] "GET /search.php?products/197ed22893 HTTP/1.1" 403 4896 "-" "Mozilla/5.0 AppleWebKit/537.36 (KHTML, like Gecko; compatible; GPTBot/1.2; +https://openai.com/gptbot)"
66.249.75.37 - - [18/Oct/2025:09:21:40 +0300] "GET /flame22?path=/ HTTP/1.1" 200 19719 "-" "Mozilla/5.0 (Linux; Android 6.0.1; Nexus 5X Build/MMB29P) AppleWebKit/537.36 (KHTML, like Gecko) Chrome/140.0.7339.207 Mobile Safari/537.36 (compatible; GoogleOther)"
52.167.144.145 - - [18/Oct/2025:09:21:42 +0300] "GET /goodscode/280742014.htm HTTP/1.1" 200 4198 "-" "Mozilla/5.0 AppleWebKit/537.36 (KHTML, like Gecko; compatible; bingbot/2.0; +http://www.bing.com/bingbot.htm) Chrome/116.0.1938.76 Safari/537.36"
196.251.115.39 - - [18/Oct/2025:09:21:35 +0300] "GET /?path=/var/www/vhosts'123 HTTP/1.1" 200 2811 "-" "Go-http-client/1.1"
66.249.69.194 - - [18/Oct/2025:09:21:43 +0300] "GET /goodscode/865711911.htm HTTP/1.1" 200 4116 "-" "Mozilla/5.0 (Linux; Android 6.0.1; Nexus 5X Build/MMB29P) AppleWebKit/537.36 (KHTML, like Gecko) Chrome/140.0.7339.207 Mobile Safari/537.36 (compatible; Googlebot/2.1; +http://www.google.com/bot.html)"
66.249.69.194 - - [18/Oct/2025:09:21:41 +0300] "GET /goodscode/1397276339.htm HTTP/1.1" 200 4116 "-" "Mozilla/5.0 (Linux; Android 6.0.1; Nexus 5X Build/MMB29P) AppleWebKit/537.36 (KHTML, like Gecko) Chrome/140.0.7339.207 Mobile Safari/537.36 (compatible; Googlebot/2.1; +http://www.google.com/bot.html)"
114.119.142.93 - - [18/Oct/2025:09:21:42 +0300] "GET /sue155?kg=13187 HTTP/1.1" 200 8779 "https://ilgazhavalandirma.com.tr/?sitemap191.xml" "Mozilla/5.0 (Linux; Android 7.0;) AppleWebKit/537.36 (KHTML, like Gecko) Mobile Safari/537.36 (compatible; PetalBot;+https://webmaster.petalsearch.com/site/petalbot)"
66.249.75.37 - - [18/Oct/2025:09:21:48 +0300] "GET /m54501489855 HTTP/1.1" 200 23872 "-" "Mozilla/5.0 (Linux; Android 6.0.1; Nexus 5X Build/MMB29P) AppleWebKit/537.36 (KHTML, like Gecko) Chrome/140.0.7339.207 Mobile Safari/537.36 (compatible; GoogleOther)"
196.251.115.39 - - [18/Oct/2025:09:21:43 +0300] "GET /?path=/var/www/vhosts/ilgazhavalandirma.com.tr'123 HTTP/1.1" 200 2821 "-" "Go-http-client/1.1"
20.171.207.126 - - [18/Oct/2025:09:21:51 +0300] "GET /search.php?products/252id16866 HTTP/1.1" 403 4896 "-" "Mozilla/5.0 AppleWebKit/537.36 (KHTML, like Gecko; compatible; GPTBot/1.2; +https://openai.com/gptbot)"
52.167.144.202 - - [18/Oct/2025:09:21:51 +0300] "GET /goodscode/163803584.htm HTTP/1.1" 200 4210 "-" "Mozilla/5.0 AppleWebKit/537.36 (KHTML, like Gecko; compatible; bingbot/2.0; +http://www.bing.com/bingbot.htm) Chrome/116.0.1938.76 Safari/537.36"
66.249.75.37 - - [18/Oct/2025:09:21:54 +0300] "GET /m62756565947 HTTP/1.1" 200 19967 "-" "Mozilla/5.0 (Linux; Android 6.0.1; Nexus 5X Build/MMB29P) AppleWebKit/537.36 (KHTML, like Gecko) Chrome/140.0.7339.207 Mobile Safari/537.36 (compatible; GoogleOther)"
196.251.115.39 - - [18/Oct/2025:09:21:50 +0300] "GET /?path=/var/www/vhosts/ilgazhavalandirma.com.tr/httpdocs'123 HTTP/1.1" 200 2834 "-" "Go-http-client/1.1"
66.249.69.193 - - [18/Oct/2025:09:21:56 +0300] "GET /goodscode/1355787215.htm HTTP/1.1" 200 23554 "-" "Mozilla/5.0 (Linux; Android 6.0.1; Nexus 5X Build/MMB29P) AppleWebKit/537.36 (KHTML, like Gecko) Chrome/140.0.7339.207 Mobile Safari/537.36 (compatible; Googlebot/2.1; +http://www.google.com/bot.html)"
20.171.207.126 - - [18/Oct/2025:09:22:01 +0300] "GET /search.php?products/253wt37385 HTTP/1.1" 403 4896 "-" "Mozilla/5.0 AppleWebKit/537.36 (KHTML, like Gecko; compatible; GPTBot/1.2; +https://openai.com/gptbot)"
66.249.75.38 - - [18/Oct/2025:09:22:01 +0300] "GET /m89223344025 HTTP/1.1" 200 23605 "-" "Mozilla/5.0 (Linux; Android 6.0.1; Nexus 5X Build/MMB29P) AppleWebKit/537.36 (KHTML, like Gecko) Chrome/140.0.7339.207 Mobile Safari/537.36 (compatible; GoogleOther)"
196.251.115.39 - - [18/Oct/2025:09:21:58 +0300] "GET /?path=/var/www/vhosts/ilgazhavalandirma.com.tr/httpdocs/.tmb'123 HTTP/1.1" 200 2845 "-" "Go-http-client/1.1"
66.249.78.32 - - [18/Oct/2025:09:22:06 +0300] "GET /cheat251?kg=30489 HTTP/1.1" 200 23803 "-" "Mozilla/5.0 (Linux; Android 6.0.1; Nexus 5X Build/MMB29P) AppleWebKit/537.36 (KHTML, like Gecko) Chrome/140.0.7339.207 Mobile Safari/537.36 (compatible; Googlebot/2.1; +http://www.google.com/bot.html)"
40.77.167.67 - - [18/Oct/2025:09:22:09 +0300] "GET /goodscode/20040828.htm HTTP/1.1" 200 4210 "-" "Mozilla/5.0 AppleWebKit/537.36 (KHTML, like Gecko; compatible; bingbot/2.0; +http://www.bing.com/bingbot.htm) Chrome/116.0.1938.76 Safari/537.36"
66.249.78.32 - - [18/Oct/2025:09:22:10 +0300] "GET /m87154291067 HTTP/1.1" 200 23926 "-" "Mozilla/5.0 (Linux; Android 6.0.1; Nexus 5X Build/MMB29P) AppleWebKit/537.36 (KHTML, like Gecko) Chrome/140.0.7339.207 Mobile Safari/537.36 (compatible; GoogleOther)"
40.77.167.67 - - [18/Oct/2025:09:22:11 +0300] "GET /goodscode/287029483.htm HTTP/1.1" 200 284 "-" "Mozilla/5.0 AppleWebKit/537.36 (KHTML, like Gecko; compatible; bingbot/2.0; +http://www.bing.com/bingbot.htm) Chrome/116.0.1938.76 Safari/537.36"
20.171.207.126 - - [18/Oct/2025:09:22:11 +0300] "GET /search.php?products/106vp28776 HTTP/1.1" 403 4896 "-" "Mozilla/5.0 AppleWebKit/537.36 (KHTML, like Gecko; compatible; GPTBot/1.2; +https://openai.com/gptbot)"
196.251.115.39 - - [18/Oct/2025:09:22:06 +0300] "GET /?path=/var/www/vhosts/ilgazhavalandirma.com.tr/httpdocs/.well-known'123 HTTP/1.1" 200 2851 "-" "Go-http-client/1.1"
196.251.115.39 - - [18/Oct/2025:09:22:14 +0300] "GET /?path=/var/www/vhosts/ilgazhavalandirma.com.tr/httpdocs/64fea'123 HTTP/1.1" 200 2845 "-" "Go-http-client/1.1"
66.249.75.37 - - [18/Oct/2025:09:22:20 +0300] "GET /trouble181?kg=40087 HTTP/1.1" 200 24949 "-" "Mozilla/5.0 (Linux; Android 6.0.1; Nexus 5X Build/MMB29P) AppleWebKit/537.36 (KHTML, like Gecko) Chrome/140.0.7339.207 Mobile Safari/537.36 (compatible; Googlebot/2.1; +http://www.google.com/bot.html)"
20.171.207.126 - - [18/Oct/2025:09:22:22 +0300] "GET /search.php?products/178te16948 HTTP/1.1" 403 4896 "-" "Mozilla/5.0 AppleWebKit/537.36 (KHTML, like Gecko; compatible; GPTBot/1.2; +https://openai.com/gptbot)"
66.249.75.37 - - [18/Oct/2025:09:22:22 +0300] "GET /m55081637009 HTTP/1.1" 200 24326 "-" "Mozilla/5.0 (Linux; Android 6.0.1; Nexus 5X Build/MMB29P) AppleWebKit/537.36 (KHTML, like Gecko) Chrome/140.0.7339.207 Mobile Safari/537.36 (compatible; GoogleOther)"
196.251.115.39 - - [18/Oct/2025:09:22:20 +0300] "GET /?path=/var/www/vhosts/ilgazhavalandirma.com.tr/httpdocs/images'123 HTTP/1.1" 200 2846 "-" "Go-http-client/1.1"
66.249.75.37 - - [18/Oct/2025:09:22:22 +0300] "GET /being250?kg=20180 HTTP/1.1" 200 20075 "-" "Mozilla/5.0 (Linux; Android 6.0.1; Nexus 5X Build/MMB29P) AppleWebKit/537.36 (KHTML, like Gecko) Chrome/140.0.7339.207 Mobile Safari/537.36 (compatible; Googlebot/2.1; +http://www.google.com/bot.html)"
107.189.14.177 - - [18/Oct/2025:09:22:23 +0300] "GET /wp-login.php HTTP/1.1" 200 8181 "-" "Mozilla/5.0 (Windows NT 6.1; WOW64; rv:31.0) Gecko/20100101 Firefox/31.0"
52.167.144.145 - - [18/Oct/2025:09:22:29 +0300] "GET /goodscode/178626703.htm?path=/var/www HTTP/1.1" 200 4210 "-" "Mozilla/5.0 AppleWebKit/537.36 (KHTML, like Gecko; compatible; bingbot/2.0; +http://www.bing.com/bingbot.htm) Chrome/116.0.1938.76 Safari/537.36"
196.251.115.39 - - [18/Oct/2025:09:22:24 +0300] "GET /?path=/var/www/vhosts/ilgazhavalandirma.com.tr/httpdocs/wp-admin'123 HTTP/1.1" 200 2848 "-" "Go-http-client/1.1"
66.249.69.194 - - [18/Oct/2025:09:22:28 +0300] "GET /goodscode/1156691622.htm HTTP/1.1" 200 23811 "-" "Mozilla/5.0 (Linux; Android 6.0.1; Nexus 5X Build/MMB29P) AppleWebKit/537.36 (KHTML, like Gecko) Chrome/140.0.7339.207 Mobile Safari/537.36 (compatible; Googlebot/2.1; +http://www.google.com/bot.html)"
20.171.207.126 - - [18/Oct/2025:09:22:33 +0300] "GET /search.php?products/108zc20284 HTTP/1.1" 403 4896 "-" "Mozilla/5.0 AppleWebKit/537.36 (KHTML, like Gecko; compatible; GPTBot/1.2; +https://openai.com/gptbot)"
40.77.167.255 - - [18/Oct/2025:09:22:33 +0300] "GET /goodscode/178605414.htm?path=/ HTTP/1.1" 200 4210 "-" "Mozilla/5.0 AppleWebKit/537.36 (KHTML, like Gecko; compatible; bingbot/2.0; +http://www.bing.com/bingbot.htm) Chrome/116.0.1938.76 Safari/537.36"
196.251.115.39 - - [18/Oct/2025:09:22:29 +0300] "GET /?path=/var/www/vhosts/ilgazhavalandirma.com.tr/httpdocs/wp-content'123 HTTP/1.1" 200 2847 "-" "Go-http-client/1.1"
66.249.75.37 - - [18/Oct/2025:09:22:36 +0300] "GET /already218?kg=27156 HTTP/1.1" 200 24035 "-" "Mozilla/5.0 (Linux; Android 6.0.1; Nexus 5X Build/MMB29P) AppleWebKit/537.36 (KHTML, like Gecko) Chrome/140.0.7339.207 Mobile Safari/537.36 (compatible; GoogleOther)"
40.77.167.67 - - [18/Oct/2025:09:22:38 +0300] "GET /goodscode/1003711284.htm?path=/ HTTP/1.1" 200 4210 "-" "Mozilla/5.0 AppleWebKit/537.36 (KHTML, like Gecko; compatible; bingbot/2.0; +http://www.bing.com/bingbot.htm) Chrome/116.0.1938.76 Safari/537.36"
40.77.167.67 - - [18/Oct/2025:09:22:39 +0300] "GET /goodscode/707198527.htm HTTP/1.1" 200 284 "-" "Mozilla/5.0 AppleWebKit/537.36 (KHTML, like Gecko; compatible; bingbot/2.0; +http://www.bing.com/bingbot.htm) Chrome/116.0.1938.76 Safari/537.36"
196.251.115.39 - - [18/Oct/2025:09:22:35 +0300] "GET /?path=/var/www/vhosts/ilgazhavalandirma.com.tr/httpdocs/wp-includes'123 HTTP/1.1" 200 2849 "-" "Go-http-client/1.1"
40.77.167.67 - - [18/Oct/2025:09:22:41 +0300] "GET /goodscode/201739603.htm HTTP/1.1" 200 284 "-" "Mozilla/5.0 AppleWebKit/537.36 (KHTML, like Gecko; compatible; bingbot/2.0; +http://www.bing.com/bingbot.htm) Chrome/116.0.1938.76 Safari/537.36"
40.77.167.77 - - [18/Oct/2025:09:22:42 +0300] "GET /goodscode/188708071.htm HTTP/1.1" 200 4210 "-" "Mozilla/5.0 AppleWebKit/537.36 (KHTML, like Gecko; compatible; bingbot/2.0; +http://www.bing.com/bingbot.htm) Chrome/116.0.1938.76 Safari/537.36"
20.171.207.126 - - [18/Oct/2025:09:22:43 +0300] "GET /search.php?products/191zk25611 HTTP/1.1" 403 4896 "-" "Mozilla/5.0 AppleWebKit/537.36 (KHTML, like Gecko; compatible; GPTBot/1.2; +https://openai.com/gptbot)"
196.251.115.39 - - [18/Oct/2025:09:22:41 +0300] "GET /?fileloc=/var/www/vhosts/ilgazhavalandirma.com.tr/httpdocs/.htaccess&path=/var/www/vhosts/ilgazhavalandirma.com.tr/httpdocs'123 HTTP/1.1" 200 2918 "-" "Go-http-client/1.1"
52.167.144.145 - - [18/Oct/2025:09:22:49 +0300] "GET /goodscode/195366028.htm?path=/var/www HTTP/1.1" 200 4210 "-" "Mozilla/5.0 AppleWebKit/537.36 (KHTML, like Gecko; compatible; bingbot/2.0; +http://www.bing.com/bingbot.htm) Chrome/116.0.1938.76 Safari/537.36"
196.251.115.39 - - [18/Oct/2025:09:22:47 +0300] "GET /?fileloc=/var/www/vhosts/ilgazhavalandirma.com.tr/httpdocs/404.php&path=/var/www/vhosts/ilgazhavalandirma.com.tr/httpdocs'123 HTTP/1.1" 200 7992 "-" "Go-http-client/1.1"
20.171.207.126 - - [18/Oct/2025:09:22:53 +0300] "GET /search.php?products/178or19528 HTTP/1.1" 403 4896 "-" "Mozilla/5.0 AppleWebKit/537.36 (KHTML, like Gecko; compatible; GPTBot/1.2; +https://openai.com/gptbot)"
196.251.115.39 - - [18/Oct/2025:09:22:53 +0300] "GET /?fileloc=/var/www/vhosts/ilgazhavalandirma.com.tr/httpdocs/click.php&path=/var/www/vhosts/ilgazhavalandirma.com.tr/httpdocs'123 HTTP/1.1" 200 3742 "-" "Go-http-client/1.1"
196.251.115.39 - - [18/Oct/2025:09:22:56 +0300] "GET /?fileloc=/var/www/vhosts/ilgazhavalandirma.com.tr/httpdocs/defaults.php&path=/var/www/vhosts/ilgazhavalandirma.com.tr/httpdocs'123 HTTP/1.1" 200 3786 "-" "Go-http-client/1.1"
66.249.78.41 - - [18/Oct/2025:09:22:57 +0300] "GET /m28223791305 HTTP/1.1" 200 25137 "-" "Mozilla/5.0 (Linux; Android 6.0.1; Nexus 5X Build/MMB29P) AppleWebKit/537.36 (KHTML, like Gecko) Chrome/140.0.7339.207 Mobile Safari/537.36 (compatible; GoogleOther)"
20.171.207.126 - - [18/Oct/2025:09:23:03 +0300] "GET /search.php?products/255ld47279 HTTP/1.1" 403 4896 "-" "Mozilla/5.0 AppleWebKit/537.36 (KHTML, like Gecko; compatible; GPTBot/1.2; +https://openai.com/gptbot)"
66.249.76.98 - - [18/Oct/2025:09:23:02 +0300] "GET /goodscode/1355786117.htm HTTP/1.1" 200 23387 "-" "Mozilla/5.0 (Linux; Android 6.0.1; Nexus 5X Build/MMB29P) AppleWebKit/537.36 (KHTML, like Gecko) Chrome/140.0.7339.207 Mobile Safari/537.36 (compatible; Googlebot/2.1; +http://www.google.com/bot.html)"
196.251.115.39 - - [18/Oct/2025:09:23:00 +0300] "GET /?fileloc=/var/www/vhosts/ilgazhavalandirma.com.tr/httpdocs/ex.php&path=/var/www/vhosts/ilgazhavalandirma.com.tr/httpdocs'123 HTTP/1.1" 200 5585 "-" "Go-http-client/1.1"
196.251.115.39 - - [18/Oct/2025:09:23:06 +0300] "GET /?fileloc=/var/www/vhosts/ilgazhavalandirma.com.tr/httpdocs/gck.php&path=/var/www/vhosts/ilgazhavalandirma.com.tr/httpdocs'123 HTTP/1.1" 200 3837 "-" "Go-http-client/1.1"
66.249.78.41 - - [18/Oct/2025:09:23:08 +0300] "GET /m55150952526 HTTP/1.1" 200 24101 "-" "Mozilla/5.0 (Linux; Android 6.0.1; Nexus 5X Build/MMB29P) AppleWebKit/537.36 (KHTML, like Gecko) Chrome/140.0.7339.207 Mobile Safari/537.36 (compatible; GoogleOther)"
196.251.115.39 - - [18/Oct/2025:09:23:10 +0300] "GET /?fileloc=/var/www/vhosts/ilgazhavalandirma.com.tr/httpdocs/google77c642e7d5e4ae48.html&path=/var/www/vhosts/ilgazhavalandirma.com.tr/httpdocs'123 HTTP/1.1" 200 2815 "-" "Go-http-client/1.1"
20.171.207.126 - - [18/Oct/2025:09:23:14 +0300] "GET /search.php?products/178iu43784 HTTP/1.1" 403 4896 "-" "Mozilla/5.0 AppleWebKit/537.36 (KHTML, like Gecko; compatible; GPTBot/1.2; +https://openai.com/gptbot)"
196.251.115.39 - - [18/Oct/2025:09:23:13 +0300] "GET /?fileloc=/var/www/vhosts/ilgazhavalandirma.com.tr/httpdocs/index.php&path=/var/www/vhosts/ilgazhavalandirma.com.tr/httpdocs'123 HTTP/1.1" 200 8954 "-" "Go-http-client/1.1"
66.249.69.192 - - [18/Oct/2025:09:23:18 +0300] "GET /goodscode/1260703030.htm HTTP/1.1" 200 4116 "-" "Mozilla/5.0 (Linux; Android 6.0.1; Nexus 5X Build/MMB29P) AppleWebKit/537.36 (KHTML, like Gecko) Chrome/140.0.7339.207 Mobile Safari/537.36 (compatible; Googlebot/2.1; +http://www.google.com/bot.html)"
66.249.76.96 - - [18/Oct/2025:09:23:18 +0300] "GET /goodscode/83492899.htm HTTP/1.1" 200 4116 "-" "Mozilla/5.0 (Linux; Android 6.0.1; Nexus 5X Build/MMB29P) AppleWebKit/537.36 (KHTML, like Gecko) Chrome/140.0.7339.207 Mobile Safari/537.36 (compatible; Googlebot/2.1; +http://www.google.com/bot.html)"
66.249.78.41 - - [18/Oct/2025:09:23:22 +0300] "GET /m23058695874 HTTP/1.1" 200 4148 "-" "Mozilla/5.0 (Linux; Android 6.0.1; Nexus 5X Build/MMB29P) AppleWebKit/537.36 (KHTML, like Gecko) Chrome/140.0.7339.207 Mobile Safari/537.36 (compatible; GoogleOther)"
40.77.167.255 - - [18/Oct/2025:09:23:22 +0300] "GET /goodscode/116472587.htm HTTP/1.1" 200 4198 "-" "Mozilla/5.0 AppleWebKit/537.36 (KHTML, like Gecko; compatible; bingbot/2.0; +http://www.bing.com/bingbot.htm) Chrome/116.0.1938.76 Safari/537.36"
196.251.115.39 - - [18/Oct/2025:09:23:18 +0300] "GET /?fileloc=/var/www/vhosts/ilgazhavalandirma.com.tr/httpdocs/index.php0&path=/var/www/vhosts/ilgazhavalandirma.com.tr/httpdocs'123 HTTP/1.1" 200 8955 "-" "Go-http-client/1.1"
20.171.207.126 - - [18/Oct/2025:09:23:24 +0300] "GET /search.php?products/116uz36244 HTTP/1.1" 403 4896 "-" "Mozilla/5.0 AppleWebKit/537.36 (KHTML, like Gecko; compatible; GPTBot/1.2; +https://openai.com/gptbot)"
114.119.129.175 - - [18/Oct/2025:09:23:21 +0300] "GET /success53?kg=31649 HTTP/1.1" 200 8779 "https://ilgazhavalandirma.com.tr/?sitemap191.xml" "Mozilla/5.0 (Linux; Android 7.0;) AppleWebKit/537.36 (KHTML, like Gecko) Mobile Safari/537.36 (compatible; PetalBot;+https://webmaster.petalsearch.com/site/petalbot)"
66.249.75.37 - - [18/Oct/2025:09:23:23 +0300] "GET /goodscode/418193824.htm HTTP/1.1" 200 27557 "-" "Mozilla/5.0 (Linux; Android 6.0.1; Nexus 5X Build/MMB29P) AppleWebKit/537.36 (KHTML, like Gecko) Chrome/140.0.7339.207 Mobile Safari/537.36 (compatible; Googlebot/2.1; +http://www.google.com/bot.html)"
66.249.76.96 - - [18/Oct/2025:09:23:25 +0300] "GET /goodscode/721402746.htm HTTP/1.1" 200 23584 "-" "Mozilla/5.0 (Linux; Android 6.0.1; Nexus 5X Build/MMB29P) AppleWebKit/537.36 (KHTML, like Gecko) Chrome/140.0.7339.207 Mobile Safari/537.36 (compatible; Googlebot/2.1; +http://www.google.com/bot.html)"
196.251.115.39 - - [18/Oct/2025:09:23:22 +0300] "GET /?fileloc=/var/www/vhosts/ilgazhavalandirma.com.tr/httpdocs/item.php&path=/var/www/vhosts/ilgazhavalandirma.com.tr/httpdocs'123 HTTP/1.1" 200 3753 "-" "Go-http-client/1.1"
66.249.75.37 - - [18/Oct/2025:09:23:26 +0300] "GET /tongue184?fileloc=/var/www/vhosts/ilgazhavalandirma.com.tr/httpdocs/wp-load.php&path=/var/www/vhosts/ilgazhavalandirma.com.tr/httpdocs HTTP/1.1" 200 19858 "-" "Mozilla/5.0 (Linux; Android 6.0.1; Nexus 5X Build/MMB29P) AppleWebKit/537.36 (KHTML, like Gecko) Chrome/140.0.7339.207 Mobile Safari/537.36 (compatible; Googlebot/2.1; +http://www.google.com/bot.html)"
66.249.75.37 - - [18/Oct/2025:09:23:28 +0300] "GET /m22085413345 HTTP/1.1" 200 25023 "-" "Mozilla/5.0 (Linux; Android 6.0.1; Nexus 5X Build/MMB29P) AppleWebKit/537.36 (KHTML, like Gecko) Chrome/140.0.7339.207 Mobile Safari/537.36 (compatible; GoogleOther)"
196.251.115.39 - - [18/Oct/2025:09:23:27 +0300] "GET /?fileloc=/var/www/vhosts/ilgazhavalandirma.com.tr/httpdocs/license.txt&path=/var/www/vhosts/ilgazhavalandirma.com.tr/httpdocs'123 HTTP/1.1" 200 10200 "-" "Go-http-client/1.1"
196.251.115.39 - - [18/Oct/2025:09:23:31 +0300] "GET /?fileloc=/var/www/vhosts/ilgazhavalandirma.com.tr/httpdocs/mah.php&path=/var/www/vhosts/ilgazhavalandirma.com.tr/httpdocs'123 HTTP/1.1" 200 3757 "-" "Go-http-client/1.1"
20.171.207.126 - - [18/Oct/2025:09:23:35 +0300] "GET /search.php?products/187jt37483 HTTP/1.1" 403 4896 "-" "Mozilla/5.0 AppleWebKit/537.36 (KHTML, like Gecko; compatible; GPTBot/1.2; +https://openai.com/gptbot)"
66.249.75.37 - - [18/Oct/2025:09:23:33 +0300] "GET /armed213?kg=30601 HTTP/1.1" 200 24147 "-" "Mozilla/5.0 (Linux; Android 6.0.1; Nexus 5X Build/MMB29P) AppleWebKit/537.36 (KHTML, like Gecko) Chrome/140.0.7339.207 Mobile Safari/537.36 (compatible; Googlebot/2.1; +http://www.google.com/bot.html)"
204.12.208.18 - - [18/Oct/2025:09:23:35 +0300] "GET /wp-content/plb24578/index.php HTTP/1.1" 200 449 "https://ilgazhavalandirma.com.tr/wp-content/plb24578/index.php" "Mozilla/5.0 (Macintosh; Intel Mac OS X 10_6_8) AppleWebKit/534.57.2 (KHTML, like Gecko) Version/5.1.7 Safari/534.57.2"
196.251.115.39 - - [18/Oct/2025:09:23:35 +0300] "GET /?fileloc=/var/www/vhosts/ilgazhavalandirma.com.tr/httpdocs/networks.php&path=/var/www/vhosts/ilgazhavalandirma.com.tr/httpdocs'123 HTTP/1.1" 200 3466 "-" "Go-http-client/1.1"
66.249.78.41 - - [18/Oct/2025:09:23:36 +0300] "GET /m71874567229 HTTP/1.1" 200 23877 "-" "Mozilla/5.0 (Linux; Android 6.0.1; Nexus 5X Build/MMB29P) AppleWebKit/537.36 (KHTML, like Gecko) Chrome/140.0.7339.207 Mobile Safari/537.36 (compatible; Googlebot/2.1; +http://www.google.com/bot.html)"
196.251.115.39 - - [18/Oct/2025:09:23:37 +0300] "GET /?fileloc=/var/www/vhosts/ilgazhavalandirma.com.tr/httpdocs/options.php&path=/var/www/vhosts/ilgazhavalandirma.com.tr/httpdocs'123 HTTP/1.1" 200 3758 "-" "Go-http-client/1.1"
66.249.78.41 - - [18/Oct/2025:09:23:38 +0300] "GET /armed213?kg=30601 HTTP/1.1" 200 24052 "-" "Mozilla/5.0 (Linux; Android 6.0.1; Nexus 5X Build/MMB29P) AppleWebKit/537.36 (KHTML, like Gecko) Chrome/140.0.7339.207 Mobile Safari/537.36 (compatible; GoogleOther)"
52.167.144.145 - - [18/Oct/2025:09:23:42 +0300] "GET /goodscode/180893773.htm HTTP/1.1" 200 4210 "-" "Mozilla/5.0 AppleWebKit/537.36 (KHTML, like Gecko; compatible; bingbot/2.0; +http://www.bing.com/bingbot.htm) Chrome/116.0.1938.76 Safari/537.36"
3.93.211.16 - - [18/Oct/2025:09:23:40 +0300] "GET /products/91dv19772?fileloc=/var/www/vhosts/ilgazhavalandirma.com.tr/httpdocs/wp-content/languages/tr_TR-81c889563f09dd13de1701135dc62941.json&path=/var/www/vhosts/ilgazhavalandirma.com.tr/httpdocs/wp-content/languages HTTP/1.1" 200 6578 "-" "Mozilla/5.0 AppleWebKit/537.36 (KHTML, like Gecko; compatible; Amazonbot/0.1; +https://developer.amazon.com/support/amazonbot) Chrome/119.0.6045.214 Safari/537.36"
196.251.115.39 - - [18/Oct/2025:09:23:40 +0300] "GET /?fileloc=/var/www/vhosts/ilgazhavalandirma.com.tr/httpdocs/pages.php&path=/var/www/vhosts/ilgazhavalandirma.com.tr/httpdocs'123 HTTP/1.1" 200 3621 "-" "Go-http-client/1.1"
20.171.207.126 - - [18/Oct/2025:09:23:45 +0300] "GET /search.php?products/238hh46780 HTTP/1.1" 403 4896 "-" "Mozilla/5.0 AppleWebKit/537.36 (KHTML, like Gecko; compatible; GPTBot/1.2; +https://openai.com/gptbot)"
66.249.75.37 - - [18/Oct/2025:09:23:46 +0300] "GET /pair182?kg=14618 HTTP/1.1" 200 23807 "-" "Mozilla/5.0 (Linux; Android 6.0.1; Nexus 5X Build/MMB29P) AppleWebKit/537.36 (KHTML, like Gecko) Chrome/140.0.7339.207 Mobile Safari/537.36 (compatible; GoogleOther)"
196.251.115.39 - - [18/Oct/2025:09:23:45 +0300] "GET /?fileloc=/var/www/vhosts/ilgazhavalandirma.com.tr/httpdocs/plugins.php&path=/var/www/vhosts/ilgazhavalandirma.com.tr/httpdocs'123 HTTP/1.1" 200 3743 "-" "Go-http-client/1.1"
40.77.167.67 - - [18/Oct/2025:09:23:52 +0300] "GET /goodscode/208006947.htm HTTP/1.1" 200 4210 "-" "Mozilla/5.0 AppleWebKit/537.36 (KHTML, like Gecko; compatible; bingbot/2.0; +http://www.bing.com/bingbot.htm) Chrome/116.0.1938.76 Safari/537.36"
196.251.115.39 - - [18/Oct/2025:09:23:49 +0300] "GET /?fileloc=/var/www/vhosts/ilgazhavalandirma.com.tr/httpdocs/product.php&path=/var/www/vhosts/ilgazhavalandirma.com.tr/httpdocs'123 HTTP/1.1" 200 3785 "-" "Go-http-client/1.1"
66.249.75.37 - - [18/Oct/2025:09:23:52 +0300] "GET /m61799437932 HTTP/1.1" 200 23824 "-" "Mozilla/5.0 (Linux; Android 6.0.1; Nexus 5X Build/MMB29P) AppleWebKit/537.36 (KHTML, like Gecko) Chrome/140.0.7339.207 Mobile Safari/537.36 (compatible; GoogleOther)"
20.171.207.126 - - [18/Oct/2025:09:23:55 +0300] "GET /search.php?products/221kl20625 HTTP/1.1" 403 4896 "-" "Mozilla/5.0 AppleWebKit/537.36 (KHTML, like Gecko; compatible; GPTBot/1.2; +https://openai.com/gptbot)"
52.167.144.161 - - [18/Oct/2025:09:23:55 +0300] "GET /zhHant/product/surugaya/I1365743327?campaign_uid=f64d716db5e979ed2f947dbaf4296895b951ae7f HTTP/1.1" 200 4210 "-" "Mozilla/5.0 AppleWebKit/537.36 (KHTML, like Gecko; compatible; bingbot/2.0; +http://www.bing.com/bingbot.htm) Chrome/116.0.1938.76 Safari/537.36"
196.251.115.39 - - [18/Oct/2025:09:23:54 +0300] "GET /?fileloc=/var/www/vhosts/ilgazhavalandirma.com.tr/httpdocs/radio.php&path=/var/www/vhosts/ilgazhavalandirma.com.tr/httpdocs'123 HTTP/1.1" 200 5587 "-" "Go-http-client/1.1"
40.77.167.255 - - [18/Oct/2025:09:23:56 +0300] "GET /goodscode/125464629.htm HTTP/1.1" 200 4210 "-" "Mozilla/5.0 AppleWebKit/537.36 (KHTML, like Gecko; compatible; bingbot/2.0; +http://www.bing.com/bingbot.htm) Chrome/116.0.1938.76 Safari/537.36"
196.251.115.39 - - [18/Oct/2025:09:23:57 +0300] "GET /?fileloc=/var/www/vhosts/ilgazhavalandirma.com.tr/httpdocs/readme.html&path=/var/www/vhosts/ilgazhavalandirma.com.tr/httpdocs'123 HTTP/1.1" 200 5820 "-" "Go-http-client/1.1"
66.249.75.37 - - [18/Oct/2025:09:24:01 +0300] "GET /m50100687300 HTTP/1.1" 200 23696 "-" "Mozilla/5.0 (Linux; Android 6.0.1; Nexus 5X Build/MMB29P) AppleWebKit/537.36 (KHTML, like Gecko) Chrome/140.0.7339.207 Mobile Safari/537.36 (compatible; GoogleOther)"
20.171.207.126 - - [18/Oct/2025:09:24:05 +0300] "GET /search.php?products/184hq29912 HTTP/1.1" 403 4896 "-" "Mozilla/5.0 AppleWebKit/537.36 (KHTML, like Gecko; compatible; GPTBot/1.2; +https://openai.com/gptbot)"
196.251.115.39 - - [18/Oct/2025:09:24:01 +0300] "GET /?fileloc=/var/www/vhosts/ilgazhavalandirma.com.tr/httpdocs/robots.txt&path=/var/www/vhosts/ilgazhavalandirma.com.tr/httpdocs'123 HTTP/1.1" 200 2860 "-" "Go-http-client/1.1"
196.251.115.39 - - [18/Oct/2025:09:24:06 +0300] "GET /?fileloc=/var/www/vhosts/ilgazhavalandirma.com.tr/httpdocs/schallfuns.php&path=/var/www/vhosts/ilgazhavalandirma.com.tr/httpdocs'123 HTTP/1.1" 200 5185 "-" "Go-http-client/1.1"
66.249.75.37 - - [18/Oct/2025:09:24:10 +0300] "GET /goodscode/357811719.htm HTTP/1.1" 200 27996 "-" "Mozilla/5.0 (Linux; Android 6.0.1; Nexus 5X Build/MMB29P) AppleWebKit/537.36 (KHTML, like Gecko) Chrome/140.0.7339.207 Mobile Safari/537.36 (compatible; GoogleOther)"
40.77.167.67 - - [18/Oct/2025:09:24:12 +0300] "GET /goodscode/151933925.htm HTTP/1.1" 200 4210 "-" "Mozilla/5.0 AppleWebKit/537.36 (KHTML, like Gecko; compatible; bingbot/2.0; +http://www.bing.com/bingbot.htm) Chrome/116.0.1938.76 Safari/537.36"
66.249.75.37 - - [18/Oct/2025:09:24:11 +0300] "GET /goodscode/532820484.htm HTTP/1.1" 200 23666 "-" "Mozilla/5.0 (Linux; Android 6.0.1; Nexus 5X Build/MMB29P) AppleWebKit/537.36 (KHTML, like Gecko) Chrome/140.0.7339.207 Mobile Safari/537.36 (compatible; Googlebot/2.1; +http://www.google.com/bot.html)"
196.251.115.39 - - [18/Oct/2025:09:24:10 +0300] "GET /?fileloc=/var/www/vhosts/ilgazhavalandirma.com.tr/httpdocs/search.php&path=/var/www/vhosts/ilgazhavalandirma.com.tr/httpdocs'123 HTTP/1.1" 200 3570 "-" "Go-http-client/1.1"
20.171.207.126 - - [18/Oct/2025:09:24:16 +0300] "GET /search.php?products/271dl27961 HTTP/1.1" 403 4896 "-" "Mozilla/5.0 AppleWebKit/537.36 (KHTML, like Gecko; compatible; GPTBot/1.2; +https://openai.com/gptbot)"
196.251.115.39 - - [18/Oct/2025:09:24:15 +0300] "GET /?fileloc=/var/www/vhosts/ilgazhavalandirma.com.tr/httpdocs/v4.php&path=/var/www/vhosts/ilgazhavalandirma.com.tr/httpdocs'123 HTTP/1.1" 200 3305 "-" "Go-http-client/1.1"
196.251.115.39 - - [18/Oct/2025:09:24:19 +0300] "GET /?fileloc=/var/www/vhosts/ilgazhavalandirma.com.tr/httpdocs/wp-activate.php&path=/var/www/vhosts/ilgazhavalandirma.com.tr/httpdocs'123 HTTP/1.1" 200 5249 "-" "Go-http-client/1.1"
66.249.78.41 - - [18/Oct/2025:09:24:21 +0300] "GET /unprecedented120?kg=37134 HTTP/1.1" 200 24645 "-" "Mozilla/5.0 (Linux; Android 6.0.1; Nexus 5X Build/MMB29P) AppleWebKit/537.36 (KHTML, like Gecko) Chrome/140.0.7339.207 Mobile Safari/537.36 (compatible; GoogleOther)"
20.171.207.126 - - [18/Oct/2025:09:24:26 +0300] "GET /search.php?products/243vp41601 HTTP/1.1" 403 4896 "-" "Mozilla/5.0 AppleWebKit/537.36 (KHTML, like Gecko; compatible; GPTBot/1.2; +https://openai.com/gptbot)"
196.251.115.39 - - [18/Oct/2025:09:24:23 +0300] "GET /?fileloc=/var/www/vhosts/ilgazhavalandirma.com.tr/httpdocs/wp-blog-header.php&path=/var/www/vhosts/ilgazhavalandirma.com.tr/httpdocs'123 HTTP/1.1" 200 4879 "-" "Go-http-client/1.1"
66.249.75.37 - - [18/Oct/2025:09:24:27 +0300] "GET /goodscode/357811719.htm HTTP/1.1" 200 28039 "-" "Mozilla/5.0 (Linux; Android 6.0.1; Nexus 5X Build/MMB29P) AppleWebKit/537.36 (KHTML, like Gecko) Chrome/140.0.7339.207 Mobile Safari/537.36 (compatible; Googlebot/2.1; +http://www.google.com/bot.html)"
196.251.115.39 - - [18/Oct/2025:09:24:28 +0300] "GET /?fileloc=/var/www/vhosts/ilgazhavalandirma.com.tr/httpdocs/wp-comments-post.php&path=/var/www/vhosts/ilgazhavalandirma.com.tr/httpdocs'123 HTTP/1.1" 200 3831 "-" "Go-http-client/1.1"
66.249.78.41 - - [18/Oct/2025:09:24:30 +0300] "GET /m27308013749 HTTP/1.1" 200 24036 "-" "Mozilla/5.0 (Linux; Android 6.0.1; Nexus 5X Build/MMB29P) AppleWebKit/537.36 (KHTML, like Gecko) Chrome/140.0.7339.207 Mobile Safari/537.36 (compatible; GoogleOther)"
196.251.115.39 - - [18/Oct/2025:09:24:31 +0300] "GET /?fileloc=/var/www/vhosts/ilgazhavalandirma.com.tr/httpdocs/wp-config-sample.php&path=/var/www/vhosts/ilgazhavalandirma.com.tr/httpdocs'123 HTTP/1.1" 200 3986 "-" "Go-http-client/1.1"
196.251.115.39 - - [18/Oct/2025:09:24:33 +0300] "GET /?fileloc=/var/www/vhosts/ilgazhavalandirma.com.tr/httpdocs/wp-config.php&path=/var/www/vhosts/ilgazhavalandirma.com.tr/httpdocs'123 HTTP/1.1" 200 4433 "-" "Go-http-client/1.1"
20.171.207.126 - - [18/Oct/2025:09:24:36 +0300] "GET /search.php?products/218gs35116 HTTP/1.1" 403 4896 "-" "Mozilla/5.0 AppleWebKit/537.36 (KHTML, like Gecko; compatible; GPTBot/1.2; +https://openai.com/gptbot)"
196.251.115.39 - - [18/Oct/2025:09:24:36 +0300] "GET /?fileloc=/var/www/vhosts/ilgazhavalandirma.com.tr/httpdocs/wp-cron.php&path=/var/www/vhosts/ilgazhavalandirma.com.tr/httpdocs'123 HTTP/1.1" 200 4899 "-" "Go-http-client/1.1"
196.251.115.39 - - [18/Oct/2025:09:24:38 +0300] "GET /?fileloc=/var/www/vhosts/ilgazhavalandirma.com.tr/httpdocs/wp-links-opml.php&path=/var/www/vhosts/ilgazhavalandirma.com.tr/httpdocs'123 HTTP/1.1" 200 3916 "-" "Go-http-client/1.1"
196.251.115.39 - - [18/Oct/2025:09:24:39 +0300] "GET /?fileloc=/var/www/vhosts/ilgazhavalandirma.com.tr/httpdocs/wp-load.php&path=/var/www/vhosts/ilgazhavalandirma.com.tr/httpdocs'123 HTTP/1.1" 200 4412 "-" "Go-http-client/1.1"
196.251.115.39 - - [18/Oct/2025:09:24:40 +0300] "GET /?fileloc=/var/www/vhosts/ilgazhavalandirma.com.tr/httpdocs/wp-log1n.php&path=/var/www/vhosts/ilgazhavalandirma.com.tr/httpdocs'123 HTTP/1.1" 200 3761 "-" "Go-http-client/1.1"
196.251.115.39 - - [18/Oct/2025:09:24:40 +0300] "GET /?fileloc=/var/www/vhosts/ilgazhavalandirma.com.tr/httpdocs/wp-mail.php&path=/var/www/vhosts/ilgazhavalandirma.com.tr/httpdocs'123 HTTP/1.1" 200 5740 "-" "Go-http-client/1.1"
66.249.78.41 - - [18/Oct/2025:09:24:39 +0300] "GET /soften93?kg=11529 HTTP/1.1" 200 24653 "-" "Mozilla/5.0 (Linux; Android 6.0.1; Nexus 5X Build/MMB29P) AppleWebKit/537.36 (KHTML, like Gecko) Chrome/140.0.7339.207 Mobile Safari/537.36 (compatible; GoogleOther)"
196.251.115.39 - - [18/Oct/2025:09:24:41 +0300] "GET /?fileloc=/var/www/vhosts/ilgazhavalandirma.com.tr/httpdocs/wp-settings.php&path=/var/www/vhosts/ilgazhavalandirma.com.tr/httpdocs'123 HTTP/1.1" 200 8411 "-" "Go-http-client/1.1"
196.251.115.39 - - [18/Oct/2025:09:24:42 +0300] "GET /?fileloc=/var/www/vhosts/ilgazhavalandirma.com.tr/httpdocs/wp-signup.php&path=/var/www/vhosts/ilgazhavalandirma.com.tr/httpdocs'123 HTTP/1.1" 200 10859 "-" "Go-http-client/1.1"
204.12.208.18 - - [18/Oct/2025:09:23:15 +0300] "GET /wp-content/plb24578/index.php HTTP/1.1" 200 3579 "https://ilgazhavalandirma.com.tr/wp-content/plb24578/index.php" "Opera/9.80 (Windows NT 6.1; U; ja) Presto/2.10.229 Version/11.60"
196.251.115.39 - - [18/Oct/2025:09:24:43 +0300] "GET /?fileloc=/var/www/vhosts/ilgazhavalandirma.com.tr/httpdocs/wp-trackback.php&path=/var/www/vhosts/ilgazhavalandirma.com.tr/httpdocs'123 HTTP/1.1" 200 4548 "-" "Go-http-client/1.1"
196.251.115.39 - - [18/Oct/2025:09:24:43 +0300] "GET /?fileloc=/var/www/vhosts/ilgazhavalandirma.com.tr/httpdocs/xmlrpc.php&path=/var/www/vhosts/ilgazhavalandirma.com.tr/httpdocs'123 HTTP/1.1" 200 4164 "-" "Go-http-client/1.1"
196.251.115.39 - - [18/Oct/2025:09:24:44 +0300] "GET /?fileloc=/var/www/vhosts/ilgazhavalandirma.com.tr/httpdocs/xwddt.php&path=/var/www/vhosts/ilgazhavalandirma.com.tr/httpdocs'123 HTTP/1.1" 200 6097 "-" "Go-http-client/1.1"
20.171.207.126 - - [18/Oct/2025:09:24:47 +0300] "GET /search.php?products/276gr25746 HTTP/1.1" 403 4896 "-" "Mozilla/5.0 AppleWebKit/537.36 (KHTML, like Gecko; compatible; GPTBot/1.2; +https://openai.com/gptbot)"
196.251.115.39 - - [18/Oct/2025:09:24:46 +0300] "GET /?fileloc=/var/www/vhosts/ilgazhavalandirma.com.tr/httpdocs/zfe.php&path=/var/www/vhosts/ilgazhavalandirma.com.tr/httpdocs'123 HTTP/1.1" 200 9509 "-" "Go-http-client/1.1"
66.249.78.41 - - [18/Oct/2025:09:24:46 +0300] "GET /m15655143214 HTTP/1.1" 200 23607 "-" "Mozilla/5.0 (Linux; Android 6.0.1; Nexus 5X Build/MMB29P) AppleWebKit/537.36 (KHTML, like Gecko) Chrome/140.0.7339.207 Mobile Safari/537.36 (compatible; GoogleOther)"
40.77.167.67 - - [18/Oct/2025:09:24:49 +0300] "GET /goodscode/192183281.htm HTTP/1.1" 200 4210 "-" "Mozilla/5.0 AppleWebKit/537.36 (KHTML, like Gecko; compatible; bingbot/2.0; +http://www.bing.com/bingbot.htm) Chrome/116.0.1938.76 Safari/537.36"
66.249.76.97 - - [18/Oct/2025:09:24:49 +0300] "GET /goodscode/1412574941.htm HTTP/1.1" 200 24009 "-" "Mozilla/5.0 (Linux; Android 6.0.1; Nexus 5X Build/MMB29P) AppleWebKit/537.36 (KHTML, like Gecko) Chrome/140.0.7339.207 Mobile Safari/537.36 (compatible; Googlebot/2.1; +http://www.google.com/bot.html)"
40.77.167.67 - - [18/Oct/2025:09:24:50 +0300] "GET /goodscode/256599540.htm HTTP/1.1" 200 284 "-" "Mozilla/5.0 AppleWebKit/537.36 (KHTML, like Gecko; compatible; bingbot/2.0; +http://www.bing.com/bingbot.htm) Chrome/116.0.1938.76 Safari/537.36"
66.249.75.37 - - [18/Oct/2025:09:24:53 +0300] "GET /m35360836581 HTTP/1.1" 200 24522 "-" "Mozilla/5.0 (Linux; Android 6.0.1; Nexus 5X Build/MMB29P) AppleWebKit/537.36 (KHTML, like Gecko) Chrome/140.0.7339.207 Mobile Safari/537.36 (compatible; GoogleOther)"
20.171.207.126 - - [18/Oct/2025:09:24:58 +0300] "GET /search.php?products/163cw39583 HTTP/1.1" 403 4896 "-" "Mozilla/5.0 AppleWebKit/537.36 (KHTML, like Gecko; compatible; GPTBot/1.2; +https://openai.com/gptbot)"
40.77.167.255 - - [18/Oct/2025:09:24:59 +0300] "GET /goodscode/15346516.htm HTTP/1.1" 200 4210 "-" "Mozilla/5.0 AppleWebKit/537.36 (KHTML, like Gecko; compatible; bingbot/2.0; +http://www.bing.com/bingbot.htm) Chrome/116.0.1938.76 Safari/537.36"
114.119.149.66 - - [18/Oct/2025:09:25:02 +0300] "GET /substantial160?kg=4580 HTTP/1.1" 200 8779 "https://ilgazhavalandirma.com.tr/?sitemap191.xml" "Mozilla/5.0 (Linux; Android 7.0;) AppleWebKit/537.36 (KHTML, like Gecko) Mobile Safari/537.36 (compatible; PetalBot;+https://webmaster.petalsearch.com/site/petalbot)"
66.249.75.37 - - [18/Oct/2025:09:25:02 +0300] "GET /m58069924586 HTTP/1.1" 200 24377 "-" "Mozilla/5.0 (Linux; Android 6.0.1; Nexus 5X Build/MMB29P) AppleWebKit/537.36 (KHTML, like Gecko) Chrome/140.0.7339.207 Mobile Safari/537.36 (compatible; GoogleOther)"
20.171.207.126 - - [18/Oct/2025:09:25:08 +0300] "GET /search.php?products/206rm41966 HTTP/1.1" 403 4896 "-" "Mozilla/5.0 AppleWebKit/537.36 (KHTML, like Gecko; compatible; GPTBot/1.2; +https://openai.com/gptbot)"
66.249.78.41 - - [18/Oct/2025:09:25:10 +0300] "GET /m98869068183 HTTP/1.1" 200 24672 "-" "Mozilla/5.0 (Linux; Android 6.0.1; Nexus 5X Build/MMB29P) AppleWebKit/537.36 (KHTML, like Gecko) Chrome/140.0.7339.207 Mobile Safari/537.36 (compatible; GoogleOther)"
52.167.144.161 - - [18/Oct/2025:09:25:15 +0300] "GET /goodscode/190048037.htm HTTP/1.1" 200 4210 "-" "Mozilla/5.0 AppleWebKit/537.36 (KHTML, like Gecko; compatible; bingbot/2.0; +http://www.bing.com/bingbot.htm) Chrome/116.0.1938.76 Safari/537.36"
20.171.207.126 - - [18/Oct/2025:09:25:19 +0300] "GET /search.php?products/243ar31749 HTTP/1.1" 403 4896 "-" "Mozilla/5.0 AppleWebKit/537.36 (KHTML, like Gecko; compatible; GPTBot/1.2; +https://openai.com/gptbot)"
66.249.78.41 - - [18/Oct/2025:09:25:18 +0300] "GET /m83952888284 HTTP/1.1" 200 24283 "-" "Mozilla/5.0 (Linux; Android 6.0.1; Nexus 5X Build/MMB29P) AppleWebKit/537.36 (KHTML, like Gecko) Chrome/140.0.7339.207 Mobile Safari/537.36 (compatible; GoogleOther)"
20.171.207.126 - - [18/Oct/2025:09:25:28 +0300] "GET /search.php?products/173ap18749 HTTP/1.1" 403 4896 "-" "Mozilla/5.0 AppleWebKit/537.36 (KHTML, like Gecko; compatible; GPTBot/1.2; +https://openai.com/gptbot)"
66.249.78.41 - - [18/Oct/2025:09:25:28 +0300] "GET /m95208263158 HTTP/1.1" 200 25011 "-" "Mozilla/5.0 (Linux; Android 6.0.1; Nexus 5X Build/MMB29P) AppleWebKit/537.36 (KHTML, like Gecko) Chrome/140.0.7339.207 Mobile Safari/537.36 (compatible; GoogleOther)"
52.167.144.202 - - [18/Oct/2025:09:25:31 +0300] "GET /goodscode/987881611.htm HTTP/1.1" 200 4210 "-" "Mozilla/5.0 AppleWebKit/537.36 (KHTML, like Gecko; compatible; bingbot/2.0; +http://www.bing.com/bingbot.htm) Chrome/116.0.1938.76 Safari/537.36"
66.249.75.37 - - [18/Oct/2025:09:25:37 +0300] "GET /goodscode/502197120.htm HTTP/1.1" 200 24057 "-" "Mozilla/5.0 (Linux; Android 6.0.1; Nexus 5X Build/MMB29P) AppleWebKit/537.36 (KHTML, like Gecko) Chrome/140.0.7339.207 Mobile Safari/537.36 (compatible; GoogleOther)"
20.171.207.126 - - [18/Oct/2025:09:25:39 +0300] "GET /search.php?products/187bb37761 HTTP/1.1" 403 4896 "-" "Mozilla/5.0 AppleWebKit/537.36 (KHTML, like Gecko; compatible; GPTBot/1.2; +https://openai.com/gptbot)"
66.249.75.37 - - [18/Oct/2025:09:25:39 +0300] "GET /interior226?kg=6346 HTTP/1.1" 200 23723 "-" "Mozilla/5.0 (Linux; Android 6.0.1; Nexus 5X Build/MMB29P) AppleWebKit/537.36 (KHTML, like Gecko) Chrome/140.0.7339.207 Mobile Safari/537.36 (compatible; Googlebot/2.1; +http://www.google.com/bot.html)"
40.77.167.67 - - [18/Oct/2025:09:25:42 +0300] "GET /goodscode/260453405.htm HTTP/1.1" 200 4210 "-" "Mozilla/5.0 AppleWebKit/537.36 (KHTML, like Gecko; compatible; bingbot/2.0; +http://www.bing.com/bingbot.htm) Chrome/116.0.1938.76 Safari/537.36"
40.77.167.67 - - [18/Oct/2025:09:25:43 +0300] "GET /goodscode/106556785.htm HTTP/1.1" 200 284 "-" "Mozilla/5.0 AppleWebKit/537.36 (KHTML, like Gecko; compatible; bingbot/2.0; +http://www.bing.com/bingbot.htm) Chrome/116.0.1938.76 Safari/537.36"
40.77.167.67 - - [18/Oct/2025:09:25:44 +0300] "GET /goodscode/130310277.htm HTTP/1.1" 200 284 "-" "Mozilla/5.0 AppleWebKit/537.36 (KHTML, like Gecko; compatible; bingbot/2.0; +http://www.bing.com/bingbot.htm) Chrome/116.0.1938.76 Safari/537.36"
20.171.207.126 - - [18/Oct/2025:09:25:50 +0300] "GET /search.php?products/270ht28454 HTTP/1.1" 403 4896 "-" "Mozilla/5.0 AppleWebKit/537.36 (KHTML, like Gecko; compatible; GPTBot/1.2; +https://openai.com/gptbot)"
66.249.78.41 - - [18/Oct/2025:09:25:49 +0300] "GET /compelling115?kg=11217 HTTP/1.1" 200 23719 "-" "Mozilla/5.0 (Linux; Android 6.0.1; Nexus 5X Build/MMB29P) AppleWebKit/537.36 (KHTML, like Gecko) Chrome/140.0.7339.207 Mobile Safari/537.36 (compatible; GoogleOther)"
40.77.167.255 - - [18/Oct/2025:09:25:55 +0300] "GET /goodscode/74727543.htm HTTP/1.1" 200 4210 "-" "Mozilla/5.0 AppleWebKit/537.36 (KHTML, like Gecko; compatible; bingbot/2.0; +http://www.bing.com/bingbot.htm) Chrome/116.0.1938.76 Safari/537.36"
20.171.207.126 - - [18/Oct/2025:09:26:00 +0300] "GET /search.php?products/100it37018 HTTP/1.1" 403 4896 "-" "Mozilla/5.0 AppleWebKit/537.36 (KHTML, like Gecko; compatible; GPTBot/1.2; +https://openai.com/gptbot)"
40.77.167.67 - - [18/Oct/2025:09:26:01 +0300] "GET /goodscode/231548047.htm HTTP/1.1" 200 4210 "-" "Mozilla/5.0 AppleWebKit/537.36 (KHTML, like Gecko; compatible; bingbot/2.0; +http://www.bing.com/bingbot.htm) Chrome/116.0.1938.76 Safari/537.36"
40.77.167.67 - - [18/Oct/2025:09:26:02 +0300] "GET /goodscode/221400213.htm HTTP/1.1" 200 284 "-" "Mozilla/5.0 AppleWebKit/537.36 (KHTML, like Gecko; compatible; bingbot/2.0; +http://www.bing.com/bingbot.htm) Chrome/116.0.1938.76 Safari/537.36"
66.249.78.41 - - [18/Oct/2025:09:26:01 +0300] "GET /round90?kg=32996 HTTP/1.1" 200 23539 "-" "Mozilla/5.0 (Linux; Android 6.0.1; Nexus 5X Build/MMB29P) AppleWebKit/537.36 (KHTML, like Gecko) Chrome/140.0.7339.207 Mobile Safari/537.36 (compatible; GoogleOther)"
66.249.76.96 - - [18/Oct/2025:09:26:07 +0300] "GET /?i=322539713 HTTP/1.1" 200 23740 "-" "Mozilla/5.0 (Linux; Android 6.0.1; Nexus 5X Build/MMB29P) AppleWebKit/537.36 (KHTML, like Gecko) Chrome/140.0.7339.207 Mobile Safari/537.36 (compatible; Googlebot/2.1; +http://www.google.com/bot.html)"
52.167.144.66 - - [18/Oct/2025:09:26:10 +0300] "GET /robots.txt HTTP/1.1" 200 4433 "-" "Mozilla/5.0 AppleWebKit/537.36 (KHTML, like Gecko; compatible; bingbot/2.0; +http://www.bing.com/bingbot.htm) Chrome/116.0.1938.76 Safari/537.36"
20.171.207.126 - - [18/Oct/2025:09:26:11 +0300] "GET /search.php?products/150xp20452 HTTP/1.1" 403 4896 "-" "Mozilla/5.0 AppleWebKit/537.36 (KHTML, like Gecko; compatible; GPTBot/1.2; +https://openai.com/gptbot)"
52.167.144.145 - - [18/Oct/2025:09:26:11 +0300] "GET /goodscode/194826267.htm HTTP/1.1" 200 4210 "-" "Mozilla/5.0 AppleWebKit/537.36 (KHTML, like Gecko; compatible; bingbot/2.0; +http://www.bing.com/bingbot.htm) Chrome/116.0.1938.76 Safari/537.36"
69.197.179.242 - - [18/Oct/2025:09:24:45 +0300] "GET /wp-content/plb24578/index.php?id=241605 HTTP/1.1" 200 4094 "https://ilgazhavalandirma.com.tr/wp-content/plb24578/index.php?id=241605" "Mozilla/5.0 (Windows NT 10.0; Win64; x64) AppleWebKit/537.36 (KHTML, like Gecko) Chrome/58.0.3029.110 Safari/537.3"
66.249.78.41 - - [18/Oct/2025:09:26:10 +0300] "GET /along116?kg=24350 HTTP/1.1" 200 23836 "-" "Mozilla/5.0 (Linux; Android 6.0.1; Nexus 5X Build/MMB29P) AppleWebKit/537.36 (KHTML, like Gecko) Chrome/140.0.7339.207 Mobile Safari/537.36 (compatible; GoogleOther)"
52.167.144.145 - - [18/Oct/2025:09:26:12 +0300] "GET /goodscode/118419329.htm HTTP/1.1" 200 284 "-" "Mozilla/5.0 AppleWebKit/537.36 (KHTML, like Gecko; compatible; bingbot/2.0; +http://www.bing.com/bingbot.htm) Chrome/116.0.1938.76 Safari/537.36"
40.77.167.255 - - [18/Oct/2025:09:26:17 +0300] "GET /goodscode/1188334083.htm HTTP/1.1" 200 4210 "-" "Mozilla/5.0 AppleWebKit/537.36 (KHTML, like Gecko; compatible; bingbot/2.0; +http://www.bing.com/bingbot.htm) Chrome/116.0.1938.76 Safari/537.36"
66.249.78.41 - - [18/Oct/2025:09:26:20 +0300] "GET /m38747940566 HTTP/1.1" 200 23677 "-" "Mozilla/5.0 (Linux; Android 6.0.1; Nexus 5X Build/MMB29P) AppleWebKit/537.36 (KHTML, like Gecko) Chrome/140.0.7339.207 Mobile Safari/537.36 (compatible; GoogleOther)"
20.171.207.126 - - [18/Oct/2025:09:26:21 +0300] "GET /search.php?products/119mz17597 HTTP/1.1" 403 4896 "-" "Mozilla/5.0 AppleWebKit/537.36 (KHTML, like Gecko; compatible; GPTBot/1.2; +https://openai.com/gptbot)"
154.50.20.68 - - [18/Oct/2025:09:26:31 +0300] "GET /wp-login.php HTTP/1.1" 200 8863 "-" "Mozilla/5.0 (X11; Linux x86_64; rv:121.0) Gecko/20100101 Firefox/121.0"
154.50.20.68 - - [18/Oct/2025:09:26:31 +0300] "POST /wp-login.php HTTP/1.1" 200 5027 "-" "Mozilla/5.0 (X11; Linux x86_64; rv:121.0) Gecko/20100101 Firefox/121.0"
20.171.207.126 - - [18/Oct/2025:09:26:32 +0300] "GET /search.php?products/203wp10315 HTTP/1.1" 403 4896 "-" "Mozilla/5.0 AppleWebKit/537.36 (KHTML, like Gecko; compatible; GPTBot/1.2; +https://openai.com/gptbot)"
154.50.20.68 - - [18/Oct/2025:09:26:32 +0300] "POST /wp-login.php HTTP/1.1" 200 5027 "-" "Mozilla/5.0 (X11; Linux x86_64; rv:121.0) Gecko/20100101 Firefox/121.0"
66.249.78.41 - - [18/Oct/2025:09:26:39 +0300] "GET /goodscode/865067009.htm HTTP/1.1" 200 24539 "-" "Mozilla/5.0 (Linux; Android 6.0.1; Nexus 5X Build/MMB29P) AppleWebKit/537.36 (KHTML, like Gecko) Chrome/140.0.7339.207 Mobile Safari/537.36 (compatible; GoogleOther)"
20.171.207.126 - - [18/Oct/2025:09:26:42 +0300] "GET /search.php?products/188qt27022 HTTP/1.1" 403 4896 "-" "Mozilla/5.0 AppleWebKit/537.36 (KHTML, like Gecko; compatible; GPTBot/1.2; +https://openai.com/gptbot)"
66.249.78.41 - - [18/Oct/2025:09:26:41 +0300] "GET /category/63_404_1804/1/listing HTTP/1.1" 200 24239 "-" "Mozilla/5.0 (Linux; Android 6.0.1; Nexus 5X Build/MMB29P) AppleWebKit/537.36 (KHTML, like Gecko) Chrome/140.0.7339.207 Mobile Safari/537.36 (compatible; Googlebot/2.1; +http://www.google.com/bot.html)"
66.249.75.37 - - [18/Oct/2025:09:26:45 +0300] "GET /amid138?kg=10954 HTTP/1.1" 200 23748 "-" "Mozilla/5.0 (Linux; Android 6.0.1; Nexus 5X Build/MMB29P) AppleWebKit/537.36 (KHTML, like Gecko) Chrome/140.0.7339.207 Mobile Safari/537.36 (compatible; Googlebot/2.1; +http://www.google.com/bot.html)"
40.77.167.67 - - [18/Oct/2025:09:26:49 +0300] "GET /goodscode/314361679.htm?path=/ HTTP/1.1" 200 4210 "-" "Mozilla/5.0 AppleWebKit/537.36 (KHTML, like Gecko; compatible; bingbot/2.0; +http://www.bing.com/bingbot.htm) Chrome/116.0.1938.76 Safari/537.36"
66.249.75.37 - - [18/Oct/2025:09:26:48 +0300] "GET /m43999202880 HTTP/1.1" 200 23736 "-" "Mozilla/5.0 (Linux; Android 6.0.1; Nexus 5X Build/MMB29P) AppleWebKit/537.36 (KHTML, like Gecko) Chrome/140.0.7339.207 Mobile Safari/537.36 (compatible; GoogleOther)"
20.171.207.126 - - [18/Oct/2025:09:26:52 +0300] "GET /search.php?products/230cb36880 HTTP/1.1" 403 4896 "-" "Mozilla/5.0 AppleWebKit/537.36 (KHTML, like Gecko; compatible; GPTBot/1.2; +https://openai.com/gptbot)"
114.119.129.175 - - [18/Oct/2025:09:26:56 +0300] "GET /subsequent119?kg=46683 HTTP/1.1" 200 8779 "https://ilgazhavalandirma.com.tr/?sitemap191.xml" "Mozilla/5.0 (Linux; Android 7.0;) AppleWebKit/537.36 (KHTML, like Gecko) Mobile Safari/537.36 (compatible; PetalBot;+https://webmaster.petalsearch.com/site/petalbot)"
66.249.78.32 - - [18/Oct/2025:09:27:00 +0300] "GET /goodscode/1282578975.htm HTTP/1.1" 200 23858 "-" "Mozilla/5.0 (Linux; Android 6.0.1; Nexus 5X Build/MMB29P) AppleWebKit/537.36 (KHTML, like Gecko) Chrome/140.0.7339.207 Mobile Safari/537.36 (compatible; GoogleOther)"
20.171.207.126 - - [18/Oct/2025:09:27:03 +0300] "GET /search.php?products/101ii44745 HTTP/1.1" 403 4896 "-" "Mozilla/5.0 AppleWebKit/537.36 (KHTML, like Gecko; compatible; GPTBot/1.2; +https://openai.com/gptbot)"
40.77.167.255 - - [18/Oct/2025:09:27:07 +0300] "GET /goodscode/128884269.htm HTTP/1.1" 200 4210 "-" "Mozilla/5.0 AppleWebKit/537.36 (KHTML, like Gecko; compatible; bingbot/2.0; +http://www.bing.com/bingbot.htm) Chrome/116.0.1938.76 Safari/537.36"
66.249.78.41 - - [18/Oct/2025:09:27:08 +0300] "GET /opposite83?kg=46151 HTTP/1.1" 200 24675 "-" "Mozilla/5.0 (Linux; Android 6.0.1; Nexus 5X Build/MMB29P) AppleWebKit/537.36 (KHTML, like Gecko) Chrome/140.0.7339.207 Mobile Safari/537.36 (compatible; Googlebot/2.1; +http://www.google.com/bot.html)"
66.249.75.38 - - [18/Oct/2025:09:27:10 +0300] "GET /goodscode/1414651327.htm HTTP/1.1" 200 24445 "-" "Mozilla/5.0 (Linux; Android 6.0.1; Nexus 5X Build/MMB29P) AppleWebKit/537.36 (KHTML, like Gecko) Chrome/140.0.7339.207 Mobile Safari/537.36 (compatible; Googlebot/2.1; +http://www.google.com/bot.html)"
20.171.207.126 - - [18/Oct/2025:09:27:13 +0300] "GET /search.php?products/157ar44653 HTTP/1.1" 403 4896 "-" "Mozilla/5.0 AppleWebKit/537.36 (KHTML, like Gecko; compatible; GPTBot/1.2; +https://openai.com/gptbot)"
66.249.78.41 - - [18/Oct/2025:09:27:11 +0300] "GET /m40884627293 HTTP/1.1" 200 23877 "-" "Mozilla/5.0 (Linux; Android 6.0.1; Nexus 5X Build/MMB29P) AppleWebKit/537.36 (KHTML, like Gecko) Chrome/140.0.7339.207 Mobile Safari/537.36 (compatible; GoogleOther)"
66.249.75.37 - - [18/Oct/2025:09:27:22 +0300] "GET /straight210?kg=17212 HTTP/1.1" 200 23701 "-" "Mozilla/5.0 (Linux; Android 6.0.1; Nexus 5X Build/MMB29P) AppleWebKit/537.36 (KHTML, like Gecko) Chrome/140.0.7339.207 Mobile Safari/537.36 (compatible; GoogleOther)"
20.171.207.126 - - [18/Oct/2025:09:27:23 +0300] "GET /search.php?products/175rm16537 HTTP/1.1" 403 4896 "-" "Mozilla/5.0 AppleWebKit/537.36 (KHTML, like Gecko; compatible; GPTBot/1.2; +https://openai.com/gptbot)"
40.77.167.255 - - [18/Oct/2025:09:27:27 +0300] "GET /goodscode/177232247.htm HTTP/1.1" 200 4210 "-" "Mozilla/5.0 AppleWebKit/537.36 (KHTML, like Gecko; compatible; bingbot/2.0; +http://www.bing.com/bingbot.htm) Chrome/116.0.1938.76 Safari/537.36"
66.249.75.37 - - [18/Oct/2025:09:27:27 +0300] "GET /tired71?kg=3871 HTTP/1.1" 200 24087 "-" "Mozilla/5.0 (Linux; Android 6.0.1; Nexus 5X Build/MMB29P) AppleWebKit/537.36 (KHTML, like Gecko) Chrome/140.0.7339.207 Mobile Safari/537.36 (compatible; Googlebot/2.1; +http://www.google.com/bot.html)"
66.249.78.41 - - [18/Oct/2025:09:27:27 +0300] "GET /instant197?kg=32671 HTTP/1.1" 200 23831 "-" "Mozilla/5.0 (Linux; Android 6.0.1; Nexus 5X Build/MMB29P) AppleWebKit/537.36 (KHTML, like Gecko) Chrome/140.0.7339.207 Mobile Safari/537.36 (compatible; Googlebot/2.1; +http://www.google.com/bot.html)"
20.171.207.126 - - [18/Oct/2025:09:27:33 +0300] "GET /search.php?products/197id19547 HTTP/1.1" 403 4896 "-" "Mozilla/5.0 AppleWebKit/537.36 (KHTML, like Gecko; compatible; GPTBot/1.2; +https://openai.com/gptbot)"
66.249.78.41 - - [18/Oct/2025:09:27:33 +0300] "GET /goodscode/991289880.htm HTTP/1.1" 200 24008 "-" "Mozilla/5.0 (Linux; Android 6.0.1; Nexus 5X Build/MMB29P) AppleWebKit/537.36 (KHTML, like Gecko) Chrome/140.0.7339.207 Mobile Safari/537.36 (compatible; GoogleOther)"
