20.171.207.126 - - [18/Oct/2025:07:55:46 +0300] "GET /search.php?products/187kx11997 HTTP/1.1" 403 1061 "-" "Mozilla/5.0 AppleWebKit/537.36 (KHTML, like Gecko; compatible; GPTBot/1.2; +https://openai.com/gptbot)"
20.171.207.126 - - [18/Oct/2025:07:55:49 +0300] "GET /search.php?products/149ld14755 HTTP/1.1" 403 1061 "-" "Mozilla/5.0 AppleWebKit/537.36 (KHTML, like Gecko; compatible; GPTBot/1.2; +https://openai.com/gptbot)"
107.20.181.148 - - [18/Oct/2025:07:55:50 +0300] "GET /beginning103?fileloc=/var/www/vhosts/ilgazhavalandirma.com.tr/httpdocs/wp-admin/images/about-header-privacy.svg&path=/var/www/vhosts/ilgazhavalandirma.com.tr/httpdocs/wp-admin/images HTTP/1.1" 200 6553 "-" "Mozilla/5.0 AppleWebKit/537.36 (KHTML, like Gecko; compatible; Amazonbot/0.1; +https://developer.amazon.com/support/amazonbot) Chrome/119.0.6045.214 Safari/537.36"
20.171.207.126 - - [18/Oct/2025:07:55:53 +0300] "GET /search.php?products/297oz17225 HTTP/1.1" 403 1061 "-" "Mozilla/5.0 AppleWebKit/537.36 (KHTML, like Gecko; compatible; GPTBot/1.2; +https://openai.com/gptbot)"
40.77.167.51 - - [18/Oct/2025:07:55:53 +0300] "GET /goodscode/69513587.htm HTTP/1.1" 200 4210 "-" "Mozilla/5.0 AppleWebKit/537.36 (KHTML, like Gecko; compatible; bingbot/2.0; +http://www.bing.com/bingbot.htm) Chrome/116.0.1938.76 Safari/537.36"
44.195.145.102 - - [18/Oct/2025:07:55:54 +0300] "GET /products/91dv19772?fileloc=/var/www/vhosts/ilgazhavalandirma.com.tr/httpdocs/wp-includes/assets/script-loader-react-refresh-runtime.min.php&path=/var/www/vhosts/ilgazhavalandirma.com.tr/httpdocs/wp-includes/assets HTTP/1.1" 200 6069 "-" "Mozilla/5.0 AppleWebKit/537.36 (KHTML, like Gecko; compatible; Amazonbot/0.1; +https://developer.amazon.com/support/amazonbot) Chrome/119.0.6045.214 Safari/537.36"
20.171.207.126 - - [18/Oct/2025:07:55:56 +0300] "GET /search.php?products/124xs19432 HTTP/1.1" 403 1061 "-" "Mozilla/5.0 AppleWebKit/537.36 (KHTML, like Gecko; compatible; GPTBot/1.2; +https://openai.com/gptbot)"
20.171.207.126 - - [18/Oct/2025:07:56:00 +0300] "GET /search.php?products/200vl20188 HTTP/1.1" 403 1061 "-" "Mozilla/5.0 AppleWebKit/537.36 (KHTML, like Gecko; compatible; GPTBot/1.2; +https://openai.com/gptbot)"
20.171.207.126 - - [18/Oct/2025:07:56:03 +0300] "GET /search.php?products/144an24990 HTTP/1.1" 403 1061 "-" "Mozilla/5.0 AppleWebKit/537.36 (KHTML, like Gecko; compatible; GPTBot/1.2; +https://openai.com/gptbot)"
66.249.75.38 - - [18/Oct/2025:07:56:02 +0300] "GET /experimental101?kg=36667 HTTP/1.1" 200 23616 "-" "Mozilla/5.0 (Linux; Android 6.0.1; Nexus 5X Build/MMB29P) AppleWebKit/537.36 (KHTML, like Gecko) Chrome/140.0.7339.207 Mobile Safari/537.36 (compatible; Googlebot/2.1; +http://www.google.com/bot.html)"
52.167.144.208 - - [18/Oct/2025:07:56:03 +0300] "GET /goodscode/125608914.htm HTTP/1.1" 200 4210 "-" "Mozilla/5.0 AppleWebKit/537.36 (KHTML, like Gecko; compatible; bingbot/2.0; +http://www.bing.com/bingbot.htm) Chrome/116.0.1938.76 Safari/537.36"
20.171.207.126 - - [18/Oct/2025:07:56:07 +0300] "GET /search.php?products/272ip34286 HTTP/1.1" 403 1061 "-" "Mozilla/5.0 AppleWebKit/537.36 (KHTML, like Gecko; compatible; GPTBot/1.2; +https://openai.com/gptbot)"
20.171.207.126 - - [18/Oct/2025:07:56:10 +0300] "GET /search.php?products/106bd16208 HTTP/1.1" 403 1061 "-" "Mozilla/5.0 AppleWebKit/537.36 (KHTML, like Gecko; compatible; GPTBot/1.2; +https://openai.com/gptbot)"
20.171.207.126 - - [18/Oct/2025:07:56:13 +0300] "GET /search.php?products/126ra25950 HTTP/1.1" 403 1061 "-" "Mozilla/5.0 AppleWebKit/537.36 (KHTML, like Gecko; compatible; GPTBot/1.2; +https://openai.com/gptbot)"
40.77.167.76 - - [18/Oct/2025:07:56:13 +0300] "GET /goodscode/226467556.htm HTTP/1.1" 200 4210 "-" "Mozilla/5.0 AppleWebKit/537.36 (KHTML, like Gecko; compatible; bingbot/2.0; +http://www.bing.com/bingbot.htm) Chrome/116.0.1938.76 Safari/537.36"
20.171.207.126 - - [18/Oct/2025:07:56:17 +0300] "GET /search.php?products/108zz18958 HTTP/1.1" 403 1061 "-" "Mozilla/5.0 AppleWebKit/537.36 (KHTML, like Gecko; compatible; GPTBot/1.2; +https://openai.com/gptbot)"
66.249.75.38 - - [18/Oct/2025:07:56:15 +0300] "GET /?pid=23392591440&channel=seize-fluid-discipline&cate_id=3040&page=https://www.ilgazhavalandirma.com.tr/api.do?products/298ix32239 HTTP/1.1" 200 24189 "-" "Mozilla/5.0 (Linux; Android 6.0.1; Nexus 5X Build/MMB29P) AppleWebKit/537.36 (KHTML, like Gecko) Chrome/140.0.7339.207 Mobile Safari/537.36 (compatible; Googlebot/2.1; +http://www.google.com/bot.html)"
66.249.75.38 - - [18/Oct/2025:07:56:17 +0300] "GET /exploit262?kg=46500 HTTP/1.1" 200 23646 "-" "Mozilla/5.0 (Linux; Android 6.0.1; Nexus 5X Build/MMB29P) AppleWebKit/537.36 (KHTML, like Gecko) Chrome/140.0.7339.207 Mobile Safari/537.36 (compatible; Googlebot/2.1; +http://www.google.com/bot.html)"
20.171.207.126 - - [18/Oct/2025:07:56:20 +0300] "GET /search.php?products/115cf43935 HTTP/1.1" 403 1061 "-" "Mozilla/5.0 AppleWebKit/537.36 (KHTML, like Gecko; compatible; GPTBot/1.2; +https://openai.com/gptbot)"
54.83.56.1 - - [18/Oct/2025:07:56:20 +0300] "GET /beginning103?fileloc=/var/www/vhosts/ilgazhavalandirma.com.tr/httpdocs/wp-admin/js/password-toggle.min.js&path=/var/www/vhosts/ilgazhavalandirma.com.tr/httpdocs/wp-admin/js HTTP/1.1" 200 6346 "-" "Mozilla/5.0 AppleWebKit/537.36 (KHTML, like Gecko; compatible; Amazonbot/0.1; +https://developer.amazon.com/support/amazonbot) Chrome/119.0.6045.214 Safari/537.36"
3.229.164.203 - - [18/Oct/2025:07:56:22 +0300] "GET /products/91dv19772?fileloc=/var/www/vhosts/ilgazhavalandirma.com.tr/httpdocs/wp-includes/customize/class-wp-widget-form-customize-control.php&path=/var/www/vhosts/ilgazhavalandirma.com.tr/httpdocs/wp-includes/customize HTTP/1.1" 200 6859 "-" "Mozilla/5.0 AppleWebKit/537.36 (KHTML, like Gecko; compatible; Amazonbot/0.1; +https://developer.amazon.com/support/amazonbot) Chrome/119.0.6045.214 Safari/537.36"
20.171.207.126 - - [18/Oct/2025:07:56:24 +0300] "GET /search.php?products/126ff18642 HTTP/1.1" 403 1061 "-" "Mozilla/5.0 AppleWebKit/537.36 (KHTML, like Gecko; compatible; GPTBot/1.2; +https://openai.com/gptbot)"
52.167.144.157 - - [18/Oct/2025:07:56:23 +0300] "GET /goodscode/204555681.htm HTTP/1.1" 200 4210 "-" "Mozilla/5.0 AppleWebKit/537.36 (KHTML, like Gecko; compatible; bingbot/2.0; +http://www.bing.com/bingbot.htm) Chrome/116.0.1938.76 Safari/537.36"
20.171.207.126 - - [18/Oct/2025:07:56:27 +0300] "GET /search.php?products/135qz11399 HTTP/1.1" 403 1061 "-" "Mozilla/5.0 AppleWebKit/537.36 (KHTML, like Gecko; compatible; GPTBot/1.2; +https://openai.com/gptbot)"
52.167.144.208 - - [18/Oct/2025:07:56:27 +0300] "GET /goodscode/79682153.htm HTTP/1.1" 200 4210 "-" "Mozilla/5.0 AppleWebKit/537.36 (KHTML, like Gecko; compatible; bingbot/2.0; +http://www.bing.com/bingbot.htm) Chrome/116.0.1938.76 Safari/537.36"
52.167.144.208 - - [18/Oct/2025:07:56:28 +0300] "GET /goodscode/14580125.htm HTTP/1.1" 200 284 "-" "Mozilla/5.0 AppleWebKit/537.36 (KHTML, like Gecko; compatible; bingbot/2.0; +http://www.bing.com/bingbot.htm) Chrome/116.0.1938.76 Safari/537.36"
3.210.223.61 - - [18/Oct/2025:07:56:26 +0300] "GET /beginning103?fileloc=/var/www/vhosts/ilgazhavalandirma.com.tr/httpdocs/wp-admin/css/customize-nav-menus.min.css&path=/var/www/vhosts/ilgazhavalandirma.com.tr/httpdocs/wp-admin/css HTTP/1.1" 200 9278 "-" "Mozilla/5.0 AppleWebKit/537.36 (KHTML, like Gecko; compatible; Amazonbot/0.1; +https://developer.amazon.com/support/amazonbot) Chrome/119.0.6045.214 Safari/537.36"
20.171.207.126 - - [18/Oct/2025:07:56:31 +0300] "GET /search.php?products/140un14272 HTTP/1.1" 403 1061 "-" "Mozilla/5.0 AppleWebKit/537.36 (KHTML, like Gecko; compatible; GPTBot/1.2; +https://openai.com/gptbot)"
52.167.144.202 - - [18/Oct/2025:07:56:32 +0300] "GET /goodscode/151570133.htm HTTP/1.1" 200 4210 "-" "Mozilla/5.0 AppleWebKit/537.36 (KHTML, like Gecko; compatible; bingbot/2.0; +http://www.bing.com/bingbot.htm) Chrome/116.0.1938.76 Safari/537.36"
20.171.207.126 - - [18/Oct/2025:07:56:34 +0300] "GET /search.php?products/291xp34699 HTTP/1.1" 403 1061 "-" "Mozilla/5.0 AppleWebKit/537.36 (KHTML, like Gecko; compatible; GPTBot/1.2; +https://openai.com/gptbot)"
20.171.207.126 - - [18/Oct/2025:07:56:38 +0300] "GET /search.php?products/253rf25439 HTTP/1.1" 403 1061 "-" "Mozilla/5.0 AppleWebKit/537.36 (KHTML, like Gecko; compatible; GPTBot/1.2; +https://openai.com/gptbot)"
66.249.75.37 - - [18/Oct/2025:07:56:39 +0300] "GET /size34?kg=5138 HTTP/1.1" 200 29165 "-" "Mozilla/5.0 (Linux; Android 6.0.1; Nexus 5X Build/MMB29P) AppleWebKit/537.36 (KHTML, like Gecko) Chrome/140.0.7339.207 Mobile Safari/537.36 (compatible; Googlebot/2.1; +http://www.google.com/bot.html)"
20.171.207.126 - - [18/Oct/2025:07:56:41 +0300] "GET /search.php?products/196sd12098 HTTP/1.1" 403 1061 "-" "Mozilla/5.0 AppleWebKit/537.36 (KHTML, like Gecko; compatible; GPTBot/1.2; +https://openai.com/gptbot)"
20.171.207.126 - - [18/Oct/2025:07:56:45 +0300] "GET /search.php?products/204ju11494 HTTP/1.1" 403 1061 "-" "Mozilla/5.0 AppleWebKit/537.36 (KHTML, like Gecko; compatible; GPTBot/1.2; +https://openai.com/gptbot)"
18.205.127.11 - - [18/Oct/2025:07:56:46 +0300] "GET /products/91dv19772?fileloc=/var/www/vhosts/ilgazhavalandirma.com.tr/logs/access_ssl_log.processed.8.gz&path=/var/www/vhosts/ilgazhavalandirma.com.tr/logs HTTP/1.1" 200 5965 "-" "Mozilla/5.0 AppleWebKit/537.36 (KHTML, like Gecko; compatible; Amazonbot/0.1; +https://developer.amazon.com/support/amazonbot) Chrome/119.0.6045.214 Safari/537.36"
20.171.207.126 - - [18/Oct/2025:07:56:48 +0300] "GET /search.php?products/147rp35961 HTTP/1.1" 403 1061 "-" "Mozilla/5.0 AppleWebKit/537.36 (KHTML, like Gecko; compatible; GPTBot/1.2; +https://openai.com/gptbot)"
204.12.208.18 - - [18/Oct/2025:07:56:50 +0300] "GET /wp-content/plb24578/index.php HTTP/1.1" 200 449 "https://ilgazhavalandirma.com.tr/wp-content/plb24578/index.php" "Mozilla/5.0 (Macintosh; Intel Mac OS X 10_6_8) AppleWebKit/535.7 (KHTML, like Gecko) Chrome/16.0.912.75 Safari/535.7"
52.2.4.213 - - [18/Oct/2025:07:56:50 +0300] "GET /beginning103?fileloc=/var/www/vhosts/ilgazhavalandirma.com.tr/httpdocs/wp-includes/images/uploader-icons-2x.png&path=/var/www/vhosts/ilgazhavalandirma.com.tr/httpdocs/wp-includes/images HTTP/1.1" 200 5992 "-" "Mozilla/5.0 AppleWebKit/537.36 (KHTML, like Gecko; compatible; Amazonbot/0.1; +https://developer.amazon.com/support/amazonbot) Chrome/119.0.6045.214 Safari/537.36"
20.171.207.126 - - [18/Oct/2025:07:56:51 +0300] "GET /search.php?products/120rr36944 HTTP/1.1" 403 1061 "-" "Mozilla/5.0 AppleWebKit/537.36 (KHTML, like Gecko; compatible; GPTBot/1.2; +https://openai.com/gptbot)"
66.249.78.41 - - [18/Oct/2025:07:56:49 +0300] "GET /constitution206?kg=36736 HTTP/1.1" 200 29792 "-" "Mozilla/5.0 (Linux; Android 6.0.1; Nexus 5X Build/MMB29P) AppleWebKit/537.36 (KHTML, like Gecko) Chrome/140.0.7339.207 Mobile Safari/537.36 (compatible; Googlebot/2.1; +http://www.google.com/bot.html)"
40.77.167.51 - - [18/Oct/2025:07:56:53 +0300] "GET /goodscode/420424964.htm HTTP/1.1" 200 4210 "-" "Mozilla/5.0 AppleWebKit/537.36 (KHTML, like Gecko; compatible; bingbot/2.0; +http://www.bing.com/bingbot.htm) Chrome/116.0.1938.76 Safari/537.36"
20.171.207.126 - - [18/Oct/2025:07:56:55 +0300] "GET /search.php?products/249wo42253 HTTP/1.1" 403 1061 "-" "Mozilla/5.0 AppleWebKit/537.36 (KHTML, like Gecko; compatible; GPTBot/1.2; +https://openai.com/gptbot)"
18.232.36.1 - - [18/Oct/2025:07:56:54 +0300] "GET /products/91dv19772?fileloc=/var/www/vhosts/ilgazhavalandirma.com.tr/httpdocs/wp-includes/widgets/class-wp-widget-block.php&path=/var/www/vhosts/ilgazhavalandirma.com.tr/httpdocs/wp-includes/widgets HTTP/1.1" 200 7882 "-" "Mozilla/5.0 AppleWebKit/537.36 (KHTML, like Gecko; compatible; Amazonbot/0.1; +https://developer.amazon.com/support/amazonbot) Chrome/119.0.6045.214 Safari/537.36"
52.167.144.208 - - [18/Oct/2025:07:56:57 +0300] "GET /goodscode/541219784.htm HTTP/1.1" 200 4210 "-" "Mozilla/5.0 AppleWebKit/537.36 (KHTML, like Gecko; compatible; bingbot/2.0; +http://www.bing.com/bingbot.htm) Chrome/116.0.1938.76 Safari/537.36"
20.171.207.126 - - [18/Oct/2025:07:56:59 +0300] "GET /search.php?products/249nn23459 HTTP/1.1" 403 1061 "-" "Mozilla/5.0 AppleWebKit/537.36 (KHTML, like Gecko; compatible; GPTBot/1.2; +https://openai.com/gptbot)"
20.171.207.126 - - [18/Oct/2025:07:57:02 +0300] "GET /search.php?products/238mp11586 HTTP/1.1" 403 1061 "-" "Mozilla/5.0 AppleWebKit/537.36 (KHTML, like Gecko; compatible; GPTBot/1.2; +https://openai.com/gptbot)"
66.249.75.38 - - [18/Oct/2025:07:57:03 +0300] "GET /indicator83?kg=6969 HTTP/1.1" 200 24446 "-" "Mozilla/5.0 (Linux; Android 6.0.1; Nexus 5X Build/MMB29P) AppleWebKit/537.36 (KHTML, like Gecko) Chrome/140.0.7339.207 Mobile Safari/537.36 (compatible; Googlebot/2.1; +http://www.google.com/bot.html)"
20.171.207.126 - - [18/Oct/2025:07:57:06 +0300] "GET /search.php?products/166al45526 HTTP/1.1" 403 1061 "-" "Mozilla/5.0 AppleWebKit/537.36 (KHTML, like Gecko; compatible; GPTBot/1.2; +https://openai.com/gptbot)"
20.171.207.126 - - [18/Oct/2025:07:57:09 +0300] "GET /search.php?products/262vp13280 HTTP/1.1" 403 1061 "-" "Mozilla/5.0 AppleWebKit/537.36 (KHTML, like Gecko; compatible; GPTBot/1.2; +https://openai.com/gptbot)"
54.84.93.8 - - [18/Oct/2025:07:57:09 +0300] "GET /products/91dv19772?fileloc=/var/www/vhosts/ilgazhavalandirma.com.tr/httpdocs/wp-admin/js/code-editor.min.js&path=/var/www/vhosts/ilgazhavalandirma.com.tr/httpdocs/wp-admin/js HTTP/1.1" 200 7304 "-" "Mozilla/5.0 AppleWebKit/537.36 (KHTML, like Gecko; compatible; Amazonbot/0.1; +https://developer.amazon.com/support/amazonbot) Chrome/119.0.6045.214 Safari/537.36"
20.171.207.126 - - [18/Oct/2025:07:57:12 +0300] "GET /search.php?products/270av25820 HTTP/1.1" 403 1061 "-" "Mozilla/5.0 AppleWebKit/537.36 (KHTML, like Gecko; compatible; GPTBot/1.2; +https://openai.com/gptbot)"
52.167.144.157 - - [18/Oct/2025:07:57:13 +0300] "GET /goodscode/153119211.htm HTTP/1.1" 200 4210 "-" "Mozilla/5.0 AppleWebKit/537.36 (KHTML, like Gecko; compatible; bingbot/2.0; +http://www.bing.com/bingbot.htm) Chrome/116.0.1938.76 Safari/537.36"
66.249.75.38 - - [18/Oct/2025:07:57:14 +0300] "GET /survive64?kg=30640 HTTP/1.1" 200 23959 "-" "Mozilla/5.0 (Linux; Android 6.0.1; Nexus 5X Build/MMB29P) AppleWebKit/537.36 (KHTML, like Gecko) Chrome/140.0.7339.207 Mobile Safari/537.36 (compatible; Googlebot/2.1; +http://www.google.com/bot.html)"
20.171.207.126 - - [18/Oct/2025:07:57:16 +0300] "GET /search.php?products/128wo14202 HTTP/1.1" 403 1061 "-" "Mozilla/5.0 AppleWebKit/537.36 (KHTML, like Gecko; compatible; GPTBot/1.2; +https://openai.com/gptbot)"
44.206.93.215 - - [18/Oct/2025:07:57:17 +0300] "GET /products/91dv19772?fileloc=/var/www/vhosts/ilgazhavalandirma.com.tr/httpdocs/wp-admin/includes/menu.php&path=/var/www/vhosts/ilgazhavalandirma.com.tr/httpdocs/wp-admin/includes HTTP/1.1" 200 8578 "-" "Mozilla/5.0 AppleWebKit/537.36 (KHTML, like Gecko; compatible; Amazonbot/0.1; +https://developer.amazon.com/support/amazonbot) Chrome/119.0.6045.214 Safari/537.36"
20.171.207.126 - - [18/Oct/2025:07:57:19 +0300] "GET /search.php?products/156za10596 HTTP/1.1" 403 1061 "-" "Mozilla/5.0 AppleWebKit/537.36 (KHTML, like Gecko; compatible; GPTBot/1.2; +https://openai.com/gptbot)"
20.171.207.126 - - [18/Oct/2025:07:57:23 +0300] "GET /search.php?products/211ub20533 HTTP/1.1" 403 1061 "-" "Mozilla/5.0 AppleWebKit/537.36 (KHTML, like Gecko; compatible; GPTBot/1.2; +https://openai.com/gptbot)"
20.171.207.126 - - [18/Oct/2025:07:57:26 +0300] "GET /search.php?products/234zk34372 HTTP/1.1" 403 1061 "-" "Mozilla/5.0 AppleWebKit/537.36 (KHTML, like Gecko; compatible; GPTBot/1.2; +https://openai.com/gptbot)"
114.119.141.35 - - [18/Oct/2025:07:57:28 +0300] "GET /though238?kg=15254 HTTP/1.1" 200 8779 "https://ilgazhavalandirma.com.tr/?sitemap191.xml" "Mozilla/5.0 (Linux; Android 7.0;) AppleWebKit/537.36 (KHTML, like Gecko) Mobile Safari/537.36 (compatible; PetalBot;+https://webmaster.petalsearch.com/site/petalbot)"
66.249.75.37 - - [18/Oct/2025:07:57:30 +0300] "GET /administer175?kg=43351 HTTP/1.1" 200 4148 "-" "Mozilla/5.0 (Linux; Android 6.0.1; Nexus 5X Build/MMB29P) AppleWebKit/537.36 (KHTML, like Gecko) Chrome/140.0.7339.207 Mobile Safari/537.36 (compatible; Googlebot/2.1; +http://www.google.com/bot.html)"
20.171.207.126 - - [18/Oct/2025:07:57:30 +0300] "GET /search.php?products/128ed32780 HTTP/1.1" 403 1061 "-" "Mozilla/5.0 AppleWebKit/537.36 (KHTML, like Gecko; compatible; GPTBot/1.2; +https://openai.com/gptbot)"
40.77.167.51 - - [18/Oct/2025:07:57:31 +0300] "GET /goodscode/1003715670.htm?path=/var/www/vhosts HTTP/1.1" 200 4198 "-" "Mozilla/5.0 AppleWebKit/537.36 (KHTML, like Gecko; compatible; bingbot/2.0; +http://www.bing.com/bingbot.htm) Chrome/116.0.1938.76 Safari/537.36"
40.77.167.51 - - [18/Oct/2025:07:57:32 +0300] "GET /goodscode/192249747.htm?path=/var HTTP/1.1" 200 272 "-" "Mozilla/5.0 AppleWebKit/537.36 (KHTML, like Gecko; compatible; bingbot/2.0; +http://www.bing.com/bingbot.htm) Chrome/116.0.1938.76 Safari/537.36"
20.171.207.126 - - [18/Oct/2025:07:57:33 +0300] "GET /search.php?products/113tm30387 HTTP/1.1" 403 1061 "-" "Mozilla/5.0 AppleWebKit/537.36 (KHTML, like Gecko; compatible; GPTBot/1.2; +https://openai.com/gptbot)"
66.249.75.37 - - [18/Oct/2025:07:57:35 +0300] "GET /feed257?kg=23573 HTTP/1.1" 200 23831 "-" "Mozilla/5.0 (Linux; Android 6.0.1; Nexus 5X Build/MMB29P) AppleWebKit/537.36 (KHTML, like Gecko) Chrome/140.0.7339.207 Mobile Safari/537.36 (compatible; Googlebot/2.1; +http://www.google.com/bot.html)"
20.171.207.126 - - [18/Oct/2025:07:57:37 +0300] "GET /search.php?products/208ki40900 HTTP/1.1" 403 1061 "-" "Mozilla/5.0 AppleWebKit/537.36 (KHTML, like Gecko; compatible; GPTBot/1.2; +https://openai.com/gptbot)"
44.218.170.184 - - [18/Oct/2025:07:57:40 +0300] "GET /products/91dv19772?fileloc=/var/www/vhosts/ilgazhavalandirma.com.tr/httpdocs/wp-admin/css/login.css&path=/var/www/vhosts/ilgazhavalandirma.com.tr/httpdocs/wp-admin/css HTTP/1.1" 200 8342 "-" "Mozilla/5.0 AppleWebKit/537.36 (KHTML, like Gecko; compatible; Amazonbot/0.1; +https://developer.amazon.com/support/amazonbot) Chrome/119.0.6045.214 Safari/537.36"
20.171.207.126 - - [18/Oct/2025:07:57:40 +0300] "GET /search.php?products/145ij43531 HTTP/1.1" 403 1061 "-" "Mozilla/5.0 AppleWebKit/537.36 (KHTML, like Gecko; compatible; GPTBot/1.2; +https://openai.com/gptbot)"
52.200.58.199 - - [18/Oct/2025:07:57:42 +0300] "GET /products/91dv19772?fileloc=/var/www/vhosts/ilgazhavalandirma.com.tr/httpdocs/wp-includes/blocks/post-template.php&path=/var/www/vhosts/ilgazhavalandirma.com.tr/httpdocs/wp-includes/blocks HTTP/1.1" 200 8025 "-" "Mozilla/5.0 AppleWebKit/537.36 (KHTML, like Gecko; compatible; Amazonbot/0.1; +https://developer.amazon.com/support/amazonbot) Chrome/119.0.6045.214 Safari/537.36"
20.171.207.126 - - [18/Oct/2025:07:57:44 +0300] "GET /search.php?products/175cq41499 HTTP/1.1" 403 1061 "-" "Mozilla/5.0 AppleWebKit/537.36 (KHTML, like Gecko; compatible; GPTBot/1.2; +https://openai.com/gptbot)"
52.167.144.157 - - [18/Oct/2025:07:57:43 +0300] "GET /goodscode/384587784.htm HTTP/1.1" 200 4210 "-" "Mozilla/5.0 AppleWebKit/537.36 (KHTML, like Gecko; compatible; bingbot/2.0; +http://www.bing.com/bingbot.htm) Chrome/116.0.1938.76 Safari/537.36"
20.171.207.126 - - [18/Oct/2025:07:57:47 +0300] "GET /search.php?products/187ka24811 HTTP/1.1" 403 1061 "-" "Mozilla/5.0 AppleWebKit/537.36 (KHTML, like Gecko; compatible; GPTBot/1.2; +https://openai.com/gptbot)"
34.236.41.241 - - [18/Oct/2025:07:57:47 +0300] "GET /products/91dv19772?fileloc=/var/www/vhosts/ilgazhavalandirma.com.tr/httpdocs/wp-admin/network/index.php&path=/var/www/vhosts/ilgazhavalandirma.com.tr/httpdocs/wp-admin/network HTTP/1.1" 200 7120 "-" "Mozilla/5.0 AppleWebKit/537.36 (KHTML, like Gecko; compatible; Amazonbot/0.1; +https://developer.amazon.com/support/amazonbot) Chrome/119.0.6045.214 Safari/537.36"
20.171.207.126 - - [18/Oct/2025:07:57:51 +0300] "GET /search.php?products/142bw18848 HTTP/1.1" 403 1061 "-" "Mozilla/5.0 AppleWebKit/537.36 (KHTML, like Gecko; compatible; GPTBot/1.2; +https://openai.com/gptbot)"
52.3.127.170 - - [18/Oct/2025:07:57:50 +0300] "GET /products/91dv19772?fileloc=/var/www/vhosts/ilgazhavalandirma.com.tr/httpdocs/wp-admin/maint/repair.php&path=/var/www/vhosts/ilgazhavalandirma.com.tr/httpdocs/wp-admin/maint HTTP/1.1" 200 8618 "-" "Mozilla/5.0 AppleWebKit/537.36 (KHTML, like Gecko; compatible; Amazonbot/0.1; +https://developer.amazon.com/support/amazonbot) Chrome/119.0.6045.214 Safari/537.36"
66.249.75.37 - - [18/Oct/2025:07:57:50 +0300] "GET /appeal56?kg=24640 HTTP/1.1" 200 23836 "-" "Mozilla/5.0 (Linux; Android 6.0.1; Nexus 5X Build/MMB29P) AppleWebKit/537.36 (KHTML, like Gecko) Chrome/140.0.7339.207 Mobile Safari/537.36 (compatible; Googlebot/2.1; +http://www.google.com/bot.html)"
20.171.207.126 - - [18/Oct/2025:07:57:54 +0300] "GET /search.php?products/218ol19168 HTTP/1.1" 403 1061 "-" "Mozilla/5.0 AppleWebKit/537.36 (KHTML, like Gecko; compatible; GPTBot/1.2; +https://openai.com/gptbot)"
44.195.50.71 - - [18/Oct/2025:07:57:54 +0300] "GET /products/91dv19772?fileloc=/var/www/vhosts/ilgazhavalandirma.com.tr/httpdocs/wp-includes/css/customize-preview-rtl.css&path=/var/www/vhosts/ilgazhavalandirma.com.tr/httpdocs/wp-includes/css HTTP/1.1" 200 6949 "-" "Mozilla/5.0 AppleWebKit/537.36 (KHTML, like Gecko; compatible; Amazonbot/0.1; +https://developer.amazon.com/support/amazonbot) Chrome/119.0.6045.214 Safari/537.36"
20.171.207.126 - - [18/Oct/2025:07:57:57 +0300] "GET /search.php?products/180ls48310 HTTP/1.1" 403 1061 "-" "Mozilla/5.0 AppleWebKit/537.36 (KHTML, like Gecko; compatible; GPTBot/1.2; +https://openai.com/gptbot)"
204.12.208.18 - - [18/Oct/2025:07:56:30 +0300] "GET /wp-content/plb24578/index.php HTTP/1.1" 200 3579 "https://ilgazhavalandirma.com.tr/wp-content/plb24578/index.php" "Mozilla/5.0 (Windows NT 6.0; rv:7.0.1) Gecko/20100101 Firefox/7.0.1"
54.225.98.148 - - [18/Oct/2025:07:57:57 +0300] "GET /products/91dv19772?fileloc=/var/www/vhosts/ilgazhavalandirma.com.tr/httpdocs/wp-includes/pomo/entry.php&path=/var/www/vhosts/ilgazhavalandirma.com.tr/httpdocs/wp-includes/pomo HTTP/1.1" 200 7224 "-" "Mozilla/5.0 AppleWebKit/537.36 (KHTML, like Gecko; compatible; Amazonbot/0.1; +https://developer.amazon.com/support/amazonbot) Chrome/119.0.6045.214 Safari/537.36"
20.171.207.126 - - [18/Oct/2025:07:58:01 +0300] "GET /search.php?products/271du32785 HTTP/1.1" 403 1061 "-" "Mozilla/5.0 AppleWebKit/537.36 (KHTML, like Gecko; compatible; GPTBot/1.2; +https://openai.com/gptbot)"
52.167.144.157 - - [18/Oct/2025:07:58:02 +0300] "GET /goodscode/1002431210.htm HTTP/1.1" 200 4210 "-" "Mozilla/5.0 AppleWebKit/537.36 (KHTML, like Gecko; compatible; bingbot/2.0; +http://www.bing.com/bingbot.htm) Chrome/116.0.1938.76 Safari/537.36"
20.171.207.126 - - [18/Oct/2025:07:58:04 +0300] "GET /search.php?products/300tw31848 HTTP/1.1" 403 1061 "-" "Mozilla/5.0 AppleWebKit/537.36 (KHTML, like Gecko; compatible; GPTBot/1.2; +https://openai.com/gptbot)"
34.225.138.57 - - [18/Oct/2025:07:58:03 +0300] "GET /products/91dv19772?fileloc=/var/www/vhosts/ilgazhavalandirma.com.tr/httpdocs/wp-includes/js/tw-sack.min.js&path=/var/www/vhosts/ilgazhavalandirma.com.tr/httpdocs/wp-includes/js HTTP/1.1" 200 7133 "-" "Mozilla/5.0 AppleWebKit/537.36 (KHTML, like Gecko; compatible; Amazonbot/0.1; +https://developer.amazon.com/support/amazonbot) Chrome/119.0.6045.214 Safari/537.36"
40.77.167.51 - - [18/Oct/2025:07:58:06 +0300] "GET /goodscode/127222392.htm HTTP/1.1" 200 4210 "-" "Mozilla/5.0 AppleWebKit/537.36 (KHTML, like Gecko; compatible; bingbot/2.0; +http://www.bing.com/bingbot.htm) Chrome/116.0.1938.76 Safari/537.36"
20.171.207.126 - - [18/Oct/2025:07:58:08 +0300] "GET /search.php?products/131qq28235 HTTP/1.1" 403 1061 "-" "Mozilla/5.0 AppleWebKit/537.36 (KHTML, like Gecko; compatible; GPTBot/1.2; +https://openai.com/gptbot)"
52.201.155.215 - - [18/Oct/2025:07:58:07 +0300] "GET /products/91dv19772?fileloc=/var/www/vhosts/ilgazhavalandirma.com.tr/httpdocs/wp-admin/network/users.php&path=/var/www/vhosts/ilgazhavalandirma.com.tr/httpdocs/wp-admin/network HTTP/1.1" 200 8875 "-" "Mozilla/5.0 AppleWebKit/537.36 (KHTML, like Gecko; compatible; Amazonbot/0.1; +https://developer.amazon.com/support/amazonbot) Chrome/119.0.6045.214 Safari/537.36"
20.171.207.126 - - [18/Oct/2025:07:58:11 +0300] "GET /search.php?products/224xx44568 HTTP/1.1" 403 1061 "-" "Mozilla/5.0 AppleWebKit/537.36 (KHTML, like Gecko; compatible; GPTBot/1.2; +https://openai.com/gptbot)"
34.192.67.98 - - [18/Oct/2025:07:58:09 +0300] "GET /products/91dv19772?fileloc=/var/www/vhosts/ilgazhavalandirma.com.tr/httpdocs/wp-includes/css/customize-preview-rtl.min.css&path=/var/www/vhosts/ilgazhavalandirma.com.tr/httpdocs/wp-includes/css HTTP/1.1" 200 6742 "-" "Mozilla/5.0 AppleWebKit/537.36 (KHTML, like Gecko; compatible; Amazonbot/0.1; +https://developer.amazon.com/support/amazonbot) Chrome/119.0.6045.214 Safari/537.36"
52.167.144.208 - - [18/Oct/2025:07:58:12 +0300] "GET /goodscode/178623415.htm?path=/var/www HTTP/1.1" 200 4210 "-" "Mozilla/5.0 AppleWebKit/537.36 (KHTML, like Gecko; compatible; bingbot/2.0; +http://www.bing.com/bingbot.htm) Chrome/116.0.1938.76 Safari/537.36"
52.167.144.208 - - [18/Oct/2025:07:58:13 +0300] "GET /goodscode/707172377.htm HTTP/1.1" 200 284 "-" "Mozilla/5.0 AppleWebKit/537.36 (KHTML, like Gecko; compatible; bingbot/2.0; +http://www.bing.com/bingbot.htm) Chrome/116.0.1938.76 Safari/537.36"
52.167.144.208 - - [18/Oct/2025:07:58:14 +0300] "GET /goodscode/28914539.htm?path=/var/www HTTP/1.1" 200 284 "-" "Mozilla/5.0 AppleWebKit/537.36 (KHTML, like Gecko; compatible; bingbot/2.0; +http://www.bing.com/bingbot.htm) Chrome/116.0.1938.76 Safari/537.36"
20.171.207.126 - - [18/Oct/2025:07:58:15 +0300] "GET /search.php?products/195ag17099 HTTP/1.1" 403 1061 "-" "Mozilla/5.0 AppleWebKit/537.36 (KHTML, like Gecko; compatible; GPTBot/1.2; +https://openai.com/gptbot)"
54.225.181.161 - - [18/Oct/2025:07:58:14 +0300] "GET /products/91dv19772?fileloc=/var/www/vhosts/ilgazhavalandirma.com.tr/httpdocs/wp-includes/block-supports/align.php&path=/var/www/vhosts/ilgazhavalandirma.com.tr/httpdocs/wp-includes/block-supports HTTP/1.1" 200 6552 "-" "Mozilla/5.0 AppleWebKit/537.36 (KHTML, like Gecko; compatible; Amazonbot/0.1; +https://developer.amazon.com/support/amazonbot) Chrome/119.0.6045.214 Safari/537.36"
52.167.144.208 - - [18/Oct/2025:07:58:15 +0300] "GET /goodscode/187356119.htm HTTP/1.1" 200 284 "-" "Mozilla/5.0 AppleWebKit/537.36 (KHTML, like Gecko; compatible; bingbot/2.0; +http://www.bing.com/bingbot.htm) Chrome/116.0.1938.76 Safari/537.36"
20.171.207.126 - - [18/Oct/2025:07:58:18 +0300] "GET /search.php?products/263bo25023 HTTP/1.1" 403 1061 "-" "Mozilla/5.0 AppleWebKit/537.36 (KHTML, like Gecko; compatible; GPTBot/1.2; +https://openai.com/gptbot)"
98.83.177.42 - - [18/Oct/2025:07:58:18 +0300] "GET /products/91dv19772?fileloc=/var/www/vhosts/ilgazhavalandirma.com.tr/httpdocs/wp-includes/blocks/comments-pagination-next.php&path=/var/www/vhosts/ilgazhavalandirma.com.tr/httpdocs/wp-includes/blocks HTTP/1.1" 200 6650 "-" "Mozilla/5.0 AppleWebKit/537.36 (KHTML, like Gecko; compatible; Amazonbot/0.1; +https://developer.amazon.com/support/amazonbot) Chrome/119.0.6045.214 Safari/537.36"
66.249.78.33 - - [18/Oct/2025:07:58:20 +0300] "GET /etc141?kg=20083 HTTP/1.1" 200 23688 "-" "Mozilla/5.0 (Linux; Android 6.0.1; Nexus 5X Build/MMB29P) AppleWebKit/537.36 (KHTML, like Gecko) Chrome/140.0.7339.207 Mobile Safari/537.36 (compatible; Googlebot/2.1; +http://www.google.com/bot.html)"
20.171.207.126 - - [18/Oct/2025:07:58:22 +0300] "GET /search.php?products/300xd20414 HTTP/1.1" 403 1061 "-" "Mozilla/5.0 AppleWebKit/537.36 (KHTML, like Gecko; compatible; GPTBot/1.2; +https://openai.com/gptbot)"
52.4.229.9 - - [18/Oct/2025:07:58:21 +0300] "GET /products/91dv19772?fileloc=/var/www/vhosts/ilgazhavalandirma.com.tr/httpdocs/wp-includes/ID3/module.audio-video.flv.php&path=/var/www/vhosts/ilgazhavalandirma.com.tr/httpdocs/wp-includes/ID3 HTTP/1.1" 200 12048 "-" "Mozilla/5.0 AppleWebKit/537.36 (KHTML, like Gecko; compatible; Amazonbot/0.1; +https://developer.amazon.com/support/amazonbot) Chrome/119.0.6045.214 Safari/537.36"
20.171.207.126 - - [18/Oct/2025:07:58:25 +0300] "GET /search.php?products/266di10192 HTTP/1.1" 403 1061 "-" "Mozilla/5.0 AppleWebKit/537.36 (KHTML, like Gecko; compatible; GPTBot/1.2; +https://openai.com/gptbot)"
34.195.60.66 - - [18/Oct/2025:07:58:25 +0300] "GET /products/91dv19772?fileloc=/var/www/vhosts/ilgazhavalandirma.com.tr/httpdocs/wp-admin/network/user-new.php&path=/var/www/vhosts/ilgazhavalandirma.com.tr/httpdocs/wp-admin/network HTTP/1.1" 200 8049 "-" "Mozilla/5.0 AppleWebKit/537.36 (KHTML, like Gecko; compatible; Amazonbot/0.1; +https://developer.amazon.com/support/amazonbot) Chrome/119.0.6045.214 Safari/537.36"
20.171.207.126 - - [18/Oct/2025:07:58:29 +0300] "GET /search.php?products/100hl24914 HTTP/1.1" 403 1061 "-" "Mozilla/5.0 AppleWebKit/537.36 (KHTML, like Gecko; compatible; GPTBot/1.2; +https://openai.com/gptbot)"
66.249.75.37 - - [18/Oct/2025:07:58:28 +0300] "GET /vessel148?kg=24070 HTTP/1.1" 200 23597 "-" "Mozilla/5.0 (Linux; Android 6.0.1; Nexus 5X Build/MMB29P) AppleWebKit/537.36 (KHTML, like Gecko) Chrome/140.0.7339.207 Mobile Safari/537.36 (compatible; Googlebot/2.1; +http://www.google.com/bot.html)"
52.54.95.127 - - [18/Oct/2025:07:58:30 +0300] "GET /products/91dv19772?fileloc=/var/www/vhosts/ilgazhavalandirma.com.tr/httpdocs/wp-admin/js/media-upload.min.js&path=/var/www/vhosts/ilgazhavalandirma.com.tr/httpdocs/wp-admin/js HTTP/1.1" 200 6585 "-" "Mozilla/5.0 AppleWebKit/537.36 (KHTML, like Gecko; compatible; Amazonbot/0.1; +https://developer.amazon.com/support/amazonbot) Chrome/119.0.6045.214 Safari/537.36"
20.171.207.126 - - [18/Oct/2025:07:58:32 +0300] "GET /search.php?products/216dq24546 HTTP/1.1" 403 1061 "-" "Mozilla/5.0 AppleWebKit/537.36 (KHTML, like Gecko; compatible; GPTBot/1.2; +https://openai.com/gptbot)"
20.171.207.126 - - [18/Oct/2025:07:58:35 +0300] "GET /search.php?products/101iu14479 HTTP/1.1" 403 1061 "-" "Mozilla/5.0 AppleWebKit/537.36 (KHTML, like Gecko; compatible; GPTBot/1.2; +https://openai.com/gptbot)"
34.196.6.199 - - [18/Oct/2025:07:58:36 +0300] "GET /products/91dv19772?fileloc=/var/www/vhosts/ilgazhavalandirma.com.tr/httpdocs/wp-admin/css/color-picker.min.css&path=/var/www/vhosts/ilgazhavalandirma.com.tr/httpdocs/wp-admin/css HTTP/1.1" 200 6715 "-" "Mozilla/5.0 AppleWebKit/537.36 (KHTML, like Gecko; compatible; Amazonbot/0.1; +https://developer.amazon.com/support/amazonbot) Chrome/119.0.6045.214 Safari/537.36"
54.159.18.27 - - [18/Oct/2025:07:58:38 +0300] "GET /products/91dv19772?fileloc=/var/www/vhosts/ilgazhavalandirma.com.tr/httpdocs/wp-admin/css/site-icon-rtl.min.css&path=/var/www/vhosts/ilgazhavalandirma.com.tr/httpdocs/wp-admin/css HTTP/1.1" 200 6225 "-" "Mozilla/5.0 AppleWebKit/537.36 (KHTML, like Gecko; compatible; Amazonbot/0.1; +https://developer.amazon.com/support/amazonbot) Chrome/119.0.6045.214 Safari/537.36"
20.171.207.126 - - [18/Oct/2025:07:58:39 +0300] "GET /search.php?products/128sv33184 HTTP/1.1" 403 1061 "-" "Mozilla/5.0 AppleWebKit/537.36 (KHTML, like Gecko; compatible; GPTBot/1.2; +https://openai.com/gptbot)"
40.77.167.32 - - [18/Oct/2025:07:58:42 +0300] "GET /?s= HTTP/1.1" 200 4210 "-" "Mozilla/5.0 AppleWebKit/537.36 (KHTML, like Gecko; compatible; bingbot/2.0; +http://www.bing.com/bingbot.htm) Chrome/116.0.1938.76 Safari/537.36"
20.171.207.126 - - [18/Oct/2025:07:58:42 +0300] "GET /search.php?products/233bt14399 HTTP/1.1" 403 1061 "-" "Mozilla/5.0 AppleWebKit/537.36 (KHTML, like Gecko; compatible; GPTBot/1.2; +https://openai.com/gptbot)"
54.235.172.96 - - [18/Oct/2025:07:58:42 +0300] "GET /products/91dv19772?fileloc=/var/www/vhosts/ilgazhavalandirma.com.tr/httpdocs/wp-admin/includes/update.php&path=/var/www/vhosts/ilgazhavalandirma.com.tr/httpdocs/wp-admin/includes HTTP/1.1" 200 14212 "-" "Mozilla/5.0 AppleWebKit/537.36 (KHTML, like Gecko; compatible; Amazonbot/0.1; +https://developer.amazon.com/support/amazonbot) Chrome/119.0.6045.214 Safari/537.36"
20.171.207.126 - - [18/Oct/2025:07:58:46 +0300] "GET /search.php?products/288uw29260 HTTP/1.1" 403 1061 "-" "Mozilla/5.0 AppleWebKit/537.36 (KHTML, like Gecko; compatible; GPTBot/1.2; +https://openai.com/gptbot)"
52.54.15.103 - - [18/Oct/2025:07:58:45 +0300] "GET /products/91dv19772?fileloc=/var/www/vhosts/ilgazhavalandirma.com.tr/httpdocs/wp-admin/js/media-upload.js&path=/var/www/vhosts/ilgazhavalandirma.com.tr/httpdocs/wp-admin/js HTTP/1.1" 200 7355 "-" "Mozilla/5.0 AppleWebKit/537.36 (KHTML, like Gecko; compatible; Amazonbot/0.1; +https://developer.amazon.com/support/amazonbot) Chrome/119.0.6045.214 Safari/537.36"
66.249.75.37 - - [18/Oct/2025:07:58:45 +0300] "GET /consequence128?kg=27194 HTTP/1.1" 200 24402 "-" "Mozilla/5.0 (Linux; Android 6.0.1; Nexus 5X Build/MMB29P) AppleWebKit/537.36 (KHTML, like Gecko) Chrome/140.0.7339.207 Mobile Safari/537.36 (compatible; Googlebot/2.1; +http://www.google.com/bot.html)"
20.171.207.126 - - [18/Oct/2025:07:58:49 +0300] "GET /search.php?products/110hl44920 HTTP/1.1" 403 1061 "-" "Mozilla/5.0 AppleWebKit/537.36 (KHTML, like Gecko; compatible; GPTBot/1.2; +https://openai.com/gptbot)"
54.91.122.193 - - [18/Oct/2025:07:58:50 +0300] "GET /products/91dv19772?fileloc=/var/www/vhosts/ilgazhavalandirma.com.tr/httpdocs/wp-admin/js/customize-nav-menus.js&path=/var/www/vhosts/ilgazhavalandirma.com.tr/httpdocs/wp-admin/js HTTP/1.1" 200 29969 "-" "Mozilla/5.0 AppleWebKit/537.36 (KHTML, like Gecko; compatible; Amazonbot/0.1; +https://developer.amazon.com/support/amazonbot) Chrome/119.0.6045.214 Safari/537.36"
40.77.167.51 - - [18/Oct/2025:07:58:52 +0300] "GET /goodscode/1022404418.htm?path=/ HTTP/1.1" 200 4210 "-" "Mozilla/5.0 AppleWebKit/537.36 (KHTML, like Gecko; compatible; bingbot/2.0; +http://www.bing.com/bingbot.htm) Chrome/116.0.1938.76 Safari/537.36"
20.171.207.126 - - [18/Oct/2025:07:58:53 +0300] "GET /search.php?products/143nd43787 HTTP/1.1" 403 1061 "-" "Mozilla/5.0 AppleWebKit/537.36 (KHTML, like Gecko; compatible; GPTBot/1.2; +https://openai.com/gptbot)"
98.83.10.183 - - [18/Oct/2025:07:58:54 +0300] "GET /products/91dv19772?fileloc=/var/www/vhosts/ilgazhavalandirma.com.tr/httpdocs/wp-includes/IXR/class-IXR-base64.php&path=/var/www/vhosts/ilgazhavalandirma.com.tr/httpdocs/wp-includes/IXR HTTP/1.1" 200 6187 "-" "Mozilla/5.0 AppleWebKit/537.36 (KHTML, like Gecko; compatible; Amazonbot/0.1; +https://developer.amazon.com/support/amazonbot) Chrome/119.0.6045.214 Safari/537.36"
20.171.207.126 - - [18/Oct/2025:07:58:56 +0300] "GET /search.php?products/251ow30115 HTTP/1.1" 403 1061 "-" "Mozilla/5.0 AppleWebKit/537.36 (KHTML, like Gecko; compatible; GPTBot/1.2; +https://openai.com/gptbot)"
66.249.75.37 - - [18/Oct/2025:07:58:57 +0300] "GET /m17079574027 HTTP/1.1" 200 23520 "-" "Mozilla/5.0 (Linux; Android 6.0.1; Nexus 5X Build/MMB29P) AppleWebKit/537.36 (KHTML, like Gecko) Chrome/140.0.7339.207 Mobile Safari/537.36 (compatible; Googlebot/2.1; +http://www.google.com/bot.html)"
20.171.207.126 - - [18/Oct/2025:07:59:00 +0300] "GET /search.php?products/131eo19745 HTTP/1.1" 403 1061 "-" "Mozilla/5.0 AppleWebKit/537.36 (KHTML, like Gecko; compatible; GPTBot/1.2; +https://openai.com/gptbot)"
98.80.130.239 - - [18/Oct/2025:07:59:01 +0300] "GET /products/91dv19772?fileloc=/var/www/vhosts/ilgazhavalandirma.com.tr/httpdocs/wp-includes/images/admin-bar-sprite.png&path=/var/www/vhosts/ilgazhavalandirma.com.tr/httpdocs/wp-includes/images HTTP/1.1" 200 5992 "-" "Mozilla/5.0 AppleWebKit/537.36 (KHTML, like Gecko; compatible; Amazonbot/0.1; +https://developer.amazon.com/support/amazonbot) Chrome/119.0.6045.214 Safari/537.36"
66.249.78.41 - - [18/Oct/2025:07:59:00 +0300] "GET /vendor271?kg=15509 HTTP/1.1" 200 29975 "-" "Mozilla/5.0 (Linux; Android 6.0.1; Nexus 5X Build/MMB29P) AppleWebKit/537.36 (KHTML, like Gecko) Chrome/140.0.7339.207 Mobile Safari/537.36 (compatible; Googlebot/2.1; +http://www.google.com/bot.html)"
20.171.207.126 - - [18/Oct/2025:07:59:03 +0300] "GET /search.php?products/298zp15548 HTTP/1.1" 403 1061 "-" "Mozilla/5.0 AppleWebKit/537.36 (KHTML, like Gecko; compatible; GPTBot/1.2; +https://openai.com/gptbot)"
57.141.4.35 - - [18/Oct/2025:07:59:03 +0300] "GET /goodscode/974974303.htm?path=/var/www/vhosts/ilgazhavalandirma.com.tr/httpdocs/.tmb HTTP/1.1" 200 17213 "-" "meta-externalagent/1.1 (+https://developers.facebook.com/docs/sharing/webmasters/crawler)"
66.249.75.37 - - [18/Oct/2025:07:59:07 +0300] "GET /m73536050946 HTTP/1.1" 200 4148 "-" "Mozilla/5.0 (Linux; Android 6.0.1; Nexus 5X Build/MMB29P) AppleWebKit/537.36 (KHTML, like Gecko) Chrome/140.0.7339.207 Mobile Safari/537.36 (compatible; Googlebot/2.1; +http://www.google.com/bot.html)"
20.171.207.126 - - [18/Oct/2025:07:59:07 +0300] "GET /search.php?products/244zh15182 HTTP/1.1" 403 1061 "-" "Mozilla/5.0 AppleWebKit/537.36 (KHTML, like Gecko; compatible; GPTBot/1.2; +https://openai.com/gptbot)"
20.171.207.126 - - [18/Oct/2025:07:59:10 +0300] "GET /search.php?products/286nd27664 HTTP/1.1" 403 1061 "-" "Mozilla/5.0 AppleWebKit/537.36 (KHTML, like Gecko; compatible; GPTBot/1.2; +https://openai.com/gptbot)"
20.171.207.126 - - [18/Oct/2025:07:59:14 +0300] "GET /search.php?products/223ab26813 HTTP/1.1" 403 1061 "-" "Mozilla/5.0 AppleWebKit/537.36 (KHTML, like Gecko; compatible; GPTBot/1.2; +https://openai.com/gptbot)"
20.171.207.126 - - [18/Oct/2025:07:59:17 +0300] "GET /search.php?products/188vp26562 HTTP/1.1" 403 1061 "-" "Mozilla/5.0 AppleWebKit/537.36 (KHTML, like Gecko; compatible; GPTBot/1.2; +https://openai.com/gptbot)"
66.249.78.41 - - [18/Oct/2025:07:59:17 +0300] "GET /goodscode/208609411.htm HTTP/1.1" 200 24091 "-" "Mozilla/5.0 (Linux; Android 6.0.1; Nexus 5X Build/MMB29P) AppleWebKit/537.36 (KHTML, like Gecko) Chrome/140.0.7339.207 Mobile Safari/537.36 (compatible; Googlebot/2.1; +http://www.google.com/bot.html)"
66.249.73.15 - - [18/Oct/2025:07:59:19 +0300] "GET /seat171?kg=29069 HTTP/1.1" 200 24294 "-" "Mozilla/5.0 (Linux; Android 6.0.1; Nexus 5X Build/MMB29P) AppleWebKit/537.36 (KHTML, like Gecko) Chrome/140.0.7339.207 Mobile Safari/537.36 (compatible; Googlebot/2.1; +http://www.google.com/bot.html)"
20.171.207.126 - - [18/Oct/2025:07:59:21 +0300] "GET /search.php?products/223dg19369 HTTP/1.1" 403 1061 "-" "Mozilla/5.0 AppleWebKit/537.36 (KHTML, like Gecko; compatible; GPTBot/1.2; +https://openai.com/gptbot)"
66.249.78.41 - - [18/Oct/2025:07:59:22 +0300] "GET /goodscode/736276985.htm HTTP/1.1" 200 19766 "-" "Mozilla/5.0 (Linux; Android 6.0.1; Nexus 5X Build/MMB29P) AppleWebKit/537.36 (KHTML, like Gecko) Chrome/140.0.7339.207 Mobile Safari/537.36 (compatible; Googlebot/2.1; +http://www.google.com/bot.html)"
20.171.207.126 - - [18/Oct/2025:07:59:24 +0300] "GET /search.php?products/221yu14031 HTTP/1.1" 403 1061 "-" "Mozilla/5.0 AppleWebKit/537.36 (KHTML, like Gecko; compatible; GPTBot/1.2; +https://openai.com/gptbot)"
20.171.207.126 - - [18/Oct/2025:07:59:27 +0300] "GET /search.php?products/126lm21010 HTTP/1.1" 403 1061 "-" "Mozilla/5.0 AppleWebKit/537.36 (KHTML, like Gecko; compatible; GPTBot/1.2; +https://openai.com/gptbot)"
69.197.179.242 - - [18/Oct/2025:07:58:00 +0300] "GET /wp-content/plb24578/index.php?id=241605 HTTP/1.1" 200 4094 "https://ilgazhavalandirma.com.tr/wp-content/plb24578/index.php?id=241605" "Mozilla/5.0 (Windows NT 10.0; Win64; x64) AppleWebKit/537.36 (KHTML, like Gecko) Chrome/58.0.3029.110 Safari/537.3"
20.171.207.126 - - [18/Oct/2025:07:59:31 +0300] "GET /search.php?products/217tw29479 HTTP/1.1" 403 1061 "-" "Mozilla/5.0 AppleWebKit/537.36 (KHTML, like Gecko; compatible; GPTBot/1.2; +https://openai.com/gptbot)"
66.249.75.37 - - [18/Oct/2025:07:59:32 +0300] "GET /written139?kg=16119 HTTP/1.1" 200 24052 "-" "Mozilla/5.0 (Linux; Android 6.0.1; Nexus 5X Build/MMB29P) AppleWebKit/537.36 (KHTML, like Gecko) Chrome/140.0.7339.207 Mobile Safari/537.36 (compatible; Googlebot/2.1; +http://www.google.com/bot.html)"
20.171.207.126 - - [18/Oct/2025:07:59:34 +0300] "GET /search.php?products/188yn21258 HTTP/1.1" 403 1061 "-" "Mozilla/5.0 AppleWebKit/537.36 (KHTML, like Gecko; compatible; GPTBot/1.2; +https://openai.com/gptbot)"
20.171.207.126 - - [18/Oct/2025:07:59:38 +0300] "GET /search.php?products/166zh10922 HTTP/1.1" 403 1061 "-" "Mozilla/5.0 AppleWebKit/537.36 (KHTML, like Gecko; compatible; GPTBot/1.2; +https://openai.com/gptbot)"
20.171.207.126 - - [18/Oct/2025:07:59:41 +0300] "GET /search.php?products/115fu40521 HTTP/1.1" 403 1061 "-" "Mozilla/5.0 AppleWebKit/537.36 (KHTML, like Gecko; compatible; GPTBot/1.2; +https://openai.com/gptbot)"
114.119.146.15 - - [18/Oct/2025:07:59:42 +0300] "GET /though231?kg=17449 HTTP/1.1" 200 8779 "https://ilgazhavalandirma.com.tr/?sitemap191.xml" "Mozilla/5.0 (Linux; Android 7.0;) AppleWebKit/537.36 (KHTML, like Gecko) Mobile Safari/537.36 (compatible; PetalBot;+https://webmaster.petalsearch.com/site/petalbot)"
20.171.207.126 - - [18/Oct/2025:07:59:45 +0300] "GET /search.php?products/127ap43981 HTTP/1.1" 403 1061 "-" "Mozilla/5.0 AppleWebKit/537.36 (KHTML, like Gecko; compatible; GPTBot/1.2; +https://openai.com/gptbot)"
66.249.75.37 - - [18/Oct/2025:07:59:45 +0300] "GET /gap243?kg=9307 HTTP/1.1" 200 24166 "-" "Mozilla/5.0 (Linux; Android 6.0.1; Nexus 5X Build/MMB29P) AppleWebKit/537.36 (KHTML, like Gecko) Chrome/140.0.7339.207 Mobile Safari/537.36 (compatible; Googlebot/2.1; +http://www.google.com/bot.html)"
20.171.207.126 - - [18/Oct/2025:07:59:48 +0300] "GET /search.php?products/226vf42436 HTTP/1.1" 403 1061 "-" "Mozilla/5.0 AppleWebKit/537.36 (KHTML, like Gecko; compatible; GPTBot/1.2; +https://openai.com/gptbot)"
20.171.207.126 - - [18/Oct/2025:07:59:52 +0300] "GET /search.php?products/272kw37878 HTTP/1.1" 403 1061 "-" "Mozilla/5.0 AppleWebKit/537.36 (KHTML, like Gecko; compatible; GPTBot/1.2; +https://openai.com/gptbot)"
20.171.207.126 - - [18/Oct/2025:07:59:55 +0300] "GET /search.php?products/206ep19746 HTTP/1.1" 403 1061 "-" "Mozilla/5.0 AppleWebKit/537.36 (KHTML, like Gecko; compatible; GPTBot/1.2; +https://openai.com/gptbot)"
20.171.207.126 - - [18/Oct/2025:07:59:58 +0300] "GET /search.php?products/130xp49418 HTTP/1.1" 403 1061 "-" "Mozilla/5.0 AppleWebKit/537.36 (KHTML, like Gecko; compatible; GPTBot/1.2; +https://openai.com/gptbot)"
66.249.78.41 - - [18/Oct/2025:08:00:00 +0300] "GET /dinner6?kg=48120 HTTP/1.1" 200 24259 "-" "Mozilla/5.0 (Linux; Android 6.0.1; Nexus 5X Build/MMB29P) AppleWebKit/537.36 (KHTML, like Gecko) Chrome/140.0.7339.207 Mobile Safari/537.36 (compatible; Googlebot/2.1; +http://www.google.com/bot.html)"
20.171.207.126 - - [18/Oct/2025:08:00:02 +0300] "GET /search.php?products/195zx15909 HTTP/1.1" 403 1061 "-" "Mozilla/5.0 AppleWebKit/537.36 (KHTML, like Gecko; compatible; GPTBot/1.2; +https://openai.com/gptbot)"
20.171.207.126 - - [18/Oct/2025:08:00:05 +0300] "GET /search.php?products/204oj44328 HTTP/1.1" 403 1061 "-" "Mozilla/5.0 AppleWebKit/537.36 (KHTML, like Gecko; compatible; GPTBot/1.2; +https://openai.com/gptbot)"
20.171.207.126 - - [18/Oct/2025:08:00:09 +0300] "GET /search.php?products/299oo16765 HTTP/1.1" 403 1061 "-" "Mozilla/5.0 AppleWebKit/537.36 (KHTML, like Gecko; compatible; GPTBot/1.2; +https://openai.com/gptbot)"
66.249.75.37 - - [18/Oct/2025:08:00:08 +0300] "GET /?pid=23392591440&channel=spy-shore-supporter&cate_id=3040&page=https://www.ilgazhavalandirma.com.tr/api.do?products/22bi27285 HTTP/1.1" 200 29049 "-" "Mozilla/5.0 (Linux; Android 6.0.1; Nexus 5X Build/MMB29P) AppleWebKit/537.36 (KHTML, like Gecko) Chrome/140.0.7339.207 Mobile Safari/537.36 (compatible; Googlebot/2.1; +http://www.google.com/bot.html)"
52.167.144.157 - - [18/Oct/2025:08:00:11 +0300] "GET /goodscode/1003709645.htm?path=/ HTTP/1.1" 200 4210 "-" "Mozilla/5.0 AppleWebKit/537.36 (KHTML, like Gecko; compatible; bingbot/2.0; +http://www.bing.com/bingbot.htm) Chrome/116.0.1938.76 Safari/537.36"
20.171.207.126 - - [18/Oct/2025:08:00:12 +0300] "GET /search.php?products/250er48046 HTTP/1.1" 403 1061 "-" "Mozilla/5.0 AppleWebKit/537.36 (KHTML, like Gecko; compatible; GPTBot/1.2; +https://openai.com/gptbot)"
20.171.207.126 - - [18/Oct/2025:08:00:16 +0300] "GET /search.php?products/120xp39898 HTTP/1.1" 403 1061 "-" "Mozilla/5.0 AppleWebKit/537.36 (KHTML, like Gecko; compatible; GPTBot/1.2; +https://openai.com/gptbot)"
20.171.207.126 - - [18/Oct/2025:08:00:19 +0300] "GET /search.php?products/231lf32931 HTTP/1.1" 403 1061 "-" "Mozilla/5.0 AppleWebKit/537.36 (KHTML, like Gecko; compatible; GPTBot/1.2; +https://openai.com/gptbot)"
20.171.207.126 - - [18/Oct/2025:08:00:23 +0300] "GET /search.php?products/179mj17297 HTTP/1.1" 403 1061 "-" "Mozilla/5.0 AppleWebKit/537.36 (KHTML, like Gecko; compatible; GPTBot/1.2; +https://openai.com/gptbot)"
52.167.144.19 - - [18/Oct/2025:08:00:24 +0300] "GET /goodscode/124938419.htm HTTP/1.1" 200 4210 "-" "Mozilla/5.0 AppleWebKit/537.36 (KHTML, like Gecko; compatible; bingbot/2.0; +http://www.bing.com/bingbot.htm) Chrome/116.0.1938.76 Safari/537.36"
20.171.207.126 - - [18/Oct/2025:08:00:26 +0300] "GET /search.php?products/249fq22595 HTTP/1.1" 403 1061 "-" "Mozilla/5.0 AppleWebKit/537.36 (KHTML, like Gecko; compatible; GPTBot/1.2; +https://openai.com/gptbot)"
52.167.144.208 - - [18/Oct/2025:08:00:28 +0300] "GET /goodscode/184015464.htm HTTP/1.1" 200 4210 "-" "Mozilla/5.0 AppleWebKit/537.36 (KHTML, like Gecko; compatible; bingbot/2.0; +http://www.bing.com/bingbot.htm) Chrome/116.0.1938.76 Safari/537.36"
20.171.207.126 - - [18/Oct/2025:08:00:29 +0300] "GET /search.php?products/183tl25855 HTTP/1.1" 403 1061 "-" "Mozilla/5.0 AppleWebKit/537.36 (KHTML, like Gecko; compatible; GPTBot/1.2; +https://openai.com/gptbot)"
66.249.75.37 - - [18/Oct/2025:08:00:30 +0300] "GET /dramatic17?kg=1441 HTTP/1.1" 200 24081 "-" "Mozilla/5.0 (Linux; Android 6.0.1; Nexus 5X Build/MMB29P) AppleWebKit/537.36 (KHTML, like Gecko) Chrome/140.0.7339.207 Mobile Safari/537.36 (compatible; Googlebot/2.1; +http://www.google.com/bot.html)"
20.171.207.126 - - [18/Oct/2025:08:00:33 +0300] "GET /search.php?products/204as33766 HTTP/1.1" 403 1061 "-" "Mozilla/5.0 AppleWebKit/537.36 (KHTML, like Gecko; compatible; GPTBot/1.2; +https://openai.com/gptbot)"
20.171.207.126 - - [18/Oct/2025:08:00:36 +0300] "GET /search.php?products/270af45740 HTTP/1.1" 403 1061 "-" "Mozilla/5.0 AppleWebKit/537.36 (KHTML, like Gecko; compatible; GPTBot/1.2; +https://openai.com/gptbot)"
20.171.207.126 - - [18/Oct/2025:08:00:40 +0300] "GET /search.php?products/220jv24872 HTTP/1.1" 403 1061 "-" "Mozilla/5.0 AppleWebKit/537.36 (KHTML, like Gecko; compatible; GPTBot/1.2; +https://openai.com/gptbot)"
66.249.78.41 - - [18/Oct/2025:08:00:39 +0300] "GET /chest178?kg=9372 HTTP/1.1" 200 23446 "-" "Mozilla/5.0 (Linux; Android 6.0.1; Nexus 5X Build/MMB29P) AppleWebKit/537.36 (KHTML, like Gecko) Chrome/140.0.7339.207 Mobile Safari/537.36 (compatible; Googlebot/2.1; +http://www.google.com/bot.html)"
66.249.75.37 - - [18/Oct/2025:08:00:41 +0300] "GET /first164?kg=39976 HTTP/1.1" 200 4148 "-" "Mozilla/5.0 (Linux; Android 6.0.1; Nexus 5X Build/MMB29P) AppleWebKit/537.36 (KHTML, like Gecko) Chrome/140.0.7339.207 Mobile Safari/537.36 (compatible; Googlebot/2.1; +http://www.google.com/bot.html)"
20.171.207.126 - - [18/Oct/2025:08:00:43 +0300] "GET /search.php?products/109ta42147 HTTP/1.1" 403 1061 "-" "Mozilla/5.0 AppleWebKit/537.36 (KHTML, like Gecko; compatible; GPTBot/1.2; +https://openai.com/gptbot)"
20.171.207.126 - - [18/Oct/2025:08:00:46 +0300] "GET /search.php?products/110kk18662 HTTP/1.1" 403 1061 "-" "Mozilla/5.0 AppleWebKit/537.36 (KHTML, like Gecko; compatible; GPTBot/1.2; +https://openai.com/gptbot)"
20.171.207.126 - - [18/Oct/2025:08:00:50 +0300] "GET /search.php?products/109je30231 HTTP/1.1" 403 1061 "-" "Mozilla/5.0 AppleWebKit/537.36 (KHTML, like Gecko; compatible; GPTBot/1.2; +https://openai.com/gptbot)"
114.119.142.93 - - [18/Oct/2025:08:00:47 +0300] "GET /thirty64?kg=42300 HTTP/1.1" 200 8779 "https://ilgazhavalandirma.com.tr/?sitemap191.xml" "Mozilla/5.0 (Linux; Android 7.0;) AppleWebKit/537.36 (KHTML, like Gecko) Mobile Safari/537.36 (compatible; PetalBot;+https://webmaster.petalsearch.com/site/petalbot)"
20.171.207.126 - - [18/Oct/2025:08:00:53 +0300] "GET /search.php?products/172yr38732 HTTP/1.1" 403 1061 "-" "Mozilla/5.0 AppleWebKit/537.36 (KHTML, like Gecko; compatible; GPTBot/1.2; +https://openai.com/gptbot)"
66.249.78.41 - - [18/Oct/2025:08:00:54 +0300] "GET /terribly57?kg=8983 HTTP/1.1" 200 23809 "-" "Mozilla/5.0 (Linux; Android 6.0.1; Nexus 5X Build/MMB29P) AppleWebKit/537.36 (KHTML, like Gecko) Chrome/140.0.7339.207 Mobile Safari/537.36 (compatible; Googlebot/2.1; +http://www.google.com/bot.html)"
20.171.207.126 - - [18/Oct/2025:08:00:57 +0300] "GET /search.php?products/230up28574 HTTP/1.1" 403 1061 "-" "Mozilla/5.0 AppleWebKit/537.36 (KHTML, like Gecko; compatible; GPTBot/1.2; +https://openai.com/gptbot)"
20.171.207.126 - - [18/Oct/2025:08:01:00 +0300] "GET /search.php?products/117yt38013 HTTP/1.1" 403 1061 "-" "Mozilla/5.0 AppleWebKit/537.36 (KHTML, like Gecko; compatible; GPTBot/1.2; +https://openai.com/gptbot)"
52.167.144.19 - - [18/Oct/2025:08:01:02 +0300] "GET /goodscode/264082698.htm HTTP/1.1" 200 4210 "-" "Mozilla/5.0 AppleWebKit/537.36 (KHTML, like Gecko; compatible; bingbot/2.0; +http://www.bing.com/bingbot.htm) Chrome/116.0.1938.76 Safari/537.36"
20.171.207.126 - - [18/Oct/2025:08:01:04 +0300] "GET /search.php?products/144oz14086 HTTP/1.1" 403 1061 "-" "Mozilla/5.0 AppleWebKit/537.36 (KHTML, like Gecko; compatible; GPTBot/1.2; +https://openai.com/gptbot)"
69.197.179.242 - - [18/Oct/2025:07:59:36 +0300] "GET /wp-content/plb24578/index.php?id=241605 HTTP/1.1" 200 4094 "https://ilgazhavalandirma.com.tr/wp-content/plb24578/index.php?id=241605" "Mozilla/5.0 (Windows NT 10.0; Win64; x64) AppleWebKit/537.36 (KHTML, like Gecko) Chrome/58.0.3029.110 Safari/537.3"
20.171.207.126 - - [18/Oct/2025:08:01:08 +0300] "GET /search.php?products/300ec16896 HTTP/1.1" 403 1061 "-" "Mozilla/5.0 AppleWebKit/537.36 (KHTML, like Gecko; compatible; GPTBot/1.2; +https://openai.com/gptbot)"
