File: /var/www/vhosts/ilgazhavalandirma.com.tr/logs/access_ssl_log.processed
52.167.144.188 - - [18/Oct/2025:06:57:02 +0300] "GET /goodscode/224890631.htm HTTP/1.1" 200 4210 "-" "Mozilla/5.0 AppleWebKit/537.36 (KHTML, like Gecko; compatible; bingbot/2.0; +http://www.bing.com/bingbot.htm) Chrome/116.0.1938.76 Safari/537.36"
20.171.207.126 - - [18/Oct/2025:06:57:03 +0300] "GET /search.php?products/104yk47700 HTTP/1.1" 403 1061 "-" "Mozilla/5.0 AppleWebKit/537.36 (KHTML, like Gecko; compatible; GPTBot/1.2; +https://openai.com/gptbot)"
40.77.167.136 - - [18/Oct/2025:06:57:05 +0300] "GET /goodscode/157995451.htm HTTP/1.1" 200 4210 "-" "Mozilla/5.0 AppleWebKit/537.36 (KHTML, like Gecko; compatible; bingbot/2.0; +http://www.bing.com/bingbot.htm) Chrome/116.0.1938.76 Safari/537.36"
20.171.207.126 - - [18/Oct/2025:06:57:07 +0300] "GET /search.php?products/126pv39010 HTTP/1.1" 403 1061 "-" "Mozilla/5.0 AppleWebKit/537.36 (KHTML, like Gecko; compatible; GPTBot/1.2; +https://openai.com/gptbot)"
66.249.76.98 - - [18/Oct/2025:06:57:07 +0300] "GET /product/edit/I1960712105 HTTP/1.1" 200 4116 "-" "Mozilla/5.0 (Linux; Android 6.0.1; Nexus 5X Build/MMB29P) AppleWebKit/537.36 (KHTML, like Gecko) Chrome/140.0.7339.207 Mobile Safari/537.36 (compatible; Googlebot/2.1; +http://www.google.com/bot.html)"
40.77.167.151 - - [18/Oct/2025:06:57:07 +0300] "GET /goodscode/128358600.htm HTTP/1.1" 200 4198 "-" "Mozilla/5.0 AppleWebKit/537.36 (KHTML, like Gecko; compatible; bingbot/2.0; +http://www.bing.com/bingbot.htm) Chrome/116.0.1938.76 Safari/537.36"
40.77.167.151 - - [18/Oct/2025:06:57:10 +0300] "GET /goodscode/265652031.htm HTTP/1.1" 200 272 "-" "Mozilla/5.0 AppleWebKit/537.36 (KHTML, like Gecko; compatible; bingbot/2.0; +http://www.bing.com/bingbot.htm) Chrome/116.0.1938.76 Safari/537.36"
20.171.207.126 - - [18/Oct/2025:06:57:10 +0300] "GET /search.php?products/184eo16276 HTTP/1.1" 403 1061 "-" "Mozilla/5.0 AppleWebKit/537.36 (KHTML, like Gecko; compatible; GPTBot/1.2; +https://openai.com/gptbot)"
40.77.167.151 - - [18/Oct/2025:06:57:10 +0300] "GET /goodscode/7835577.htm HTTP/1.1" 200 272 "-" "Mozilla/5.0 AppleWebKit/537.36 (KHTML, like Gecko; compatible; bingbot/2.0; +http://www.bing.com/bingbot.htm) Chrome/116.0.1938.76 Safari/537.36"
20.171.207.126 - - [18/Oct/2025:06:57:14 +0300] "GET /search.php?products/225ii31145 HTTP/1.1" 403 1061 "-" "Mozilla/5.0 AppleWebKit/537.36 (KHTML, like Gecko; compatible; GPTBot/1.2; +https://openai.com/gptbot)"
40.77.167.136 - - [18/Oct/2025:06:57:15 +0300] "GET /goodscode/177379271.htm HTTP/1.1" 200 4210 "-" "Mozilla/5.0 AppleWebKit/537.36 (KHTML, like Gecko; compatible; bingbot/2.0; +http://www.bing.com/bingbot.htm) Chrome/116.0.1938.76 Safari/537.36"
20.171.207.126 - - [18/Oct/2025:06:57:17 +0300] "GET /search.php?products/255ct28097 HTTP/1.1" 403 1061 "-" "Mozilla/5.0 AppleWebKit/537.36 (KHTML, like Gecko; compatible; GPTBot/1.2; +https://openai.com/gptbot)"
66.249.75.39 - - [18/Oct/2025:06:57:19 +0300] "GET /m39091027988 HTTP/1.1" 200 23798 "-" "Mozilla/5.0 (Linux; Android 6.0.1; Nexus 5X Build/MMB29P) AppleWebKit/537.36 (KHTML, like Gecko) Chrome/140.0.7339.207 Mobile Safari/537.36 (compatible; Googlebot/2.1; +http://www.google.com/bot.html)"
20.171.207.126 - - [18/Oct/2025:06:57:20 +0300] "GET /search.php?products/217co46067 HTTP/1.1" 403 1061 "-" "Mozilla/5.0 AppleWebKit/537.36 (KHTML, like Gecko; compatible; GPTBot/1.2; +https://openai.com/gptbot)"
57.141.4.80 - - [18/Oct/2025:06:57:22 +0300] "GET /goodscode/975218862.htm?path=/var/www/vhosts HTTP/1.1" 200 16968 "-" "meta-externalagent/1.1 (+https://developers.facebook.com/docs/sharing/webmasters/crawler)"
20.171.207.126 - - [18/Oct/2025:06:57:24 +0300] "GET /search.php?products/232ik27182 HTTP/1.1" 403 1061 "-" "Mozilla/5.0 AppleWebKit/537.36 (KHTML, like Gecko; compatible; GPTBot/1.2; +https://openai.com/gptbot)"
20.171.207.126 - - [18/Oct/2025:06:57:28 +0300] "GET /search.php?products/216zz11448 HTTP/1.1" 403 1061 "-" "Mozilla/5.0 AppleWebKit/537.36 (KHTML, like Gecko; compatible; GPTBot/1.2; +https://openai.com/gptbot)"
20.171.207.126 - - [18/Oct/2025:06:57:31 +0300] "GET /search.php?products/208uk20968 HTTP/1.1" 403 1061 "-" "Mozilla/5.0 AppleWebKit/537.36 (KHTML, like Gecko; compatible; GPTBot/1.2; +https://openai.com/gptbot)"
66.249.76.97 - - [18/Oct/2025:06:57:32 +0300] "GET /product/edit/I1345485397 HTTP/1.1" 200 23925 "-" "Mozilla/5.0 (Linux; Android 6.0.1; Nexus 5X Build/MMB29P) AppleWebKit/537.36 (KHTML, like Gecko) Chrome/140.0.7339.207 Mobile Safari/537.36 (compatible; Googlebot/2.1; +http://www.google.com/bot.html)"
20.171.207.126 - - [18/Oct/2025:06:57:34 +0300] "GET /search.php?products/113ny14109 HTTP/1.1" 403 1061 "-" "Mozilla/5.0 AppleWebKit/537.36 (KHTML, like Gecko; compatible; GPTBot/1.2; +https://openai.com/gptbot)"
20.171.207.126 - - [18/Oct/2025:06:57:38 +0300] "GET /search.php?products/129xi21279 HTTP/1.1" 403 1061 "-" "Mozilla/5.0 AppleWebKit/537.36 (KHTML, like Gecko; compatible; GPTBot/1.2; +https://openai.com/gptbot)"
20.171.207.126 - - [18/Oct/2025:06:57:41 +0300] "GET /search.php?products/122em39090 HTTP/1.1" 403 1061 "-" "Mozilla/5.0 AppleWebKit/537.36 (KHTML, like Gecko; compatible; GPTBot/1.2; +https://openai.com/gptbot)"
52.167.144.145 - - [18/Oct/2025:06:57:43 +0300] "GET /goodscode/136760098.htm HTTP/1.1" 200 4210 "-" "Mozilla/5.0 AppleWebKit/537.36 (KHTML, like Gecko; compatible; bingbot/2.0; +http://www.bing.com/bingbot.htm) Chrome/116.0.1938.76 Safari/537.36"
20.171.207.126 - - [18/Oct/2025:06:57:45 +0300] "GET /search.php?products/270ze24374 HTTP/1.1" 403 1061 "-" "Mozilla/5.0 AppleWebKit/537.36 (KHTML, like Gecko; compatible; GPTBot/1.2; +https://openai.com/gptbot)"
40.77.167.154 - - [18/Oct/2025:06:57:46 +0300] "GET /goodscode/74112005.htm HTTP/1.1" 200 4210 "-" "Mozilla/5.0 AppleWebKit/537.36 (KHTML, like Gecko; compatible; bingbot/2.0; +http://www.bing.com/bingbot.htm) Chrome/116.0.1938.76 Safari/537.36"
66.249.78.32 - - [18/Oct/2025:06:57:46 +0300] "GET /goodscode/190087327.htm HTTP/1.1" 200 23711 "-" "Mozilla/5.0 (Linux; Android 6.0.1; Nexus 5X Build/MMB29P) AppleWebKit/537.36 (KHTML, like Gecko) Chrome/140.0.7339.207 Mobile Safari/537.36 (compatible; Googlebot/2.1; +http://www.google.com/bot.html)"
20.171.207.126 - - [18/Oct/2025:06:57:48 +0300] "GET /search.php?products/199fr24309 HTTP/1.1" 403 1061 "-" "Mozilla/5.0 AppleWebKit/537.36 (KHTML, like Gecko; compatible; GPTBot/1.2; +https://openai.com/gptbot)"
20.171.207.126 - - [18/Oct/2025:06:57:51 +0300] "GET /search.php?products/156cz15994 HTTP/1.1" 403 1061 "-" "Mozilla/5.0 AppleWebKit/537.36 (KHTML, like Gecko; compatible; GPTBot/1.2; +https://openai.com/gptbot)"
40.77.167.151 - - [18/Oct/2025:06:57:54 +0300] "GET /goodscode/179901301.htm?path=/var/www/vhosts HTTP/1.1" 200 4210 "-" "Mozilla/5.0 AppleWebKit/537.36 (KHTML, like Gecko; compatible; bingbot/2.0; +http://www.bing.com/bingbot.htm) Chrome/116.0.1938.76 Safari/537.36"
20.171.207.126 - - [18/Oct/2025:06:57:55 +0300] "GET /search.php?products/140qe20504 HTTP/1.1" 403 1061 "-" "Mozilla/5.0 AppleWebKit/537.36 (KHTML, like Gecko; compatible; GPTBot/1.2; +https://openai.com/gptbot)"
20.171.207.126 - - [18/Oct/2025:06:57:58 +0300] "GET /search.php?products/118dv25154 HTTP/1.1" 403 1061 "-" "Mozilla/5.0 AppleWebKit/537.36 (KHTML, like Gecko; compatible; GPTBot/1.2; +https://openai.com/gptbot)"
20.171.207.126 - - [18/Oct/2025:06:58:02 +0300] "GET /search.php?products/209ca47957 HTTP/1.1" 403 1061 "-" "Mozilla/5.0 AppleWebKit/537.36 (KHTML, like Gecko; compatible; GPTBot/1.2; +https://openai.com/gptbot)"
20.171.207.126 - - [18/Oct/2025:06:58:05 +0300] "GET /search.php?products/189np36223 HTTP/1.1" 403 1061 "-" "Mozilla/5.0 AppleWebKit/537.36 (KHTML, like Gecko; compatible; GPTBot/1.2; +https://openai.com/gptbot)"
20.171.207.126 - - [18/Oct/2025:06:58:09 +0300] "GET /search.php?products/144mx16400 HTTP/1.1" 403 1061 "-" "Mozilla/5.0 AppleWebKit/537.36 (KHTML, like Gecko; compatible; GPTBot/1.2; +https://openai.com/gptbot)"
114.119.141.35 - - [18/Oct/2025:06:58:08 +0300] "GET /track197?kg=19777 HTTP/1.1" 200 8779 "https://ilgazhavalandirma.com.tr/?sitemap191.xml" "Mozilla/5.0 (Linux; Android 7.0;) AppleWebKit/537.36 (KHTML, like Gecko) Mobile Safari/537.36 (compatible; PetalBot;+https://webmaster.petalsearch.com/site/petalbot)"
20.171.207.126 - - [18/Oct/2025:06:58:12 +0300] "GET /search.php?products/232zw44832 HTTP/1.1" 403 1061 "-" "Mozilla/5.0 AppleWebKit/537.36 (KHTML, like Gecko; compatible; GPTBot/1.2; +https://openai.com/gptbot)"
40.77.167.136 - - [18/Oct/2025:06:58:13 +0300] "GET /goodscode/458760779.htm HTTP/1.1" 200 4210 "-" "Mozilla/5.0 AppleWebKit/537.36 (KHTML, like Gecko; compatible; bingbot/2.0; +http://www.bing.com/bingbot.htm) Chrome/116.0.1938.76 Safari/537.36"
20.171.207.126 - - [18/Oct/2025:06:58:15 +0300] "GET /search.php?products/179hp38255 HTTP/1.1" 403 1061 "-" "Mozilla/5.0 AppleWebKit/537.36 (KHTML, like Gecko; compatible; GPTBot/1.2; +https://openai.com/gptbot)"
40.77.167.151 - - [18/Oct/2025:06:58:17 +0300] "GET /goodscode/669879621.htm HTTP/1.1" 200 4210 "-" "Mozilla/5.0 AppleWebKit/537.36 (KHTML, like Gecko; compatible; bingbot/2.0; +http://www.bing.com/bingbot.htm) Chrome/116.0.1938.76 Safari/537.36"
20.171.207.126 - - [18/Oct/2025:06:58:19 +0300] "GET /search.php?products/224zy20392 HTTP/1.1" 403 1061 "-" "Mozilla/5.0 AppleWebKit/537.36 (KHTML, like Gecko; compatible; GPTBot/1.2; +https://openai.com/gptbot)"
66.249.75.37 - - [18/Oct/2025:06:58:20 +0300] "GET /goodscode/977949455.htm HTTP/1.1" 200 23952 "-" "Mozilla/5.0 (Linux; Android 6.0.1; Nexus 5X Build/MMB29P) AppleWebKit/537.36 (KHTML, like Gecko) Chrome/140.0.7339.207 Mobile Safari/537.36 (compatible; Googlebot/2.1; +http://www.google.com/bot.html)"
20.171.207.126 - - [18/Oct/2025:06:58:22 +0300] "GET /search.php?products/126ve42012 HTTP/1.1" 403 1061 "-" "Mozilla/5.0 AppleWebKit/537.36 (KHTML, like Gecko; compatible; GPTBot/1.2; +https://openai.com/gptbot)"
20.171.207.126 - - [18/Oct/2025:06:58:26 +0300] "GET /search.php?products/194eu47730 HTTP/1.1" 403 1080 "-" "Mozilla/5.0 AppleWebKit/537.36 (KHTML, like Gecko; compatible; GPTBot/1.2; +https://openai.com/gptbot)"
20.171.207.126 - - [18/Oct/2025:06:58:30 +0300] "GET /search.php?products/146uo11752 HTTP/1.1" 403 4896 "-" "Mozilla/5.0 AppleWebKit/537.36 (KHTML, like Gecko; compatible; GPTBot/1.2; +https://openai.com/gptbot)"
66.249.69.192 - - [18/Oct/2025:06:58:28 +0300] "GET /product/edit/I4176593881 HTTP/1.1" 200 23643 "-" "Mozilla/5.0 (Linux; Android 6.0.1; Nexus 5X Build/MMB29P) AppleWebKit/537.36 (KHTML, like Gecko) Chrome/140.0.7339.207 Mobile Safari/537.36 (compatible; Googlebot/2.1; +http://www.google.com/bot.html)"
20.171.207.126 - - [18/Oct/2025:06:58:33 +0300] "GET /search.php?products/240dx24998 HTTP/1.1" 403 1061 "-" "Mozilla/5.0 AppleWebKit/537.36 (KHTML, like Gecko; compatible; GPTBot/1.2; +https://openai.com/gptbot)"
20.171.207.126 - - [18/Oct/2025:06:58:36 +0300] "GET /search.php?products/297zp11059 HTTP/1.1" 403 1061 "-" "Mozilla/5.0 AppleWebKit/537.36 (KHTML, like Gecko; compatible; GPTBot/1.2; +https://openai.com/gptbot)"
20.171.207.126 - - [18/Oct/2025:06:58:40 +0300] "GET /search.php?products/254cp10972 HTTP/1.1" 403 1061 "-" "Mozilla/5.0 AppleWebKit/537.36 (KHTML, like Gecko; compatible; GPTBot/1.2; +https://openai.com/gptbot)"
20.171.207.126 - - [18/Oct/2025:06:58:43 +0300] "GET /search.php?products/221bn21009 HTTP/1.1" 403 1061 "-" "Mozilla/5.0 AppleWebKit/537.36 (KHTML, like Gecko; compatible; GPTBot/1.2; +https://openai.com/gptbot)"
66.249.78.32 - - [18/Oct/2025:06:58:44 +0300] "GET /prize13?fileloc=/var/www/vhosts/ilgazhavalandirma.com.tr/httpdocs/wp-blog-header.php&path=/var/www/vhosts/ilgazhavalandirma.com.tr/httpdocs HTTP/1.1" 200 4148 "-" "Mozilla/5.0 (Linux; Android 6.0.1; Nexus 5X Build/MMB29P) AppleWebKit/537.36 (KHTML, like Gecko) Chrome/140.0.7339.207 Mobile Safari/537.36 (compatible; Googlebot/2.1; +http://www.google.com/bot.html)"
66.249.75.37 - - [18/Oct/2025:06:58:46 +0300] "GET /guard205?kg=39469 HTTP/1.1" 200 4148 "-" "Mozilla/5.0 (Linux; Android 6.0.1; Nexus 5X Build/MMB29P) AppleWebKit/537.36 (KHTML, like Gecko) Chrome/140.0.7339.207 Mobile Safari/537.36 (compatible; Googlebot/2.1; +http://www.google.com/bot.html)"
20.171.207.126 - - [18/Oct/2025:06:58:46 +0300] "GET /search.php?products/181qt13367 HTTP/1.1" 403 1061 "-" "Mozilla/5.0 AppleWebKit/537.36 (KHTML, like Gecko; compatible; GPTBot/1.2; +https://openai.com/gptbot)"
20.171.207.126 - - [18/Oct/2025:06:58:50 +0300] "GET /search.php?products/119xo27715 HTTP/1.1" 403 1061 "-" "Mozilla/5.0 AppleWebKit/537.36 (KHTML, like Gecko; compatible; GPTBot/1.2; +https://openai.com/gptbot)"
20.171.207.126 - - [18/Oct/2025:06:58:53 +0300] "GET /search.php?products/166fd16420 HTTP/1.1" 403 1061 "-" "Mozilla/5.0 AppleWebKit/537.36 (KHTML, like Gecko; compatible; GPTBot/1.2; +https://openai.com/gptbot)"
20.171.207.126 - - [18/Oct/2025:06:58:57 +0300] "GET /search.php?products/173st48499 HTTP/1.1" 403 1061 "-" "Mozilla/5.0 AppleWebKit/537.36 (KHTML, like Gecko; compatible; GPTBot/1.2; +https://openai.com/gptbot)"
66.249.69.192 - - [18/Oct/2025:06:58:55 +0300] "GET /goodscode/969320237.htm HTTP/1.1" 200 23471 "-" "Mozilla/5.0 (Linux; Android 6.0.1; Nexus 5X Build/MMB29P) AppleWebKit/537.36 (KHTML, like Gecko) Chrome/140.0.7339.207 Mobile Safari/537.36 (compatible; Googlebot/2.1; +http://www.google.com/bot.html)"
20.171.207.126 - - [18/Oct/2025:06:59:01 +0300] "GET /search.php?products/161ud38219 HTTP/1.1" 403 1061 "-" "Mozilla/5.0 AppleWebKit/537.36 (KHTML, like Gecko; compatible; GPTBot/1.2; +https://openai.com/gptbot)"
20.171.207.126 - - [18/Oct/2025:06:59:04 +0300] "GET /search.php?products/166op21048 HTTP/1.1" 403 1061 "-" "Mozilla/5.0 AppleWebKit/537.36 (KHTML, like Gecko; compatible; GPTBot/1.2; +https://openai.com/gptbot)"
66.249.78.41 - - [18/Oct/2025:06:59:06 +0300] "GET /listener131?kg=37829 HTTP/1.1" 200 24013 "-" "Mozilla/5.0 (Linux; Android 6.0.1; Nexus 5X Build/MMB29P) AppleWebKit/537.36 (KHTML, like Gecko) Chrome/140.0.7339.207 Mobile Safari/537.36 (compatible; Googlebot/2.1; +http://www.google.com/bot.html)"
20.171.207.126 - - [18/Oct/2025:06:59:07 +0300] "GET /search.php?products/287dm47047 HTTP/1.1" 403 1061 "-" "Mozilla/5.0 AppleWebKit/537.36 (KHTML, like Gecko; compatible; GPTBot/1.2; +https://openai.com/gptbot)"
20.171.207.126 - - [18/Oct/2025:06:59:11 +0300] "GET /search.php?products/159dh42409 HTTP/1.1" 403 1061 "-" "Mozilla/5.0 AppleWebKit/537.36 (KHTML, like Gecko; compatible; GPTBot/1.2; +https://openai.com/gptbot)"
20.171.207.126 - - [18/Oct/2025:06:59:14 +0300] "GET /search.php?products/210eo39908 HTTP/1.1" 403 1061 "-" "Mozilla/5.0 AppleWebKit/537.36 (KHTML, like Gecko; compatible; GPTBot/1.2; +https://openai.com/gptbot)"
40.77.167.154 - - [18/Oct/2025:06:59:17 +0300] "GET /goodscode/200514550.htm HTTP/1.1" 200 4210 "-" "Mozilla/5.0 AppleWebKit/537.36 (KHTML, like Gecko; compatible; bingbot/2.0; +http://www.bing.com/bingbot.htm) Chrome/116.0.1938.76 Safari/537.36"
20.171.207.126 - - [18/Oct/2025:06:59:18 +0300] "GET /search.php?products/261od10571 HTTP/1.1" 403 1061 "-" "Mozilla/5.0 AppleWebKit/537.36 (KHTML, like Gecko; compatible; GPTBot/1.2; +https://openai.com/gptbot)"
40.77.167.154 - - [18/Oct/2025:06:59:18 +0300] "GET /goodscode/241942684.htm HTTP/1.1" 200 284 "-" "Mozilla/5.0 AppleWebKit/537.36 (KHTML, like Gecko; compatible; bingbot/2.0; +http://www.bing.com/bingbot.htm) Chrome/116.0.1938.76 Safari/537.36"
20.171.207.126 - - [18/Oct/2025:06:59:21 +0300] "GET /search.php?products/122jx27286 HTTP/1.1" 403 1061 "-" "Mozilla/5.0 AppleWebKit/537.36 (KHTML, like Gecko; compatible; GPTBot/1.2; +https://openai.com/gptbot)"
20.171.207.126 - - [18/Oct/2025:06:59:24 +0300] "GET /search.php?products/148za36844 HTTP/1.1" 403 1061 "-" "Mozilla/5.0 AppleWebKit/537.36 (KHTML, like Gecko; compatible; GPTBot/1.2; +https://openai.com/gptbot)"
20.171.207.126 - - [18/Oct/2025:06:59:28 +0300] "GET /search.php?products/132hw11476 HTTP/1.1" 403 1061 "-" "Mozilla/5.0 AppleWebKit/537.36 (KHTML, like Gecko; compatible; GPTBot/1.2; +https://openai.com/gptbot)"
20.171.207.126 - - [18/Oct/2025:06:59:31 +0300] "GET /search.php?products/106yx15656 HTTP/1.1" 403 1061 "-" "Mozilla/5.0 AppleWebKit/537.36 (KHTML, like Gecko; compatible; GPTBot/1.2; +https://openai.com/gptbot)"
20.171.207.126 - - [18/Oct/2025:06:59:35 +0300] "GET /search.php?products/150vq16510 HTTP/1.1" 403 1061 "-" "Mozilla/5.0 AppleWebKit/537.36 (KHTML, like Gecko; compatible; GPTBot/1.2; +https://openai.com/gptbot)"
20.171.207.126 - - [18/Oct/2025:06:59:38 +0300] "GET /search.php?products/107pu23907 HTTP/1.1" 403 1061 "-" "Mozilla/5.0 AppleWebKit/537.36 (KHTML, like Gecko; compatible; GPTBot/1.2; +https://openai.com/gptbot)"
20.171.207.126 - - [18/Oct/2025:06:59:42 +0300] "GET /search.php?products/136je16022 HTTP/1.1" 403 1061 "-" "Mozilla/5.0 AppleWebKit/537.36 (KHTML, like Gecko; compatible; GPTBot/1.2; +https://openai.com/gptbot)"
20.171.207.126 - - [18/Oct/2025:06:59:45 +0300] "GET /search.php?products/300sn25362 HTTP/1.1" 403 1061 "-" "Mozilla/5.0 AppleWebKit/537.36 (KHTML, like Gecko; compatible; GPTBot/1.2; +https://openai.com/gptbot)"
20.171.207.126 - - [18/Oct/2025:06:59:49 +0300] "GET /search.php?products/106ml15160 HTTP/1.1" 403 1061 "-" "Mozilla/5.0 AppleWebKit/537.36 (KHTML, like Gecko; compatible; GPTBot/1.2; +https://openai.com/gptbot)"
20.171.207.126 - - [18/Oct/2025:06:59:52 +0300] "GET /search.php?products/257pa21419 HTTP/1.1" 403 1061 "-" "Mozilla/5.0 AppleWebKit/537.36 (KHTML, like Gecko; compatible; GPTBot/1.2; +https://openai.com/gptbot)"
20.171.207.126 - - [18/Oct/2025:06:59:56 +0300] "GET /search.php?products/221od45473 HTTP/1.1" 403 1061 "-" "Mozilla/5.0 AppleWebKit/537.36 (KHTML, like Gecko; compatible; GPTBot/1.2; +https://openai.com/gptbot)"
114.119.142.93 - - [18/Oct/2025:06:59:56 +0300] "GET /toy90?kg=33150 HTTP/1.1" 200 8779 "https://ilgazhavalandirma.com.tr/?sitemap191.xml" "Mozilla/5.0 (Linux; Android 7.0;) AppleWebKit/537.36 (KHTML, like Gecko) Mobile Safari/537.36 (compatible; PetalBot;+https://webmaster.petalsearch.com/site/petalbot)"
20.171.207.126 - - [18/Oct/2025:06:59:59 +0300] "GET /search.php?products/255zx23283 HTTP/1.1" 403 1061 "-" "Mozilla/5.0 AppleWebKit/537.36 (KHTML, like Gecko; compatible; GPTBot/1.2; +https://openai.com/gptbot)"
20.171.207.126 - - [18/Oct/2025:07:00:03 +0300] "GET /search.php?products/110uz29196 HTTP/1.1" 403 1061 "-" "Mozilla/5.0 AppleWebKit/537.36 (KHTML, like Gecko; compatible; GPTBot/1.2; +https://openai.com/gptbot)"
40.77.167.1 - - [18/Oct/2025:07:00:04 +0300] "GET /goodscode/22278404.htm HTTP/1.1" 200 4210 "-" "Mozilla/5.0 AppleWebKit/537.36 (KHTML, like Gecko; compatible; bingbot/2.0; +http://www.bing.com/bingbot.htm) Chrome/116.0.1938.76 Safari/537.36"
20.171.207.126 - - [18/Oct/2025:07:00:06 +0300] "GET /search.php?products/152bm12256 HTTP/1.1" 403 1061 "-" "Mozilla/5.0 AppleWebKit/537.36 (KHTML, like Gecko; compatible; GPTBot/1.2; +https://openai.com/gptbot)"
20.171.207.126 - - [18/Oct/2025:07:00:10 +0300] "GET /search.php?products/166jp20184 HTTP/1.1" 403 1061 "-" "Mozilla/5.0 AppleWebKit/537.36 (KHTML, like Gecko; compatible; GPTBot/1.2; +https://openai.com/gptbot)"
20.171.207.126 - - [18/Oct/2025:07:00:13 +0300] "GET /search.php?products/136sb13706 HTTP/1.1" 403 1061 "-" "Mozilla/5.0 AppleWebKit/537.36 (KHTML, like Gecko; compatible; GPTBot/1.2; +https://openai.com/gptbot)"
20.171.207.126 - - [18/Oct/2025:07:00:17 +0300] "GET /search.php?products/203uj34427 HTTP/1.1" 403 1061 "-" "Mozilla/5.0 AppleWebKit/537.36 (KHTML, like Gecko; compatible; GPTBot/1.2; +https://openai.com/gptbot)"
66.249.78.33 - - [18/Oct/2025:07:00:19 +0300] "GET /m94844826554?path=/var/www HTTP/1.1" 200 4148 "-" "Mozilla/5.0 (Linux; Android 6.0.1; Nexus 5X Build/MMB29P) AppleWebKit/537.36 (KHTML, like Gecko) Chrome/140.0.7339.207 Mobile Safari/537.36 (compatible; Googlebot/2.1; +http://www.google.com/bot.html)"
20.171.207.126 - - [18/Oct/2025:07:00:20 +0300] "GET /search.php?products/197ah23749 HTTP/1.1" 403 1061 "-" "Mozilla/5.0 AppleWebKit/537.36 (KHTML, like Gecko; compatible; GPTBot/1.2; +https://openai.com/gptbot)"
20.171.207.126 - - [18/Oct/2025:07:00:23 +0300] "GET /search.php?products/171eu38061 HTTP/1.1" 403 1061 "-" "Mozilla/5.0 AppleWebKit/537.36 (KHTML, like Gecko; compatible; GPTBot/1.2; +https://openai.com/gptbot)"
66.249.75.38 - - [18/Oct/2025:07:00:24 +0300] "GET /explode253?kg=49497 HTTP/1.1" 200 29784 "-" "Mozilla/5.0 (Linux; Android 6.0.1; Nexus 5X Build/MMB29P) AppleWebKit/537.36 (KHTML, like Gecko) Chrome/140.0.7339.207 Mobile Safari/537.36 (compatible; Googlebot/2.1; +http://www.google.com/bot.html)"
20.171.207.126 - - [18/Oct/2025:07:00:27 +0300] "GET /search.php?products/132ls18038 HTTP/1.1" 403 1061 "-" "Mozilla/5.0 AppleWebKit/537.36 (KHTML, like Gecko; compatible; GPTBot/1.2; +https://openai.com/gptbot)"
20.171.207.126 - - [18/Oct/2025:07:00:30 +0300] "GET /search.php?products/140po12728 HTTP/1.1" 403 1061 "-" "Mozilla/5.0 AppleWebKit/537.36 (KHTML, like Gecko; compatible; GPTBot/1.2; +https://openai.com/gptbot)"
66.249.75.37 - - [18/Oct/2025:07:00:32 +0300] "GET /increasing1?kg=36587 HTTP/1.1" 200 29381 "-" "Mozilla/5.0 (Linux; Android 6.0.1; Nexus 5X Build/MMB29P) AppleWebKit/537.36 (KHTML, like Gecko) Chrome/140.0.7339.207 Mobile Safari/537.36 (compatible; Googlebot/2.1; +http://www.google.com/bot.html)"
20.171.207.126 - - [18/Oct/2025:07:00:34 +0300] "GET /search.php?products/196ip42140 HTTP/1.1" 403 1061 "-" "Mozilla/5.0 AppleWebKit/537.36 (KHTML, like Gecko; compatible; GPTBot/1.2; +https://openai.com/gptbot)"
20.171.207.126 - - [18/Oct/2025:07:00:38 +0300] "GET /search.php?products/147dr37851 HTTP/1.1" 403 1061 "-" "Mozilla/5.0 AppleWebKit/537.36 (KHTML, like Gecko; compatible; GPTBot/1.2; +https://openai.com/gptbot)"
20.171.207.126 - - [18/Oct/2025:07:00:41 +0300] "GET /search.php?products/284go27714 HTTP/1.1" 403 1061 "-" "Mozilla/5.0 AppleWebKit/537.36 (KHTML, like Gecko; compatible; GPTBot/1.2; +https://openai.com/gptbot)"
20.171.207.126 - - [18/Oct/2025:07:00:44 +0300] "GET /search.php?products/289dp20635 HTTP/1.1" 403 1061 "-" "Mozilla/5.0 AppleWebKit/537.36 (KHTML, like Gecko; compatible; GPTBot/1.2; +https://openai.com/gptbot)"
40.77.167.154 - - [18/Oct/2025:07:00:47 +0300] "GET /goodscode/150665893.htm?path=/ HTTP/1.1" 200 4210 "-" "Mozilla/5.0 AppleWebKit/537.36 (KHTML, like Gecko; compatible; bingbot/2.0; +http://www.bing.com/bingbot.htm) Chrome/116.0.1938.76 Safari/537.36"
20.171.207.126 - - [18/Oct/2025:07:00:48 +0300] "GET /search.php?products/286eb27966 HTTP/1.1" 403 1061 "-" "Mozilla/5.0 AppleWebKit/537.36 (KHTML, like Gecko; compatible; GPTBot/1.2; +https://openai.com/gptbot)"
40.77.167.154 - - [18/Oct/2025:07:00:49 +0300] "GET /goodscode/248529741.htm?path=/ HTTP/1.1" 200 284 "-" "Mozilla/5.0 AppleWebKit/537.36 (KHTML, like Gecko; compatible; bingbot/2.0; +http://www.bing.com/bingbot.htm) Chrome/116.0.1938.76 Safari/537.36"
40.77.167.154 - - [18/Oct/2025:07:00:49 +0300] "GET /goodscode/217862364.htm HTTP/1.1" 200 284 "-" "Mozilla/5.0 AppleWebKit/537.36 (KHTML, like Gecko; compatible; bingbot/2.0; +http://www.bing.com/bingbot.htm) Chrome/116.0.1938.76 Safari/537.36"
20.171.207.126 - - [18/Oct/2025:07:00:52 +0300] "GET /search.php?products/115mm48861 HTTP/1.1" 403 1061 "-" "Mozilla/5.0 AppleWebKit/537.36 (KHTML, like Gecko; compatible; GPTBot/1.2; +https://openai.com/gptbot)"
20.171.207.126 - - [18/Oct/2025:07:00:55 +0300] "GET /search.php?products/238tg29428 HTTP/1.1" 403 1061 "-" "Mozilla/5.0 AppleWebKit/537.36 (KHTML, like Gecko; compatible; GPTBot/1.2; +https://openai.com/gptbot)"
20.171.207.126 - - [18/Oct/2025:07:00:58 +0300] "GET /search.php?products/154pe47626 HTTP/1.1" 403 1061 "-" "Mozilla/5.0 AppleWebKit/537.36 (KHTML, like Gecko; compatible; GPTBot/1.2; +https://openai.com/gptbot)"
20.171.207.126 - - [18/Oct/2025:07:01:02 +0300] "GET /search.php?products/255hd43941 HTTP/1.1" 403 1061 "-" "Mozilla/5.0 AppleWebKit/537.36 (KHTML, like Gecko; compatible; GPTBot/1.2; +https://openai.com/gptbot)"
20.171.207.126 - - [18/Oct/2025:07:01:05 +0300] "GET /search.php?products/234oy21238 HTTP/1.1" 403 1061 "-" "Mozilla/5.0 AppleWebKit/537.36 (KHTML, like Gecko; compatible; GPTBot/1.2; +https://openai.com/gptbot)"
20.171.207.126 - - [18/Oct/2025:07:01:09 +0300] "GET /search.php?products/251tc10307 HTTP/1.1" 403 1061 "-" "Mozilla/5.0 AppleWebKit/537.36 (KHTML, like Gecko; compatible; GPTBot/1.2; +https://openai.com/gptbot)"
20.171.207.126 - - [18/Oct/2025:07:01:12 +0300] "GET /search.php?products/127fa24137 HTTP/1.1" 403 1061 "-" "Mozilla/5.0 AppleWebKit/537.36 (KHTML, like Gecko; compatible; GPTBot/1.2; +https://openai.com/gptbot)"
20.171.207.126 - - [18/Oct/2025:07:01:16 +0300] "GET /search.php?products/124at44370 HTTP/1.1" 403 1061 "-" "Mozilla/5.0 AppleWebKit/537.36 (KHTML, like Gecko; compatible; GPTBot/1.2; +https://openai.com/gptbot)"
66.249.75.37 - - [18/Oct/2025:07:01:15 +0300] "GET /attribute30?kg=10456 HTTP/1.1" 200 24758 "-" "Mozilla/5.0 (Linux; Android 6.0.1; Nexus 5X Build/MMB29P) AppleWebKit/537.36 (KHTML, like Gecko) Chrome/140.0.7339.207 Mobile Safari/537.36 (compatible; Googlebot/2.1; +http://www.google.com/bot.html)"
20.171.207.126 - - [18/Oct/2025:07:01:19 +0300] "GET /search.php?products/174kt49646 HTTP/1.1" 403 1061 "-" "Mozilla/5.0 AppleWebKit/537.36 (KHTML, like Gecko; compatible; GPTBot/1.2; +https://openai.com/gptbot)"
20.171.207.126 - - [18/Oct/2025:07:01:23 +0300] "GET /search.php?products/273mv32311 HTTP/1.1" 403 1061 "-" "Mozilla/5.0 AppleWebKit/537.36 (KHTML, like Gecko; compatible; GPTBot/1.2; +https://openai.com/gptbot)"
40.77.167.1 - - [18/Oct/2025:07:01:23 +0300] "GET /goodscode/144244959.htm HTTP/1.1" 200 4210 "-" "Mozilla/5.0 AppleWebKit/537.36 (KHTML, like Gecko; compatible; bingbot/2.0; +http://www.bing.com/bingbot.htm) Chrome/116.0.1938.76 Safari/537.36"
40.77.167.1 - - [18/Oct/2025:07:01:25 +0300] "GET /zhHant/product/surugaya/I3720301844?campaign_uid=f64d716db5e979ed2f947dbaf4296895b951ae7f HTTP/1.1" 200 284 "-" "Mozilla/5.0 AppleWebKit/537.36 (KHTML, like Gecko; compatible; bingbot/2.0; +http://www.bing.com/bingbot.htm) Chrome/116.0.1938.76 Safari/537.36"
20.171.207.126 - - [18/Oct/2025:07:01:27 +0300] "GET /search.php?products/241mw24511 HTTP/1.1" 403 1061 "-" "Mozilla/5.0 AppleWebKit/537.36 (KHTML, like Gecko; compatible; GPTBot/1.2; +https://openai.com/gptbot)"
66.249.75.38 - - [18/Oct/2025:07:01:28 +0300] "GET /m80602264839 HTTP/1.1" 200 23637 "-" "Mozilla/5.0 (Linux; Android 6.0.1; Nexus 5X Build/MMB29P) AppleWebKit/537.36 (KHTML, like Gecko) Chrome/140.0.7339.207 Mobile Safari/537.36 (compatible; Googlebot/2.1; +http://www.google.com/bot.html)"
20.171.207.126 - - [18/Oct/2025:07:01:30 +0300] "GET /search.php?products/118pu44960 HTTP/1.1" 403 1061 "-" "Mozilla/5.0 AppleWebKit/537.36 (KHTML, like Gecko; compatible; GPTBot/1.2; +https://openai.com/gptbot)"
20.171.207.126 - - [18/Oct/2025:07:01:34 +0300] "GET /search.php?products/264ei44988 HTTP/1.1" 403 1061 "-" "Mozilla/5.0 AppleWebKit/537.36 (KHTML, like Gecko; compatible; GPTBot/1.2; +https://openai.com/gptbot)"
66.249.75.37 - - [18/Oct/2025:07:01:32 +0300] "GET /m91816449620?path=/var/www/vhosts/ilgazhavalandirma.com.tr/httpdocs/wp-content HTTP/1.1" 200 23714 "-" "Mozilla/5.0 (Linux; Android 6.0.1; Nexus 5X Build/MMB29P) AppleWebKit/537.36 (KHTML, like Gecko) Chrome/140.0.7339.207 Mobile Safari/537.36 (compatible; Googlebot/2.1; +http://www.google.com/bot.html)"
20.171.207.126 - - [18/Oct/2025:07:01:37 +0300] "GET /search.php?products/268az36030 HTTP/1.1" 403 1061 "-" "Mozilla/5.0 AppleWebKit/537.36 (KHTML, like Gecko; compatible; GPTBot/1.2; +https://openai.com/gptbot)"
40.77.167.151 - - [18/Oct/2025:07:01:38 +0300] "GET /goodscode/127162985.htm HTTP/1.1" 200 4210 "-" "Mozilla/5.0 AppleWebKit/537.36 (KHTML, like Gecko; compatible; bingbot/2.0; +http://www.bing.com/bingbot.htm) Chrome/116.0.1938.76 Safari/537.36"
20.171.207.126 - - [18/Oct/2025:07:01:40 +0300] "GET /search.php?products/101zp34495 HTTP/1.1" 403 1061 "-" "Mozilla/5.0 AppleWebKit/537.36 (KHTML, like Gecko; compatible; GPTBot/1.2; +https://openai.com/gptbot)"
40.77.167.1 - - [18/Oct/2025:07:01:43 +0300] "GET /safe_search/config?return_url=%2Fproduct%2Fdetail%2FI1868238847 HTTP/1.1" 200 4210 "-" "Mozilla/5.0 AppleWebKit/537.36 (KHTML, like Gecko; compatible; bingbot/2.0; +http://www.bing.com/bingbot.htm) Chrome/116.0.1938.76 Safari/537.36"
20.171.207.126 - - [18/Oct/2025:07:01:44 +0300] "GET /search.php?products/150oe26322 HTTP/1.1" 403 1061 "-" "Mozilla/5.0 AppleWebKit/537.36 (KHTML, like Gecko; compatible; GPTBot/1.2; +https://openai.com/gptbot)"
114.119.151.146 - - [18/Oct/2025:07:01:44 +0300] "GET /toy300?kg=20852 HTTP/1.1" 200 8779 "https://ilgazhavalandirma.com.tr/?sitemap191.xml" "Mozilla/5.0 (Linux; Android 7.0;) AppleWebKit/537.36 (KHTML, like Gecko) Mobile Safari/537.36 (compatible; PetalBot;+https://webmaster.petalsearch.com/site/petalbot)"
20.171.207.126 - - [18/Oct/2025:07:01:47 +0300] "GET /search.php?products/155zr13237 HTTP/1.1" 403 1061 "-" "Mozilla/5.0 AppleWebKit/537.36 (KHTML, like Gecko; compatible; GPTBot/1.2; +https://openai.com/gptbot)"
20.171.207.126 - - [18/Oct/2025:07:01:51 +0300] "GET /search.php?products/107zd45445 HTTP/1.1" 403 1061 "-" "Mozilla/5.0 AppleWebKit/537.36 (KHTML, like Gecko; compatible; GPTBot/1.2; +https://openai.com/gptbot)"
20.171.207.126 - - [18/Oct/2025:07:01:54 +0300] "GET /search.php?products/184os29742 HTTP/1.1" 403 1061 "-" "Mozilla/5.0 AppleWebKit/537.36 (KHTML, like Gecko; compatible; GPTBot/1.2; +https://openai.com/gptbot)"
20.171.207.126 - - [18/Oct/2025:07:01:58 +0300] "GET /search.php?products/220wn30636 HTTP/1.1" 403 1061 "-" "Mozilla/5.0 AppleWebKit/537.36 (KHTML, like Gecko; compatible; GPTBot/1.2; +https://openai.com/gptbot)"
20.171.207.126 - - [18/Oct/2025:07:02:01 +0300] "GET /search.php?products/275ro16241 HTTP/1.1" 403 1061 "-" "Mozilla/5.0 AppleWebKit/537.36 (KHTML, like Gecko; compatible; GPTBot/1.2; +https://openai.com/gptbot)"
20.171.207.126 - - [18/Oct/2025:07:02:05 +0300] "GET /search.php?products/162tc19352 HTTP/1.1" 403 1061 "-" "Mozilla/5.0 AppleWebKit/537.36 (KHTML, like Gecko; compatible; GPTBot/1.2; +https://openai.com/gptbot)"
66.249.78.41 - - [18/Oct/2025:07:02:04 +0300] "GET /goodscode/44517656.htm HTTP/1.1" 200 24368 "-" "Mozilla/5.0 (Linux; Android 6.0.1; Nexus 5X Build/MMB29P) AppleWebKit/537.36 (KHTML, like Gecko) Chrome/140.0.7339.207 Mobile Safari/537.36 (compatible; Googlebot/2.1; +http://www.google.com/bot.html)"
20.171.207.126 - - [18/Oct/2025:07:02:08 +0300] "GET /search.php?products/144av46159 HTTP/1.1" 403 1061 "-" "Mozilla/5.0 AppleWebKit/537.36 (KHTML, like Gecko; compatible; GPTBot/1.2; +https://openai.com/gptbot)"
66.249.78.41 - - [18/Oct/2025:07:02:09 +0300] "GET /goodscode/406868925.htm HTTP/1.1" 200 20396 "-" "Mozilla/5.0 (Linux; Android 6.0.1; Nexus 5X Build/MMB29P) AppleWebKit/537.36 (KHTML, like Gecko) Chrome/140.0.7339.207 Mobile Safari/537.36 (compatible; Googlebot/2.1; +http://www.google.com/bot.html)"
20.171.207.126 - - [18/Oct/2025:07:02:12 +0300] "GET /search.php?products/154yy17252 HTTP/1.1" 403 1061 "-" "Mozilla/5.0 AppleWebKit/537.36 (KHTML, like Gecko; compatible; GPTBot/1.2; +https://openai.com/gptbot)"
20.171.207.126 - - [18/Oct/2025:07:02:15 +0300] "GET /search.php?products/160dx12628 HTTP/1.1" 403 1061 "-" "Mozilla/5.0 AppleWebKit/537.36 (KHTML, like Gecko; compatible; GPTBot/1.2; +https://openai.com/gptbot)"
40.77.167.151 - - [18/Oct/2025:07:02:17 +0300] "GET /goodscode/149055767.htm HTTP/1.1" 200 4210 "-" "Mozilla/5.0 AppleWebKit/537.36 (KHTML, like Gecko; compatible; bingbot/2.0; +http://www.bing.com/bingbot.htm) Chrome/116.0.1938.76 Safari/537.36"
20.171.207.126 - - [18/Oct/2025:07:02:22 +0300] "GET /search.php?products/191ud43095 HTTP/1.1" 403 1061 "-" "Mozilla/5.0 AppleWebKit/537.36 (KHTML, like Gecko; compatible; GPTBot/1.2; +https://openai.com/gptbot)"
40.77.167.1 - - [18/Oct/2025:07:02:22 +0300] "GET /goodscode/188552349.htm?path=/var HTTP/1.1" 200 4210 "-" "Mozilla/5.0 AppleWebKit/537.36 (KHTML, like Gecko; compatible; bingbot/2.0; +http://www.bing.com/bingbot.htm) Chrome/116.0.1938.76 Safari/537.36"
20.171.207.126 - - [18/Oct/2025:07:02:26 +0300] "GET /search.php?products/227qq39303 HTTP/1.1" 403 1061 "-" "Mozilla/5.0 AppleWebKit/537.36 (KHTML, like Gecko; compatible; GPTBot/1.2; +https://openai.com/gptbot)"
52.167.144.215 - - [18/Oct/2025:07:02:28 +0300] "GET /goodscode/543424233.htm HTTP/1.1" 200 4210 "-" "Mozilla/5.0 AppleWebKit/537.36 (KHTML, like Gecko; compatible; bingbot/2.0; +http://www.bing.com/bingbot.htm) Chrome/116.0.1938.76 Safari/537.36"
20.171.207.126 - - [18/Oct/2025:07:02:29 +0300] "GET /search.php?products/296va16332 HTTP/1.1" 403 1061 "-" "Mozilla/5.0 AppleWebKit/537.36 (KHTML, like Gecko; compatible; GPTBot/1.2; +https://openai.com/gptbot)"
52.167.144.215 - - [18/Oct/2025:07:02:30 +0300] "GET /goodscode/223844769.htm HTTP/1.1" 200 284 "-" "Mozilla/5.0 AppleWebKit/537.36 (KHTML, like Gecko; compatible; bingbot/2.0; +http://www.bing.com/bingbot.htm) Chrome/116.0.1938.76 Safari/537.36"
20.171.207.126 - - [18/Oct/2025:07:02:33 +0300] "GET /search.php?products/159uj15275 HTTP/1.1" 403 1061 "-" "Mozilla/5.0 AppleWebKit/537.36 (KHTML, like Gecko; compatible; GPTBot/1.2; +https://openai.com/gptbot)"
20.171.207.126 - - [18/Oct/2025:07:02:36 +0300] "GET /search.php?products/262nd34936 HTTP/1.1" 403 1061 "-" "Mozilla/5.0 AppleWebKit/537.36 (KHTML, like Gecko; compatible; GPTBot/1.2; +https://openai.com/gptbot)"
20.171.207.126 - - [18/Oct/2025:07:02:40 +0300] "GET /search.php?products/236nt16128 HTTP/1.1" 403 1061 "-" "Mozilla/5.0 AppleWebKit/537.36 (KHTML, like Gecko; compatible; GPTBot/1.2; +https://openai.com/gptbot)"
20.171.207.126 - - [18/Oct/2025:07:02:43 +0300] "GET /search.php?products/249tp39107 HTTP/1.1" 403 1061 "-" "Mozilla/5.0 AppleWebKit/537.36 (KHTML, like Gecko; compatible; GPTBot/1.2; +https://openai.com/gptbot)"
66.249.78.41 - - [18/Oct/2025:07:02:45 +0300] "GET /goodscode/694842351.htm HTTP/1.1" 200 23638 "-" "Mozilla/5.0 (Linux; Android 6.0.1; Nexus 5X Build/MMB29P) AppleWebKit/537.36 (KHTML, like Gecko) Chrome/140.0.7339.207 Mobile Safari/537.36 (compatible; Googlebot/2.1; +http://www.google.com/bot.html)"
20.171.207.126 - - [18/Oct/2025:07:02:46 +0300] "GET /search.php?products/230fv22530 HTTP/1.1" 403 1061 "-" "Mozilla/5.0 AppleWebKit/537.36 (KHTML, like Gecko; compatible; GPTBot/1.2; +https://openai.com/gptbot)"
40.77.167.154 - - [18/Oct/2025:07:02:47 +0300] "GET /goodscode/191134690.htm HTTP/1.1" 200 4210 "-" "Mozilla/5.0 AppleWebKit/537.36 (KHTML, like Gecko; compatible; bingbot/2.0; +http://www.bing.com/bingbot.htm) Chrome/116.0.1938.76 Safari/537.36"
20.171.207.126 - - [18/Oct/2025:07:02:50 +0300] "GET /search.php?products/226tc41348 HTTP/1.1" 403 1061 "-" "Mozilla/5.0 AppleWebKit/537.36 (KHTML, like Gecko; compatible; GPTBot/1.2; +https://openai.com/gptbot)"
20.171.207.126 - - [18/Oct/2025:07:02:53 +0300] "GET /search.php?products/292ad16024 HTTP/1.1" 403 1061 "-" "Mozilla/5.0 AppleWebKit/537.36 (KHTML, like Gecko; compatible; GPTBot/1.2; +https://openai.com/gptbot)"
20.171.207.126 - - [18/Oct/2025:07:02:57 +0300] "GET /search.php?products/238zt28374 HTTP/1.1" 403 1061 "-" "Mozilla/5.0 AppleWebKit/537.36 (KHTML, like Gecko; compatible; GPTBot/1.2; +https://openai.com/gptbot)"
20.171.207.126 - - [18/Oct/2025:07:03:00 +0300] "GET /search.php?products/224pn46778 HTTP/1.1" 403 1061 "-" "Mozilla/5.0 AppleWebKit/537.36 (KHTML, like Gecko; compatible; GPTBot/1.2; +https://openai.com/gptbot)"
20.171.207.126 - - [18/Oct/2025:07:03:04 +0300] "GET /search.php?products/238dg22664 HTTP/1.1" 403 1061 "-" "Mozilla/5.0 AppleWebKit/537.36 (KHTML, like Gecko; compatible; GPTBot/1.2; +https://openai.com/gptbot)"
20.171.207.126 - - [18/Oct/2025:07:03:07 +0300] "GET /search.php?products/202bm44230 HTTP/1.1" 403 1061 "-" "Mozilla/5.0 AppleWebKit/537.36 (KHTML, like Gecko; compatible; GPTBot/1.2; +https://openai.com/gptbot)"
20.171.207.126 - - [18/Oct/2025:07:03:10 +0300] "GET /search.php?products/286yc23118 HTTP/1.1" 403 1061 "-" "Mozilla/5.0 AppleWebKit/537.36 (KHTML, like Gecko; compatible; GPTBot/1.2; +https://openai.com/gptbot)"
20.171.207.126 - - [18/Oct/2025:07:03:14 +0300] "GET /search.php?products/237va28713 HTTP/1.1" 403 1061 "-" "Mozilla/5.0 AppleWebKit/537.36 (KHTML, like Gecko; compatible; GPTBot/1.2; +https://openai.com/gptbot)"
66.249.75.38 - - [18/Oct/2025:07:03:13 +0300] "GET /presumably256?kg=44580 HTTP/1.1" 200 23908 "-" "Mozilla/5.0 (Linux; Android 6.0.1; Nexus 5X Build/MMB29P) AppleWebKit/537.36 (KHTML, like Gecko) Chrome/140.0.7339.207 Mobile Safari/537.36 (compatible; Googlebot/2.1; +http://www.google.com/bot.html)"
20.171.207.126 - - [18/Oct/2025:07:03:17 +0300] "GET /search.php?products/185ns37933 HTTP/1.1" 403 1061 "-" "Mozilla/5.0 AppleWebKit/537.36 (KHTML, like Gecko; compatible; GPTBot/1.2; +https://openai.com/gptbot)"
66.249.75.39 - - [18/Oct/2025:07:03:16 +0300] "GET /goodscode/551503820.htm HTTP/1.1" 200 23870 "-" "Mozilla/5.0 (Linux; Android 6.0.1; Nexus 5X Build/MMB29P) AppleWebKit/537.36 (KHTML, like Gecko) Chrome/140.0.7339.207 Mobile Safari/537.36 (compatible; Googlebot/2.1; +http://www.google.com/bot.html)"
20.171.207.126 - - [18/Oct/2025:07:03:20 +0300] "GET /search.php?products/257zz47287 HTTP/1.1" 403 1061 "-" "Mozilla/5.0 AppleWebKit/537.36 (KHTML, like Gecko; compatible; GPTBot/1.2; +https://openai.com/gptbot)"
20.171.207.126 - - [18/Oct/2025:07:03:24 +0300] "GET /search.php?products/191jj35093 HTTP/1.1" 403 1061 "-" "Mozilla/5.0 AppleWebKit/537.36 (KHTML, like Gecko; compatible; GPTBot/1.2; +https://openai.com/gptbot)"
20.171.207.126 - - [18/Oct/2025:07:03:27 +0300] "GET /search.php?products/151ah25493 HTTP/1.1" 403 1061 "-" "Mozilla/5.0 AppleWebKit/537.36 (KHTML, like Gecko; compatible; GPTBot/1.2; +https://openai.com/gptbot)"
20.171.207.126 - - [18/Oct/2025:07:03:31 +0300] "GET /search.php?products/153tp16427 HTTP/1.1" 403 1061 "-" "Mozilla/5.0 AppleWebKit/537.36 (KHTML, like Gecko; compatible; GPTBot/1.2; +https://openai.com/gptbot)"
66.249.75.38 - - [18/Oct/2025:07:03:31 +0300] "GET /anonymous233?kg=28145 HTTP/1.1" 200 4148 "-" "Mozilla/5.0 (Linux; Android 6.0.1; Nexus 5X Build/MMB29P) AppleWebKit/537.36 (KHTML, like Gecko) Chrome/140.0.7339.207 Mobile Safari/537.36 (compatible; Googlebot/2.1; +http://www.google.com/bot.html)"
20.171.207.126 - - [18/Oct/2025:07:03:34 +0300] "GET /search.php?products/228zp41398 HTTP/1.1" 403 1061 "-" "Mozilla/5.0 AppleWebKit/537.36 (KHTML, like Gecko; compatible; GPTBot/1.2; +https://openai.com/gptbot)"
114.119.149.66 - - [18/Oct/2025:07:03:34 +0300] "GET /toxic287?kg=4677 HTTP/1.1" 200 8779 "https://ilgazhavalandirma.com.tr/?sitemap191.xml" "Mozilla/5.0 (Linux; Android 7.0;) AppleWebKit/537.36 (KHTML, like Gecko) Mobile Safari/537.36 (compatible; PetalBot;+https://webmaster.petalsearch.com/site/petalbot)"
66.249.75.38 - - [18/Oct/2025:07:03:33 +0300] "GET /marry267?kg=31283 HTTP/1.1" 200 29326 "-" "Mozilla/5.0 (Linux; Android 6.0.1; Nexus 5X Build/MMB29P) AppleWebKit/537.36 (KHTML, like Gecko) Chrome/140.0.7339.207 Mobile Safari/537.36 (compatible; Googlebot/2.1; +http://www.google.com/bot.html)"
40.77.167.154 - - [18/Oct/2025:07:03:36 +0300] "GET /goodscode/707176689.htm HTTP/1.1" 200 4210 "-" "Mozilla/5.0 AppleWebKit/537.36 (KHTML, like Gecko; compatible; bingbot/2.0; +http://www.bing.com/bingbot.htm) Chrome/116.0.1938.76 Safari/537.36"
20.171.207.126 - - [18/Oct/2025:07:03:38 +0300] "GET /search.php?products/244vh18374 HTTP/1.1" 403 1061 "-" "Mozilla/5.0 AppleWebKit/537.36 (KHTML, like Gecko; compatible; GPTBot/1.2; +https://openai.com/gptbot)"
204.12.208.18 - - [18/Oct/2025:07:03:38 +0300] "GET /wp-content/plb24578/index.php HTTP/1.1" 200 449 "https://ilgazhavalandirma.com.tr/wp-content/plb24578/index.php" "Mozilla/5.0 (Windows NT 5.1) AppleWebKit/535.2 (KHTML, like Gecko) Chrome/15.0.874.120 Safari/535.2"
20.171.207.126 - - [18/Oct/2025:07:03:41 +0300] "GET /search.php?products/182jq22148 HTTP/1.1" 403 1061 "-" "Mozilla/5.0 AppleWebKit/537.36 (KHTML, like Gecko; compatible; GPTBot/1.2; +https://openai.com/gptbot)"
40.77.167.1 - - [18/Oct/2025:07:03:44 +0300] "GET /goodscode/325176852.htm HTTP/1.1" 200 4210 "-" "Mozilla/5.0 AppleWebKit/537.36 (KHTML, like Gecko; compatible; bingbot/2.0; +http://www.bing.com/bingbot.htm) Chrome/116.0.1938.76 Safari/537.36"
20.171.207.126 - - [18/Oct/2025:07:03:45 +0300] "GET /search.php?products/217cl38837 HTTP/1.1" 403 1061 "-" "Mozilla/5.0 AppleWebKit/537.36 (KHTML, like Gecko; compatible; GPTBot/1.2; +https://openai.com/gptbot)"
20.171.207.126 - - [18/Oct/2025:07:03:48 +0300] "GET /search.php?products/208rh45362 HTTP/1.1" 403 1061 "-" "Mozilla/5.0 AppleWebKit/537.36 (KHTML, like Gecko; compatible; GPTBot/1.2; +https://openai.com/gptbot)"
20.171.207.126 - - [18/Oct/2025:07:03:51 +0300] "GET /search.php?products/193xp20409 HTTP/1.1" 403 1061 "-" "Mozilla/5.0 AppleWebKit/537.36 (KHTML, like Gecko; compatible; GPTBot/1.2; +https://openai.com/gptbot)"
20.171.207.126 - - [18/Oct/2025:07:03:55 +0300] "GET /search.php?products/211ba26145 HTTP/1.1" 403 1061 "-" "Mozilla/5.0 AppleWebKit/537.36 (KHTML, like Gecko; compatible; GPTBot/1.2; +https://openai.com/gptbot)"
20.171.207.126 - - [18/Oct/2025:07:03:58 +0300] "GET /search.php?products/136dc40880 HTTP/1.1" 403 1061 "-" "Mozilla/5.0 AppleWebKit/537.36 (KHTML, like Gecko; compatible; GPTBot/1.2; +https://openai.com/gptbot)"
20.171.207.126 - - [18/Oct/2025:07:04:02 +0300] "GET /search.php?products/259pg33215 HTTP/1.1" 403 1061 "-" "Mozilla/5.0 AppleWebKit/537.36 (KHTML, like Gecko; compatible; GPTBot/1.2; +https://openai.com/gptbot)"
20.171.207.126 - - [18/Oct/2025:07:04:05 +0300] "GET /search.php?products/134qs31558 HTTP/1.1" 403 1061 "-" "Mozilla/5.0 AppleWebKit/537.36 (KHTML, like Gecko; compatible; GPTBot/1.2; +https://openai.com/gptbot)"
40.77.167.151 - - [18/Oct/2025:07:04:07 +0300] "GET /goodscode/148067124.htm HTTP/1.1" 200 4210 "-" "Mozilla/5.0 AppleWebKit/537.36 (KHTML, like Gecko; compatible; bingbot/2.0; +http://www.bing.com/bingbot.htm) Chrome/116.0.1938.76 Safari/537.36"
20.171.207.126 - - [18/Oct/2025:07:04:08 +0300] "GET /search.php?products/262lh40096 HTTP/1.1" 403 1061 "-" "Mozilla/5.0 AppleWebKit/537.36 (KHTML, like Gecko; compatible; GPTBot/1.2; +https://openai.com/gptbot)"
20.171.207.126 - - [18/Oct/2025:07:04:12 +0300] "GET /search.php?products/272yp16570 HTTP/1.1" 403 1061 "-" "Mozilla/5.0 AppleWebKit/537.36 (KHTML, like Gecko; compatible; GPTBot/1.2; +https://openai.com/gptbot)"
20.171.207.126 - - [18/Oct/2025:07:04:15 +0300] "GET /search.php?products/204pe10382 HTTP/1.1" 403 1080 "-" "Mozilla/5.0 AppleWebKit/537.36 (KHTML, like Gecko; compatible; GPTBot/1.2; +https://openai.com/gptbot)"
52.167.144.188 - - [18/Oct/2025:07:04:17 +0300] "GET /goodscode/190534480.htm HTTP/1.1" 200 4210 "-" "Mozilla/5.0 AppleWebKit/537.36 (KHTML, like Gecko; compatible; bingbot/2.0; +http://www.bing.com/bingbot.htm) Chrome/116.0.1938.76 Safari/537.36"
20.171.207.126 - - [18/Oct/2025:07:04:19 +0300] "GET /search.php?products/203fa25909 HTTP/1.1" 403 4896 "-" "Mozilla/5.0 AppleWebKit/537.36 (KHTML, like Gecko; compatible; GPTBot/1.2; +https://openai.com/gptbot)"
20.171.207.126 - - [18/Oct/2025:07:04:22 +0300] "GET /search.php?products/291yt23831 HTTP/1.1" 403 1061 "-" "Mozilla/5.0 AppleWebKit/537.36 (KHTML, like Gecko; compatible; GPTBot/1.2; +https://openai.com/gptbot)"
109.234.164.108 - - [18/Oct/2025:07:04:23 +0300] "GET /wp-login.php HTTP/1.1" 200 8807 "-" "Mozilla/5.0 (X11; Linux x86_64) AppleWebKit/537.36 (KHTML, like Gecko) Chrome/67.0.3396.62 Safari/537.36"
20.171.207.126 - - [18/Oct/2025:07:04:26 +0300] "GET /search.php?products/221rv33767 HTTP/1.1" 403 1061 "-" "Mozilla/5.0 AppleWebKit/537.36 (KHTML, like Gecko; compatible; GPTBot/1.2; +https://openai.com/gptbot)"
109.234.164.108 - - [18/Oct/2025:07:04:26 +0300] "POST /wp-login.php HTTP/1.1" 200 4972 "https://ilgazhavalandirma.com.tr/wp-login.php" "Mozilla/5.0 (X11; Linux x86_64) AppleWebKit/537.36 (KHTML, like Gecko) Chrome/67.0.3396.62 Safari/537.36"
66.249.78.41 - - [18/Oct/2025:07:04:26 +0300] "GET /credit260?fileloc=/var/www/vhosts/ilgazhavalandirma.com.tr/httpdocs/item.php&path=/var/www/vhosts/ilgazhavalandirma.com.tr/httpdocs HTTP/1.1" 200 23549 "-" "Mozilla/5.0 (Linux; Android 6.0.1; Nexus 5X Build/MMB29P) AppleWebKit/537.36 (KHTML, like Gecko) Chrome/140.0.7339.207 Mobile Safari/537.36 (compatible; Googlebot/2.1; +http://www.google.com/bot.html)"
40.77.167.151 - - [18/Oct/2025:07:04:27 +0300] "GET /goodscode/125686873.htm HTTP/1.1" 200 4210 "-" "Mozilla/5.0 AppleWebKit/537.36 (KHTML, like Gecko; compatible; bingbot/2.0; +http://www.bing.com/bingbot.htm) Chrome/116.0.1938.76 Safari/537.36"
20.171.207.126 - - [18/Oct/2025:07:04:29 +0300] "GET /search.php?products/121ah23485 HTTP/1.1" 403 1061 "-" "Mozilla/5.0 AppleWebKit/537.36 (KHTML, like Gecko; compatible; GPTBot/1.2; +https://openai.com/gptbot)"
20.171.207.126 - - [18/Oct/2025:07:04:33 +0300] "GET /search.php?products/145hr38295 HTTP/1.1" 403 1061 "-" "Mozilla/5.0 AppleWebKit/537.36 (KHTML, like Gecko; compatible; GPTBot/1.2; +https://openai.com/gptbot)"
20.171.207.126 - - [18/Oct/2025:07:04:36 +0300] "GET /search.php?products/234ek21492 HTTP/1.1" 403 1061 "-" "Mozilla/5.0 AppleWebKit/537.36 (KHTML, like Gecko; compatible; GPTBot/1.2; +https://openai.com/gptbot)"
20.171.207.126 - - [18/Oct/2025:07:04:40 +0300] "GET /search.php?products/141so34685 HTTP/1.1" 403 1061 "-" "Mozilla/5.0 AppleWebKit/537.36 (KHTML, like Gecko; compatible; GPTBot/1.2; +https://openai.com/gptbot)"
20.171.207.126 - - [18/Oct/2025:07:04:43 +0300] "GET /search.php?products/249yt20455 HTTP/1.1" 403 1061 "-" "Mozilla/5.0 AppleWebKit/537.36 (KHTML, like Gecko; compatible; GPTBot/1.2; +https://openai.com/gptbot)"
204.12.208.18 - - [18/Oct/2025:07:03:18 +0300] "GET /wp-content/plb24578/index.php HTTP/1.1" 200 3579 "https://ilgazhavalandirma.com.tr/wp-content/plb24578/index.php" "Mozilla/5.0 (Windows NT 5.1) AppleWebKit/534.30 (KHTML, like Gecko) Chrome/12.0.742.122 Safari/534.30 ChromePlus/1.6.3.1"
20.171.207.126 - - [18/Oct/2025:07:04:47 +0300] "GET /search.php?products/122qv27362 HTTP/1.1" 403 1061 "-" "Mozilla/5.0 AppleWebKit/537.36 (KHTML, like Gecko; compatible; GPTBot/1.2; +https://openai.com/gptbot)"
20.171.207.126 - - [18/Oct/2025:07:04:50 +0300] "GET /search.php?products/122et27304 HTTP/1.1" 403 1061 "-" "Mozilla/5.0 AppleWebKit/537.36 (KHTML, like Gecko; compatible; GPTBot/1.2; +https://openai.com/gptbot)"
20.171.207.126 - - [18/Oct/2025:07:04:54 +0300] "GET /search.php?products/248ke49232 HTTP/1.1" 403 1061 "-" "Mozilla/5.0 AppleWebKit/537.36 (KHTML, like Gecko; compatible; GPTBot/1.2; +https://openai.com/gptbot)"
20.171.207.126 - - [18/Oct/2025:07:04:57 +0300] "GET /search.php?products/120mu11664 HTTP/1.1" 403 1061 "-" "Mozilla/5.0 AppleWebKit/537.36 (KHTML, like Gecko; compatible; GPTBot/1.2; +https://openai.com/gptbot)"
66.249.78.41 - - [18/Oct/2025:07:04:59 +0300] "GET /wipe258?kg=18904 HTTP/1.1" 200 25206 "-" "Mozilla/5.0 (Linux; Android 6.0.1; Nexus 5X Build/MMB29P) AppleWebKit/537.36 (KHTML, like Gecko) Chrome/140.0.7339.207 Mobile Safari/537.36 (compatible; Googlebot/2.1; +http://www.google.com/bot.html)"
20.171.207.126 - - [18/Oct/2025:07:05:01 +0300] "GET /search.php?products/186ru13428 HTTP/1.1" 403 1061 "-" "Mozilla/5.0 AppleWebKit/537.36 (KHTML, like Gecko; compatible; GPTBot/1.2; +https://openai.com/gptbot)"
20.171.207.126 - - [18/Oct/2025:07:05:04 +0300] "GET /search.php?products/215ms19945 HTTP/1.1" 403 1061 "-" "Mozilla/5.0 AppleWebKit/537.36 (KHTML, like Gecko; compatible; GPTBot/1.2; +https://openai.com/gptbot)"
144.91.111.113 - - [18/Oct/2025:07:05:04 +0300] "POST /xmlrpc.php HTTP/1.1" 200 8807 "-" "Mozilla/5.0 (Macintosh; Intel Mac OS X 10_12) AppleWebKit/602.1.50 (KHTML, like Gecko) Version/10.0 Safari/602.1.50"
144.91.111.113 - - [18/Oct/2025:07:05:06 +0300] "POST /xmlrpc.php HTTP/1.1" 200 8807 "-" "Mozilla/5.0 (Macintosh; Intel Mac OS X 10_12) AppleWebKit/602.1.50 (KHTML, like Gecko) Version/10.0 Safari/602.1.50"
20.171.207.126 - - [18/Oct/2025:07:05:08 +0300] "GET /search.php?products/160nv16210 HTTP/1.1" 403 1061 "-" "Mozilla/5.0 AppleWebKit/537.36 (KHTML, like Gecko; compatible; GPTBot/1.2; +https://openai.com/gptbot)"
144.91.111.113 - - [18/Oct/2025:07:05:08 +0300] "POST /xmlrpc.php HTTP/1.1" 200 8807 "-" "Mozilla/5.0 (Macintosh; Intel Mac OS X 10_12) AppleWebKit/602.1.50 (KHTML, like Gecko) Version/10.0 Safari/602.1.50"
20.171.207.126 - - [18/Oct/2025:07:05:11 +0300] "GET /search.php?products/126sj48696 HTTP/1.1" 403 1061 "-" "Mozilla/5.0 AppleWebKit/537.36 (KHTML, like Gecko; compatible; GPTBot/1.2; +https://openai.com/gptbot)"
144.91.111.113 - - [18/Oct/2025:07:05:11 +0300] "POST /xmlrpc.php HTTP/1.1" 200 8807 "-" "Mozilla/5.0 (Macintosh; Intel Mac OS X 10_12) AppleWebKit/602.1.50 (KHTML, like Gecko) Version/10.0 Safari/602.1.50"
144.91.111.113 - - [18/Oct/2025:07:05:13 +0300] "POST /xmlrpc.php HTTP/1.1" 200 8807 "-" "Mozilla/5.0 (Macintosh; Intel Mac OS X 10_12) AppleWebKit/602.1.50 (KHTML, like Gecko) Version/10.0 Safari/602.1.50"
20.171.207.126 - - [18/Oct/2025:07:05:14 +0300] "GET /search.php?products/115xa32295 HTTP/1.1" 403 1061 "-" "Mozilla/5.0 AppleWebKit/537.36 (KHTML, like Gecko; compatible; GPTBot/1.2; +https://openai.com/gptbot)"
144.91.111.113 - - [18/Oct/2025:07:05:15 +0300] "POST /xmlrpc.php HTTP/1.1" 200 8807 "-" "Mozilla/5.0 (Macintosh; Intel Mac OS X 10_12) AppleWebKit/602.1.50 (KHTML, like Gecko) Version/10.0 Safari/602.1.50"
20.171.207.126 - - [18/Oct/2025:07:05:18 +0300] "GET /search.php?products/200ak49890 HTTP/1.1" 403 1061 "-" "Mozilla/5.0 AppleWebKit/537.36 (KHTML, like Gecko; compatible; GPTBot/1.2; +https://openai.com/gptbot)"
