40.77.167.35 - - [18/Oct/2025:09:08:39 +0300] "GET /product/edit/I4145785926 HTTP/1.1" 200 284 "-" "Mozilla/5.0 AppleWebKit/537.36 (KHTML, like Gecko; compatible; bingbot/2.0; +http://www.bing.com/bingbot.htm) Chrome/116.0.1938.76 Safari/537.36"
20.171.207.126 - - [18/Oct/2025:09:08:41 +0300] "GET /search.php?products/131cw41869 HTTP/1.1" 403 4896 "-" "Mozilla/5.0 AppleWebKit/537.36 (KHTML, like Gecko; compatible; GPTBot/1.2; +https://openai.com/gptbot)"
66.249.75.37 - - [18/Oct/2025:09:08:42 +0300] "GET /m95309117673?path=/var/www/vhosts/ilgazhavalandirma.com.tr/httpdocs HTTP/1.1" 200 24136 "-" "Mozilla/5.0 (Linux; Android 6.0.1; Nexus 5X Build/MMB29P) AppleWebKit/537.36 (KHTML, like Gecko) Chrome/140.0.7339.207 Mobile Safari/537.36 (compatible; GoogleOther)"
173.208.148.34 - - [18/Oct/2025:09:08:43 +0300] "GET / HTTP/1.1" 200 89305 "-" "Mozilla/5.0 (Windows NT 10.0; Win64; x64) AppleWebKit/537.36 (KHTML, like Gecko) Chrome/91.0.4472.106 Safari/537.36"
173.208.148.34 - - [18/Oct/2025:09:08:44 +0300] "GET / HTTP/1.1" 200 182013 "-" "Mozilla/5.0 (compatible; Googlebot/2.1; +http://www.google.com/bot.html)"
173.208.148.34 - - [18/Oct/2025:09:08:47 +0300] "GET /index.php?params=1 HTTP/1.1" 200 86009 "-" "Mozilla/5.0 (Windows NT 10.0; Win64; x64) AppleWebKit/537.36 (KHTML, like Gecko) Chrome/91.0.4472.106 Safari/537.36"
66.249.75.37 - - [18/Oct/2025:09:08:47 +0300] "GET /broad299?kg=20655 HTTP/1.1" 200 24023 "-" "Mozilla/5.0 (Linux; Android 6.0.1; Nexus 5X Build/MMB29P) AppleWebKit/537.36 (KHTML, like Gecko) Chrome/140.0.7339.207 Mobile Safari/537.36 (compatible; Googlebot/2.1; +http://www.google.com/bot.html)"
20.171.207.126 - - [18/Oct/2025:09:08:52 +0300] "GET /search.php?products/269sz24433 HTTP/1.1" 403 4896 "-" "Mozilla/5.0 AppleWebKit/537.36 (KHTML, like Gecko; compatible; GPTBot/1.2; +https://openai.com/gptbot)"
66.249.78.41 - - [18/Oct/2025:09:08:51 +0300] "GET /lucky72?kg=23614 HTTP/1.1" 200 23894 "-" "Mozilla/5.0 (Linux; Android 6.0.1; Nexus 5X Build/MMB29P) AppleWebKit/537.36 (KHTML, like Gecko) Chrome/140.0.7339.207 Mobile Safari/537.36 (compatible; GoogleOther)"
66.249.75.37 - - [18/Oct/2025:09:08:52 +0300] "GET /recruit233?kg=43235 HTTP/1.1" 200 20560 "-" "Mozilla/5.0 (Linux; Android 6.0.1; Nexus 5X Build/MMB29P) AppleWebKit/537.36 (KHTML, like Gecko) Chrome/140.0.7339.207 Mobile Safari/537.36 (compatible; Googlebot/2.1; +http://www.google.com/bot.html)"
66.249.78.41 - - [18/Oct/2025:09:09:00 +0300] "GET /Canadian143?kg=31321 HTTP/1.1" 200 4148 "-" "Mozilla/5.0 (Linux; Android 6.0.1; Nexus 5X Build/MMB29P) AppleWebKit/537.36 (KHTML, like Gecko) Chrome/140.0.7339.207 Mobile Safari/537.36 (compatible; Googlebot/2.1; +http://www.google.com/bot.html)"
66.249.75.37 - - [18/Oct/2025:09:09:01 +0300] "GET /senator199?kg=17213 HTTP/1.1" 200 4148 "-" "Mozilla/5.0 (Linux; Android 6.0.1; Nexus 5X Build/MMB29P) AppleWebKit/537.36 (KHTML, like Gecko) Chrome/140.0.7339.207 Mobile Safari/537.36 (compatible; GoogleOther)"
66.249.75.37 - - [18/Oct/2025:09:09:02 +0300] "GET /m75746993909 HTTP/1.1" 200 4148 "-" "Mozilla/5.0 (Linux; Android 6.0.1; Nexus 5X Build/MMB29P) AppleWebKit/537.36 (KHTML, like Gecko) Chrome/140.0.7339.207 Mobile Safari/537.36 (compatible; Googlebot/2.1; +http://www.google.com/bot.html)"
20.171.207.126 - - [18/Oct/2025:09:09:02 +0300] "GET /search.php?products/130ax31352 HTTP/1.1" 403 4896 "-" "Mozilla/5.0 AppleWebKit/537.36 (KHTML, like Gecko; compatible; GPTBot/1.2; +https://openai.com/gptbot)"
66.249.75.37 - - [18/Oct/2025:09:09:03 +0300] "GET /m43999202880 HTTP/1.1" 200 327 "-" "Mozilla/5.0 (Linux; Android 6.0.1; Nexus 5X Build/MMB29P) AppleWebKit/537.36 (KHTML, like Gecko) Chrome/140.0.7339.207 Mobile Safari/537.36 (compatible; Googlebot/2.1; +http://www.google.com/bot.html)"
114.119.159.62 - - [18/Oct/2025:09:09:03 +0300] "GET /surface110?kg=30192 HTTP/1.1" 200 8779 "https://ilgazhavalandirma.com.tr/?sitemap191.xml" "Mozilla/5.0 (Linux; Android 7.0;) AppleWebKit/537.36 (KHTML, like Gecko) Mobile Safari/537.36 (compatible; PetalBot;+https://webmaster.petalsearch.com/site/petalbot)"
66.249.75.37 - - [18/Oct/2025:09:09:06 +0300] "GET /reduce293?kg=12273 HTTP/1.1" 200 29518 "-" "Mozilla/5.0 (Linux; Android 6.0.1; Nexus 5X Build/MMB29P) AppleWebKit/537.36 (KHTML, like Gecko) Chrome/140.0.7339.207 Mobile Safari/537.36 (compatible; GoogleOther)"
66.249.75.37 - - [18/Oct/2025:09:09:07 +0300] "GET /push5?kg=2069 HTTP/1.1" 200 19999 "-" "Mozilla/5.0 (Linux; Android 6.0.1; Nexus 5X Build/MMB29P) AppleWebKit/537.36 (KHTML, like Gecko) Chrome/140.0.7339.207 Mobile Safari/537.36 (compatible; Googlebot/2.1; +http://www.google.com/bot.html)"
20.171.207.126 - - [18/Oct/2025:09:09:12 +0300] "GET /search.php?products/200fl30123 HTTP/1.1" 403 4896 "-" "Mozilla/5.0 AppleWebKit/537.36 (KHTML, like Gecko; compatible; GPTBot/1.2; +https://openai.com/gptbot)"
66.249.75.37 - - [18/Oct/2025:09:09:11 +0300] "GET /enough157?kg=17459 HTTP/1.1" 200 19847 "-" "Mozilla/5.0 (Linux; Android 6.0.1; Nexus 5X Build/MMB29P) AppleWebKit/537.36 (KHTML, like Gecko) Chrome/140.0.7339.207 Mobile Safari/537.36 (compatible; GoogleOther)"
66.249.78.41 - - [18/Oct/2025:09:09:20 +0300] "GET /visitor298?path=/var/www/vhosts/ilgazhavalandirma.com.tr/httpdocs/wp-admin HTTP/1.1" 200 23660 "-" "Mozilla/5.0 (Linux; Android 6.0.1; Nexus 5X Build/MMB29P) AppleWebKit/537.36 (KHTML, like Gecko) Chrome/140.0.7339.207 Mobile Safari/537.36 (compatible; GoogleOther)"
20.171.207.126 - - [18/Oct/2025:09:09:22 +0300] "GET /search.php?products/123zc21369 HTTP/1.1" 403 4896 "-" "Mozilla/5.0 AppleWebKit/537.36 (KHTML, like Gecko; compatible; GPTBot/1.2; +https://openai.com/gptbot)"
66.249.75.37 - - [18/Oct/2025:09:09:29 +0300] "GET /more277?path=/var/www/vhosts HTTP/1.1" 200 24121 "-" "Mozilla/5.0 (Linux; Android 6.0.1; Nexus 5X Build/MMB29P) AppleWebKit/537.36 (KHTML, like Gecko) Chrome/140.0.7339.207 Mobile Safari/537.36 (compatible; GoogleOther)"
40.77.167.116 - - [18/Oct/2025:09:09:30 +0300] "GET /goodscode/111215708.htm?path=/ HTTP/1.1" 200 4210 "-" "Mozilla/5.0 AppleWebKit/537.36 (KHTML, like Gecko; compatible; bingbot/2.0; +http://www.bing.com/bingbot.htm) Chrome/116.0.1938.76 Safari/537.36"
20.171.207.126 - - [18/Oct/2025:09:09:33 +0300] "GET /search.php?products/231jo16643 HTTP/1.1" 403 4896 "-" "Mozilla/5.0 AppleWebKit/537.36 (KHTML, like Gecko; compatible; GPTBot/1.2; +https://openai.com/gptbot)"
66.249.75.37 - - [18/Oct/2025:09:09:32 +0300] "GET /United131?kg=32543 HTTP/1.1" 200 27791 "-" "Mozilla/5.0 (Linux; Android 6.0.1; Nexus 5X Build/MMB29P) AppleWebKit/537.36 (KHTML, like Gecko) Chrome/140.0.7339.207 Mobile Safari/537.36 (compatible; Googlebot/2.1; +http://www.google.com/bot.html)"
66.249.75.37 - - [18/Oct/2025:09:09:38 +0300] "GET /Spanish288?kg=48378 HTTP/1.1" 200 24274 "-" "Mozilla/5.0 (Linux; Android 6.0.1; Nexus 5X Build/MMB29P) AppleWebKit/537.36 (KHTML, like Gecko) Chrome/140.0.7339.207 Mobile Safari/537.36 (compatible; GoogleOther)"
66.249.75.37 - - [18/Oct/2025:09:09:40 +0300] "GET /opportunity141?kg=42803 HTTP/1.1" 200 24120 "-" "Mozilla/5.0 (Linux; Android 6.0.1; Nexus 5X Build/MMB29P) AppleWebKit/537.36 (KHTML, like Gecko) Chrome/140.0.7339.207 Mobile Safari/537.36 (compatible; Googlebot/2.1; +http://www.google.com/bot.html)"
20.171.207.126 - - [18/Oct/2025:09:09:43 +0300] "GET /search.php?products/168nu16994 HTTP/1.1" 403 4896 "-" "Mozilla/5.0 AppleWebKit/537.36 (KHTML, like Gecko; compatible; GPTBot/1.2; +https://openai.com/gptbot)"
40.77.167.35 - - [18/Oct/2025:09:09:48 +0300] "GET /goodscode/34973869.htm HTTP/1.1" 200 4210 "-" "Mozilla/5.0 AppleWebKit/537.36 (KHTML, like Gecko; compatible; bingbot/2.0; +http://www.bing.com/bingbot.htm) Chrome/116.0.1938.76 Safari/537.36"
66.249.75.37 - - [18/Oct/2025:09:09:50 +0300] "GET /category/2847/1/listing HTTP/1.1" 200 27387 "-" "Mozilla/5.0 (Linux; Android 6.0.1; Nexus 5X Build/MMB29P) AppleWebKit/537.36 (KHTML, like Gecko) Chrome/140.0.7339.207 Mobile Safari/537.36 (compatible; GoogleOther)"
20.171.207.126 - - [18/Oct/2025:09:09:54 +0300] "GET /search.php?products/232ut49280 HTTP/1.1" 403 4896 "-" "Mozilla/5.0 AppleWebKit/537.36 (KHTML, like Gecko; compatible; GPTBot/1.2; +https://openai.com/gptbot)"
66.249.78.41 - - [18/Oct/2025:09:09:58 +0300] "GET /?pid=23392591440&channel=analysis-Catholic-election&cate_id=3040&page=https://www.ilgazhavalandirma.com.tr/api.do?products/138di30457 HTTP/1.1" 200 23674 "-" "Mozilla/5.0 (Linux; Android 6.0.1; Nexus 5X Build/MMB29P) AppleWebKit/537.36 (KHTML, like Gecko) Chrome/140.0.7339.207 Mobile Safari/537.36 (compatible; Googlebot/2.1; +http://www.google.com/bot.html)"
40.77.167.35 - - [18/Oct/2025:09:09:59 +0300] "GET /goodscode/79285579.htm HTTP/1.1" 200 4210 "-" "Mozilla/5.0 AppleWebKit/537.36 (KHTML, like Gecko; compatible; bingbot/2.0; +http://www.bing.com/bingbot.htm) Chrome/116.0.1938.76 Safari/537.36"
40.77.167.116 - - [18/Oct/2025:09:10:03 +0300] "GET /goodscode/666390301.htm HTTP/1.1" 200 4210 "-" "Mozilla/5.0 AppleWebKit/537.36 (KHTML, like Gecko; compatible; bingbot/2.0; +http://www.bing.com/bingbot.htm) Chrome/116.0.1938.76 Safari/537.36"
20.171.207.126 - - [18/Oct/2025:09:10:04 +0300] "GET /search.php?products/280xs10530 HTTP/1.1" 403 4896 "-" "Mozilla/5.0 AppleWebKit/537.36 (KHTML, like Gecko; compatible; GPTBot/1.2; +https://openai.com/gptbot)"
66.249.75.37 - - [18/Oct/2025:09:10:04 +0300] "GET /regional53?kg=2153 HTTP/1.1" 200 24304 "-" "Mozilla/5.0 (Linux; Android 6.0.1; Nexus 5X Build/MMB29P) AppleWebKit/537.36 (KHTML, like Gecko) Chrome/140.0.7339.207 Mobile Safari/537.36 (compatible; GoogleOther)"
69.197.179.242 - - [18/Oct/2025:09:08:42 +0300] "GET /wp-content/plb24578/index.php?id=241605 HTTP/1.1" 200 4094 "https://ilgazhavalandirma.com.tr/wp-content/plb24578/index.php?id=241605" "Mozilla/5.0 (Windows NT 10.0; Win64; x64) AppleWebKit/537.36 (KHTML, like Gecko) Chrome/58.0.3029.110 Safari/537.3"
20.171.207.126 - - [18/Oct/2025:09:10:15 +0300] "GET /search.php?products/280mu20036 HTTP/1.1" 403 4896 "-" "Mozilla/5.0 AppleWebKit/537.36 (KHTML, like Gecko; compatible; GPTBot/1.2; +https://openai.com/gptbot)"
66.249.75.37 - - [18/Oct/2025:09:10:15 +0300] "GET /capable9?kg=26655 HTTP/1.1" 200 23449 "-" "Mozilla/5.0 (Linux; Android 6.0.1; Nexus 5X Build/MMB29P) AppleWebKit/537.36 (KHTML, like Gecko) Chrome/140.0.7339.207 Mobile Safari/537.36 (compatible; GoogleOther)"
40.77.167.116 - - [18/Oct/2025:09:10:20 +0300] "GET /goodscode/124960724.htm?path=/var HTTP/1.1" 200 4210 "-" "Mozilla/5.0 AppleWebKit/537.36 (KHTML, like Gecko; compatible; bingbot/2.0; +http://www.bing.com/bingbot.htm) Chrome/116.0.1938.76 Safari/537.36"
66.249.75.37 - - [18/Oct/2025:09:10:19 +0300] "GET /m43259893217 HTTP/1.1" 200 24045 "-" "Mozilla/5.0 (Linux; Android 6.0.1; Nexus 5X Build/MMB29P) AppleWebKit/537.36 (KHTML, like Gecko) Chrome/140.0.7339.207 Mobile Safari/537.36 (compatible; Googlebot/2.1; +http://www.google.com/bot.html)"
40.77.167.116 - - [18/Oct/2025:09:10:22 +0300] "GET /goodscode/153089847.htm HTTP/1.1" 200 284 "-" "Mozilla/5.0 AppleWebKit/537.36 (KHTML, like Gecko; compatible; bingbot/2.0; +http://www.bing.com/bingbot.htm) Chrome/116.0.1938.76 Safari/537.36"
20.171.207.126 - - [18/Oct/2025:09:10:25 +0300] "GET /search.php?products/153cc42179 HTTP/1.1" 403 4896 "-" "Mozilla/5.0 AppleWebKit/537.36 (KHTML, like Gecko; compatible; GPTBot/1.2; +https://openai.com/gptbot)"
66.249.75.37 - - [18/Oct/2025:09:10:27 +0300] "GET /goodscode/1285964799.htm HTTP/1.1" 200 23967 "-" "Mozilla/5.0 (Linux; Android 6.0.1; Nexus 5X Build/MMB29P) AppleWebKit/537.36 (KHTML, like Gecko) Chrome/140.0.7339.207 Mobile Safari/537.36 (compatible; Googlebot/2.1; +http://www.google.com/bot.html)"
40.77.167.55 - - [18/Oct/2025:09:10:29 +0300] "GET /goodscode/116834870.htm HTTP/1.1" 200 4210 "-" "Mozilla/5.0 AppleWebKit/537.36 (KHTML, like Gecko; compatible; bingbot/2.0; +http://www.bing.com/bingbot.htm) Chrome/116.0.1938.76 Safari/537.36"
66.249.78.41 - - [18/Oct/2025:09:10:34 +0300] "GET /goodscode/921676568.htm HTTP/1.1" 200 4148 "-" "Mozilla/5.0 (Linux; Android 6.0.1; Nexus 5X Build/MMB29P) AppleWebKit/537.36 (KHTML, like Gecko) Chrome/140.0.7339.207 Mobile Safari/537.36 (compatible; GoogleOther)"
20.171.207.126 - - [18/Oct/2025:09:10:36 +0300] "GET /search.php?products/265rd30239 HTTP/1.1" 403 4896 "-" "Mozilla/5.0 AppleWebKit/537.36 (KHTML, like Gecko; compatible; GPTBot/1.2; +https://openai.com/gptbot)"
114.119.142.93 - - [18/Oct/2025:09:10:37 +0300] "GET /supportive89?kg=1861 HTTP/1.1" 200 8779 "https://ilgazhavalandirma.com.tr/?sitemap191.xml" "Mozilla/5.0 (Linux; Android 7.0;) AppleWebKit/537.36 (KHTML, like Gecko) Mobile Safari/537.36 (compatible; PetalBot;+https://webmaster.petalsearch.com/site/petalbot)"
66.249.75.37 - - [18/Oct/2025:09:10:39 +0300] "GET /practice87?kg=19625 HTTP/1.1" 200 4148 "-" "Mozilla/5.0 (Linux; Android 6.0.1; Nexus 5X Build/MMB29P) AppleWebKit/537.36 (KHTML, like Gecko) Chrome/140.0.7339.207 Mobile Safari/537.36 (compatible; Googlebot/2.1; +http://www.google.com/bot.html)"
185.65.247.253 - - [18/Oct/2025:09:10:40 +0300] "POST /xmlrpc.php HTTP/1.1" 200 8807 "-" "Mozilla/5.0 (Windows NT 6.1; WOW64; Trident/7.0; EIE10;ENGBWOL; rv:11.0) like Gecko"
20.171.207.126 - - [18/Oct/2025:09:10:47 +0300] "GET /search.php?products/230bt14402 HTTP/1.1" 403 4896 "-" "Mozilla/5.0 AppleWebKit/537.36 (KHTML, like Gecko; compatible; GPTBot/1.2; +https://openai.com/gptbot)"
66.249.78.41 - - [18/Oct/2025:09:10:50 +0300] "GET /hallway171?kg=17 HTTP/1.1" 200 23857 "-" "Mozilla/5.0 (Linux; Android 6.0.1; Nexus 5X Build/MMB29P) AppleWebKit/537.36 (KHTML, like Gecko) Chrome/140.0.7339.207 Mobile Safari/537.36 (compatible; GoogleOther)"
66.249.75.37 - - [18/Oct/2025:09:10:51 +0300] "GET /goodscode/458028130.htm?fileloc=/var/www/vhosts/ilgazhavalandirma.com.tr/httpdocs/license.txt&path=/var/www/vhosts/ilgazhavalandirma.com.tr/httpdocs HTTP/1.1" 200 23698 "-" "Mozilla/5.0 (Linux; Android 6.0.1; Nexus 5X Build/MMB29P) AppleWebKit/537.36 (KHTML, like Gecko) Chrome/140.0.7339.207 Mobile Safari/537.36 (compatible; Googlebot/2.1; +http://www.google.com/bot.html)"
20.171.207.126 - - [18/Oct/2025:09:10:57 +0300] "GET /search.php?products/283ge43237 HTTP/1.1" 403 4896 "-" "Mozilla/5.0 AppleWebKit/537.36 (KHTML, like Gecko; compatible; GPTBot/1.2; +https://openai.com/gptbot)"
40.77.167.35 - - [18/Oct/2025:09:11:00 +0300] "GET /goodscode/385860751.htm HTTP/1.1" 200 4210 "-" "Mozilla/5.0 AppleWebKit/537.36 (KHTML, like Gecko; compatible; bingbot/2.0; +http://www.bing.com/bingbot.htm) Chrome/116.0.1938.76 Safari/537.36"
47.82.11.30 - - [18/Oct/2025:09:11:01 +0300] "GET /?i=353768213 HTTP/1.1" 200 8760 "https://ilgazhavalandirma.com.tr/" "Mozilla/5.0 (Windows NT 10.0; Win64; x64) AppleWebKit/537.36 (KHTML, like Gecko) Chrome/134.0.0.0 Safari/537.36"
20.171.207.126 - - [18/Oct/2025:09:11:07 +0300] "GET /search.php?products/252px43396 HTTP/1.1" 403 4896 "-" "Mozilla/5.0 AppleWebKit/537.36 (KHTML, like Gecko; compatible; GPTBot/1.2; +https://openai.com/gptbot)"
66.249.75.37 - - [18/Oct/2025:09:11:07 +0300] "GET /jar161?fileloc=/var/www/vhosts/ilgazhavalandirma.com.tr/httpdocs/index.php&path=/var/www/vhosts/ilgazhavalandirma.com.tr/httpdocs HTTP/1.1" 200 23747 "-" "Mozilla/5.0 (Linux; Android 6.0.1; Nexus 5X Build/MMB29P) AppleWebKit/537.36 (KHTML, like Gecko) Chrome/140.0.7339.207 Mobile Safari/537.36 (compatible; GoogleOther)"
66.249.78.41 - - [18/Oct/2025:09:11:16 +0300] "GET /accurate67?kg=28343 HTTP/1.1" 200 23702 "-" "Mozilla/5.0 (Linux; Android 6.0.1; Nexus 5X Build/MMB29P) AppleWebKit/537.36 (KHTML, like Gecko) Chrome/140.0.7339.207 Mobile Safari/537.36 (compatible; GoogleOther)"
20.171.207.126 - - [18/Oct/2025:09:11:17 +0300] "GET /search.php?products/232em14824 HTTP/1.1" 403 4896 "-" "Mozilla/5.0 AppleWebKit/537.36 (KHTML, like Gecko; compatible; GPTBot/1.2; +https://openai.com/gptbot)"
66.249.75.37 - - [18/Oct/2025:09:11:23 +0300] "GET /m67009178123 HTTP/1.1" 200 23699 "-" "Mozilla/5.0 (Linux; Android 6.0.1; Nexus 5X Build/MMB29P) AppleWebKit/537.36 (KHTML, like Gecko) Chrome/140.0.7339.207 Mobile Safari/537.36 (compatible; GoogleOther)"
20.171.207.126 - - [18/Oct/2025:09:11:28 +0300] "GET /search.php?products/267ka36137 HTTP/1.1" 403 4896 "-" "Mozilla/5.0 AppleWebKit/537.36 (KHTML, like Gecko; compatible; GPTBot/1.2; +https://openai.com/gptbot)"
52.167.144.141 - - [18/Oct/2025:09:11:32 +0300] "GET /goodscode/23501267.htm HTTP/1.1" 200 4210 "-" "Mozilla/5.0 AppleWebKit/537.36 (KHTML, like Gecko; compatible; bingbot/2.0; +http://www.bing.com/bingbot.htm) Chrome/116.0.1938.76 Safari/537.36"
66.249.75.37 - - [18/Oct/2025:09:11:34 +0300] "GET /m67009178123 HTTP/1.1" 200 23618 "-" "Mozilla/5.0 (Linux; Android 6.0.1; Nexus 5X Build/MMB29P) AppleWebKit/537.36 (KHTML, like Gecko) Chrome/140.0.7339.207 Mobile Safari/537.36 (compatible; Googlebot/2.1; +http://www.google.com/bot.html)"
66.249.75.37 - - [18/Oct/2025:09:11:36 +0300] "GET /ownership214?kg=28314 HTTP/1.1" 200 20216 "-" "Mozilla/5.0 (Linux; Android 6.0.1; Nexus 5X Build/MMB29P) AppleWebKit/537.36 (KHTML, like Gecko) Chrome/140.0.7339.207 Mobile Safari/537.36 (compatible; GoogleOther)"
20.171.207.126 - - [18/Oct/2025:09:11:38 +0300] "GET /search.php?products/129ey29351 HTTP/1.1" 403 4896 "-" "Mozilla/5.0 AppleWebKit/537.36 (KHTML, like Gecko; compatible; GPTBot/1.2; +https://openai.com/gptbot)"
69.197.179.242 - - [18/Oct/2025:09:10:15 +0300] "GET /wp-content/plb24578/index.php?id=241605 HTTP/1.1" 200 4094 "https://ilgazhavalandirma.com.tr/wp-content/plb24578/index.php?id=241605" "Mozilla/5.0 (Windows NT 10.0; Win64; x64) AppleWebKit/537.36 (KHTML, like Gecko) Chrome/58.0.3029.110 Safari/537.3"
66.249.78.41 - - [18/Oct/2025:09:11:44 +0300] "GET /senator199?kg=23435 HTTP/1.1" 200 28351 "-" "Mozilla/5.0 (Linux; Android 6.0.1; Nexus 5X Build/MMB29P) AppleWebKit/537.36 (KHTML, like Gecko) Chrome/140.0.7339.207 Mobile Safari/537.36 (compatible; GoogleOther)"
20.171.207.126 - - [18/Oct/2025:09:11:49 +0300] "GET /search.php?products/157ov17679 HTTP/1.1" 403 4896 "-" "Mozilla/5.0 AppleWebKit/537.36 (KHTML, like Gecko; compatible; GPTBot/1.2; +https://openai.com/gptbot)"
40.77.167.55 - - [18/Oct/2025:09:11:49 +0300] "GET /goodscode/105569789.htm HTTP/1.1" 200 4210 "-" "Mozilla/5.0 AppleWebKit/537.36 (KHTML, like Gecko; compatible; bingbot/2.0; +http://www.bing.com/bingbot.htm) Chrome/116.0.1938.76 Safari/537.36"
52.167.144.141 - - [18/Oct/2025:09:11:53 +0300] "GET /goodscode/221200831.htm HTTP/1.1" 200 4210 "-" "Mozilla/5.0 AppleWebKit/537.36 (KHTML, like Gecko; compatible; bingbot/2.0; +http://www.bing.com/bingbot.htm) Chrome/116.0.1938.76 Safari/537.36"
66.249.69.194 - - [18/Oct/2025:09:11:52 +0300] "GET /goodscode/1413543385.htm HTTP/1.1" 200 24000 "-" "Mozilla/5.0 (Linux; Android 6.0.1; Nexus 5X Build/MMB29P) AppleWebKit/537.36 (KHTML, like Gecko) Chrome/140.0.7339.207 Mobile Safari/537.36 (compatible; Googlebot/2.1; +http://www.google.com/bot.html)"
101.99.88.90 - - [18/Oct/2025:09:11:53 +0300] "GET / HTTP/1.1" 200 184969 "-" "Mozilla/5.0 (compatible; Googlebot/2.1; +http://www.google.com/bot.html)"
66.249.75.37 - - [18/Oct/2025:09:11:54 +0300] "GET /gap243?kg=9307 HTTP/1.1" 200 24140 "-" "Mozilla/5.0 (Linux; Android 6.0.1; Nexus 5X Build/MMB29P) AppleWebKit/537.36 (KHTML, like Gecko) Chrome/140.0.7339.207 Mobile Safari/537.36 (compatible; GoogleOther)"
20.171.207.126 - - [18/Oct/2025:09:11:59 +0300] "GET /search.php?products/262or49386 HTTP/1.1" 403 4896 "-" "Mozilla/5.0 AppleWebKit/537.36 (KHTML, like Gecko; compatible; GPTBot/1.2; +https://openai.com/gptbot)"
40.77.167.10 - - [18/Oct/2025:09:11:59 +0300] "GET /?i=44735213 HTTP/1.1" 200 4210 "-" "Mozilla/5.0 AppleWebKit/537.36 (KHTML, like Gecko; compatible; bingbot/2.0; +http://www.bing.com/bingbot.htm) Chrome/116.0.1938.76 Safari/537.36"
101.99.88.90 - - [18/Oct/2025:09:11:56 +0300] "GET /87082966 HTTP/1.1" 200 146555 "-" "Mozilla/5.0 (compatible; Googlebot/2.1; +http://www.google.com/bot.html)"
66.249.78.41 - - [18/Oct/2025:09:12:04 +0300] "GET /melt136?kg=4664 HTTP/1.1" 200 23657 "-" "Mozilla/5.0 (Linux; Android 6.0.1; Nexus 5X Build/MMB29P) AppleWebKit/537.36 (KHTML, like Gecko) Chrome/140.0.7339.207 Mobile Safari/537.36 (compatible; GoogleOther)"
40.77.167.35 - - [18/Oct/2025:09:12:09 +0300] "GET /goodscode/13051108.htm HTTP/1.1" 200 4210 "-" "Mozilla/5.0 AppleWebKit/537.36 (KHTML, like Gecko; compatible; bingbot/2.0; +http://www.bing.com/bingbot.htm) Chrome/116.0.1938.76 Safari/537.36"
20.171.207.126 - - [18/Oct/2025:09:12:10 +0300] "GET /search.php?products/149cc20557 HTTP/1.1" 403 4896 "-" "Mozilla/5.0 AppleWebKit/537.36 (KHTML, like Gecko; compatible; GPTBot/1.2; +https://openai.com/gptbot)"
66.249.78.41 - - [18/Oct/2025:09:12:12 +0300] "GET /hospital105?kg=24533 HTTP/1.1" 200 4148 "-" "Mozilla/5.0 (Linux; Android 6.0.1; Nexus 5X Build/MMB29P) AppleWebKit/537.36 (KHTML, like Gecko) Chrome/140.0.7339.207 Mobile Safari/537.36 (compatible; Googlebot/2.1; +http://www.google.com/bot.html)"
66.249.78.41 - - [18/Oct/2025:09:12:16 +0300] "GET /potato222?kg=44466 HTTP/1.1" 200 24110 "-" "Mozilla/5.0 (Linux; Android 6.0.1; Nexus 5X Build/MMB29P) AppleWebKit/537.36 (KHTML, like Gecko) Chrome/140.0.7339.207 Mobile Safari/537.36 (compatible; GoogleOther)"
20.171.207.126 - - [18/Oct/2025:09:12:20 +0300] "GET /search.php?products/282fe39808 HTTP/1.1" 403 4896 "-" "Mozilla/5.0 AppleWebKit/537.36 (KHTML, like Gecko; compatible; GPTBot/1.2; +https://openai.com/gptbot)"
66.249.78.41 - - [18/Oct/2025:09:12:24 +0300] "GET /drift208?kg=34774 HTTP/1.1" 200 23807 "-" "Mozilla/5.0 (Linux; Android 6.0.1; Nexus 5X Build/MMB29P) AppleWebKit/537.36 (KHTML, like Gecko) Chrome/140.0.7339.207 Mobile Safari/537.36 (compatible; GoogleOther)"
40.77.167.55 - - [18/Oct/2025:09:12:27 +0300] "GET /goodscode/312170306.htm?path=/var/www/vhosts HTTP/1.1" 200 4210 "-" "Mozilla/5.0 AppleWebKit/537.36 (KHTML, like Gecko; compatible; bingbot/2.0; +http://www.bing.com/bingbot.htm) Chrome/116.0.1938.76 Safari/537.36"
20.171.207.126 - - [18/Oct/2025:09:12:30 +0300] "GET /search.php?products/234of30406 HTTP/1.1" 403 4896 "-" "Mozilla/5.0 AppleWebKit/537.36 (KHTML, like Gecko; compatible; GPTBot/1.2; +https://openai.com/gptbot)"
66.249.75.37 - - [18/Oct/2025:09:12:31 +0300] "GET /ah2?kg=36340 HTTP/1.1" 200 24104 "-" "Mozilla/5.0 (Linux; Android 6.0.1; Nexus 5X Build/MMB29P) AppleWebKit/537.36 (KHTML, like Gecko) Chrome/140.0.7339.207 Mobile Safari/537.36 (compatible; GoogleOther)"
40.77.167.35 - - [18/Oct/2025:09:12:38 +0300] "GET /goodscode/46476933.htm HTTP/1.1" 200 4210 "-" "Mozilla/5.0 AppleWebKit/537.36 (KHTML, like Gecko; compatible; bingbot/2.0; +http://www.bing.com/bingbot.htm) Chrome/116.0.1938.76 Safari/537.36"
20.171.207.126 - - [18/Oct/2025:09:12:40 +0300] "GET /search.php?products/249py41273 HTTP/1.1" 403 4896 "-" "Mozilla/5.0 AppleWebKit/537.36 (KHTML, like Gecko; compatible; GPTBot/1.2; +https://openai.com/gptbot)"
114.119.142.93 - - [18/Oct/2025:09:12:41 +0300] "GET /support70?kg=47704 HTTP/1.1" 200 8779 "https://ilgazhavalandirma.com.tr/?sitemap191.xml" "Mozilla/5.0 (Linux; Android 7.0;) AppleWebKit/537.36 (KHTML, like Gecko) Mobile Safari/537.36 (compatible; PetalBot;+https://webmaster.petalsearch.com/site/petalbot)"
66.249.75.37 - - [18/Oct/2025:09:12:41 +0300] "GET /migration225?kg=15465 HTTP/1.1" 200 23761 "-" "Mozilla/5.0 (Linux; Android 6.0.1; Nexus 5X Build/MMB29P) AppleWebKit/537.36 (KHTML, like Gecko) Chrome/140.0.7339.207 Mobile Safari/537.36 (compatible; GoogleOther)"
20.171.207.126 - - [18/Oct/2025:09:12:50 +0300] "GET /search.php?products/139jj21953 HTTP/1.1" 403 4896 "-" "Mozilla/5.0 AppleWebKit/537.36 (KHTML, like Gecko; compatible; GPTBot/1.2; +https://openai.com/gptbot)"
66.249.75.37 - - [18/Oct/2025:09:12:52 +0300] "GET /cut42?kg=23428 HTTP/1.1" 200 24208 "-" "Mozilla/5.0 (Linux; Android 6.0.1; Nexus 5X Build/MMB29P) AppleWebKit/537.36 (KHTML, like Gecko) Chrome/140.0.7339.207 Mobile Safari/537.36 (compatible; GoogleOther)"
47.82.11.14 - - [18/Oct/2025:09:12:55 +0300] "GET /?i=8620913 HTTP/1.1" 200 8760 "https://ilgazhavalandirma.com.tr/" "Mozilla/5.0 (Macintosh; Intel Mac OS X 10_15_7) AppleWebKit/537.36 (KHTML, like Gecko) Chrome/127.0.0.0 Safari/537.36"
20.171.207.126 - - [18/Oct/2025:09:13:00 +0300] "GET /search.php?products/244so16230 HTTP/1.1" 403 4896 "-" "Mozilla/5.0 AppleWebKit/537.36 (KHTML, like Gecko; compatible; GPTBot/1.2; +https://openai.com/gptbot)"
66.249.75.37 - - [18/Oct/2025:09:13:03 +0300] "GET /physical108?kg=14642 HTTP/1.1" 200 24115 "-" "Mozilla/5.0 (Linux; Android 6.0.1; Nexus 5X Build/MMB29P) AppleWebKit/537.36 (KHTML, like Gecko) Chrome/140.0.7339.207 Mobile Safari/537.36 (compatible; GoogleOther)"
40.77.167.55 - - [18/Oct/2025:09:13:09 +0300] "GET /goodscode/120233770.htm HTTP/1.1" 200 4210 "-" "Mozilla/5.0 AppleWebKit/537.36 (KHTML, like Gecko; compatible; bingbot/2.0; +http://www.bing.com/bingbot.htm) Chrome/116.0.1938.76 Safari/537.36"
20.171.207.126 - - [18/Oct/2025:09:13:11 +0300] "GET /search.php?products/162yt22986 HTTP/1.1" 403 4896 "-" "Mozilla/5.0 AppleWebKit/537.36 (KHTML, like Gecko; compatible; GPTBot/1.2; +https://openai.com/gptbot)"
69.197.179.242 - - [18/Oct/2025:09:11:44 +0300] "GET /wp-content/plb24578/index.php?id=241605 HTTP/1.1" 200 4094 "https://ilgazhavalandirma.com.tr/wp-content/plb24578/index.php?id=241605" "Mozilla/5.0 (Windows NT 10.0; Win64; x64) AppleWebKit/537.36 (KHTML, like Gecko) Chrome/58.0.3029.110 Safari/537.3"
66.249.75.37 - - [18/Oct/2025:09:13:11 +0300] "GET /dinner6?kg=48120 HTTP/1.1" 200 24316 "-" "Mozilla/5.0 (Linux; Android 6.0.1; Nexus 5X Build/MMB29P) AppleWebKit/537.36 (KHTML, like Gecko) Chrome/140.0.7339.207 Mobile Safari/537.36 (compatible; GoogleOther)"
66.249.78.41 - - [18/Oct/2025:09:13:18 +0300] "GET /fate232?kg=31126 HTTP/1.1" 200 24697 "-" "Mozilla/5.0 (Linux; Android 6.0.1; Nexus 5X Build/MMB29P) AppleWebKit/537.36 (KHTML, like Gecko) Chrome/140.0.7339.207 Mobile Safari/537.36 (compatible; Googlebot/2.1; +http://www.google.com/bot.html)"
65.108.124.220 - - [18/Oct/2025:09:13:19 +0300] "GET / HTTP/1.1" 200 8807 "-" "Mozilla/5.0 (Macintosh; Intel Mac OS X 10_15_7) AppleWebKit/537.36 (KHTML, like Gecko) Chrome/120.0.0.0 Safari/537.36"
20.171.207.126 - - [18/Oct/2025:09:13:21 +0300] "GET /search.php?products/216ss46370 HTTP/1.1" 403 4896 "-" "Mozilla/5.0 AppleWebKit/537.36 (KHTML, like Gecko; compatible; GPTBot/1.2; +https://openai.com/gptbot)"
65.108.124.220 - - [18/Oct/2025:09:13:21 +0300] "GET /contact HTTP/1.1" 200 8807 "-" "Mozilla/5.0 (Windows NT 10.0; Win64; x64) AppleWebKit/537.36 (KHTML, like Gecko) Chrome/120.0.0.0 Safari/537.36"
66.249.75.37 - - [18/Oct/2025:09:13:20 +0300] "GET /remaining3?path=/var/www/vhosts HTTP/1.1" 200 23737 "-" "Mozilla/5.0 (Linux; Android 6.0.1; Nexus 5X Build/MMB29P) AppleWebKit/537.36 (KHTML, like Gecko) Chrome/140.0.7339.207 Mobile Safari/537.36 (compatible; GoogleOther)"
40.77.167.35 - - [18/Oct/2025:09:13:30 +0300] "GET /goodscode/623190296.htm HTTP/1.1" 200 4210 "-" "Mozilla/5.0 AppleWebKit/537.36 (KHTML, like Gecko; compatible; bingbot/2.0; +http://www.bing.com/bingbot.htm) Chrome/116.0.1938.76 Safari/537.36"
66.249.75.37 - - [18/Oct/2025:09:13:30 +0300] "GET /m92804418339 HTTP/1.1" 200 23872 "-" "Mozilla/5.0 (Linux; Android 6.0.1; Nexus 5X Build/MMB29P) AppleWebKit/537.36 (KHTML, like Gecko) Chrome/140.0.7339.207 Mobile Safari/537.36 (compatible; Googlebot/2.1; +http://www.google.com/bot.html)"
20.171.207.126 - - [18/Oct/2025:09:13:31 +0300] "GET /search.php?products/231vo25303 HTTP/1.1" 403 4896 "-" "Mozilla/5.0 AppleWebKit/537.36 (KHTML, like Gecko; compatible; GPTBot/1.2; +https://openai.com/gptbot)"
66.249.75.37 - - [18/Oct/2025:09:13:31 +0300] "GET /initially222?kg=18936 HTTP/1.1" 200 23497 "-" "Mozilla/5.0 (Linux; Android 6.0.1; Nexus 5X Build/MMB29P) AppleWebKit/537.36 (KHTML, like Gecko) Chrome/140.0.7339.207 Mobile Safari/537.36 (compatible; GoogleOther)"
66.249.78.41 - - [18/Oct/2025:09:13:40 +0300] "GET /abstract36?kg=25106 HTTP/1.1" 200 28015 "-" "Mozilla/5.0 (Linux; Android 6.0.1; Nexus 5X Build/MMB29P) AppleWebKit/537.36 (KHTML, like Gecko) Chrome/140.0.7339.207 Mobile Safari/537.36 (compatible; GoogleOther)"
20.171.207.126 - - [18/Oct/2025:09:13:42 +0300] "GET /search.php?products/265pd18145 HTTP/1.1" 403 4896 "-" "Mozilla/5.0 AppleWebKit/537.36 (KHTML, like Gecko; compatible; GPTBot/1.2; +https://openai.com/gptbot)"
66.249.75.37 - - [18/Oct/2025:09:13:41 +0300] "GET /m50186700034 HTTP/1.1" 200 29519 "-" "Mozilla/5.0 (Linux; Android 6.0.1; Nexus 5X Build/MMB29P) AppleWebKit/537.36 (KHTML, like Gecko) Chrome/140.0.7339.207 Mobile Safari/537.36 (compatible; Googlebot/2.1; +http://www.google.com/bot.html)"
40.77.167.55 - - [18/Oct/2025:09:13:51 +0300] "GET /zhHant/product/surugaya/I3757039641?campaign_uid=f64d716db5e979ed2f947dbaf4296895b951ae7f HTTP/1.1" 200 4210 "-" "Mozilla/5.0 AppleWebKit/537.36 (KHTML, like Gecko; compatible; bingbot/2.0; +http://www.bing.com/bingbot.htm) Chrome/116.0.1938.76 Safari/537.36"
66.249.75.37 - - [18/Oct/2025:09:13:50 +0300] "GET /pie236?kg=34028 HTTP/1.1" 200 23910 "-" "Mozilla/5.0 (Linux; Android 6.0.1; Nexus 5X Build/MMB29P) AppleWebKit/537.36 (KHTML, like Gecko) Chrome/140.0.7339.207 Mobile Safari/537.36 (compatible; GoogleOther)"
20.171.207.126 - - [18/Oct/2025:09:13:52 +0300] "GET /search.php?products/238ns43826 HTTP/1.1" 403 4896 "-" "Mozilla/5.0 AppleWebKit/537.36 (KHTML, like Gecko; compatible; GPTBot/1.2; +https://openai.com/gptbot)"
66.249.75.37 - - [18/Oct/2025:09:13:54 +0300] "GET /products/73vy400 HTTP/1.1" 200 23580 "-" "Mozilla/5.0 (Linux; Android 6.0.1; Nexus 5X Build/MMB29P) AppleWebKit/537.36 (KHTML, like Gecko) Chrome/140.0.7339.207 Mobile Safari/537.36 (compatible; Googlebot/2.1; +http://www.google.com/bot.html)"
66.249.75.37 - - [18/Oct/2025:09:13:56 +0300] "GET /punishment300?kg=6070 HTTP/1.1" 200 23809 "-" "Mozilla/5.0 (Linux; Android 6.0.1; Nexus 5X Build/MMB29P) AppleWebKit/537.36 (KHTML, like Gecko) Chrome/140.0.7339.207 Mobile Safari/537.36 (compatible; Googlebot/2.1; +http://www.google.com/bot.html)"
66.249.78.41 - - [18/Oct/2025:09:13:58 +0300] "GET /ratio218?kg=30236 HTTP/1.1" 200 24279 "-" "Mozilla/5.0 (Linux; Android 6.0.1; Nexus 5X Build/MMB29P) AppleWebKit/537.36 (KHTML, like Gecko) Chrome/140.0.7339.207 Mobile Safari/537.36 (compatible; GoogleOther)"
20.171.207.126 - - [18/Oct/2025:09:14:03 +0300] "GET /search.php?products/182nt17088 HTTP/1.1" 403 4896 "-" "Mozilla/5.0 AppleWebKit/537.36 (KHTML, like Gecko; compatible; GPTBot/1.2; +https://openai.com/gptbot)"
66.249.78.41 - - [18/Oct/2025:09:14:07 +0300] "GET /fixed136?kg=20202 HTTP/1.1" 200 23811 "-" "Mozilla/5.0 (Linux; Android 6.0.1; Nexus 5X Build/MMB29P) AppleWebKit/537.36 (KHTML, like Gecko) Chrome/140.0.7339.207 Mobile Safari/537.36 (compatible; GoogleOther)"
40.77.167.35 - - [18/Oct/2025:09:14:09 +0300] "GET /goodscode/22347058.htm HTTP/1.1" 200 4210 "-" "Mozilla/5.0 AppleWebKit/537.36 (KHTML, like Gecko; compatible; bingbot/2.0; +http://www.bing.com/bingbot.htm) Chrome/116.0.1938.76 Safari/537.36"
20.171.207.126 - - [18/Oct/2025:09:14:13 +0300] "GET /search.php?products/132qh45474 HTTP/1.1" 403 4896 "-" "Mozilla/5.0 AppleWebKit/537.36 (KHTML, like Gecko; compatible; GPTBot/1.2; +https://openai.com/gptbot)"
66.249.78.41 - - [18/Oct/2025:09:14:12 +0300] "GET /m34769462833 HTTP/1.1" 200 23599 "-" "Mozilla/5.0 (Linux; Android 6.0.1; Nexus 5X Build/MMB29P) AppleWebKit/537.36 (KHTML, like Gecko) Chrome/140.0.7339.207 Mobile Safari/537.36 (compatible; Googlebot/2.1; +http://www.google.com/bot.html)"
66.249.75.37 - - [18/Oct/2025:09:14:17 +0300] "GET /poll192?kg=8744 HTTP/1.1" 200 29299 "-" "Mozilla/5.0 (Linux; Android 6.0.1; Nexus 5X Build/MMB29P) AppleWebKit/537.36 (KHTML, like Gecko) Chrome/140.0.7339.207 Mobile Safari/537.36 (compatible; GoogleOther)"
40.77.167.55 - - [18/Oct/2025:09:14:19 +0300] "GET /goodscode/174830672.htm HTTP/1.1" 200 4210 "-" "Mozilla/5.0 AppleWebKit/537.36 (KHTML, like Gecko; compatible; bingbot/2.0; +http://www.bing.com/bingbot.htm) Chrome/116.0.1938.76 Safari/537.36"
40.77.167.10 - - [18/Oct/2025:09:14:19 +0300] "GET /goodscode/24357593.htm HTTP/1.1" 200 4210 "-" "Mozilla/5.0 AppleWebKit/537.36 (KHTML, like Gecko; compatible; bingbot/2.0; +http://www.bing.com/bingbot.htm) Chrome/116.0.1938.76 Safari/537.36"
20.171.207.126 - - [18/Oct/2025:09:14:23 +0300] "GET /search.php?products/201tl24129 HTTP/1.1" 403 4896 "-" "Mozilla/5.0 AppleWebKit/537.36 (KHTML, like Gecko; compatible; GPTBot/1.2; +https://openai.com/gptbot)"
66.249.75.37 - - [18/Oct/2025:09:14:25 +0300] "GET /?pid=23392591440&channel=that-besides-join&cate_id=3040&page=https://www.ilgazhavalandirma.com.tr/api.do?products/12wx183 HTTP/1.1" 200 23845 "-" "Mozilla/5.0 (Linux; Android 6.0.1; Nexus 5X Build/MMB29P) AppleWebKit/537.36 (KHTML, like Gecko) Chrome/140.0.7339.207 Mobile Safari/537.36 (compatible; Googlebot/2.1; +http://www.google.com/bot.html)"
66.249.75.37 - - [18/Oct/2025:09:14:26 +0300] "GET /late50?kg=28538 HTTP/1.1" 200 28714 "-" "Mozilla/5.0 (Linux; Android 6.0.1; Nexus 5X Build/MMB29P) AppleWebKit/537.36 (KHTML, like Gecko) Chrome/140.0.7339.207 Mobile Safari/537.36 (compatible; GoogleOther)"
196.251.83.66 - - [18/Oct/2025:09:14:29 +0300] "POST /wp-login.php HTTP/1.1" 200 8863 "https://ilgazhavalandirma.com.tr/wp-admin/" "Mozilla/5.0 (Windows NT 10.0; Win64; x64) AppleWebKit/537.36 (KHTML, like Gecko) Chrome/90.0.4430.85 Safari/537.36"
196.251.83.66 - - [18/Oct/2025:09:14:30 +0300] "GET /wp-admin/ HTTP/1.1" 200 6698 "www.google.com" "Mozilla/5.0 (Windows NT 10.0; Win64; x64) AppleWebKit/537.36 (KHTML, like Gecko) Chrome/90.0.4430.85 Safari/537.36"
114.119.142.93 - - [18/Oct/2025:09:14:30 +0300] "GET /supermarket177?kg=249 HTTP/1.1" 200 8779 "https://ilgazhavalandirma.com.tr/?sitemap191.xml" "Mozilla/5.0 (Linux; Android 7.0;) AppleWebKit/537.36 (KHTML, like Gecko) Mobile Safari/537.36 (compatible; PetalBot;+https://webmaster.petalsearch.com/site/petalbot)"
196.251.83.66 - - [18/Oct/2025:09:14:30 +0300] "POST /wp-login.php HTTP/1.1" 200 8863 "https://ilgazhavalandirma.com.tr/wp-admin/" "Mozilla/5.0 (Windows NT 10.0; Win64; x64) AppleWebKit/537.36 (KHTML, like Gecko) Chrome/90.0.4430.85 Safari/537.36"
196.251.83.66 - - [18/Oct/2025:09:14:31 +0300] "GET /wp-admin/ HTTP/1.1" 200 6698 "www.google.com" "Mozilla/5.0 (Windows NT 10.0; Win64; x64) AppleWebKit/537.36 (KHTML, like Gecko) Chrome/90.0.4430.85 Safari/537.36"
66.249.78.41 - - [18/Oct/2025:09:14:33 +0300] "GET /develop46?kg=34620 HTTP/1.1" 200 23857 "-" "Mozilla/5.0 (Linux; Android 6.0.1; Nexus 5X Build/MMB29P) AppleWebKit/537.36 (KHTML, like Gecko) Chrome/140.0.7339.207 Mobile Safari/537.36 (compatible; Googlebot/2.1; +http://www.google.com/bot.html)"
20.171.207.126 - - [18/Oct/2025:09:14:34 +0300] "GET /search.php?products/210xx32660 HTTP/1.1" 403 4896 "-" "Mozilla/5.0 AppleWebKit/537.36 (KHTML, like Gecko; compatible; GPTBot/1.2; +https://openai.com/gptbot)"
66.249.75.37 - - [18/Oct/2025:09:14:34 +0300] "GET /defeat267?kg=1071 HTTP/1.1" 200 23813 "-" "Mozilla/5.0 (Linux; Android 6.0.1; Nexus 5X Build/MMB29P) AppleWebKit/537.36 (KHTML, like Gecko) Chrome/140.0.7339.207 Mobile Safari/537.36 (compatible; GoogleOther)"
101.99.88.90 - - [18/Oct/2025:09:14:35 +0300] "GET / HTTP/1.1" 200 184880 "-" "Mozilla/5.0 (compatible; Googlebot/2.1; +http://www.google.com/bot.html)"
40.77.167.55 - - [18/Oct/2025:09:14:39 +0300] "GET /goodscode/179767902.htm HTTP/1.1" 200 4210 "-" "Mozilla/5.0 AppleWebKit/537.36 (KHTML, like Gecko; compatible; bingbot/2.0; +http://www.bing.com/bingbot.htm) Chrome/116.0.1938.76 Safari/537.36"
101.99.88.90 - - [18/Oct/2025:09:14:39 +0300] "GET /87082966 HTTP/1.1" 200 146895 "-" "Mozilla/5.0 (compatible; Googlebot/2.1; +http://www.google.com/bot.html)"
20.171.207.126 - - [18/Oct/2025:09:14:45 +0300] "GET /search.php?products/203le32931 HTTP/1.1" 403 4896 "-" "Mozilla/5.0 AppleWebKit/537.36 (KHTML, like Gecko; compatible; GPTBot/1.2; +https://openai.com/gptbot)"
66.249.78.41 - - [18/Oct/2025:09:14:44 +0300] "GET /reaction187?kg=3239 HTTP/1.1" 200 23866 "-" "Mozilla/5.0 (Linux; Android 6.0.1; Nexus 5X Build/MMB29P) AppleWebKit/537.36 (KHTML, like Gecko) Chrome/140.0.7339.207 Mobile Safari/537.36 (compatible; GoogleOther)"
69.197.179.242 - - [18/Oct/2025:09:13:19 +0300] "GET /wp-content/plb24578/index.php?id=241605 HTTP/1.1" 200 4094 "https://ilgazhavalandirma.com.tr/wp-content/plb24578/index.php?id=241605" "Mozilla/5.0 (Windows NT 10.0; Win64; x64) AppleWebKit/537.36 (KHTML, like Gecko) Chrome/58.0.3029.110 Safari/537.3"
66.249.75.37 - - [18/Oct/2025:09:14:46 +0300] "GET /indication78?kg=26060 HTTP/1.1" 200 28559 "-" "Mozilla/5.0 (Linux; Android 6.0.1; Nexus 5X Build/MMB29P) AppleWebKit/537.36 (KHTML, like Gecko) Chrome/140.0.7339.207 Mobile Safari/537.36 (compatible; Googlebot/2.1; +http://www.google.com/bot.html)"
40.77.167.35 - - [18/Oct/2025:09:14:50 +0300] "GET /goodscode/245721263.htm HTTP/1.1" 200 4210 "-" "Mozilla/5.0 AppleWebKit/537.36 (KHTML, like Gecko; compatible; bingbot/2.0; +http://www.bing.com/bingbot.htm) Chrome/116.0.1938.76 Safari/537.36"
66.249.78.41 - - [18/Oct/2025:09:14:53 +0300] "GET /category/4_143_2173/1/listing HTTP/1.1" 200 23573 "-" "Mozilla/5.0 (Linux; Android 6.0.1; Nexus 5X Build/MMB29P) AppleWebKit/537.36 (KHTML, like Gecko) Chrome/140.0.7339.207 Mobile Safari/537.36 (compatible; GoogleOther)"
20.171.207.126 - - [18/Oct/2025:09:14:55 +0300] "GET /search.php?products/202uf17752 HTTP/1.1" 403 4896 "-" "Mozilla/5.0 AppleWebKit/537.36 (KHTML, like Gecko; compatible; GPTBot/1.2; +https://openai.com/gptbot)"
66.249.78.41 - - [18/Oct/2025:09:14:58 +0300] "GET /father280?kg=6308 HTTP/1.1" 200 24459 "-" "Mozilla/5.0 (Linux; Android 6.0.1; Nexus 5X Build/MMB29P) AppleWebKit/537.36 (KHTML, like Gecko) Chrome/140.0.7339.207 Mobile Safari/537.36 (compatible; Googlebot/2.1; +http://www.google.com/bot.html)"
52.167.144.141 - - [18/Oct/2025:09:15:02 +0300] "GET /goodscode/80341770.htm HTTP/1.1" 200 4210 "-" "Mozilla/5.0 AppleWebKit/537.36 (KHTML, like Gecko; compatible; bingbot/2.0; +http://www.bing.com/bingbot.htm) Chrome/116.0.1938.76 Safari/537.36"
66.249.78.41 - - [18/Oct/2025:09:15:04 +0300] "GET /nasty168?kg=23446 HTTP/1.1" 200 23583 "-" "Mozilla/5.0 (Linux; Android 6.0.1; Nexus 5X Build/MMB29P) AppleWebKit/537.36 (KHTML, like Gecko) Chrome/140.0.7339.207 Mobile Safari/537.36 (compatible; GoogleOther)"
20.171.207.126 - - [18/Oct/2025:09:15:05 +0300] "GET /search.php?products/120oo19086 HTTP/1.1" 403 4896 "-" "Mozilla/5.0 AppleWebKit/537.36 (KHTML, like Gecko; compatible; GPTBot/1.2; +https://openai.com/gptbot)"
66.249.78.41 - - [18/Oct/2025:09:15:14 +0300] "GET /bat91?kg=26367 HTTP/1.1" 200 23869 "-" "Mozilla/5.0 (Linux; Android 6.0.1; Nexus 5X Build/MMB29P) AppleWebKit/537.36 (KHTML, like Gecko) Chrome/140.0.7339.207 Mobile Safari/537.36 (compatible; GoogleOther)"
20.171.207.126 - - [18/Oct/2025:09:15:16 +0300] "GET /search.php?products/144bg33774 HTTP/1.1" 403 4896 "-" "Mozilla/5.0 AppleWebKit/537.36 (KHTML, like Gecko; compatible; GPTBot/1.2; +https://openai.com/gptbot)"
66.249.75.37 - - [18/Oct/2025:09:15:16 +0300] "GET /squeeze199?kg=11853 HTTP/1.1" 200 24749 "-" "Mozilla/5.0 (Linux; Android 6.0.1; Nexus 5X Build/MMB29P) AppleWebKit/537.36 (KHTML, like Gecko) Chrome/140.0.7339.207 Mobile Safari/537.36 (compatible; Googlebot/2.1; +http://www.google.com/bot.html)"
66.249.75.37 - - [18/Oct/2025:09:15:21 +0300] "GET /abuse113?kg=45371 HTTP/1.1" 200 4148 "-" "Mozilla/5.0 (Linux; Android 6.0.1; Nexus 5X Build/MMB29P) AppleWebKit/537.36 (KHTML, like Gecko) Chrome/140.0.7339.207 Mobile Safari/537.36 (compatible; GoogleOther)"
20.171.207.126 - - [18/Oct/2025:09:15:26 +0300] "GET /search.php?products/223za46649 HTTP/1.1" 403 4896 "-" "Mozilla/5.0 AppleWebKit/537.36 (KHTML, like Gecko; compatible; GPTBot/1.2; +https://openai.com/gptbot)"
66.249.75.37 - - [18/Oct/2025:09:15:27 +0300] "GET /goodscode/1068891205.htm HTTP/1.1" 200 23750 "-" "Mozilla/5.0 (Linux; Android 6.0.1; Nexus 5X Build/MMB29P) AppleWebKit/537.36 (KHTML, like Gecko) Chrome/140.0.7339.207 Mobile Safari/537.36 (compatible; Googlebot/2.1; +http://www.google.com/bot.html)"
66.249.78.41 - - [18/Oct/2025:09:15:29 +0300] "GET /vendor271?kg=15509 HTTP/1.1" 200 30072 "-" "Mozilla/5.0 (Linux; Android 6.0.1; Nexus 5X Build/MMB29P) AppleWebKit/537.36 (KHTML, like Gecko) Chrome/140.0.7339.207 Mobile Safari/537.36 (compatible; GoogleOther)"
66.249.69.194 - - [18/Oct/2025:09:15:32 +0300] "GET /?i=111654813 HTTP/1.1" 200 24305 "-" "Mozilla/5.0 (Linux; Android 6.0.1; Nexus 5X Build/MMB29P) AppleWebKit/537.36 (KHTML, like Gecko) Chrome/140.0.7339.207 Mobile Safari/537.36 (compatible; Googlebot/2.1; +http://www.google.com/bot.html)"
66.249.69.193 - - [18/Oct/2025:09:15:35 +0300] "GET /?i=475855513 HTTP/1.1" 200 29597 "-" "Mozilla/5.0 (Linux; Android 6.0.1; Nexus 5X Build/MMB29P) AppleWebKit/537.36 (KHTML, like Gecko) Chrome/140.0.7339.207 Mobile Safari/537.36 (compatible; Googlebot/2.1; +http://www.google.com/bot.html)"
20.171.207.126 - - [18/Oct/2025:09:15:36 +0300] "GET /search.php?products/153hr46929 HTTP/1.1" 403 4896 "-" "Mozilla/5.0 AppleWebKit/537.36 (KHTML, like Gecko; compatible; GPTBot/1.2; +https://openai.com/gptbot)"
66.249.69.192 - - [18/Oct/2025:09:15:36 +0300] "GET /?i=67366313 HTTP/1.1" 200 24458 "-" "Mozilla/5.0 (Linux; Android 6.0.1; Nexus 5X Build/MMB29P) AppleWebKit/537.36 (KHTML, like Gecko) Chrome/140.0.7339.207 Mobile Safari/537.36 (compatible; Googlebot/2.1; +http://www.google.com/bot.html)"
66.249.75.37 - - [18/Oct/2025:09:15:38 +0300] "GET /bike176?kg=38072 HTTP/1.1" 200 23804 "-" "Mozilla/5.0 (Linux; Android 6.0.1; Nexus 5X Build/MMB29P) AppleWebKit/537.36 (KHTML, like Gecko) Chrome/140.0.7339.207 Mobile Safari/537.36 (compatible; Googlebot/2.1; +http://www.google.com/bot.html)"
66.249.75.37 - - [18/Oct/2025:09:15:39 +0300] "GET /m96564230204 HTTP/1.1" 200 23819 "-" "Mozilla/5.0 (Linux; Android 6.0.1; Nexus 5X Build/MMB29P) AppleWebKit/537.36 (KHTML, like Gecko) Chrome/140.0.7339.207 Mobile Safari/537.36 (compatible; GoogleOther)"
66.249.78.41 - - [18/Oct/2025:09:15:41 +0300] "GET /east224?kg=48106 HTTP/1.1" 200 24581 "-" "Mozilla/5.0 (Linux; Android 6.0.1; Nexus 5X Build/MMB29P) AppleWebKit/537.36 (KHTML, like Gecko) Chrome/140.0.7339.207 Mobile Safari/537.36 (compatible; Googlebot/2.1; +http://www.google.com/bot.html)"
66.249.75.37 - - [18/Oct/2025:09:15:43 +0300] "GET /length50?kg=12956 HTTP/1.1" 200 21185 "-" "Mozilla/5.0 (Linux; Android 6.0.1; Nexus 5X Build/MMB29P) AppleWebKit/537.36 (KHTML, like Gecko) Chrome/140.0.7339.207 Mobile Safari/537.36 (compatible; Googlebot/2.1; +http://www.google.com/bot.html)"
20.171.207.126 - - [18/Oct/2025:09:15:46 +0300] "GET /search.php?products/210wp39938 HTTP/1.1" 403 4896 "-" "Mozilla/5.0 AppleWebKit/537.36 (KHTML, like Gecko; compatible; GPTBot/1.2; +https://openai.com/gptbot)"
40.77.167.35 - - [18/Oct/2025:09:15:48 +0300] "GET /goodscode/116181753.htm HTTP/1.1" 200 4210 "-" "Mozilla/5.0 AppleWebKit/537.36 (KHTML, like Gecko; compatible; bingbot/2.0; +http://www.bing.com/bingbot.htm) Chrome/116.0.1938.76 Safari/537.36"
66.249.75.37 - - [18/Oct/2025:09:15:49 +0300] "GET /damn284?kg=2322 HTTP/1.1" 200 24059 "-" "Mozilla/5.0 (Linux; Android 6.0.1; Nexus 5X Build/MMB29P) AppleWebKit/537.36 (KHTML, like Gecko) Chrome/140.0.7339.207 Mobile Safari/537.36 (compatible; GoogleOther)"
66.249.78.41 - - [18/Oct/2025:09:15:53 +0300] "GET /aspect126?kg=6528 HTTP/1.1" 200 23973 "-" "Mozilla/5.0 (Linux; Android 6.0.1; Nexus 5X Build/MMB29P) AppleWebKit/537.36 (KHTML, like Gecko) Chrome/140.0.7339.207 Mobile Safari/537.36 (compatible; Googlebot/2.1; +http://www.google.com/bot.html)"
66.249.75.37 - - [18/Oct/2025:09:15:54 +0300] "GET /drill15?kg=10845 HTTP/1.1" 200 19631 "-" "Mozilla/5.0 (Linux; Android 6.0.1; Nexus 5X Build/MMB29P) AppleWebKit/537.36 (KHTML, like Gecko) Chrome/140.0.7339.207 Mobile Safari/537.36 (compatible; GoogleOther)"
66.249.75.37 - - [18/Oct/2025:09:15:55 +0300] "GET /impressive166?kg=48244 HTTP/1.1" 200 23593 "-" "Mozilla/5.0 (Linux; Android 6.0.1; Nexus 5X Build/MMB29P) AppleWebKit/537.36 (KHTML, like Gecko) Chrome/140.0.7339.207 Mobile Safari/537.36 (compatible; Googlebot/2.1; +http://www.google.com/bot.html)"
20.171.207.126 - - [18/Oct/2025:09:15:56 +0300] "GET /search.php?products/143qc38149 HTTP/1.1" 403 4896 "-" "Mozilla/5.0 AppleWebKit/537.36 (KHTML, like Gecko; compatible; GPTBot/1.2; +https://openai.com/gptbot)"
66.249.75.37 - - [18/Oct/2025:09:16:02 +0300] "GET /yesterday216?kg=7116 HTTP/1.1" 200 23844 "-" "Mozilla/5.0 (Linux; Android 6.0.1; Nexus 5X Build/MMB29P) AppleWebKit/537.36 (KHTML, like Gecko) Chrome/140.0.7339.207 Mobile Safari/537.36 (compatible; GoogleOther)"
20.171.207.126 - - [18/Oct/2025:09:16:07 +0300] "GET /search.php?products/159ff33259 HTTP/1.1" 403 4896 "-" "Mozilla/5.0 AppleWebKit/537.36 (KHTML, like Gecko; compatible; GPTBot/1.2; +https://openai.com/gptbot)"
66.249.75.37 - - [18/Oct/2025:09:16:07 +0300] "GET /?pid=23392591440&channel=era-speak-jazz&cate_id=3040&page=https://www.ilgazhavalandirma.com.tr/api.do?lot127?kg=44383 HTTP/1.1" 200 25007 "-" "Mozilla/5.0 (Linux; Android 6.0.1; Nexus 5X Build/MMB29P) AppleWebKit/537.36 (KHTML, like Gecko) Chrome/140.0.7339.207 Mobile Safari/537.36 (compatible; Googlebot/2.1; +http://www.google.com/bot.html)"
52.167.144.141 - - [18/Oct/2025:09:16:11 +0300] "GET /goodscode/707184289.htm HTTP/1.1" 200 4210 "-" "Mozilla/5.0 AppleWebKit/537.36 (KHTML, like Gecko; compatible; bingbot/2.0; +http://www.bing.com/bingbot.htm) Chrome/116.0.1938.76 Safari/537.36"
66.249.78.41 - - [18/Oct/2025:09:16:10 +0300] "GET /shortage155?kg=18727 HTTP/1.1" 200 23828 "-" "Mozilla/5.0 (Linux; Android 6.0.1; Nexus 5X Build/MMB29P) AppleWebKit/537.36 (KHTML, like Gecko) Chrome/140.0.7339.207 Mobile Safari/537.36 (compatible; GoogleOther)"
66.249.78.41 - - [18/Oct/2025:09:16:12 +0300] "GET /goodscode/465439410.htm HTTP/1.1" 200 23724 "-" "Mozilla/5.0 (Linux; Android 6.0.1; Nexus 5X Build/MMB29P) AppleWebKit/537.36 (KHTML, like Gecko) Chrome/140.0.7339.207 Mobile Safari/537.36 (compatible; Googlebot/2.1; +http://www.google.com/bot.html)"
69.197.179.242 - - [18/Oct/2025:09:14:49 +0300] "GET /wp-content/plb24578/index.php?id=241605 HTTP/1.1" 200 4094 "https://ilgazhavalandirma.com.tr/wp-content/plb24578/index.php?id=241605" "Mozilla/5.0 (Windows NT 10.0; Win64; x64) AppleWebKit/537.36 (KHTML, like Gecko) Chrome/58.0.3029.110 Safari/537.3"
114.119.136.249 - - [18/Oct/2025:09:16:16 +0300] "GET /super78?kg=3664 HTTP/1.1" 200 8779 "https://ilgazhavalandirma.com.tr/?sitemap191.xml" "Mozilla/5.0 (Linux; Android 7.0;) AppleWebKit/537.36 (KHTML, like Gecko) Mobile Safari/537.36 (compatible; PetalBot;+https://webmaster.petalsearch.com/site/petalbot)"
20.171.207.126 - - [18/Oct/2025:09:16:17 +0300] "GET /search.php?products/269si32127 HTTP/1.1" 403 4896 "-" "Mozilla/5.0 AppleWebKit/537.36 (KHTML, like Gecko; compatible; GPTBot/1.2; +https://openai.com/gptbot)"
66.249.75.37 - - [18/Oct/2025:09:16:17 +0300] "GET /tribal257?kg=31931 HTTP/1.1" 200 29772 "-" "Mozilla/5.0 (Linux; Android 6.0.1; Nexus 5X Build/MMB29P) AppleWebKit/537.36 (KHTML, like Gecko) Chrome/140.0.7339.207 Mobile Safari/537.36 (compatible; GoogleOther)"
66.249.75.37 - - [18/Oct/2025:09:16:18 +0300] "GET /ordinary19?kg=43891 HTTP/1.1" 200 23595 "-" "Mozilla/5.0 (Linux; Android 6.0.1; Nexus 5X Build/MMB29P) AppleWebKit/537.36 (KHTML, like Gecko) Chrome/140.0.7339.207 Mobile Safari/537.36 (compatible; Googlebot/2.1; +http://www.google.com/bot.html)"
66.249.75.37 - - [18/Oct/2025:09:16:23 +0300] "GET /top189?kg=32455 HTTP/1.1" 200 23691 "-" "Mozilla/5.0 (Linux; Android 6.0.1; Nexus 5X Build/MMB29P) AppleWebKit/537.36 (KHTML, like Gecko) Chrome/140.0.7339.207 Mobile Safari/537.36 (compatible; GoogleOther)"
20.171.207.126 - - [18/Oct/2025:09:16:27 +0300] "GET /search.php?products/272qw34434 HTTP/1.1" 403 4896 "-" "Mozilla/5.0 AppleWebKit/537.36 (KHTML, like Gecko; compatible; GPTBot/1.2; +https://openai.com/gptbot)"
66.249.75.37 - - [18/Oct/2025:09:16:27 +0300] "GET /review66?kg=38058 HTTP/1.1" 200 23624 "-" "Mozilla/5.0 (Linux; Android 6.0.1; Nexus 5X Build/MMB29P) AppleWebKit/537.36 (KHTML, like Gecko) Chrome/140.0.7339.207 Mobile Safari/537.36 (compatible; Googlebot/2.1; +http://www.google.com/bot.html)"
66.249.75.37 - - [18/Oct/2025:09:16:33 +0300] "GET /tolerance25?kg=8261 HTTP/1.1" 200 23712 "-" "Mozilla/5.0 (Linux; Android 6.0.1; Nexus 5X Build/MMB29P) AppleWebKit/537.36 (KHTML, like Gecko) Chrome/140.0.7339.207 Mobile Safari/537.36 (compatible; GoogleOther)"
66.249.69.194 - - [18/Oct/2025:09:16:36 +0300] "GET /goodscode/333023317.htm HTTP/1.1" 200 28624 "-" "Mozilla/5.0 (Linux; Android 6.0.1; Nexus 5X Build/MMB29P) AppleWebKit/537.36 (KHTML, like Gecko) Chrome/140.0.7339.207 Mobile Safari/537.36 (compatible; Googlebot/2.1; +http://www.google.com/bot.html)"
20.171.207.126 - - [18/Oct/2025:09:16:38 +0300] "GET /search.php?products/200wp46994 HTTP/1.1" 403 4896 "-" "Mozilla/5.0 AppleWebKit/537.36 (KHTML, like Gecko; compatible; GPTBot/1.2; +https://openai.com/gptbot)"
66.249.75.37 - - [18/Oct/2025:09:16:38 +0300] "GET /alcohol227?kg=10403 HTTP/1.1" 200 24040 "-" "Mozilla/5.0 (Linux; Android 6.0.1; Nexus 5X Build/MMB29P) AppleWebKit/537.36 (KHTML, like Gecko) Chrome/140.0.7339.207 Mobile Safari/537.36 (compatible; Googlebot/2.1; +http://www.google.com/bot.html)"
66.249.75.37 - - [18/Oct/2025:09:16:40 +0300] "GET /big4?kg=7392 HTTP/1.1" 200 28268 "-" "Mozilla/5.0 (Linux; Android 6.0.1; Nexus 5X Build/MMB29P) AppleWebKit/537.36 (KHTML, like Gecko) Chrome/140.0.7339.207 Mobile Safari/537.36 (compatible; GoogleOther)"
20.171.207.126 - - [18/Oct/2025:09:16:49 +0300] "GET /search.php?products/199gk20993 HTTP/1.1" 403 4896 "-" "Mozilla/5.0 AppleWebKit/537.36 (KHTML, like Gecko; compatible; GPTBot/1.2; +https://openai.com/gptbot)"
