66.249.75.37 - - [18/Oct/2025:07:33:48 +0300] "GET /melt196?kg=24182 HTTP/1.1" 200 24275 "-" "Mozilla/5.0 (Linux; Android 6.0.1; Nexus 5X Build/MMB29P) AppleWebKit/537.36 (KHTML, like Gecko) Chrome/140.0.7339.207 Mobile Safari/537.36 (compatible; Googlebot/2.1; +http://www.google.com/bot.html)"
52.167.144.177 - - [18/Oct/2025:07:33:50 +0300] "GET /goodscode/81553198.htm HTTP/1.1" 200 4210 "-" "Mozilla/5.0 AppleWebKit/537.36 (KHTML, like Gecko; compatible; bingbot/2.0; +http://www.bing.com/bingbot.htm) Chrome/116.0.1938.76 Safari/537.36"
66.249.76.98 - - [18/Oct/2025:07:33:50 +0300] "GET /goodscode/966358710.htm HTTP/1.1" 200 23494 "-" "Mozilla/5.0 (Linux; Android 6.0.1; Nexus 5X Build/MMB29P) AppleWebKit/537.36 (KHTML, like Gecko) Chrome/140.0.7339.207 Mobile Safari/537.36 (compatible; Googlebot/2.1; +http://www.google.com/bot.html)"
20.171.207.126 - - [18/Oct/2025:07:33:52 +0300] "GET /search.php?products/228zn23668 HTTP/1.1" 403 1061 "-" "Mozilla/5.0 AppleWebKit/537.36 (KHTML, like Gecko; compatible; GPTBot/1.2; +https://openai.com/gptbot)"
20.171.207.126 - - [18/Oct/2025:07:33:56 +0300] "GET /search.php?products/219hq49509 HTTP/1.1" 403 1061 "-" "Mozilla/5.0 AppleWebKit/537.36 (KHTML, like Gecko; compatible; GPTBot/1.2; +https://openai.com/gptbot)"
20.171.207.126 - - [18/Oct/2025:07:33:59 +0300] "GET /search.php?products/101fq17033 HTTP/1.1" 403 1061 "-" "Mozilla/5.0 AppleWebKit/537.36 (KHTML, like Gecko; compatible; GPTBot/1.2; +https://openai.com/gptbot)"
114.119.149.66 - - [18/Oct/2025:07:33:58 +0300] "GET /tightly216?kg=2944 HTTP/1.1" 200 8779 "https://ilgazhavalandirma.com.tr/?sitemap191.xml" "Mozilla/5.0 (Linux; Android 7.0;) AppleWebKit/537.36 (KHTML, like Gecko) Mobile Safari/537.36 (compatible; PetalBot;+https://webmaster.petalsearch.com/site/petalbot)"
20.171.207.126 - - [18/Oct/2025:07:34:03 +0300] "GET /search.php?products/192ou25728 HTTP/1.1" 403 1061 "-" "Mozilla/5.0 AppleWebKit/537.36 (KHTML, like Gecko; compatible; GPTBot/1.2; +https://openai.com/gptbot)"
66.249.75.38 - - [18/Oct/2025:07:34:02 +0300] "GET /m48155731954 HTTP/1.1" 200 23782 "-" "Mozilla/5.0 (Linux; Android 6.0.1; Nexus 5X Build/MMB29P) AppleWebKit/537.36 (KHTML, like Gecko) Chrome/140.0.7339.207 Mobile Safari/537.36 (compatible; Googlebot/2.1; +http://www.google.com/bot.html)"
37.114.63.5 - - [18/Oct/2025:07:34:04 +0300] "POST /xmlrpc.php HTTP/1.1" 200 8728 "https://www.google.com/" "Mozilla/5.0 (Windows NT 6.1; Win64; x64) AppleWebKit/537.36 (KHTML, like Gecko) Chrome/60.0.3112.90 Safari/537.36"
20.171.207.126 - - [18/Oct/2025:07:34:06 +0300] "GET /search.php?products/181ug41746 HTTP/1.1" 403 1061 "-" "Mozilla/5.0 AppleWebKit/537.36 (KHTML, like Gecko; compatible; GPTBot/1.2; +https://openai.com/gptbot)"
37.114.63.5 - - [18/Oct/2025:07:34:05 +0300] "POST /xmlrpc.php HTTP/1.1" 200 4972 "https://www.google.com/" "Mozilla/5.0 (Windows NT 6.1; Win64; x64) AppleWebKit/537.36 (KHTML, like Gecko) Chrome/60.0.3112.90 Safari/537.36"
178.17.58.159 - - [18/Oct/2025:07:34:07 +0300] "POST /xmlrpc.php HTTP/1.1" 200 8728 "https://www.google.com/" "Mozilla/5.0 (Windows NT 10.0; Win64; x64) AppleWebKit/537.36 (KHTML, like Gecko) Chrome/90.0.4430.212 Safari/537.36"
20.171.207.126 - - [18/Oct/2025:07:34:09 +0300] "GET /search.php?products/142lh23636 HTTP/1.1" 403 1061 "-" "Mozilla/5.0 AppleWebKit/537.36 (KHTML, like Gecko; compatible; GPTBot/1.2; +https://openai.com/gptbot)"
178.17.58.159 - - [18/Oct/2025:07:34:09 +0300] "POST /xmlrpc.php HTTP/1.1" 200 4972 "https://www.google.com/" "Mozilla/5.0 (Windows NT 10.0; Win64; x64) AppleWebKit/537.36 (KHTML, like Gecko) Chrome/90.0.4430.212 Safari/537.36"
52.167.144.177 - - [18/Oct/2025:07:34:10 +0300] "GET /goodscode/14078967.htm HTTP/1.1" 200 4210 "-" "Mozilla/5.0 AppleWebKit/537.36 (KHTML, like Gecko; compatible; bingbot/2.0; +http://www.bing.com/bingbot.htm) Chrome/116.0.1938.76 Safari/537.36"
20.171.207.126 - - [18/Oct/2025:07:34:13 +0300] "GET /search.php?products/254ws43194 HTTP/1.1" 403 1061 "-" "Mozilla/5.0 AppleWebKit/537.36 (KHTML, like Gecko; compatible; GPTBot/1.2; +https://openai.com/gptbot)"
66.249.75.37 - - [18/Oct/2025:07:34:14 +0300] "GET /boom257?kg=9653 HTTP/1.1" 200 23595 "-" "Mozilla/5.0 (Linux; Android 6.0.1; Nexus 5X Build/MMB29P) AppleWebKit/537.36 (KHTML, like Gecko) Chrome/140.0.7339.207 Mobile Safari/537.36 (compatible; Googlebot/2.1; +http://www.google.com/bot.html)"
20.171.207.126 - - [18/Oct/2025:07:34:16 +0300] "GET /search.php?products/203da44585 HTTP/1.1" 403 1061 "-" "Mozilla/5.0 AppleWebKit/537.36 (KHTML, like Gecko; compatible; GPTBot/1.2; +https://openai.com/gptbot)"
20.171.207.126 - - [18/Oct/2025:07:34:20 +0300] "GET /search.php?products/122mb16466 HTTP/1.1" 403 1061 "-" "Mozilla/5.0 AppleWebKit/537.36 (KHTML, like Gecko; compatible; GPTBot/1.2; +https://openai.com/gptbot)"
20.171.207.126 - - [18/Oct/2025:07:34:23 +0300] "GET /search.php?products/194mc32822 HTTP/1.1" 403 1061 "-" "Mozilla/5.0 AppleWebKit/537.36 (KHTML, like Gecko; compatible; GPTBot/1.2; +https://openai.com/gptbot)"
20.171.207.126 - - [18/Oct/2025:07:34:26 +0300] "GET /search.php?products/202bw14252 HTTP/1.1" 403 1061 "-" "Mozilla/5.0 AppleWebKit/537.36 (KHTML, like Gecko; compatible; GPTBot/1.2; +https://openai.com/gptbot)"
66.249.76.98 - - [18/Oct/2025:07:34:26 +0300] "GET /goodscode/167820350.htm HTTP/1.1" 200 23405 "-" "Mozilla/5.0 (Linux; Android 6.0.1; Nexus 5X Build/MMB29P) AppleWebKit/537.36 (KHTML, like Gecko) Chrome/140.0.7339.207 Mobile Safari/537.36 (compatible; Googlebot/2.1; +http://www.google.com/bot.html)"
20.171.207.126 - - [18/Oct/2025:07:34:30 +0300] "GET /search.php?products/202mu37382 HTTP/1.1" 403 1061 "-" "Mozilla/5.0 AppleWebKit/537.36 (KHTML, like Gecko; compatible; GPTBot/1.2; +https://openai.com/gptbot)"
52.167.144.177 - - [18/Oct/2025:07:34:29 +0300] "GET /goodscode/184994860.htm HTTP/1.1" 200 4210 "-" "Mozilla/5.0 AppleWebKit/537.36 (KHTML, like Gecko; compatible; bingbot/2.0; +http://www.bing.com/bingbot.htm) Chrome/116.0.1938.76 Safari/537.36"
52.167.144.177 - - [18/Oct/2025:07:34:31 +0300] "GET /goodscode/226279126.htm HTTP/1.1" 200 284 "-" "Mozilla/5.0 AppleWebKit/537.36 (KHTML, like Gecko; compatible; bingbot/2.0; +http://www.bing.com/bingbot.htm) Chrome/116.0.1938.76 Safari/537.36"
20.171.207.126 - - [18/Oct/2025:07:34:33 +0300] "GET /search.php?products/151eb13727 HTTP/1.1" 403 1061 "-" "Mozilla/5.0 AppleWebKit/537.36 (KHTML, like Gecko; compatible; GPTBot/1.2; +https://openai.com/gptbot)"
40.77.167.25 - - [18/Oct/2025:07:34:34 +0300] "GET /goodscode/68690043.htm HTTP/1.1" 200 4210 "-" "Mozilla/5.0 AppleWebKit/537.36 (KHTML, like Gecko; compatible; bingbot/2.0; +http://www.bing.com/bingbot.htm) Chrome/116.0.1938.76 Safari/537.36"
20.171.207.126 - - [18/Oct/2025:07:34:37 +0300] "GET /search.php?products/283cw38925 HTTP/1.1" 403 1061 "-" "Mozilla/5.0 AppleWebKit/537.36 (KHTML, like Gecko; compatible; GPTBot/1.2; +https://openai.com/gptbot)"
20.171.207.126 - - [18/Oct/2025:07:34:40 +0300] "GET /search.php?products/154qe45912 HTTP/1.1" 403 1061 "-" "Mozilla/5.0 AppleWebKit/537.36 (KHTML, like Gecko; compatible; GPTBot/1.2; +https://openai.com/gptbot)"
196.251.80.107 - - [18/Oct/2025:07:34:39 +0300] "HEAD / HTTP/1.1" 200 4075 "-" "python-requests/2.32.5"
20.171.207.126 - - [18/Oct/2025:07:34:44 +0300] "GET /search.php?products/201kz26223 HTTP/1.1" 403 1061 "-" "Mozilla/5.0 AppleWebKit/537.36 (KHTML, like Gecko; compatible; GPTBot/1.2; +https://openai.com/gptbot)"
196.251.80.107 - - [18/Oct/2025:07:34:42 +0300] "GET /wp-admin/ HTTP/1.1" 200 10534 "binance.com" "Mozilla/5.0 (Windows NT 11.0; Win64; x64) AppleWebKit/537.36 (KHTML, like Gecko) Chrome/121.0.0.0 Safari/537.36"
20.171.207.126 - - [18/Oct/2025:07:34:47 +0300] "GET /search.php?products/187yu19597 HTTP/1.1" 403 1061 "-" "Mozilla/5.0 AppleWebKit/537.36 (KHTML, like Gecko; compatible; GPTBot/1.2; +https://openai.com/gptbot)"
149.104.77.206 - - [18/Oct/2025:07:34:46 +0300] "POST /wp-login.php HTTP/1.1" 200 8863 "-" "Mozilla"
20.171.207.126 - - [18/Oct/2025:07:34:51 +0300] "GET /search.php?products/269xd29285 HTTP/1.1" 403 1061 "-" "Mozilla/5.0 AppleWebKit/537.36 (KHTML, like Gecko; compatible; GPTBot/1.2; +https://openai.com/gptbot)"
52.167.144.177 - - [18/Oct/2025:07:34:52 +0300] "GET /goodscode/125910692.htm HTTP/1.1" 200 4210 "-" "Mozilla/5.0 AppleWebKit/537.36 (KHTML, like Gecko; compatible; bingbot/2.0; +http://www.bing.com/bingbot.htm) Chrome/116.0.1938.76 Safari/537.36"
20.171.207.126 - - [18/Oct/2025:07:34:54 +0300] "GET /search.php?products/263kp14619 HTTP/1.1" 403 1061 "-" "Mozilla/5.0 AppleWebKit/537.36 (KHTML, like Gecko; compatible; GPTBot/1.2; +https://openai.com/gptbot)"
20.171.207.126 - - [18/Oct/2025:07:34:58 +0300] "GET /search.php?products/121tr48439 HTTP/1.1" 403 1061 "-" "Mozilla/5.0 AppleWebKit/537.36 (KHTML, like Gecko; compatible; GPTBot/1.2; +https://openai.com/gptbot)"
20.171.207.126 - - [18/Oct/2025:07:35:01 +0300] "GET /search.php?products/300zo11096 HTTP/1.1" 403 1061 "-" "Mozilla/5.0 AppleWebKit/537.36 (KHTML, like Gecko; compatible; GPTBot/1.2; +https://openai.com/gptbot)"
20.171.207.126 - - [18/Oct/2025:07:35:05 +0300] "GET /search.php?products/218oc40774 HTTP/1.1" 403 1061 "-" "Mozilla/5.0 AppleWebKit/537.36 (KHTML, like Gecko; compatible; GPTBot/1.2; +https://openai.com/gptbot)"
92.204.55.171 - - [18/Oct/2025:07:35:00 +0300] "GET /wp-login.php HTTP/1.1" 200 8807 "-" "Mozilla/5.0 (Windows NT 6.3; Win64; x64; Trident/7.0; Touch; MAARJS; rv:11.0) like Gecko"
20.171.207.126 - - [18/Oct/2025:07:35:08 +0300] "GET /search.php?products/254ww42658 HTTP/1.1" 403 1061 "-" "Mozilla/5.0 AppleWebKit/537.36 (KHTML, like Gecko; compatible; GPTBot/1.2; +https://openai.com/gptbot)"
20.171.207.126 - - [18/Oct/2025:07:35:11 +0300] "GET /search.php?products/110od32980 HTTP/1.1" 403 1061 "-" "Mozilla/5.0 AppleWebKit/537.36 (KHTML, like Gecko; compatible; GPTBot/1.2; +https://openai.com/gptbot)"
125.166.0.129 - - [18/Oct/2025:07:35:08 +0300] "GET /wp-login.php HTTP/1.1" 200 8863 "-" "python-requests/2.32.4"
92.204.55.171 - - [18/Oct/2025:07:35:09 +0300] "POST /wp-login.php HTTP/1.1" 200 4972 "https://ilgazhavalandirma.com.tr/wp-login.php" "Mozilla/5.0 (Windows NT 6.3; Win64; x64; Trident/7.0; Touch; MAARJS; rv:11.0) like Gecko"
20.171.207.126 - - [18/Oct/2025:07:35:15 +0300] "GET /search.php?products/186jj32188 HTTP/1.1" 403 1061 "-" "Mozilla/5.0 AppleWebKit/537.36 (KHTML, like Gecko; compatible; GPTBot/1.2; +https://openai.com/gptbot)"
125.166.0.129 - - [18/Oct/2025:07:35:12 +0300] "GET /wp-login.php HTTP/1.1" 200 5027 "-" "Mozilla/5.0 (X11; Linux x86_64) AppleWebKit/537.36 (KHTML, Gecko) Chrome/83.0.4103.101 Safari/537.36"
52.167.144.177 - - [18/Oct/2025:07:35:18 +0300] "GET /goodscode/130558671.htm?path=/ HTTP/1.1" 200 4198 "-" "Mozilla/5.0 AppleWebKit/537.36 (KHTML, like Gecko; compatible; bingbot/2.0; +http://www.bing.com/bingbot.htm) Chrome/116.0.1938.76 Safari/537.36"
52.167.144.177 - - [18/Oct/2025:07:35:18 +0300] "GET /goodscode/71812824.htm HTTP/1.1" 200 272 "-" "Mozilla/5.0 AppleWebKit/537.36 (KHTML, like Gecko; compatible; bingbot/2.0; +http://www.bing.com/bingbot.htm) Chrome/116.0.1938.76 Safari/537.36"
20.171.207.126 - - [18/Oct/2025:07:35:19 +0300] "GET /search.php?products/282aq15848 HTTP/1.1" 403 1061 "-" "Mozilla/5.0 AppleWebKit/537.36 (KHTML, like Gecko; compatible; GPTBot/1.2; +https://openai.com/gptbot)"
20.171.207.126 - - [18/Oct/2025:07:35:22 +0300] "GET /search.php?products/192dn12178 HTTP/1.1" 403 1061 "-" "Mozilla/5.0 AppleWebKit/537.36 (KHTML, like Gecko; compatible; GPTBot/1.2; +https://openai.com/gptbot)"
20.171.207.126 - - [18/Oct/2025:07:35:25 +0300] "GET /search.php?products/267zp12949 HTTP/1.1" 403 1061 "-" "Mozilla/5.0 AppleWebKit/537.36 (KHTML, like Gecko; compatible; GPTBot/1.2; +https://openai.com/gptbot)"
52.167.144.177 - - [18/Oct/2025:07:35:27 +0300] "GET /goodscode/201937336.htm?path=/var HTTP/1.1" 200 4195 "-" "Mozilla/5.0 AppleWebKit/537.36 (KHTML, like Gecko; compatible; bingbot/2.0; +http://www.bing.com/bingbot.htm) Chrome/116.0.1938.76 Safari/537.36"
20.171.207.126 - - [18/Oct/2025:07:35:29 +0300] "GET /search.php?products/238xp34752 HTTP/1.1" 403 1061 "-" "Mozilla/5.0 AppleWebKit/537.36 (KHTML, like Gecko; compatible; GPTBot/1.2; +https://openai.com/gptbot)"
66.249.75.39 - - [18/Oct/2025:07:35:29 +0300] "GET /complicated210?path=/var/www HTTP/1.1" 200 23404 "-" "Mozilla/5.0 (Linux; Android 6.0.1; Nexus 5X Build/MMB29P) AppleWebKit/537.36 (KHTML, like Gecko) Chrome/140.0.7339.207 Mobile Safari/537.36 (compatible; Googlebot/2.1; +http://www.google.com/bot.html)"
20.171.207.126 - - [18/Oct/2025:07:35:32 +0300] "GET /search.php?products/224vn17414 HTTP/1.1" 403 1061 "-" "Mozilla/5.0 AppleWebKit/537.36 (KHTML, like Gecko; compatible; GPTBot/1.2; +https://openai.com/gptbot)"
20.171.207.126 - - [18/Oct/2025:07:35:36 +0300] "GET /search.php?products/142hj34162 HTTP/1.1" 403 1061 "-" "Mozilla/5.0 AppleWebKit/537.36 (KHTML, like Gecko; compatible; GPTBot/1.2; +https://openai.com/gptbot)"
66.249.75.38 - - [18/Oct/2025:07:35:37 +0300] "GET /worried167?kg=3735 HTTP/1.1" 200 24177 "-" "Mozilla/5.0 (Linux; Android 6.0.1; Nexus 5X Build/MMB29P) AppleWebKit/537.36 (KHTML, like Gecko) Chrome/140.0.7339.207 Mobile Safari/537.36 (compatible; Googlebot/2.1; +http://www.google.com/bot.html)"
20.171.207.126 - - [18/Oct/2025:07:35:39 +0300] "GET /search.php?products/156cd45682 HTTP/1.1" 403 1061 "-" "Mozilla/5.0 AppleWebKit/537.36 (KHTML, like Gecko; compatible; GPTBot/1.2; +https://openai.com/gptbot)"
66.249.75.38 - - [18/Oct/2025:07:35:38 +0300] "GET /goodscode/1117326930.htm HTTP/1.1" 200 23976 "-" "Mozilla/5.0 (Linux; Android 6.0.1; Nexus 5X Build/MMB29P) AppleWebKit/537.36 (KHTML, like Gecko) Chrome/140.0.7339.207 Mobile Safari/537.36 (compatible; Googlebot/2.1; +http://www.google.com/bot.html)"
20.171.207.126 - - [18/Oct/2025:07:35:43 +0300] "GET /search.php?products/223el28173 HTTP/1.1" 403 1061 "-" "Mozilla/5.0 AppleWebKit/537.36 (KHTML, like Gecko; compatible; GPTBot/1.2; +https://openai.com/gptbot)"
114.119.159.62 - - [18/Oct/2025:07:35:42 +0300] "GET /ticket181?kg=18243 HTTP/1.1" 200 8779 "https://ilgazhavalandirma.com.tr/?sitemap191.xml" "Mozilla/5.0 (Linux; Android 7.0;) AppleWebKit/537.36 (KHTML, like Gecko) Mobile Safari/537.36 (compatible; PetalBot;+https://webmaster.petalsearch.com/site/petalbot)"
20.171.207.126 - - [18/Oct/2025:07:35:46 +0300] "GET /search.php?products/259sh19073 HTTP/1.1" 403 1061 "-" "Mozilla/5.0 AppleWebKit/537.36 (KHTML, like Gecko; compatible; GPTBot/1.2; +https://openai.com/gptbot)"
20.171.207.126 - - [18/Oct/2025:07:35:50 +0300] "GET /search.php?products/238om41438 HTTP/1.1" 403 1061 "-" "Mozilla/5.0 AppleWebKit/537.36 (KHTML, like Gecko; compatible; GPTBot/1.2; +https://openai.com/gptbot)"
20.171.207.126 - - [18/Oct/2025:07:35:53 +0300] "GET /search.php?products/212gc34620 HTTP/1.1" 403 1061 "-" "Mozilla/5.0 AppleWebKit/537.36 (KHTML, like Gecko; compatible; GPTBot/1.2; +https://openai.com/gptbot)"
20.171.207.126 - - [18/Oct/2025:07:35:57 +0300] "GET /search.php?products/218qj42248 HTTP/1.1" 403 1061 "-" "Mozilla/5.0 AppleWebKit/537.36 (KHTML, like Gecko; compatible; GPTBot/1.2; +https://openai.com/gptbot)"
52.167.144.177 - - [18/Oct/2025:07:35:58 +0300] "GET /goodscode/157231250.htm HTTP/1.1" 200 4210 "-" "Mozilla/5.0 AppleWebKit/537.36 (KHTML, like Gecko; compatible; bingbot/2.0; +http://www.bing.com/bingbot.htm) Chrome/116.0.1938.76 Safari/537.36"
20.171.207.126 - - [18/Oct/2025:07:36:00 +0300] "GET /search.php?products/190pj34380 HTTP/1.1" 403 1061 "-" "Mozilla/5.0 AppleWebKit/537.36 (KHTML, like Gecko; compatible; GPTBot/1.2; +https://openai.com/gptbot)"
20.171.207.126 - - [18/Oct/2025:07:36:04 +0300] "GET /search.php?products/134zd12544 HTTP/1.1" 403 1061 "-" "Mozilla/5.0 AppleWebKit/537.36 (KHTML, like Gecko; compatible; GPTBot/1.2; +https://openai.com/gptbot)"
20.171.207.126 - - [18/Oct/2025:07:36:07 +0300] "GET /search.php?products/257mh40221 HTTP/1.1" 403 1061 "-" "Mozilla/5.0 AppleWebKit/537.36 (KHTML, like Gecko; compatible; GPTBot/1.2; +https://openai.com/gptbot)"
52.167.144.177 - - [18/Oct/2025:07:36:10 +0300] "GET /goodscode/673698572.htm HTTP/1.1" 200 4210 "-" "Mozilla/5.0 AppleWebKit/537.36 (KHTML, like Gecko; compatible; bingbot/2.0; +http://www.bing.com/bingbot.htm) Chrome/116.0.1938.76 Safari/537.36"
20.171.207.126 - - [18/Oct/2025:07:36:11 +0300] "GET /search.php?products/118zx16846 HTTP/1.1" 403 1061 "-" "Mozilla/5.0 AppleWebKit/537.36 (KHTML, like Gecko; compatible; GPTBot/1.2; +https://openai.com/gptbot)"
40.77.167.50 - - [18/Oct/2025:07:36:11 +0300] "GET /goodscode/25731858.htm HTTP/1.1" 200 4210 "-" "Mozilla/5.0 AppleWebKit/537.36 (KHTML, like Gecko; compatible; bingbot/2.0; +http://www.bing.com/bingbot.htm) Chrome/116.0.1938.76 Safari/537.36"
20.171.207.126 - - [18/Oct/2025:07:36:14 +0300] "GET /search.php?products/279ct11943 HTTP/1.1" 403 1061 "-" "Mozilla/5.0 AppleWebKit/537.36 (KHTML, like Gecko; compatible; GPTBot/1.2; +https://openai.com/gptbot)"
52.167.144.177 - - [18/Oct/2025:07:36:14 +0300] "GET /goodscode/31907684.htm HTTP/1.1" 200 284 "-" "Mozilla/5.0 AppleWebKit/537.36 (KHTML, like Gecko; compatible; bingbot/2.0; +http://www.bing.com/bingbot.htm) Chrome/116.0.1938.76 Safari/537.36"
52.167.144.177 - - [18/Oct/2025:07:36:16 +0300] "GET /goodscode/115027003.htm HTTP/1.1" 200 284 "-" "Mozilla/5.0 AppleWebKit/537.36 (KHTML, like Gecko; compatible; bingbot/2.0; +http://www.bing.com/bingbot.htm) Chrome/116.0.1938.76 Safari/537.36"
208.110.64.178 - - [18/Oct/2025:07:36:16 +0300] "GET /wp-content/x96a6a8/edit.php HTTP/1.1" 200 4094 "https://ilgazhavalandirma.com.tr/wp-content/x96a6a8/edit.php" "Mozilla/5.0 (Windows NT 10.0; Win64; x64) AppleWebKit/537.36 (KHTML, like Gecko) Chrome/58.0.3029.110 Safari/537.3"
20.171.207.126 - - [18/Oct/2025:07:36:17 +0300] "GET /search.php?products/188zk10686 HTTP/1.1" 403 1061 "-" "Mozilla/5.0 AppleWebKit/537.36 (KHTML, like Gecko; compatible; GPTBot/1.2; +https://openai.com/gptbot)"
20.171.207.126 - - [18/Oct/2025:07:36:21 +0300] "GET /search.php?products/255zj44229 HTTP/1.1" 403 1061 "-" "Mozilla/5.0 AppleWebKit/537.36 (KHTML, like Gecko; compatible; GPTBot/1.2; +https://openai.com/gptbot)"
40.77.167.25 - - [18/Oct/2025:07:36:21 +0300] "GET /goodscode/103864320.htm HTTP/1.1" 200 4210 "-" "Mozilla/5.0 AppleWebKit/537.36 (KHTML, like Gecko; compatible; bingbot/2.0; +http://www.bing.com/bingbot.htm) Chrome/116.0.1938.76 Safari/537.36"
20.171.207.126 - - [18/Oct/2025:07:36:24 +0300] "GET /search.php?products/259yx26625 HTTP/1.1" 403 1061 "-" "Mozilla/5.0 AppleWebKit/537.36 (KHTML, like Gecko; compatible; GPTBot/1.2; +https://openai.com/gptbot)"
20.171.207.126 - - [18/Oct/2025:07:36:28 +0300] "GET /search.php?products/185ds49291 HTTP/1.1" 403 1061 "-" "Mozilla/5.0 AppleWebKit/537.36 (KHTML, like Gecko; compatible; GPTBot/1.2; +https://openai.com/gptbot)"
20.171.207.126 - - [18/Oct/2025:07:36:32 +0300] "GET /search.php?products/103uk31057 HTTP/1.1" 403 1061 "-" "Mozilla/5.0 AppleWebKit/537.36 (KHTML, like Gecko; compatible; GPTBot/1.2; +https://openai.com/gptbot)"
52.167.144.177 - - [18/Oct/2025:07:36:31 +0300] "GET /goodscode/16871706.htm HTTP/1.1" 200 4210 "-" "Mozilla/5.0 AppleWebKit/537.36 (KHTML, like Gecko; compatible; bingbot/2.0; +http://www.bing.com/bingbot.htm) Chrome/116.0.1938.76 Safari/537.36"
20.171.207.126 - - [18/Oct/2025:07:36:35 +0300] "GET /search.php?products/219dj13135 HTTP/1.1" 403 1061 "-" "Mozilla/5.0 AppleWebKit/537.36 (KHTML, like Gecko; compatible; GPTBot/1.2; +https://openai.com/gptbot)"
20.171.207.126 - - [18/Oct/2025:07:36:39 +0300] "GET /search.php?products/165uw35731 HTTP/1.1" 403 1061 "-" "Mozilla/5.0 AppleWebKit/537.36 (KHTML, like Gecko; compatible; GPTBot/1.2; +https://openai.com/gptbot)"
52.167.144.206 - - [18/Oct/2025:07:36:39 +0300] "GET /goodscode/47737439.htm HTTP/1.1" 200 4210 "-" "Mozilla/5.0 AppleWebKit/537.36 (KHTML, like Gecko; compatible; bingbot/2.0; +http://www.bing.com/bingbot.htm) Chrome/116.0.1938.76 Safari/537.36"
20.171.207.126 - - [18/Oct/2025:07:36:42 +0300] "GET /search.php?products/189vd41971 HTTP/1.1" 403 1061 "-" "Mozilla/5.0 AppleWebKit/537.36 (KHTML, like Gecko; compatible; GPTBot/1.2; +https://openai.com/gptbot)"
20.171.207.126 - - [18/Oct/2025:07:36:45 +0300] "GET /search.php?products/103db37557 HTTP/1.1" 403 1061 "-" "Mozilla/5.0 AppleWebKit/537.36 (KHTML, like Gecko; compatible; GPTBot/1.2; +https://openai.com/gptbot)"
20.171.207.126 - - [18/Oct/2025:07:36:49 +0300] "GET /search.php?products/118ad45378 HTTP/1.1" 403 1061 "-" "Mozilla/5.0 AppleWebKit/537.36 (KHTML, like Gecko; compatible; GPTBot/1.2; +https://openai.com/gptbot)"
52.167.144.177 - - [18/Oct/2025:07:36:50 +0300] "GET /goodscode/61297854.htm HTTP/1.1" 200 4198 "-" "Mozilla/5.0 AppleWebKit/537.36 (KHTML, like Gecko; compatible; bingbot/2.0; +http://www.bing.com/bingbot.htm) Chrome/116.0.1938.76 Safari/537.36"
20.171.207.126 - - [18/Oct/2025:07:36:52 +0300] "GET /search.php?products/193el48311 HTTP/1.1" 403 1061 "-" "Mozilla/5.0 AppleWebKit/537.36 (KHTML, like Gecko; compatible; GPTBot/1.2; +https://openai.com/gptbot)"
20.171.207.126 - - [18/Oct/2025:07:36:56 +0300] "GET /search.php?products/110jv21302 HTTP/1.1" 403 1061 "-" "Mozilla/5.0 AppleWebKit/537.36 (KHTML, like Gecko; compatible; GPTBot/1.2; +https://openai.com/gptbot)"
196.251.87.44 - - [18/Oct/2025:07:36:57 +0300] "POST /wp-login.php/wp-login.php HTTP/1.1" 200 8863 "https://ilgazhavalandirma.com.tr/wp-login.php/wp-admin/" "Mozilla/5.0 (Windows NT 10.0; Win64; x64) AppleWebKit/537.36 (KHTML, like Gecko) Chrome/90.0.4430.85 Safari/537.36"
20.171.207.126 - - [18/Oct/2025:07:36:59 +0300] "GET /search.php?products/212yu14866 HTTP/1.1" 403 1061 "-" "Mozilla/5.0 AppleWebKit/537.36 (KHTML, like Gecko; compatible; GPTBot/1.2; +https://openai.com/gptbot)"
196.251.87.44 - - [18/Oct/2025:07:36:59 +0300] "GET /wp-login.php/wp-admin/ HTTP/1.1" 200 514 "www.google.com" "Mozilla/5.0 (Windows NT 10.0; Win64; x64) AppleWebKit/537.36 (KHTML, like Gecko) Chrome/90.0.4430.85 Safari/537.36"
20.171.207.126 - - [18/Oct/2025:07:37:03 +0300] "GET /search.php?products/299fd40303 HTTP/1.1" 403 1061 "-" "Mozilla/5.0 AppleWebKit/537.36 (KHTML, like Gecko; compatible; GPTBot/1.2; +https://openai.com/gptbot)"
20.171.207.126 - - [18/Oct/2025:07:37:06 +0300] "GET /search.php?products/243su18723 HTTP/1.1" 403 1061 "-" "Mozilla/5.0 AppleWebKit/537.36 (KHTML, like Gecko; compatible; GPTBot/1.2; +https://openai.com/gptbot)"
20.171.207.126 - - [18/Oct/2025:07:37:10 +0300] "GET /search.php?products/192qk18182 HTTP/1.1" 403 1061 "-" "Mozilla/5.0 AppleWebKit/537.36 (KHTML, like Gecko; compatible; GPTBot/1.2; +https://openai.com/gptbot)"
52.167.144.177 - - [18/Oct/2025:07:37:10 +0300] "GET /goodscode/15732146.htm HTTP/1.1" 200 4210 "-" "Mozilla/5.0 AppleWebKit/537.36 (KHTML, like Gecko; compatible; bingbot/2.0; +http://www.bing.com/bingbot.htm) Chrome/116.0.1938.76 Safari/537.36"
20.171.207.126 - - [18/Oct/2025:07:37:13 +0300] "GET /search.php?products/184ai41238 HTTP/1.1" 403 1061 "-" "Mozilla/5.0 AppleWebKit/537.36 (KHTML, like Gecko; compatible; GPTBot/1.2; +https://openai.com/gptbot)"
20.171.207.126 - - [18/Oct/2025:07:37:16 +0300] "GET /search.php?products/116em31900 HTTP/1.1" 403 1061 "-" "Mozilla/5.0 AppleWebKit/537.36 (KHTML, like Gecko; compatible; GPTBot/1.2; +https://openai.com/gptbot)"
66.249.75.37 - - [18/Oct/2025:07:37:16 +0300] "GET /hence21?kg=287 HTTP/1.1" 200 24013 "-" "Mozilla/5.0 (Linux; Android 6.0.1; Nexus 5X Build/MMB29P) AppleWebKit/537.36 (KHTML, like Gecko) Chrome/140.0.7339.207 Mobile Safari/537.36 (compatible; Googlebot/2.1; +http://www.google.com/bot.html)"
20.171.207.126 - - [18/Oct/2025:07:37:20 +0300] "GET /search.php?products/191zp33897 HTTP/1.1" 403 1061 "-" "Mozilla/5.0 AppleWebKit/537.36 (KHTML, like Gecko; compatible; GPTBot/1.2; +https://openai.com/gptbot)"
52.167.144.177 - - [18/Oct/2025:07:37:20 +0300] "GET /goodscode/109699216.htm HTTP/1.1" 200 4195 "-" "Mozilla/5.0 AppleWebKit/537.36 (KHTML, like Gecko; compatible; bingbot/2.0; +http://www.bing.com/bingbot.htm) Chrome/116.0.1938.76 Safari/537.36"
20.171.207.126 - - [18/Oct/2025:07:37:23 +0300] "GET /search.php?products/255et24367 HTTP/1.1" 403 1061 "-" "Mozilla/5.0 AppleWebKit/537.36 (KHTML, like Gecko; compatible; GPTBot/1.2; +https://openai.com/gptbot)"
204.12.208.18 - - [18/Oct/2025:07:37:23 +0300] "GET /wp-content/plb24578/index.php HTTP/1.1" 200 3579 "https://ilgazhavalandirma.com.tr/wp-content/plb24578/index.php" "Mozilla/5.0 (Macintosh; Intel Mac OS X 10_6_8) AppleWebKit/535.1 (KHTML, like Gecko) Chrome/13.0.782.220 Safari/535.1"
66.249.75.37 - - [18/Oct/2025:07:37:22 +0300] "GET /obstacle238?path=/var/www/vhosts HTTP/1.1" 200 27673 "-" "Mozilla/5.0 (Linux; Android 6.0.1; Nexus 5X Build/MMB29P) AppleWebKit/537.36 (KHTML, like Gecko) Chrome/140.0.7339.207 Mobile Safari/537.36 (compatible; Googlebot/2.1; +http://www.google.com/bot.html)"
20.171.207.126 - - [18/Oct/2025:07:37:27 +0300] "GET /search.php?products/233kg33765 HTTP/1.1" 403 1061 "-" "Mozilla/5.0 AppleWebKit/537.36 (KHTML, like Gecko; compatible; GPTBot/1.2; +https://openai.com/gptbot)"
52.167.144.177 - - [18/Oct/2025:07:37:29 +0300] "GET /goodscode/36167845.htm HTTP/1.1" 200 4195 "-" "Mozilla/5.0 AppleWebKit/537.36 (KHTML, like Gecko; compatible; bingbot/2.0; +http://www.bing.com/bingbot.htm) Chrome/116.0.1938.76 Safari/537.36"
20.171.207.126 - - [18/Oct/2025:07:37:30 +0300] "GET /search.php?products/125cv14727 HTTP/1.1" 403 1061 "-" "Mozilla/5.0 AppleWebKit/537.36 (KHTML, like Gecko; compatible; GPTBot/1.2; +https://openai.com/gptbot)"
114.119.141.35 - - [18/Oct/2025:07:37:29 +0300] "GET /tile244?kg=11118 HTTP/1.1" 200 8779 "https://ilgazhavalandirma.com.tr/?sitemap191.xml" "Mozilla/5.0 (Linux; Android 7.0;) AppleWebKit/537.36 (KHTML, like Gecko) Mobile Safari/537.36 (compatible; PetalBot;+https://webmaster.petalsearch.com/site/petalbot)"
20.171.207.126 - - [18/Oct/2025:07:37:33 +0300] "GET /search.php?products/143aa29545 HTTP/1.1" 403 1061 "-" "Mozilla/5.0 AppleWebKit/537.36 (KHTML, like Gecko; compatible; GPTBot/1.2; +https://openai.com/gptbot)"
20.171.207.126 - - [18/Oct/2025:07:37:37 +0300] "GET /search.php?products/212fo19984 HTTP/1.1" 403 1061 "-" "Mozilla/5.0 AppleWebKit/537.36 (KHTML, like Gecko; compatible; GPTBot/1.2; +https://openai.com/gptbot)"
20.171.207.126 - - [18/Oct/2025:07:37:41 +0300] "GET /search.php?products/223hn14825 HTTP/1.1" 403 1061 "-" "Mozilla/5.0 AppleWebKit/537.36 (KHTML, like Gecko; compatible; GPTBot/1.2; +https://openai.com/gptbot)"
52.167.144.177 - - [18/Oct/2025:07:37:41 +0300] "GET /goodscode/245726739.htm HTTP/1.1" 200 4210 "-" "Mozilla/5.0 AppleWebKit/537.36 (KHTML, like Gecko; compatible; bingbot/2.0; +http://www.bing.com/bingbot.htm) Chrome/116.0.1938.76 Safari/537.36"
20.171.207.126 - - [18/Oct/2025:07:37:44 +0300] "GET /search.php?products/210ap20548 HTTP/1.1" 403 1061 "-" "Mozilla/5.0 AppleWebKit/537.36 (KHTML, like Gecko; compatible; GPTBot/1.2; +https://openai.com/gptbot)"
66.249.75.37 - - [18/Oct/2025:07:37:44 +0300] "GET /goodscode/1047172210.htm HTTP/1.1" 200 28580 "-" "Mozilla/5.0 (Linux; Android 6.0.1; Nexus 5X Build/MMB29P) AppleWebKit/537.36 (KHTML, like Gecko) Chrome/140.0.7339.207 Mobile Safari/537.36 (compatible; GoogleOther)"
20.171.207.126 - - [18/Oct/2025:07:37:47 +0300] "GET /search.php?products/192fa36396 HTTP/1.1" 403 1061 "-" "Mozilla/5.0 AppleWebKit/537.36 (KHTML, like Gecko; compatible; GPTBot/1.2; +https://openai.com/gptbot)"
20.171.207.126 - - [18/Oct/2025:07:37:51 +0300] "GET /search.php?products/169yu26899 HTTP/1.1" 403 1061 "-" "Mozilla/5.0 AppleWebKit/537.36 (KHTML, like Gecko; compatible; GPTBot/1.2; +https://openai.com/gptbot)"
20.171.207.126 - - [18/Oct/2025:07:37:54 +0300] "GET /search.php?products/217gc26467 HTTP/1.1" 403 1061 "-" "Mozilla/5.0 AppleWebKit/537.36 (KHTML, like Gecko; compatible; GPTBot/1.2; +https://openai.com/gptbot)"
20.171.207.126 - - [18/Oct/2025:07:37:58 +0300] "GET /search.php?products/282zx16682 HTTP/1.1" 403 1061 "-" "Mozilla/5.0 AppleWebKit/537.36 (KHTML, like Gecko; compatible; GPTBot/1.2; +https://openai.com/gptbot)"
20.171.207.126 - - [18/Oct/2025:07:38:01 +0300] "GET /search.php?products/116oo44952 HTTP/1.1" 403 1061 "-" "Mozilla/5.0 AppleWebKit/537.36 (KHTML, like Gecko; compatible; GPTBot/1.2; +https://openai.com/gptbot)"
64.226.78.121 - - [18/Oct/2025:07:37:56 +0300] "GET / HTTP/1.1" 200 3788 "-" "-"
64.226.78.121 - - [18/Oct/2025:07:37:57 +0300] "GET / HTTP/1.1" 200 89268 "-" "Mozilla/5.0 (Linux; Android 6.0; HTC One M9 Build/MRA579449) AppleWebKit/537.36 (KHTML, like Gecko) Chrome/52.0.3560.98 Mobile Safari/537.3"
20.171.207.126 - - [18/Oct/2025:07:38:05 +0300] "GET /search.php?products/136jw16388 HTTP/1.1" 403 1061 "-" "Mozilla/5.0 AppleWebKit/537.36 (KHTML, like Gecko; compatible; GPTBot/1.2; +https://openai.com/gptbot)"
66.249.78.41 - - [18/Oct/2025:07:38:04 +0300] "GET /identity9?kg=9729 HTTP/1.1" 200 23921 "-" "Mozilla/5.0 (Linux; Android 6.0.1; Nexus 5X Build/MMB29P) AppleWebKit/537.36 (KHTML, like Gecko) Chrome/140.0.7339.207 Mobile Safari/537.36 (compatible; Googlebot/2.1; +http://www.google.com/bot.html)"
66.249.78.41 - - [18/Oct/2025:07:38:06 +0300] "GET /?pid=23392591440&channel=Russian-pet-tropical&cate_id=3040&page=https://www.ilgazhavalandirma.com.tr/api.do?rarely111?kg=38535 HTTP/1.1" 200 20169 "-" "Mozilla/5.0 (Linux; Android 6.0.1; Nexus 5X Build/MMB29P) AppleWebKit/537.36 (KHTML, like Gecko) Chrome/140.0.7339.207 Mobile Safari/537.36 (compatible; Googlebot/2.1; +http://www.google.com/bot.html)"
64.226.78.121 - - [18/Oct/2025:07:38:04 +0300] "GET /@vite/env HTTP/1.1" 200 3788 "-" "Go-http-client/1.1"
20.171.207.126 - - [18/Oct/2025:07:38:08 +0300] "GET /search.php?products/191gd14473 HTTP/1.1" 403 1061 "-" "Mozilla/5.0 AppleWebKit/537.36 (KHTML, like Gecko; compatible; GPTBot/1.2; +https://openai.com/gptbot)"
20.171.207.126 - - [18/Oct/2025:07:38:11 +0300] "GET /search.php?products/125ie10175 HTTP/1.1" 403 1061 "-" "Mozilla/5.0 AppleWebKit/537.36 (KHTML, like Gecko; compatible; GPTBot/1.2; +https://openai.com/gptbot)"
52.167.144.177 - - [18/Oct/2025:07:38:11 +0300] "GET /goodscode/142604782.htm HTTP/1.1" 200 4210 "-" "Mozilla/5.0 AppleWebKit/537.36 (KHTML, like Gecko; compatible; bingbot/2.0; +http://www.bing.com/bingbot.htm) Chrome/116.0.1938.76 Safari/537.36"
64.226.78.121 - - [18/Oct/2025:07:38:10 +0300] "POST /php-cgi/php-cgi.exe?%ADd+cgi.force_redirect%3D0+%ADd+disable_functions%3D\"\"+%ADd+allow_url_include%3D1+%ADd+auto_prepend_file%3Dphp://input HTTP/1.1" 200 548 "-" "Go-http-client/1.1"
64.226.78.121 - - [18/Oct/2025:07:38:07 +0300] "GET /actuator/env HTTP/1.1" 200 548 "-" "Go-http-client/1.1"
20.171.207.126 - - [18/Oct/2025:07:38:15 +0300] "GET /search.php?products/293yo34739 HTTP/1.1" 403 1061 "-" "Mozilla/5.0 AppleWebKit/537.36 (KHTML, like Gecko; compatible; GPTBot/1.2; +https://openai.com/gptbot)"
66.249.75.37 - - [18/Oct/2025:07:38:15 +0300] "GET /depending296?kg=49590 HTTP/1.1" 200 24298 "-" "Mozilla/5.0 (Linux; Android 6.0.1; Nexus 5X Build/MMB29P) AppleWebKit/537.36 (KHTML, like Gecko) Chrome/140.0.7339.207 Mobile Safari/537.36 (compatible; GoogleOther)"
20.171.207.126 - - [18/Oct/2025:07:38:18 +0300] "GET /search.php?products/141wp37281 HTTP/1.1" 403 1061 "-" "Mozilla/5.0 AppleWebKit/537.36 (KHTML, like Gecko; compatible; GPTBot/1.2; +https://openai.com/gptbot)"
64.226.78.121 - - [18/Oct/2025:07:38:16 +0300] "GET /.vscode/sftp.json HTTP/1.1" 200 5539 "-" "Go-http-client/1.1"
64.226.78.121 - - [18/Oct/2025:07:38:13 +0300] "GET /server HTTP/1.1" 200 548 "-" "Go-http-client/1.1"
20.171.207.126 - - [18/Oct/2025:07:38:22 +0300] "GET /search.php?products/147nn17573 HTTP/1.1" 403 1061 "-" "Mozilla/5.0 AppleWebKit/537.36 (KHTML, like Gecko; compatible; GPTBot/1.2; +https://openai.com/gptbot)"
20.171.207.126 - - [18/Oct/2025:07:38:25 +0300] "GET /search.php?products/150ps26490 HTTP/1.1" 403 1061 "-" "Mozilla/5.0 AppleWebKit/537.36 (KHTML, like Gecko; compatible; GPTBot/1.2; +https://openai.com/gptbot)"
64.226.78.121 - - [18/Oct/2025:07:38:18 +0300] "GET /about HTTP/1.1" 200 548 "-" "Go-http-client/1.1"
66.249.75.37 - - [18/Oct/2025:07:38:28 +0300] "GET /result55?kg=787 HTTP/1.1" 200 4148 "-" "Mozilla/5.0 (Linux; Android 6.0.1; Nexus 5X Build/MMB29P) AppleWebKit/537.36 (KHTML, like Gecko) Chrome/140.0.7339.207 Mobile Safari/537.36 (compatible; GoogleOther)"
20.171.207.126 - - [18/Oct/2025:07:38:29 +0300] "GET /search.php?products/260oh15692 HTTP/1.1" 403 1061 "-" "Mozilla/5.0 AppleWebKit/537.36 (KHTML, like Gecko; compatible; GPTBot/1.2; +https://openai.com/gptbot)"
64.226.78.121 - - [18/Oct/2025:07:38:21 +0300] "GET /debug/default/view?panel=config HTTP/1.1" 200 548 "-" "Go-http-client/1.1"
64.226.78.121 - - [18/Oct/2025:07:38:30 +0300] "GET /server-status HTTP/1.1" 403 1628 "-" "Go-http-client/1.1"
64.226.78.121 - - [18/Oct/2025:07:38:24 +0300] "GET /v2/_catalog HTTP/1.1" 200 548 "-" "Go-http-client/1.1"
64.226.78.121 - - [18/Oct/2025:07:38:27 +0300] "GET /ecp/Current/exporttool/microsoft.exchange.ediscovery.exporttool.application HTTP/1.1" 200 548 "-" "Go-http-client/1.1"
64.226.78.121 - - [18/Oct/2025:07:38:31 +0300] "GET /login.action HTTP/1.1" 200 5539 "-" "Go-http-client/1.1"
52.167.144.177 - - [18/Oct/2025:07:38:31 +0300] "GET /goodscode/11059664.htm HTTP/1.1" 200 4210 "-" "Mozilla/5.0 AppleWebKit/537.36 (KHTML, like Gecko; compatible; bingbot/2.0; +http://www.bing.com/bingbot.htm) Chrome/116.0.1938.76 Safari/537.36"
40.77.167.50 - - [18/Oct/2025:07:38:31 +0300] "GET /goodscode/988083656.htm HTTP/1.1" 200 4210 "-" "Mozilla/5.0 AppleWebKit/537.36 (KHTML, like Gecko; compatible; bingbot/2.0; +http://www.bing.com/bingbot.htm) Chrome/116.0.1938.76 Safari/537.36"
20.171.207.126 - - [18/Oct/2025:07:38:32 +0300] "GET /search.php?products/103zr10959 HTTP/1.1" 403 1061 "-" "Mozilla/5.0 AppleWebKit/537.36 (KHTML, like Gecko; compatible; GPTBot/1.2; +https://openai.com/gptbot)"
20.171.207.126 - - [18/Oct/2025:07:38:36 +0300] "GET /search.php?products/135yy17857 HTTP/1.1" 403 1061 "-" "Mozilla/5.0 AppleWebKit/537.36 (KHTML, like Gecko; compatible; GPTBot/1.2; +https://openai.com/gptbot)"
64.226.78.121 - - [18/Oct/2025:07:38:32 +0300] "GET /_all_dbs HTTP/1.1" 200 548 "-" "Mozilla/5.0 (l9scan/2.0.5313e20323e28353e2231323; +https://leakix.net)"
66.249.78.41 - - [18/Oct/2025:07:38:37 +0300] "GET /category/17_18_951/1/listing HTTP/1.1" 200 24927 "-" "Mozilla/5.0 (Linux; Android 6.0.1; Nexus 5X Build/MMB29P) AppleWebKit/537.36 (KHTML, like Gecko) Chrome/140.0.7339.207 Mobile Safari/537.36 (compatible; GoogleOther)"
20.171.207.126 - - [18/Oct/2025:07:38:39 +0300] "GET /search.php?products/288mi21778 HTTP/1.1" 403 1061 "-" "Mozilla/5.0 AppleWebKit/537.36 (KHTML, like Gecko; compatible; GPTBot/1.2; +https://openai.com/gptbot)"
64.226.78.121 - - [18/Oct/2025:07:38:35 +0300] "GET /.DS_Store HTTP/1.1" 200 548 "-" "Go-http-client/1.1"
20.171.207.126 - - [18/Oct/2025:07:38:43 +0300] "GET /search.php?products/273en24499 HTTP/1.1" 403 1061 "-" "Mozilla/5.0 AppleWebKit/537.36 (KHTML, like Gecko; compatible; GPTBot/1.2; +https://openai.com/gptbot)"
64.226.78.121 - - [18/Oct/2025:07:38:38 +0300] "GET /.env HTTP/1.1" 200 548 "-" "Go-http-client/1.1"
20.171.207.126 - - [18/Oct/2025:07:38:46 +0300] "GET /search.php?products/126lo10886 HTTP/1.1" 403 1061 "-" "Mozilla/5.0 AppleWebKit/537.36 (KHTML, like Gecko; compatible; GPTBot/1.2; +https://openai.com/gptbot)"
64.226.78.121 - - [18/Oct/2025:07:38:41 +0300] "GET /.git/config HTTP/1.1" 200 548 "-" "Go-http-client/1.1"
20.171.207.126 - - [18/Oct/2025:07:38:50 +0300] "GET /search.php?products/197aw36139 HTTP/1.1" 403 1061 "-" "Mozilla/5.0 AppleWebKit/537.36 (KHTML, like Gecko; compatible; GPTBot/1.2; +https://openai.com/gptbot)"
66.249.78.41 - - [18/Oct/2025:07:38:48 +0300] "GET /goodscode/44517656.htm HTTP/1.1" 200 24264 "-" "Mozilla/5.0 (Linux; Android 6.0.1; Nexus 5X Build/MMB29P) AppleWebKit/537.36 (KHTML, like Gecko) Chrome/140.0.7339.207 Mobile Safari/537.36 (compatible; GoogleOther)"
52.167.144.218 - - [18/Oct/2025:07:38:50 +0300] "GET /goodscode/19246582.htm HTTP/1.1" 200 4210 "-" "Mozilla/5.0 AppleWebKit/537.36 (KHTML, like Gecko; compatible; bingbot/2.0; +http://www.bing.com/bingbot.htm) Chrome/116.0.1938.76 Safari/537.36"
64.226.78.121 - - [18/Oct/2025:07:38:44 +0300] "GET /s/5313e20323e28353e2231323/_/;/META-INF/maven/com.atlassian.jira/jira-webapp-dist/pom.properties HTTP/1.1" 200 548 "-" "Go-http-client/1.1"
64.226.78.121 - - [18/Oct/2025:07:38:53 +0300] "GET /info.php HTTP/1.1" 403 1628 "-" "Go-http-client/1.1"
20.171.207.126 - - [18/Oct/2025:07:38:53 +0300] "GET /search.php?products/263ca18585 HTTP/1.1" 403 1061 "-" "Mozilla/5.0 AppleWebKit/537.36 (KHTML, like Gecko; compatible; GPTBot/1.2; +https://openai.com/gptbot)"
64.226.78.121 - - [18/Oct/2025:07:38:47 +0300] "GET /config.json HTTP/1.1" 200 548 "-" "Go-http-client/1.1"
20.171.207.126 - - [18/Oct/2025:07:38:57 +0300] "GET /search.php?products/227pn14037 HTTP/1.1" 403 1061 "-" "Mozilla/5.0 AppleWebKit/537.36 (KHTML, like Gecko; compatible; GPTBot/1.2; +https://openai.com/gptbot)"
64.226.78.121 - - [18/Oct/2025:07:38:50 +0300] "GET /telescope/requests HTTP/1.1" 200 548 "-" "Go-http-client/1.1"
66.249.78.41 - - [18/Oct/2025:07:38:55 +0300] "GET /eyebrow244?kg=4972 HTTP/1.1" 200 23847 "-" "Mozilla/5.0 (Linux; Android 6.0.1; Nexus 5X Build/MMB29P) AppleWebKit/537.36 (KHTML, like Gecko) Chrome/140.0.7339.207 Mobile Safari/537.36 (compatible; GoogleOther)"
20.171.207.126 - - [18/Oct/2025:07:39:00 +0300] "GET /search.php?products/202tw13620 HTTP/1.1" 403 1061 "-" "Mozilla/5.0 AppleWebKit/537.36 (KHTML, like Gecko; compatible; GPTBot/1.2; +https://openai.com/gptbot)"
52.167.144.177 - - [18/Oct/2025:07:39:02 +0300] "GET /goodscode/110068484.htm HTTP/1.1" 200 4210 "-" "Mozilla/5.0 AppleWebKit/537.36 (KHTML, like Gecko; compatible; bingbot/2.0; +http://www.bing.com/bingbot.htm) Chrome/116.0.1938.76 Safari/537.36"
64.226.78.121 - - [18/Oct/2025:07:38:53 +0300] "GET /?rest_route=/wp/v2/users/ HTTP/1.1" 200 548 "-" "Go-http-client/1.1"
20.171.207.126 - - [18/Oct/2025:07:39:03 +0300] "GET /search.php?products/142wc43604 HTTP/1.1" 403 1061 "-" "Mozilla/5.0 AppleWebKit/537.36 (KHTML, like Gecko; compatible; GPTBot/1.2; +https://openai.com/gptbot)"
20.171.207.126 - - [18/Oct/2025:07:39:07 +0300] "GET /search.php?products/114ek26062 HTTP/1.1" 403 1061 "-" "Mozilla/5.0 AppleWebKit/537.36 (KHTML, like Gecko; compatible; GPTBot/1.2; +https://openai.com/gptbot)"
20.171.207.126 - - [18/Oct/2025:07:39:10 +0300] "GET /search.php?products/193dw30559 HTTP/1.1" 403 1061 "-" "Mozilla/5.0 AppleWebKit/537.36 (KHTML, like Gecko; compatible; GPTBot/1.2; +https://openai.com/gptbot)"
52.167.144.168 - - [18/Oct/2025:07:39:11 +0300] "GET /product/edit/I1041724848 HTTP/1.1" 200 4210 "-" "Mozilla/5.0 AppleWebKit/537.36 (KHTML, like Gecko; compatible; bingbot/2.0; +http://www.bing.com/bingbot.htm) Chrome/116.0.1938.76 Safari/537.36"
20.171.207.126 - - [18/Oct/2025:07:39:14 +0300] "GET /search.php?products/112ex28994 HTTP/1.1" 403 1061 "-" "Mozilla/5.0 AppleWebKit/537.36 (KHTML, like Gecko; compatible; GPTBot/1.2; +https://openai.com/gptbot)"
66.249.75.37 - - [18/Oct/2025:07:39:15 +0300] "GET /longtime138?kg=22212 HTTP/1.1" 200 24466 "-" "Mozilla/5.0 (Linux; Android 6.0.1; Nexus 5X Build/MMB29P) AppleWebKit/537.36 (KHTML, like Gecko) Chrome/140.0.7339.207 Mobile Safari/537.36 (compatible; GoogleOther)"
20.171.207.126 - - [18/Oct/2025:07:39:17 +0300] "GET /search.php?products/134oy31732 HTTP/1.1" 403 1080 "-" "Mozilla/5.0 AppleWebKit/537.36 (KHTML, like Gecko; compatible; GPTBot/1.2; +https://openai.com/gptbot)"
20.171.207.126 - - [18/Oct/2025:07:39:21 +0300] "GET /search.php?products/249wo39743 HTTP/1.1" 403 4896 "-" "Mozilla/5.0 AppleWebKit/537.36 (KHTML, like Gecko; compatible; GPTBot/1.2; +https://openai.com/gptbot)"
52.167.144.177 - - [18/Oct/2025:07:39:22 +0300] "GET /goodscode/403816365.htm HTTP/1.1" 200 4210 "-" "Mozilla/5.0 AppleWebKit/537.36 (KHTML, like Gecko; compatible; bingbot/2.0; +http://www.bing.com/bingbot.htm) Chrome/116.0.1938.76 Safari/537.36"
20.171.207.126 - - [18/Oct/2025:07:39:24 +0300] "GET /search.php?products/246qo42896 HTTP/1.1" 403 1061 "-" "Mozilla/5.0 AppleWebKit/537.36 (KHTML, like Gecko; compatible; GPTBot/1.2; +https://openai.com/gptbot)"
66.249.78.41 - - [18/Oct/2025:07:39:26 +0300] "GET /gentle118?kg=43968 HTTP/1.1" 200 24111 "-" "Mozilla/5.0 (Linux; Android 6.0.1; Nexus 5X Build/MMB29P) AppleWebKit/537.36 (KHTML, like Gecko) Chrome/140.0.7339.207 Mobile Safari/537.36 (compatible; GoogleOther)"
20.171.207.126 - - [18/Oct/2025:07:39:28 +0300] "GET /search.php?products/233ul22041 HTTP/1.1" 403 1061 "-" "Mozilla/5.0 AppleWebKit/537.36 (KHTML, like Gecko; compatible; GPTBot/1.2; +https://openai.com/gptbot)"
20.171.207.126 - - [18/Oct/2025:07:39:31 +0300] "GET /search.php?products/162qf14642 HTTP/1.1" 403 1061 "-" "Mozilla/5.0 AppleWebKit/537.36 (KHTML, like Gecko; compatible; GPTBot/1.2; +https://openai.com/gptbot)"
114.119.149.66 - - [18/Oct/2025:07:39:25 +0300] "GET /thus114?kg=150 HTTP/1.1" 200 8779 "https://ilgazhavalandirma.com.tr/?sitemap191.xml" "Mozilla/5.0 (Linux; Android 7.0;) AppleWebKit/537.36 (KHTML, like Gecko) Mobile Safari/537.36 (compatible; PetalBot;+https://webmaster.petalsearch.com/site/petalbot)"
20.171.207.126 - - [18/Oct/2025:07:39:35 +0300] "GET /search.php?products/133pm29365 HTTP/1.1" 403 1061 "-" "Mozilla/5.0 AppleWebKit/537.36 (KHTML, like Gecko; compatible; GPTBot/1.2; +https://openai.com/gptbot)"
20.171.207.126 - - [18/Oct/2025:07:39:38 +0300] "GET /search.php?products/284qo45438 HTTP/1.1" 403 1061 "-" "Mozilla/5.0 AppleWebKit/537.36 (KHTML, like Gecko; compatible; GPTBot/1.2; +https://openai.com/gptbot)"
20.171.207.126 - - [18/Oct/2025:07:39:41 +0300] "GET /search.php?products/270tf12774 HTTP/1.1" 403 1061 "-" "Mozilla/5.0 AppleWebKit/537.36 (KHTML, like Gecko; compatible; GPTBot/1.2; +https://openai.com/gptbot)"
20.171.207.126 - - [18/Oct/2025:07:39:45 +0300] "GET /search.php?products/155np10029 HTTP/1.1" 403 1061 "-" "Mozilla/5.0 AppleWebKit/537.36 (KHTML, like Gecko; compatible; GPTBot/1.2; +https://openai.com/gptbot)"
20.171.207.126 - - [18/Oct/2025:07:39:48 +0300] "GET /search.php?products/151zi14761 HTTP/1.1" 403 1061 "-" "Mozilla/5.0 AppleWebKit/537.36 (KHTML, like Gecko; compatible; GPTBot/1.2; +https://openai.com/gptbot)"
52.167.144.177 - - [18/Oct/2025:07:39:49 +0300] "GET /product/edit/I2437991068 HTTP/1.1" 200 4210 "-" "Mozilla/5.0 AppleWebKit/537.36 (KHTML, like Gecko; compatible; bingbot/2.0; +http://www.bing.com/bingbot.htm) Chrome/116.0.1938.76 Safari/537.36"
66.249.78.41 - - [18/Oct/2025:07:39:49 +0300] "GET /category/446_2372_4177/1/listing HTTP/1.1" 200 23660 "-" "Mozilla/5.0 (Linux; Android 6.0.1; Nexus 5X Build/MMB29P) AppleWebKit/537.36 (KHTML, like Gecko) Chrome/140.0.7339.207 Mobile Safari/537.36 (compatible; GoogleOther)"
52.167.144.177 - - [18/Oct/2025:07:39:51 +0300] "GET /goodscode/86805821.htm HTTP/1.1" 200 284 "-" "Mozilla/5.0 AppleWebKit/537.36 (KHTML, like Gecko; compatible; bingbot/2.0; +http://www.bing.com/bingbot.htm) Chrome/116.0.1938.76 Safari/537.36"
20.171.207.126 - - [18/Oct/2025:07:39:52 +0300] "GET /search.php?products/176yt22972 HTTP/1.1" 403 1061 "-" "Mozilla/5.0 AppleWebKit/537.36 (KHTML, like Gecko; compatible; GPTBot/1.2; +https://openai.com/gptbot)"
66.249.75.37 - - [18/Oct/2025:07:39:52 +0300] "GET /m21125544929?path=/var/www/vhosts/ilgazhavalandirma.com.tr HTTP/1.1" 200 23652 "-" "Mozilla/5.0 (Linux; Android 6.0.1; Nexus 5X Build/MMB29P) AppleWebKit/537.36 (KHTML, like Gecko) Chrome/140.0.7339.207 Mobile Safari/537.36 (compatible; Googlebot/2.1; +http://www.google.com/bot.html)"
20.171.207.126 - - [18/Oct/2025:07:39:55 +0300] "GET /search.php?products/170oo19036 HTTP/1.1" 403 1061 "-" "Mozilla/5.0 AppleWebKit/537.36 (KHTML, like Gecko; compatible; GPTBot/1.2; +https://openai.com/gptbot)"
20.171.207.126 - - [18/Oct/2025:07:39:59 +0300] "GET /search.php?products/208uq22996 HTTP/1.1" 403 1061 "-" "Mozilla/5.0 AppleWebKit/537.36 (KHTML, like Gecko; compatible; GPTBot/1.2; +https://openai.com/gptbot)"
66.249.75.38 - - [18/Oct/2025:07:40:01 +0300] "GET /not43?kg=7359 HTTP/1.1" 200 4148 "-" "Mozilla/5.0 (Linux; Android 6.0.1; Nexus 5X Build/MMB29P) AppleWebKit/537.36 (KHTML, like Gecko) Chrome/140.0.7339.207 Mobile Safari/537.36 (compatible; Googlebot/2.1; +http://www.google.com/bot.html)"
52.167.144.168 - - [18/Oct/2025:07:40:00 +0300] "GET /goodscode/236675346.htm HTTP/1.1" 200 4210 "-" "Mozilla/5.0 AppleWebKit/537.36 (KHTML, like Gecko; compatible; bingbot/2.0; +http://www.bing.com/bingbot.htm) Chrome/116.0.1938.76 Safari/537.36"
66.249.78.41 - - [18/Oct/2025:07:40:01 +0300] "GET /category/562/1/listing HTTP/1.1" 200 4148 "-" "Mozilla/5.0 (Linux; Android 6.0.1; Nexus 5X Build/MMB29P) AppleWebKit/537.36 (KHTML, like Gecko) Chrome/140.0.7339.207 Mobile Safari/537.36 (compatible; GoogleOther)"
52.167.144.168 - - [18/Oct/2025:07:40:01 +0300] "GET /goodscode/247010576.htm HTTP/1.1" 200 272 "-" "Mozilla/5.0 AppleWebKit/537.36 (KHTML, like Gecko; compatible; bingbot/2.0; +http://www.bing.com/bingbot.htm) Chrome/116.0.1938.76 Safari/537.36"
204.12.252.98 - - [18/Oct/2025:07:40:02 +0300] "GET /wp-content/x96a6a8/edit.php HTTP/1.1" 200 4094 "https://ilgazhavalandirma.com.tr/wp-content/x96a6a8/edit.php" "Mozilla/5.0 (Windows NT 10.0; Win64; x64) AppleWebKit/537.36 (KHTML, like Gecko) Chrome/58.0.3029.110 Safari/537.3"
20.171.207.126 - - [18/Oct/2025:07:40:02 +0300] "GET /search.php?products/126zd46862 HTTP/1.1" 403 1061 "-" "Mozilla/5.0 AppleWebKit/537.36 (KHTML, like Gecko; compatible; GPTBot/1.2; +https://openai.com/gptbot)"
66.249.78.33 - - [18/Oct/2025:07:40:03 +0300] "GET /brake219?kg=40277 HTTP/1.1" 200 4148 "-" "Mozilla/5.0 (Linux; Android 6.0.1; Nexus 5X Build/MMB29P) AppleWebKit/537.36 (KHTML, like Gecko) Chrome/140.0.7339.207 Mobile Safari/537.36 (compatible; Googlebot/2.1; +http://www.google.com/bot.html)"
20.171.207.126 - - [18/Oct/2025:07:40:06 +0300] "GET /search.php?products/296zx27966 HTTP/1.1" 403 1061 "-" "Mozilla/5.0 AppleWebKit/537.36 (KHTML, like Gecko; compatible; GPTBot/1.2; +https://openai.com/gptbot)"
66.249.75.38 - - [18/Oct/2025:07:40:07 +0300] "GET /hurt179?kg=22347 HTTP/1.1" 200 23762 "-" "Mozilla/5.0 (Linux; Android 6.0.1; Nexus 5X Build/MMB29P) AppleWebKit/537.36 (KHTML, like Gecko) Chrome/140.0.7339.207 Mobile Safari/537.36 (compatible; Googlebot/2.1; +http://www.google.com/bot.html)"
20.171.207.126 - - [18/Oct/2025:07:40:09 +0300] "GET /search.php?products/202wi41012 HTTP/1.1" 403 1061 "-" "Mozilla/5.0 AppleWebKit/537.36 (KHTML, like Gecko; compatible; GPTBot/1.2; +https://openai.com/gptbot)"
66.249.75.37 - - [18/Oct/2025:07:40:10 +0300] "GET /m11288718191 HTTP/1.1" 200 23705 "-" "Mozilla/5.0 (Linux; Android 6.0.1; Nexus 5X Build/MMB29P) AppleWebKit/537.36 (KHTML, like Gecko) Chrome/140.0.7339.207 Mobile Safari/537.36 (compatible; GoogleOther)"
20.171.207.126 - - [18/Oct/2025:07:40:13 +0300] "GET /search.php?products/146qd24652 HTTP/1.1" 403 1061 "-" "Mozilla/5.0 AppleWebKit/537.36 (KHTML, like Gecko; compatible; GPTBot/1.2; +https://openai.com/gptbot)"
20.171.207.126 - - [18/Oct/2025:07:40:16 +0300] "GET /search.php?products/173oa21169 HTTP/1.1" 403 1061 "-" "Mozilla/5.0 AppleWebKit/537.36 (KHTML, like Gecko; compatible; GPTBot/1.2; +https://openai.com/gptbot)"
66.249.78.41 - - [18/Oct/2025:07:40:16 +0300] "GET /education280?kg=22454 HTTP/1.1" 200 28503 "-" "Mozilla/5.0 (Linux; Android 6.0.1; Nexus 5X Build/MMB29P) AppleWebKit/537.36 (KHTML, like Gecko) Chrome/140.0.7339.207 Mobile Safari/537.36 (compatible; GoogleOther)"
52.167.144.177 - - [18/Oct/2025:07:40:19 +0300] "GET /goodscode/68932404.htm?path=/ HTTP/1.1" 200 4210 "-" "Mozilla/5.0 AppleWebKit/537.36 (KHTML, like Gecko; compatible; bingbot/2.0; +http://www.bing.com/bingbot.htm) Chrome/116.0.1938.76 Safari/537.36"
20.171.207.126 - - [18/Oct/2025:07:40:20 +0300] "GET /search.php?products/156co46282 HTTP/1.1" 403 1061 "-" "Mozilla/5.0 AppleWebKit/537.36 (KHTML, like Gecko; compatible; GPTBot/1.2; +https://openai.com/gptbot)"
20.171.207.126 - - [18/Oct/2025:07:40:23 +0300] "GET /search.php?products/185sh47635 HTTP/1.1" 403 1061 "-" "Mozilla/5.0 AppleWebKit/537.36 (KHTML, like Gecko; compatible; GPTBot/1.2; +https://openai.com/gptbot)"
20.171.207.126 - - [18/Oct/2025:07:40:26 +0300] "GET /search.php?products/144wr12720 HTTP/1.1" 403 1061 "-" "Mozilla/5.0 AppleWebKit/537.36 (KHTML, like Gecko; compatible; GPTBot/1.2; +https://openai.com/gptbot)"
66.249.78.41 - - [18/Oct/2025:07:40:27 +0300] "GET /m71874567229 HTTP/1.1" 200 23855 "-" "Mozilla/5.0 (Linux; Android 6.0.1; Nexus 5X Build/MMB29P) AppleWebKit/537.36 (KHTML, like Gecko) Chrome/140.0.7339.207 Mobile Safari/537.36 (compatible; GoogleOther)"
20.171.207.126 - - [18/Oct/2025:07:40:30 +0300] "GET /search.php?products/163jf16553 HTTP/1.1" 403 1061 "-" "Mozilla/5.0 AppleWebKit/537.36 (KHTML, like Gecko; compatible; GPTBot/1.2; +https://openai.com/gptbot)"
20.171.207.126 - - [18/Oct/2025:07:40:33 +0300] "GET /search.php?products/142vd29004 HTTP/1.1" 403 1061 "-" "Mozilla/5.0 AppleWebKit/537.36 (KHTML, like Gecko; compatible; GPTBot/1.2; +https://openai.com/gptbot)"
66.249.75.37 - - [18/Oct/2025:07:40:33 +0300] "GET /products/5bm110 HTTP/1.1" 200 24067 "-" "Mozilla/5.0 (Linux; Android 6.0.1; Nexus 5X Build/MMB29P) AppleWebKit/537.36 (KHTML, like Gecko) Chrome/140.0.7339.207 Mobile Safari/537.36 (compatible; Googlebot/2.1; +http://www.google.com/bot.html)"
20.171.207.126 - - [18/Oct/2025:07:40:36 +0300] "GET /search.php?products/260bv22670 HTTP/1.1" 403 1061 "-" "Mozilla/5.0 AppleWebKit/537.36 (KHTML, like Gecko; compatible; GPTBot/1.2; +https://openai.com/gptbot)"
66.249.75.37 - - [18/Oct/2025:07:40:36 +0300] "GET /rhetoric63?kg=23395 HTTP/1.1" 200 23872 "-" "Mozilla/5.0 (Linux; Android 6.0.1; Nexus 5X Build/MMB29P) AppleWebKit/537.36 (KHTML, like Gecko) Chrome/140.0.7339.207 Mobile Safari/537.36 (compatible; Googlebot/2.1; +http://www.google.com/bot.html)"
