23.23.214.190 - - [18/Oct/2025:09:45:09 +0300] "GET /products/91dv19772?fileloc=/var/www/vhosts/ilgazhavalandirma.com.tr/httpdocs/wp-admin/css/dashboard.css&path=/var/www/vhosts/ilgazhavalandirma.com.tr/httpdocs/wp-admin/css HTTP/1.1" 200 12432 "-" "Mozilla/5.0 AppleWebKit/537.36 (KHTML, like Gecko; compatible; Amazonbot/0.1; +https://developer.amazon.com/support/amazonbot) Chrome/119.0.6045.214 Safari/537.36"
40.77.167.76 - - [18/Oct/2025:09:45:10 +0300] "GET /goodscode/201937336.htm?path=/ HTTP/1.1" 200 4210 "-" "Mozilla/5.0 AppleWebKit/537.36 (KHTML, like Gecko; compatible; bingbot/2.0; +http://www.bing.com/bingbot.htm) Chrome/116.0.1938.76 Safari/537.36"
52.167.144.228 - - [18/Oct/2025:09:45:11 +0300] "GET /goodscode/44258384.htm HTTP/1.1" 200 4210 "-" "Mozilla/5.0 AppleWebKit/537.36 (KHTML, like Gecko; compatible; bingbot/2.0; +http://www.bing.com/bingbot.htm) Chrome/116.0.1938.76 Safari/537.36"
3.210.114.189 - - [18/Oct/2025:09:45:11 +0300] "GET /products/91dv19772?fileloc=/var/www/vhosts/ilgazhavalandirma.com.tr/httpdocs/wp-includes/blocks/block.php&path=/var/www/vhosts/ilgazhavalandirma.com.tr/httpdocs/wp-includes/blocks HTTP/1.1" 200 6646 "-" "Mozilla/5.0 AppleWebKit/537.36 (KHTML, like Gecko; compatible; Amazonbot/0.1; +https://developer.amazon.com/support/amazonbot) Chrome/119.0.6045.214 Safari/537.36"
66.249.75.37 - - [18/Oct/2025:09:45:12 +0300] "GET /fade159?kg=49173 HTTP/1.1" 200 23754 "-" "Mozilla/5.0 (Linux; Android 6.0.1; Nexus 5X Build/MMB29P) AppleWebKit/537.36 (KHTML, like Gecko) Chrome/140.0.7339.207 Mobile Safari/537.36 (compatible; GoogleOther)"
20.171.207.126 - - [18/Oct/2025:09:45:16 +0300] "GET /search.php?products/136np26698 HTTP/1.1" 403 4896 "-" "Mozilla/5.0 AppleWebKit/537.36 (KHTML, like Gecko; compatible; GPTBot/1.2; +https://openai.com/gptbot)"
44.193.102.198 - - [18/Oct/2025:09:45:15 +0300] "GET /products/91dv19772?fileloc=/var/www/vhosts/ilgazhavalandirma.com.tr/httpdocs/wp-admin/includes/options.php&path=/var/www/vhosts/ilgazhavalandirma.com.tr/httpdocs/wp-admin/includes HTTP/1.1" 200 7486 "-" "Mozilla/5.0 AppleWebKit/537.36 (KHTML, like Gecko; compatible; Amazonbot/0.1; +https://developer.amazon.com/support/amazonbot) Chrome/119.0.6045.214 Safari/537.36"
3.229.164.203 - - [18/Oct/2025:09:45:19 +0300] "GET /products/91dv19772?fileloc=/var/www/vhosts/ilgazhavalandirma.com.tr/httpdocs/wp-admin/js/theme.js&path=/var/www/vhosts/ilgazhavalandirma.com.tr/httpdocs/wp-admin/js HTTP/1.1" 200 20350 "-" "Mozilla/5.0 AppleWebKit/537.36 (KHTML, like Gecko; compatible; Amazonbot/0.1; +https://developer.amazon.com/support/amazonbot) Chrome/119.0.6045.214 Safari/537.36"
52.22.64.232 - - [18/Oct/2025:09:45:22 +0300] "GET /products/91dv19772?fileloc=/var/www/vhosts/ilgazhavalandirma.com.tr/httpdocs/wp-admin/css/widgets.min.css&path=/var/www/vhosts/ilgazhavalandirma.com.tr/httpdocs/wp-admin/css HTTP/1.1" 200 9195 "-" "Mozilla/5.0 AppleWebKit/537.36 (KHTML, like Gecko; compatible; Amazonbot/0.1; +https://developer.amazon.com/support/amazonbot) Chrome/119.0.6045.214 Safari/537.36"
66.249.75.37 - - [18/Oct/2025:09:45:22 +0300] "GET /category/3153/1/listing HTTP/1.1" 200 24205 "-" "Mozilla/5.0 (Linux; Android 6.0.1; Nexus 5X Build/MMB29P) AppleWebKit/537.36 (KHTML, like Gecko) Chrome/140.0.7339.207 Mobile Safari/537.36 (compatible; GoogleOther)"
20.171.207.126 - - [18/Oct/2025:09:45:27 +0300] "GET /search.php?products/233ze41229 HTTP/1.1" 403 4896 "-" "Mozilla/5.0 AppleWebKit/537.36 (KHTML, like Gecko; compatible; GPTBot/1.2; +https://openai.com/gptbot)"
52.3.127.170 - - [18/Oct/2025:09:45:28 +0300] "GET /products/91dv19772?fileloc=/var/www/vhosts/ilgazhavalandirma.com.tr/httpdocs/wp-includes/blocks/query.php&path=/var/www/vhosts/ilgazhavalandirma.com.tr/httpdocs/wp-includes/blocks HTTP/1.1" 200 8149 "-" "Mozilla/5.0 AppleWebKit/537.36 (KHTML, like Gecko; compatible; Amazonbot/0.1; +https://developer.amazon.com/support/amazonbot) Chrome/119.0.6045.214 Safari/537.36"
18.214.124.6 - - [18/Oct/2025:09:45:31 +0300] "GET /products/91dv19772?fileloc=/var/www/vhosts/ilgazhavalandirma.com.tr/httpdocs/wp-includes/js/media-audiovideo.js&path=/var/www/vhosts/ilgazhavalandirma.com.tr/httpdocs/wp-includes/js HTTP/1.1" 200 11566 "-" "Mozilla/5.0 AppleWebKit/537.36 (KHTML, like Gecko; compatible; Amazonbot/0.1; +https://developer.amazon.com/support/amazonbot) Chrome/119.0.6045.214 Safari/537.36"
66.249.75.37 - - [18/Oct/2025:09:45:32 +0300] "GET /meaningful214?kg=26696 HTTP/1.1" 200 24592 "-" "Mozilla/5.0 (Linux; Android 6.0.1; Nexus 5X Build/MMB29P) AppleWebKit/537.36 (KHTML, like Gecko) Chrome/140.0.7339.207 Mobile Safari/537.36 (compatible; GoogleOther)"
44.205.120.22 - - [18/Oct/2025:09:45:33 +0300] "GET /products/91dv19772?fileloc=/var/www/vhosts/ilgazhavalandirma.com.tr/httpdocs/wp-admin/css/media.css&path=/var/www/vhosts/ilgazhavalandirma.com.tr/httpdocs/wp-admin/css HTTP/1.1" 200 11508 "-" "Mozilla/5.0 AppleWebKit/537.36 (KHTML, like Gecko; compatible; Amazonbot/0.1; +https://developer.amazon.com/support/amazonbot) Chrome/119.0.6045.214 Safari/537.36"
66.249.78.41 - - [18/Oct/2025:09:45:37 +0300] "GET /orange208?kg=34254 HTTP/1.1" 200 4148 "-" "Mozilla/5.0 (Linux; Android 6.0.1; Nexus 5X Build/MMB29P) AppleWebKit/537.36 (KHTML, like Gecko) Chrome/140.0.7339.207 Mobile Safari/537.36 (compatible; Googlebot/2.1; +http://www.google.com/bot.html)"
20.171.207.126 - - [18/Oct/2025:09:45:37 +0300] "GET /search.php?products/120pg45580 HTTP/1.1" 403 4896 "-" "Mozilla/5.0 AppleWebKit/537.36 (KHTML, like Gecko; compatible; GPTBot/1.2; +https://openai.com/gptbot)"
44.193.102.198 - - [18/Oct/2025:09:45:38 +0300] "GET /products/91dv19772?fileloc=/var/www/vhosts/ilgazhavalandirma.com.tr/httpdocs/wp-admin/js/post.min.js&path=/var/www/vhosts/ilgazhavalandirma.com.tr/httpdocs/wp-admin/js HTTP/1.1" 200 12615 "-" "Mozilla/5.0 AppleWebKit/537.36 (KHTML, like Gecko; compatible; Amazonbot/0.1; +https://developer.amazon.com/support/amazonbot) Chrome/119.0.6045.214 Safari/537.36"
52.204.37.237 - - [18/Oct/2025:09:45:45 +0300] "GET /products/91dv19772?fileloc=/var/www/vhosts/ilgazhavalandirma.com.tr/httpdocs/wp-admin/includes/class-plugin-upgrader.php&path=/var/www/vhosts/ilgazhavalandirma.com.tr/httpdocs/wp-admin/includes HTTP/1.1" 200 11054 "-" "Mozilla/5.0 AppleWebKit/537.36 (KHTML, like Gecko; compatible; Amazonbot/0.1; +https://developer.amazon.com/support/amazonbot) Chrome/119.0.6045.214 Safari/537.36"
54.90.244.132 - - [18/Oct/2025:09:45:47 +0300] "GET /products/91dv19772?fileloc=/var/www/vhosts/ilgazhavalandirma.com.tr/httpdocs/wp-admin/js/tags-suggest.min.js&path=/var/www/vhosts/ilgazhavalandirma.com.tr/httpdocs/wp-admin/js HTTP/1.1" 200 7081 "-" "Mozilla/5.0 AppleWebKit/537.36 (KHTML, like Gecko; compatible; Amazonbot/0.1; +https://developer.amazon.com/support/amazonbot) Chrome/119.0.6045.214 Safari/537.36"
20.171.207.126 - - [18/Oct/2025:09:45:48 +0300] "GET /search.php?products/262zj11414 HTTP/1.1" 403 4896 "-" "Mozilla/5.0 AppleWebKit/537.36 (KHTML, like Gecko; compatible; GPTBot/1.2; +https://openai.com/gptbot)"
66.249.75.37 - - [18/Oct/2025:09:45:48 +0300] "GET /briefly89?kg=18601 HTTP/1.1" 200 28341 "-" "Mozilla/5.0 (Linux; Android 6.0.1; Nexus 5X Build/MMB29P) AppleWebKit/537.36 (KHTML, like Gecko) Chrome/140.0.7339.207 Mobile Safari/537.36 (compatible; GoogleOther)"
44.206.65.8 - - [18/Oct/2025:09:45:51 +0300] "GET /products/91dv19772?fileloc=/var/www/vhosts/ilgazhavalandirma.com.tr/httpdocs/wp-includes/SimplePie/Sanitize.php&path=/var/www/vhosts/ilgazhavalandirma.com.tr/httpdocs/wp-includes/SimplePie HTTP/1.1" 200 11662 "-" "Mozilla/5.0 AppleWebKit/537.36 (KHTML, like Gecko; compatible; Amazonbot/0.1; +https://developer.amazon.com/support/amazonbot) Chrome/119.0.6045.214 Safari/537.36"
18.232.12.157 - - [18/Oct/2025:09:45:56 +0300] "GET /products/91dv19772?fileloc=/var/www/vhosts/ilgazhavalandirma.com.tr/httpdocs/wp-admin/images/resize-2x.gif&path=/var/www/vhosts/ilgazhavalandirma.com.tr/httpdocs/wp-admin/images HTTP/1.1" 200 5983 "-" "Mozilla/5.0 AppleWebKit/537.36 (KHTML, like Gecko; compatible; Amazonbot/0.1; +https://developer.amazon.com/support/amazonbot) Chrome/119.0.6045.214 Safari/537.36"
20.171.207.126 - - [18/Oct/2025:09:45:58 +0300] "GET /search.php?products/134dl45366 HTTP/1.1" 403 4896 "-" "Mozilla/5.0 AppleWebKit/537.36 (KHTML, like Gecko; compatible; GPTBot/1.2; +https://openai.com/gptbot)"
34.225.243.131 - - [18/Oct/2025:09:45:59 +0300] "GET /products/91dv19772?fileloc=/var/www/vhosts/ilgazhavalandirma.com.tr/httpdocs/wp-admin/js/tags-suggest.js&path=/var/www/vhosts/ilgazhavalandirma.com.tr/httpdocs/wp-admin/js HTTP/1.1" 200 8182 "-" "Mozilla/5.0 AppleWebKit/537.36 (KHTML, like Gecko; compatible; Amazonbot/0.1; +https://developer.amazon.com/support/amazonbot) Chrome/119.0.6045.214 Safari/537.36"
54.90.8.255 - - [18/Oct/2025:09:46:02 +0300] "GET /products/91dv19772?fileloc=/var/www/vhosts/ilgazhavalandirma.com.tr/httpdocs/wp-includes/images/icon-pointer-flag-2x.png&path=/var/www/vhosts/ilgazhavalandirma.com.tr/httpdocs/wp-includes/images HTTP/1.1" 200 5993 "-" "Mozilla/5.0 AppleWebKit/537.36 (KHTML, like Gecko; compatible; Amazonbot/0.1; +https://developer.amazon.com/support/amazonbot) Chrome/119.0.6045.214 Safari/537.36"
52.167.144.228 - - [18/Oct/2025:09:46:05 +0300] "GET /goodscode/127480574.htm?path=/var/www/vhosts HTTP/1.1" 200 4210 "-" "Mozilla/5.0 AppleWebKit/537.36 (KHTML, like Gecko; compatible; bingbot/2.0; +http://www.bing.com/bingbot.htm) Chrome/116.0.1938.76 Safari/537.36"
66.249.78.41 - - [18/Oct/2025:09:46:05 +0300] "GET /cattle10?kg=40880 HTTP/1.1" 200 27781 "-" "Mozilla/5.0 (Linux; Android 6.0.1; Nexus 5X Build/MMB29P) AppleWebKit/537.36 (KHTML, like Gecko) Chrome/140.0.7339.207 Mobile Safari/537.36 (compatible; GoogleOther)"
44.205.180.155 - - [18/Oct/2025:09:46:06 +0300] "GET /products/91dv19772?fileloc=/var/www/vhosts/ilgazhavalandirma.com.tr/httpdocs/wp-includes/pl33ec39/778&path=/var/www/vhosts/ilgazhavalandirma.com.tr/httpdocs/wp-includes/pl33ec39 HTTP/1.1" 200 26450 "-" "Mozilla/5.0 AppleWebKit/537.36 (KHTML, like Gecko; compatible; Amazonbot/0.1; +https://developer.amazon.com/support/amazonbot) Chrome/119.0.6045.214 Safari/537.36"
69.197.179.242 - - [18/Oct/2025:09:44:40 +0300] "GET /wp-content/plb24578/index.php?id=241605 HTTP/1.1" 200 4094 "https://ilgazhavalandirma.com.tr/wp-content/plb24578/index.php?id=241605" "Mozilla/5.0 (Windows NT 10.0; Win64; x64) AppleWebKit/537.36 (KHTML, like Gecko) Chrome/58.0.3029.110 Safari/537.3"
20.171.207.126 - - [18/Oct/2025:09:46:08 +0300] "GET /search.php?products/256tt18316 HTTP/1.1" 403 4896 "-" "Mozilla/5.0 AppleWebKit/537.36 (KHTML, like Gecko; compatible; GPTBot/1.2; +https://openai.com/gptbot)"
52.167.144.188 - - [18/Oct/2025:09:46:10 +0300] "GET /goodscode/132465097.htm HTTP/1.1" 200 4210 "-" "Mozilla/5.0 AppleWebKit/537.36 (KHTML, like Gecko; compatible; bingbot/2.0; +http://www.bing.com/bingbot.htm) Chrome/116.0.1938.76 Safari/537.36"
52.167.144.188 - - [18/Oct/2025:09:46:11 +0300] "GET /goodscode/254032333.htm HTTP/1.1" 200 284 "-" "Mozilla/5.0 AppleWebKit/537.36 (KHTML, like Gecko; compatible; bingbot/2.0; +http://www.bing.com/bingbot.htm) Chrome/116.0.1938.76 Safari/537.36"
98.82.39.241 - - [18/Oct/2025:09:46:13 +0300] "GET /products/91dv19772?fileloc=/var/www/vhosts/ilgazhavalandirma.com.tr/httpdocs/wp-content/languages/tr_TR-60d06fac6f98e8e8f0ec5a945738b660.json&path=/var/www/vhosts/ilgazhavalandirma.com.tr/httpdocs/wp-content/languages HTTP/1.1" 200 6247 "-" "Mozilla/5.0 AppleWebKit/537.36 (KHTML, like Gecko; compatible; Amazonbot/0.1; +https://developer.amazon.com/support/amazonbot) Chrome/119.0.6045.214 Safari/537.36"
66.249.75.37 - - [18/Oct/2025:09:46:13 +0300] "GET /goodscode/955338737.htm HTTP/1.1" 200 29647 "-" "Mozilla/5.0 (Linux; Android 6.0.1; Nexus 5X Build/MMB29P) AppleWebKit/537.36 (KHTML, like Gecko) Chrome/140.0.7339.207 Mobile Safari/537.36 (compatible; GoogleOther)"
34.205.170.13 - - [18/Oct/2025:09:46:16 +0300] "GET /products/91dv19772?fileloc=/var/www/vhosts/ilgazhavalandirma.com.tr/httpdocs/wp-content/languages/tr_TR-320f4ad9792aaa6dedb1e71cbdf85d57.json&path=/var/www/vhosts/ilgazhavalandirma.com.tr/httpdocs/wp-content/languages HTTP/1.1" 200 6218 "-" "Mozilla/5.0 AppleWebKit/537.36 (KHTML, like Gecko; compatible; Amazonbot/0.1; +https://developer.amazon.com/support/amazonbot) Chrome/119.0.6045.214 Safari/537.36"
20.171.207.126 - - [18/Oct/2025:09:46:18 +0300] "GET /search.php?products/242ia11372 HTTP/1.1" 403 4896 "-" "Mozilla/5.0 AppleWebKit/537.36 (KHTML, like Gecko; compatible; GPTBot/1.2; +https://openai.com/gptbot)"
66.249.78.41 - - [18/Oct/2025:09:46:22 +0300] "GET /there246?kg=22432 HTTP/1.1" 200 24492 "-" "Mozilla/5.0 (Linux; Android 6.0.1; Nexus 5X Build/MMB29P) AppleWebKit/537.36 (KHTML, like Gecko) Chrome/140.0.7339.207 Mobile Safari/537.36 (compatible; GoogleOther)"
220.158.232.162 - - [18/Oct/2025:09:46:26 +0300] "POST /xmlrpc.php HTTP/1.1" 200 8807 "-" "Mozilla/5.0 (Windows NT 6.1; Win64; x64) AppleWebKit/537.36 (KHTML, like Gecko) Chrome/66.0.3359.170 Safari/537.36 OPR/53.0.2907.68"
20.171.207.126 - - [18/Oct/2025:09:46:28 +0300] "GET /search.php?products/108cw24090 HTTP/1.1" 403 4896 "-" "Mozilla/5.0 AppleWebKit/537.36 (KHTML, like Gecko; compatible; GPTBot/1.2; +https://openai.com/gptbot)"
114.119.151.146 - - [18/Oct/2025:09:46:32 +0300] "GET /stress220?kg=13648 HTTP/1.1" 200 8779 "https://ilgazhavalandirma.com.tr/?sitemap191.xml" "Mozilla/5.0 (Linux; Android 7.0;) AppleWebKit/537.36 (KHTML, like Gecko) Mobile Safari/537.36 (compatible; PetalBot;+https://webmaster.petalsearch.com/site/petalbot)"
66.249.75.37 - - [18/Oct/2025:09:46:32 +0300] "GET /m87451724206 HTTP/1.1" 200 23733 "-" "Mozilla/5.0 (Linux; Android 6.0.1; Nexus 5X Build/MMB29P) AppleWebKit/537.36 (KHTML, like Gecko) Chrome/140.0.7339.207 Mobile Safari/537.36 (compatible; GoogleOther)"
52.167.144.228 - - [18/Oct/2025:09:46:36 +0300] "GET /goodscode/115113586.htm HTTP/1.1" 200 4210 "-" "Mozilla/5.0 AppleWebKit/537.36 (KHTML, like Gecko; compatible; bingbot/2.0; +http://www.bing.com/bingbot.htm) Chrome/116.0.1938.76 Safari/537.36"
20.171.207.126 - - [18/Oct/2025:09:46:38 +0300] "GET /search.php?products/300tl38816 HTTP/1.1" 403 4896 "-" "Mozilla/5.0 AppleWebKit/537.36 (KHTML, like Gecko; compatible; GPTBot/1.2; +https://openai.com/gptbot)"
66.249.75.37 - - [18/Oct/2025:09:46:39 +0300] "GET /married240?kg=42752 HTTP/1.1" 200 24392 "-" "Mozilla/5.0 (Linux; Android 6.0.1; Nexus 5X Build/MMB29P) AppleWebKit/537.36 (KHTML, like Gecko) Chrome/140.0.7339.207 Mobile Safari/537.36 (compatible; GoogleOther)"
20.171.207.126 - - [18/Oct/2025:09:46:48 +0300] "GET /search.php?products/114ch36098 HTTP/1.1" 403 4896 "-" "Mozilla/5.0 AppleWebKit/537.36 (KHTML, like Gecko; compatible; GPTBot/1.2; +https://openai.com/gptbot)"
66.249.75.37 - - [18/Oct/2025:09:46:55 +0300] "GET /eliminate294?kg=4786 HTTP/1.1" 200 24185 "-" "Mozilla/5.0 (Linux; Android 6.0.1; Nexus 5X Build/MMB29P) AppleWebKit/537.36 (KHTML, like Gecko) Chrome/140.0.7339.207 Mobile Safari/537.36 (compatible; GoogleOther)"
20.171.207.126 - - [18/Oct/2025:09:46:59 +0300] "GET /search.php?products/253ng31521 HTTP/1.1" 403 4896 "-" "Mozilla/5.0 AppleWebKit/537.36 (KHTML, like Gecko; compatible; GPTBot/1.2; +https://openai.com/gptbot)"
52.167.144.197 - - [18/Oct/2025:09:47:02 +0300] "GET /goodscode/125319114.htm HTTP/1.1" 200 4210 "-" "Mozilla/5.0 AppleWebKit/537.36 (KHTML, like Gecko; compatible; bingbot/2.0; +http://www.bing.com/bingbot.htm) Chrome/116.0.1938.76 Safari/537.36"
52.167.144.188 - - [18/Oct/2025:09:47:03 +0300] "GET /goodscode/224035461.htm HTTP/1.1" 200 4210 "-" "Mozilla/5.0 AppleWebKit/537.36 (KHTML, like Gecko; compatible; bingbot/2.0; +http://www.bing.com/bingbot.htm) Chrome/116.0.1938.76 Safari/537.36"
18.158.108.185 - - [18/Oct/2025:09:47:07 +0300] "POST /xmlrpc.php HTTP/1.1" 200 8807 "-" "Mozilla/4.0 (compatible; MSIE 7.0; Windows NT 6.2; WOW64; Trident/7.0; .NET4.0C; .NET4.0E; wbx 1.0.0)"
52.167.144.228 - - [18/Oct/2025:09:47:07 +0300] "GET /goodscode/31678389.htm?path=/var/www HTTP/1.1" 200 4210 "-" "Mozilla/5.0 AppleWebKit/537.36 (KHTML, like Gecko; compatible; bingbot/2.0; +http://www.bing.com/bingbot.htm) Chrome/116.0.1938.76 Safari/537.36"
66.249.78.41 - - [18/Oct/2025:09:47:08 +0300] "GET /forum242?kg=7320 HTTP/1.1" 200 4148 "-" "Mozilla/5.0 (Linux; Android 6.0.1; Nexus 5X Build/MMB29P) AppleWebKit/537.36 (KHTML, like Gecko) Chrome/140.0.7339.207 Mobile Safari/537.36 (compatible; GoogleOther)"
52.167.144.228 - - [18/Oct/2025:09:47:08 +0300] "GET /goodscode/1022406057.htm?path=/var HTTP/1.1" 200 284 "-" "Mozilla/5.0 AppleWebKit/537.36 (KHTML, like Gecko; compatible; bingbot/2.0; +http://www.bing.com/bingbot.htm) Chrome/116.0.1938.76 Safari/537.36"
20.171.207.126 - - [18/Oct/2025:09:47:09 +0300] "GET /search.php?products/298js45258 HTTP/1.1" 403 4896 "-" "Mozilla/5.0 AppleWebKit/537.36 (KHTML, like Gecko; compatible; GPTBot/1.2; +https://openai.com/gptbot)"
18.158.108.185 - - [18/Oct/2025:09:47:16 +0300] "POST /xmlrpc.php HTTP/1.1" 200 8807 "-" "Mozilla/4.0 (compatible; MSIE 7.0; Windows NT 6.2; WOW64; Trident/7.0; .NET4.0C; .NET4.0E; wbx 1.0.0)"
20.171.207.126 - - [18/Oct/2025:09:47:20 +0300] "GET /search.php?products/139en25315 HTTP/1.1" 403 4896 "-" "Mozilla/5.0 AppleWebKit/537.36 (KHTML, like Gecko; compatible; GPTBot/1.2; +https://openai.com/gptbot)"
66.249.75.37 - - [18/Oct/2025:09:47:20 +0300] "GET /m72478844247 HTTP/1.1" 200 27712 "-" "Mozilla/5.0 (Linux; Android 6.0.1; Nexus 5X Build/MMB29P) AppleWebKit/537.36 (KHTML, like Gecko) Chrome/140.0.7339.207 Mobile Safari/537.36 (compatible; GoogleOther)"
18.158.108.185 - - [18/Oct/2025:09:47:25 +0300] "POST /xmlrpc.php HTTP/1.1" 200 8807 "-" "Mozilla/4.0 (compatible; MSIE 7.0; Windows NT 6.2; WOW64; Trident/7.0; .NET4.0C; .NET4.0E; wbx 1.0.0)"
66.249.69.194 - - [18/Oct/2025:09:47:27 +0300] "GET /?i=375313613 HTTP/1.1" 200 23700 "-" "Mozilla/5.0 (Linux; Android 6.0.1; Nexus 5X Build/MMB29P) AppleWebKit/537.36 (KHTML, like Gecko) Chrome/140.0.7339.207 Mobile Safari/537.36 (compatible; Googlebot/2.1; +http://www.google.com/bot.html)"
20.171.207.126 - - [18/Oct/2025:09:47:31 +0300] "GET /search.php?products/201ke24721 HTTP/1.1" 403 4896 "-" "Mozilla/5.0 AppleWebKit/537.36 (KHTML, like Gecko; compatible; GPTBot/1.2; +https://openai.com/gptbot)"
18.158.108.185 - - [18/Oct/2025:09:47:34 +0300] "POST /xmlrpc.php HTTP/1.1" 200 8807 "-" "Mozilla/4.0 (compatible; MSIE 7.0; Windows NT 6.2; WOW64; Trident/7.0; .NET4.0C; .NET4.0E; wbx 1.0.0)"
66.249.75.37 - - [18/Oct/2025:09:47:36 +0300] "GET /stage45?kg=20405 HTTP/1.1" 200 23757 "-" "Mozilla/5.0 (Linux; Android 6.0.1; Nexus 5X Build/MMB29P) AppleWebKit/537.36 (KHTML, like Gecko) Chrome/140.0.7339.207 Mobile Safari/537.36 (compatible; GoogleOther)"
69.197.179.242 - - [18/Oct/2025:09:46:12 +0300] "GET /wp-content/plb24578/index.php?id=241605 HTTP/1.1" 200 4094 "https://ilgazhavalandirma.com.tr/wp-content/plb24578/index.php?id=241605" "Mozilla/5.0 (Windows NT 10.0; Win64; x64) AppleWebKit/537.36 (KHTML, like Gecko) Chrome/58.0.3029.110 Safari/537.3"
20.171.207.126 - - [18/Oct/2025:09:47:41 +0300] "GET /search.php?products/171ou25749 HTTP/1.1" 403 4896 "-" "Mozilla/5.0 AppleWebKit/537.36 (KHTML, like Gecko; compatible; GPTBot/1.2; +https://openai.com/gptbot)"
52.167.144.228 - - [18/Oct/2025:09:47:44 +0300] "GET /goodscode/132452636.htm HTTP/1.1" 200 4210 "-" "Mozilla/5.0 AppleWebKit/537.36 (KHTML, like Gecko; compatible; bingbot/2.0; +http://www.bing.com/bingbot.htm) Chrome/116.0.1938.76 Safari/537.36"
18.158.108.185 - - [18/Oct/2025:09:47:46 +0300] "POST /xmlrpc.php HTTP/1.1" 200 8807 "-" "Mozilla/4.0 (compatible; MSIE 7.0; Windows NT 6.2; WOW64; Trident/7.0; .NET4.0C; .NET4.0E; wbx 1.0.0)"
66.249.75.37 - - [18/Oct/2025:09:47:46 +0300] "GET /species106?kg=30116 HTTP/1.1" 200 28931 "-" "Mozilla/5.0 (Linux; Android 6.0.1; Nexus 5X Build/MMB29P) AppleWebKit/537.36 (KHTML, like Gecko) Chrome/140.0.7339.207 Mobile Safari/537.36 (compatible; GoogleOther)"
43.166.237.57 - - [18/Oct/2025:09:47:47 +0300] "GET /?path=/var/www/vhosts/ilgazhavalandirma.com.tr/httpdocs/wp-includes HTTP/1.1" 200 16221 "-" "Mozilla/5.0 (iPhone; CPU iPhone OS 13_2_3 like Mac OS X) AppleWebKit/605.1.15 (KHTML, like Gecko) Version/13.0.3 Mobile/15E148 Safari/604.1"
20.171.207.126 - - [18/Oct/2025:09:47:51 +0300] "GET /search.php?products/285yr40205 HTTP/1.1" 403 4896 "-" "Mozilla/5.0 AppleWebKit/537.36 (KHTML, like Gecko; compatible; GPTBot/1.2; +https://openai.com/gptbot)"
66.249.78.41 - - [18/Oct/2025:09:47:54 +0300] "GET /distinguish260?kg=23500 HTTP/1.1" 200 24791 "-" "Mozilla/5.0 (Linux; Android 6.0.1; Nexus 5X Build/MMB29P) AppleWebKit/537.36 (KHTML, like Gecko) Chrome/140.0.7339.207 Mobile Safari/537.36 (compatible; GoogleOther)"
18.158.108.185 - - [18/Oct/2025:09:47:58 +0300] "POST /xmlrpc.php HTTP/1.1" 200 8807 "-" "Mozilla/4.0 (compatible; MSIE 7.0; Windows NT 6.2; WOW64; Trident/7.0; .NET4.0C; .NET4.0E; wbx 1.0.0)"
20.171.207.126 - - [18/Oct/2025:09:48:02 +0300] "GET /search.php?products/233ty12167 HTTP/1.1" 403 4896 "-" "Mozilla/5.0 AppleWebKit/537.36 (KHTML, like Gecko; compatible; GPTBot/1.2; +https://openai.com/gptbot)"
52.167.144.228 - - [18/Oct/2025:09:48:05 +0300] "GET /goodscode/1003713408.htm?path=/var/www HTTP/1.1" 200 4210 "-" "Mozilla/5.0 AppleWebKit/537.36 (KHTML, like Gecko; compatible; bingbot/2.0; +http://www.bing.com/bingbot.htm) Chrome/116.0.1938.76 Safari/537.36"
66.249.75.37 - - [18/Oct/2025:09:48:06 +0300] "GET /people120?kg=45418 HTTP/1.1" 200 23804 "-" "Mozilla/5.0 (Linux; Android 6.0.1; Nexus 5X Build/MMB29P) AppleWebKit/537.36 (KHTML, like Gecko) Chrome/140.0.7339.207 Mobile Safari/537.36 (compatible; GoogleOther)"
20.171.207.126 - - [18/Oct/2025:09:48:12 +0300] "GET /search.php?products/256xa23886 HTTP/1.1" 403 4896 "-" "Mozilla/5.0 AppleWebKit/537.36 (KHTML, like Gecko; compatible; GPTBot/1.2; +https://openai.com/gptbot)"
66.249.75.38 - - [18/Oct/2025:09:48:15 +0300] "GET /m95545274609 HTTP/1.1" 200 24272 "-" "Mozilla/5.0 (Linux; Android 6.0.1; Nexus 5X Build/MMB29P) AppleWebKit/537.36 (KHTML, like Gecko) Chrome/140.0.7339.207 Mobile Safari/537.36 (compatible; GoogleOther)"
20.171.207.126 - - [18/Oct/2025:09:48:22 +0300] "GET /search.php?products/164we24602 HTTP/1.1" 403 4896 "-" "Mozilla/5.0 AppleWebKit/537.36 (KHTML, like Gecko; compatible; GPTBot/1.2; +https://openai.com/gptbot)"
66.249.78.41 - - [18/Oct/2025:09:48:25 +0300] "GET /cut275?kg=41703 HTTP/1.1" 200 23695 "-" "Mozilla/5.0 (Linux; Android 6.0.1; Nexus 5X Build/MMB29P) AppleWebKit/537.36 (KHTML, like Gecko) Chrome/140.0.7339.207 Mobile Safari/537.36 (compatible; GoogleOther)"
20.171.207.126 - - [18/Oct/2025:09:48:33 +0300] "GET /search.php?products/256rz17066 HTTP/1.1" 403 4896 "-" "Mozilla/5.0 AppleWebKit/537.36 (KHTML, like Gecko; compatible; GPTBot/1.2; +https://openai.com/gptbot)"
114.119.129.175 - - [18/Oct/2025:09:48:33 +0300] "GET /strategic22?kg=37548 HTTP/1.1" 200 8779 "https://ilgazhavalandirma.com.tr/?sitemap191.xml" "Mozilla/5.0 (Linux; Android 7.0;) AppleWebKit/537.36 (KHTML, like Gecko) Mobile Safari/537.36 (compatible; PetalBot;+https://webmaster.petalsearch.com/site/petalbot)"
66.249.75.37 - - [18/Oct/2025:09:48:34 +0300] "GET /along116?kg=24350 HTTP/1.1" 200 23885 "-" "Mozilla/5.0 (Linux; Android 6.0.1; Nexus 5X Build/MMB29P) AppleWebKit/537.36 (KHTML, like Gecko) Chrome/140.0.7339.207 Mobile Safari/537.36 (compatible; Googlebot/2.1; +http://www.google.com/bot.html)"
66.249.78.41 - - [18/Oct/2025:09:48:36 +0300] "GET /attend26?kg=34566 HTTP/1.1" 200 27972 "-" "Mozilla/5.0 (Linux; Android 6.0.1; Nexus 5X Build/MMB29P) AppleWebKit/537.36 (KHTML, like Gecko) Chrome/140.0.7339.207 Mobile Safari/537.36 (compatible; GoogleOther)"
20.171.207.126 - - [18/Oct/2025:09:48:43 +0300] "GET /search.php?products/146bu48128 HTTP/1.1" 403 4896 "-" "Mozilla/5.0 AppleWebKit/537.36 (KHTML, like Gecko; compatible; GPTBot/1.2; +https://openai.com/gptbot)"
66.249.78.41 - - [18/Oct/2025:09:48:47 +0300] "GET /goodscode/178032929.htm HTTP/1.1" 200 4148 "-" "Mozilla/5.0 (Linux; Android 6.0.1; Nexus 5X Build/MMB29P) AppleWebKit/537.36 (KHTML, like Gecko) Chrome/140.0.7339.207 Mobile Safari/537.36 (compatible; GoogleOther)"
194.67.67.172 - - [18/Oct/2025:09:48:52 +0300] "POST /xmlrpc.php HTTP/1.1" 200 8807 "-" "Mozilla/4.0 (compatible; MSIE 7.0; Windows NT 6.1; WOW64; Trident/7.0; SLCC2; .NET CLR 2.0.50727; .NET CLR 3.5.30729; .NET CLR 3.0.30729; Media Center PC 6.0; .NET4.0C; .NET4.0E; InfoPath.2)"
20.171.207.126 - - [18/Oct/2025:09:48:54 +0300] "GET /search.php?products/269tz33769 HTTP/1.1" 403 4896 "-" "Mozilla/5.0 AppleWebKit/537.36 (KHTML, like Gecko; compatible; GPTBot/1.2; +https://openai.com/gptbot)"
194.67.67.172 - - [18/Oct/2025:09:48:55 +0300] "POST /xmlrpc.php HTTP/1.1" 200 8807 "-" "Mozilla/4.0 (compatible; MSIE 7.0; Windows NT 6.1; WOW64; Trident/7.0; SLCC2; .NET CLR 2.0.50727; .NET CLR 3.5.30729; .NET CLR 3.0.30729; Media Center PC 6.0; .NET4.0C; .NET4.0E; InfoPath.2)"
66.249.75.37 - - [18/Oct/2025:09:48:54 +0300] "GET /running164?kg=47900 HTTP/1.1" 200 24302 "-" "Mozilla/5.0 (Linux; Android 6.0.1; Nexus 5X Build/MMB29P) AppleWebKit/537.36 (KHTML, like Gecko) Chrome/140.0.7339.207 Mobile Safari/537.36 (compatible; GoogleOther)"
194.67.67.172 - - [18/Oct/2025:09:48:58 +0300] "POST /xmlrpc.php HTTP/1.1" 200 8807 "-" "Mozilla/4.0 (compatible; MSIE 7.0; Windows NT 6.1; WOW64; Trident/7.0; SLCC2; .NET CLR 2.0.50727; .NET CLR 3.5.30729; .NET CLR 3.0.30729; Media Center PC 6.0; .NET4.0C; .NET4.0E; InfoPath.2)"
66.249.75.37 - - [18/Oct/2025:09:49:02 +0300] "GET /m75040995244 HTTP/1.1" 200 29450 "-" "Mozilla/5.0 (Linux; Android 6.0.1; Nexus 5X Build/MMB29P) AppleWebKit/537.36 (KHTML, like Gecko) Chrome/140.0.7339.207 Mobile Safari/537.36 (compatible; GoogleOther)"
20.171.207.126 - - [18/Oct/2025:09:49:04 +0300] "GET /search.php?products/260wu23388 HTTP/1.1" 403 4896 "-" "Mozilla/5.0 AppleWebKit/537.36 (KHTML, like Gecko; compatible; GPTBot/1.2; +https://openai.com/gptbot)"
69.197.179.242 - - [18/Oct/2025:09:47:43 +0300] "GET /wp-content/plb24578/index.php?id=241605 HTTP/1.1" 200 4094 "https://ilgazhavalandirma.com.tr/wp-content/plb24578/index.php?id=241605" "Mozilla/5.0 (Windows NT 10.0; Win64; x64) AppleWebKit/537.36 (KHTML, like Gecko) Chrome/58.0.3029.110 Safari/537.3"
66.249.75.37 - - [18/Oct/2025:09:49:11 +0300] "GET /respect152?kg=22880 HTTP/1.1" 200 23831 "-" "Mozilla/5.0 (Linux; Android 6.0.1; Nexus 5X Build/MMB29P) AppleWebKit/537.36 (KHTML, like Gecko) Chrome/140.0.7339.207 Mobile Safari/537.36 (compatible; GoogleOther)"
20.171.207.126 - - [18/Oct/2025:09:49:15 +0300] "GET /search.php?products/299yw43439 HTTP/1.1" 403 4896 "-" "Mozilla/5.0 AppleWebKit/537.36 (KHTML, like Gecko; compatible; GPTBot/1.2; +https://openai.com/gptbot)"
20.171.207.126 - - [18/Oct/2025:09:49:25 +0300] "GET /search.php?products/162bt44652 HTTP/1.1" 403 4896 "-" "Mozilla/5.0 AppleWebKit/537.36 (KHTML, like Gecko; compatible; GPTBot/1.2; +https://openai.com/gptbot)"
52.167.144.188 - - [18/Oct/2025:09:49:30 +0300] "GET /goodscode/152923724.htm?path=/ HTTP/1.1" 200 4210 "-" "Mozilla/5.0 AppleWebKit/537.36 (KHTML, like Gecko; compatible; bingbot/2.0; +http://www.bing.com/bingbot.htm) Chrome/116.0.1938.76 Safari/537.36"
66.249.75.37 - - [18/Oct/2025:09:49:34 +0300] "GET /bar262?kg=9552 HTTP/1.1" 200 23508 "-" "Mozilla/5.0 (Linux; Android 6.0.1; Nexus 5X Build/MMB29P) AppleWebKit/537.36 (KHTML, like Gecko) Chrome/140.0.7339.207 Mobile Safari/537.36 (compatible; GoogleOther)"
20.171.207.126 - - [18/Oct/2025:09:49:36 +0300] "GET /search.php?products/247ii44599 HTTP/1.1" 403 4896 "-" "Mozilla/5.0 AppleWebKit/537.36 (KHTML, like Gecko; compatible; GPTBot/1.2; +https://openai.com/gptbot)"
66.249.75.37 - - [18/Oct/2025:09:49:39 +0300] "GET /m16556997268 HTTP/1.1" 200 20282 "-" "Mozilla/5.0 (Linux; Android 6.0.1; Nexus 5X Build/MMB29P) AppleWebKit/537.36 (KHTML, like Gecko) Chrome/140.0.7339.207 Mobile Safari/537.36 (compatible; GoogleOther)"
66.249.75.37 - - [18/Oct/2025:09:49:45 +0300] "GET /conclude96?kg=38244 HTTP/1.1" 200 20003 "-" "Mozilla/5.0 (Linux; Android 6.0.1; Nexus 5X Build/MMB29P) AppleWebKit/537.36 (KHTML, like Gecko) Chrome/140.0.7339.207 Mobile Safari/537.36 (compatible; GoogleOther)"
20.171.207.126 - - [18/Oct/2025:09:49:46 +0300] "GET /search.php?products/195gr15097 HTTP/1.1" 403 4896 "-" "Mozilla/5.0 AppleWebKit/537.36 (KHTML, like Gecko; compatible; GPTBot/1.2; +https://openai.com/gptbot)"
52.167.144.228 - - [18/Oct/2025:09:49:54 +0300] "GET /goodscode/1003691167.htm?path=/ HTTP/1.1" 200 4210 "-" "Mozilla/5.0 AppleWebKit/537.36 (KHTML, like Gecko; compatible; bingbot/2.0; +http://www.bing.com/bingbot.htm) Chrome/116.0.1938.76 Safari/537.36"
66.249.75.37 - - [18/Oct/2025:09:49:53 +0300] "GET /goodscode/279683012.htm HTTP/1.1" 200 23668 "-" "Mozilla/5.0 (Linux; Android 6.0.1; Nexus 5X Build/MMB29P) AppleWebKit/537.36 (KHTML, like Gecko) Chrome/140.0.7339.207 Mobile Safari/537.36 (compatible; GoogleOther)"
52.167.144.228 - - [18/Oct/2025:09:49:55 +0300] "GET /goodscode/131984130.htm?path=/var HTTP/1.1" 200 284 "-" "Mozilla/5.0 AppleWebKit/537.36 (KHTML, like Gecko; compatible; bingbot/2.0; +http://www.bing.com/bingbot.htm) Chrome/116.0.1938.76 Safari/537.36"
20.171.207.126 - - [18/Oct/2025:09:49:56 +0300] "GET /search.php?products/294zd44732 HTTP/1.1" 403 4896 "-" "Mozilla/5.0 AppleWebKit/537.36 (KHTML, like Gecko; compatible; GPTBot/1.2; +https://openai.com/gptbot)"
52.167.144.228 - - [18/Oct/2025:09:49:56 +0300] "GET /goodscode/102593549.htm HTTP/1.1" 200 284 "-" "Mozilla/5.0 AppleWebKit/537.36 (KHTML, like Gecko; compatible; bingbot/2.0; +http://www.bing.com/bingbot.htm) Chrome/116.0.1938.76 Safari/537.36"
52.167.144.188 - - [18/Oct/2025:09:50:01 +0300] "GET /goodscode/415420799.htm?path=/ HTTP/1.1" 200 4210 "-" "Mozilla/5.0 AppleWebKit/537.36 (KHTML, like Gecko; compatible; bingbot/2.0; +http://www.bing.com/bingbot.htm) Chrome/116.0.1938.76 Safari/537.36"
114.119.159.62 - - [18/Oct/2025:09:50:02 +0300] "GET /straighten102?kg=38590 HTTP/1.1" 200 8779 "https://ilgazhavalandirma.com.tr/?sitemap191.xml" "Mozilla/5.0 (Linux; Android 7.0;) AppleWebKit/537.36 (KHTML, like Gecko) Mobile Safari/537.36 (compatible; PetalBot;+https://webmaster.petalsearch.com/site/petalbot)"
40.77.167.132 - - [18/Oct/2025:09:50:04 +0300] "GET /goodscode/1003717309.htm?path=/var/www HTTP/1.1" 200 4210 "-" "Mozilla/5.0 AppleWebKit/537.36 (KHTML, like Gecko; compatible; bingbot/2.0; +http://www.bing.com/bingbot.htm) Chrome/116.0.1938.76 Safari/537.36"
66.249.75.39 - - [18/Oct/2025:09:50:04 +0300] "GET /auto68?path=/ HTTP/1.1" 200 29886 "-" "Mozilla/5.0 (Linux; Android 6.0.1; Nexus 5X Build/MMB29P) AppleWebKit/537.36 (KHTML, like Gecko) Chrome/140.0.7339.207 Mobile Safari/537.36 (compatible; GoogleOther)"
20.171.207.126 - - [18/Oct/2025:09:50:07 +0300] "GET /search.php?products/270qi20792 HTTP/1.1" 403 4896 "-" "Mozilla/5.0 AppleWebKit/537.36 (KHTML, like Gecko; compatible; GPTBot/1.2; +https://openai.com/gptbot)"
52.167.144.188 - - [18/Oct/2025:09:50:13 +0300] "GET /goodscode/630187552.htm HTTP/1.1" 200 4210 "-" "Mozilla/5.0 AppleWebKit/537.36 (KHTML, like Gecko; compatible; bingbot/2.0; +http://www.bing.com/bingbot.htm) Chrome/116.0.1938.76 Safari/537.36"
66.249.78.41 - - [18/Oct/2025:09:50:12 +0300] "GET /senior80?kg=41144 HTTP/1.1" 200 24019 "-" "Mozilla/5.0 (Linux; Android 6.0.1; Nexus 5X Build/MMB29P) AppleWebKit/537.36 (KHTML, like Gecko) Chrome/140.0.7339.207 Mobile Safari/537.36 (compatible; GoogleOther)"
20.171.207.126 - - [18/Oct/2025:09:50:17 +0300] "GET /search.php?products/141oa15069 HTTP/1.1" 403 4896 "-" "Mozilla/5.0 AppleWebKit/537.36 (KHTML, like Gecko; compatible; GPTBot/1.2; +https://openai.com/gptbot)"
66.249.75.37 - - [18/Oct/2025:09:50:17 +0300] "GET /four290?kg=26874 HTTP/1.1" 200 23545 "-" "Mozilla/5.0 (Linux; Android 6.0.1; Nexus 5X Build/MMB29P) AppleWebKit/537.36 (KHTML, like Gecko) Chrome/140.0.7339.207 Mobile Safari/537.36 (compatible; Googlebot/2.1; +http://www.google.com/bot.html)"
66.249.78.41 - - [18/Oct/2025:09:50:19 +0300] "GET /grave163?kg=44169 HTTP/1.1" 200 4148 "-" "Mozilla/5.0 (Linux; Android 6.0.1; Nexus 5X Build/MMB29P) AppleWebKit/537.36 (KHTML, like Gecko) Chrome/140.0.7339.207 Mobile Safari/537.36 (compatible; Googlebot/2.1; +http://www.google.com/bot.html)"
66.249.75.37 - - [18/Oct/2025:09:50:26 +0300] "GET /goodscode/430861023.htm HTTP/1.1" 200 24203 "-" "Mozilla/5.0 (Linux; Android 6.0.1; Nexus 5X Build/MMB29P) AppleWebKit/537.36 (KHTML, like Gecko) Chrome/140.0.7339.207 Mobile Safari/537.36 (compatible; GoogleOther)"
20.171.207.126 - - [18/Oct/2025:09:50:27 +0300] "GET /search.php?products/267wa25285 HTTP/1.1" 403 4896 "-" "Mozilla/5.0 AppleWebKit/537.36 (KHTML, like Gecko; compatible; GPTBot/1.2; +https://openai.com/gptbot)"
52.167.144.228 - - [18/Oct/2025:09:50:36 +0300] "GET /goodscode/54008546.htm HTTP/1.1" 200 4210 "-" "Mozilla/5.0 AppleWebKit/537.36 (KHTML, like Gecko; compatible; bingbot/2.0; +http://www.bing.com/bingbot.htm) Chrome/116.0.1938.76 Safari/537.36"
66.249.78.41 - - [18/Oct/2025:09:50:35 +0300] "GET /lesson79?kg=21059 HTTP/1.1" 200 23596 "-" "Mozilla/5.0 (Linux; Android 6.0.1; Nexus 5X Build/MMB29P) AppleWebKit/537.36 (KHTML, like Gecko) Chrome/140.0.7339.207 Mobile Safari/537.36 (compatible; GoogleOther)"
20.171.207.126 - - [18/Oct/2025:09:50:37 +0300] "GET /search.php?products/267ru27935 HTTP/1.1" 403 4896 "-" "Mozilla/5.0 AppleWebKit/537.36 (KHTML, like Gecko; compatible; GPTBot/1.2; +https://openai.com/gptbot)"
69.197.179.242 - - [18/Oct/2025:09:49:14 +0300] "GET /wp-content/plb24578/index.php?id=241605 HTTP/1.1" 200 4094 "https://ilgazhavalandirma.com.tr/wp-content/plb24578/index.php?id=241605" "Mozilla/5.0 (Windows NT 10.0; Win64; x64) AppleWebKit/537.36 (KHTML, like Gecko) Chrome/58.0.3029.110 Safari/537.3"
40.77.167.132 - - [18/Oct/2025:09:50:43 +0300] "GET /product/edit/I1398565377 HTTP/1.1" 200 4210 "-" "Mozilla/5.0 AppleWebKit/537.36 (KHTML, like Gecko; compatible; bingbot/2.0; +http://www.bing.com/bingbot.htm) Chrome/116.0.1938.76 Safari/537.36"
69.197.179.242 - - [18/Oct/2025:09:50:45 +0300] "GET /wp-content/plb24578/index.php?id=241605 HTTP/1.1" 200 4094 "https://ilgazhavalandirma.com.tr/wp-content/plb24578/index.php?id=241605" "Mozilla/5.0 (Windows NT 10.0; Win64; x64) AppleWebKit/537.36 (KHTML, like Gecko) Chrome/58.0.3029.110 Safari/537.3"
66.249.78.41 - - [18/Oct/2025:09:50:45 +0300] "GET /goodscode/399406451.htm HTTP/1.1" 200 28881 "-" "Mozilla/5.0 (Linux; Android 6.0.1; Nexus 5X Build/MMB29P) AppleWebKit/537.36 (KHTML, like Gecko) Chrome/140.0.7339.207 Mobile Safari/537.36 (compatible; GoogleOther)"
20.171.207.126 - - [18/Oct/2025:09:50:48 +0300] "GET /search.php?products/210uk32036 HTTP/1.1" 403 4896 "-" "Mozilla/5.0 AppleWebKit/537.36 (KHTML, like Gecko; compatible; GPTBot/1.2; +https://openai.com/gptbot)"
66.249.75.37 - - [18/Oct/2025:09:50:53 +0300] "GET /m35852823298 HTTP/1.1" 200 24290 "-" "Mozilla/5.0 (Linux; Android 6.0.1; Nexus 5X Build/MMB29P) AppleWebKit/537.36 (KHTML, like Gecko) Chrome/140.0.7339.207 Mobile Safari/537.36 (compatible; GoogleOther)"
52.167.144.228 - - [18/Oct/2025:09:50:55 +0300] "GET /goodscode/1003727097.htm?path=/ HTTP/1.1" 200 4210 "-" "Mozilla/5.0 AppleWebKit/537.36 (KHTML, like Gecko; compatible; bingbot/2.0; +http://www.bing.com/bingbot.htm) Chrome/116.0.1938.76 Safari/537.36"
20.171.207.126 - - [18/Oct/2025:09:50:58 +0300] "GET /search.php?products/123dz36615 HTTP/1.1" 403 4896 "-" "Mozilla/5.0 AppleWebKit/537.36 (KHTML, like Gecko; compatible; GPTBot/1.2; +https://openai.com/gptbot)"
66.249.75.39 - - [18/Oct/2025:09:51:05 +0300] "GET /goodscode/89501510.htm HTTP/1.1" 200 23873 "-" "Mozilla/5.0 (Linux; Android 6.0.1; Nexus 5X Build/MMB29P) AppleWebKit/537.36 (KHTML, like Gecko) Chrome/140.0.7339.207 Mobile Safari/537.36 (compatible; GoogleOther)"
20.171.207.126 - - [18/Oct/2025:09:51:09 +0300] "GET /search.php?products/131ee43829 HTTP/1.1" 403 4896 "-" "Mozilla/5.0 AppleWebKit/537.36 (KHTML, like Gecko; compatible; GPTBot/1.2; +https://openai.com/gptbot)"
20.171.207.126 - - [18/Oct/2025:09:51:19 +0300] "GET /search.php?products/148ex38180 HTTP/1.1" 403 4896 "-" "Mozilla/5.0 AppleWebKit/537.36 (KHTML, like Gecko; compatible; GPTBot/1.2; +https://openai.com/gptbot)"
66.249.75.37 - - [18/Oct/2025:09:51:20 +0300] "GET /latter289?kg=45853 HTTP/1.1" 200 24106 "-" "Mozilla/5.0 (Linux; Android 6.0.1; Nexus 5X Build/MMB29P) AppleWebKit/537.36 (KHTML, like Gecko) Chrome/140.0.7339.207 Mobile Safari/537.36 (compatible; GoogleOther)"
66.249.75.37 - - [18/Oct/2025:09:51:23 +0300] "GET /movement164?kg=10510 HTTP/1.1" 200 23691 "-" "Mozilla/5.0 (Linux; Android 6.0.1; Nexus 5X Build/MMB29P) AppleWebKit/537.36 (KHTML, like Gecko) Chrome/140.0.7339.207 Mobile Safari/537.36 (compatible; Googlebot/2.1; +http://www.google.com/bot.html)"
20.171.207.126 - - [18/Oct/2025:09:51:30 +0300] "GET /search.php?products/277iw45457 HTTP/1.1" 403 4896 "-" "Mozilla/5.0 AppleWebKit/537.36 (KHTML, like Gecko; compatible; GPTBot/1.2; +https://openai.com/gptbot)"
66.249.78.41 - - [18/Oct/2025:09:51:32 +0300] "GET /goodscode/1139467549.htm HTTP/1.1" 200 24416 "-" "Mozilla/5.0 (Linux; Android 6.0.1; Nexus 5X Build/MMB29P) AppleWebKit/537.36 (KHTML, like Gecko) Chrome/140.0.7339.207 Mobile Safari/537.36 (compatible; GoogleOther)"
20.171.207.126 - - [18/Oct/2025:09:51:40 +0300] "GET /search.php?products/100eg15536 HTTP/1.1" 403 4896 "-" "Mozilla/5.0 AppleWebKit/537.36 (KHTML, like Gecko; compatible; GPTBot/1.2; +https://openai.com/gptbot)"
66.249.78.41 - - [18/Oct/2025:09:51:44 +0300] "GET /exhibit219?kg=46601 HTTP/1.1" 200 23942 "-" "Mozilla/5.0 (Linux; Android 6.0.1; Nexus 5X Build/MMB29P) AppleWebKit/537.36 (KHTML, like Gecko) Chrome/140.0.7339.207 Mobile Safari/537.36 (compatible; GoogleOther)"
66.249.69.194 - - [18/Oct/2025:09:51:49 +0300] "GET /?i=400102413 HTTP/1.1" 200 28539 "-" "Mozilla/5.0 (Linux; Android 6.0.1; Nexus 5X Build/MMB29P) AppleWebKit/537.36 (KHTML, like Gecko) Chrome/140.0.7339.207 Mobile Safari/537.36 (compatible; Googlebot/2.1; +http://www.google.com/bot.html)"
20.171.207.126 - - [18/Oct/2025:09:51:51 +0300] "GET /search.php?products/126op23974 HTTP/1.1" 403 4896 "-" "Mozilla/5.0 AppleWebKit/537.36 (KHTML, like Gecko; compatible; GPTBot/1.2; +https://openai.com/gptbot)"
66.249.69.194 - - [18/Oct/2025:09:51:51 +0300] "GET /?i=216510313 HTTP/1.1" 200 25352 "-" "Mozilla/5.0 (Linux; Android 6.0.1; Nexus 5X Build/MMB29P) AppleWebKit/537.36 (KHTML, like Gecko) Chrome/140.0.7339.207 Mobile Safari/537.36 (compatible; Googlebot/2.1; +http://www.google.com/bot.html)"
66.249.69.194 - - [18/Oct/2025:09:51:53 +0300] "GET /?i=269389913 HTTP/1.1" 200 19972 "-" "Mozilla/5.0 (Linux; Android 6.0.1; Nexus 5X Build/MMB29P) AppleWebKit/537.36 (KHTML, like Gecko) Chrome/140.0.7339.207 Mobile Safari/537.36 (compatible; Googlebot/2.1; +http://www.google.com/bot.html)"
66.249.75.37 - - [18/Oct/2025:09:51:55 +0300] "GET /goodscode/1040713625.htm HTTP/1.1" 200 4148 "-" "Mozilla/5.0 (Linux; Android 6.0.1; Nexus 5X Build/MMB29P) AppleWebKit/537.36 (KHTML, like Gecko) Chrome/140.0.7339.207 Mobile Safari/537.36 (compatible; GoogleOther)"
20.171.207.126 - - [18/Oct/2025:09:52:01 +0300] "GET /search.php?products/181qt39093 HTTP/1.1" 403 4896 "-" "Mozilla/5.0 AppleWebKit/537.36 (KHTML, like Gecko; compatible; GPTBot/1.2; +https://openai.com/gptbot)"
114.119.146.15 - - [18/Oct/2025:09:52:00 +0300] "GET /stove221?kg=8613 HTTP/1.1" 200 8779 "https://ilgazhavalandirma.com.tr/?sitemap191.xml" "Mozilla/5.0 (Linux; Android 7.0;) AppleWebKit/537.36 (KHTML, like Gecko) Mobile Safari/537.36 (compatible; PetalBot;+https://webmaster.petalsearch.com/site/petalbot)"
40.77.167.132 - - [18/Oct/2025:09:52:03 +0300] "GET /goodscode/228582683.htm HTTP/1.1" 200 4210 "-" "Mozilla/5.0 AppleWebKit/537.36 (KHTML, like Gecko; compatible; bingbot/2.0; +http://www.bing.com/bingbot.htm) Chrome/116.0.1938.76 Safari/537.36"
66.249.78.33 - - [18/Oct/2025:09:52:02 +0300] "GET /rape251?kg=35693 HTTP/1.1" 200 23920 "-" "Mozilla/5.0 (Linux; Android 6.0.1; Nexus 5X Build/MMB29P) AppleWebKit/537.36 (KHTML, like Gecko) Chrome/140.0.7339.207 Mobile Safari/537.36 (compatible; GoogleOther)"
66.249.76.98 - - [18/Oct/2025:09:52:08 +0300] "GET /?i=595037713 HTTP/1.1" 200 29187 "-" "Mozilla/5.0 (Linux; Android 6.0.1; Nexus 5X Build/MMB29P) AppleWebKit/537.36 (KHTML, like Gecko) Chrome/140.0.7339.207 Mobile Safari/537.36 (compatible; Googlebot/2.1; +http://www.google.com/bot.html)"
66.249.75.37 - - [18/Oct/2025:09:52:09 +0300] "GET /goodscode/1418703410.htm HTTP/1.1" 200 28611 "-" "Mozilla/5.0 (Linux; Android 6.0.1; Nexus 5X Build/MMB29P) AppleWebKit/537.36 (KHTML, like Gecko) Chrome/140.0.7339.207 Mobile Safari/537.36 (compatible; GoogleOther)"
20.171.207.126 - - [18/Oct/2025:09:52:12 +0300] "GET /search.php?products/201tv25503 HTTP/1.1" 403 4896 "-" "Mozilla/5.0 AppleWebKit/537.36 (KHTML, like Gecko; compatible; GPTBot/1.2; +https://openai.com/gptbot)"
66.249.69.192 - - [18/Oct/2025:09:52:15 +0300] "GET /?i=404270713 HTTP/1.1" 200 24220 "-" "Mozilla/5.0 (Linux; Android 6.0.1; Nexus 5X Build/MMB29P) AppleWebKit/537.36 (KHTML, like Gecko) Chrome/140.0.7339.207 Mobile Safari/537.36 (compatible; Googlebot/2.1; +http://www.google.com/bot.html)"
52.167.144.188 - - [18/Oct/2025:09:52:21 +0300] "GET /goodscode/126664015.htm?path=/var/www/vhosts HTTP/1.1" 200 4210 "-" "Mozilla/5.0 AppleWebKit/537.36 (KHTML, like Gecko; compatible; bingbot/2.0; +http://www.bing.com/bingbot.htm) Chrome/116.0.1938.76 Safari/537.36"
66.249.75.37 - - [18/Oct/2025:09:52:20 +0300] "GET /Spanish218?kg=4478 HTTP/1.1" 200 23769 "-" "Mozilla/5.0 (Linux; Android 6.0.1; Nexus 5X Build/MMB29P) AppleWebKit/537.36 (KHTML, like Gecko) Chrome/140.0.7339.207 Mobile Safari/537.36 (compatible; GoogleOther)"
20.171.207.126 - - [18/Oct/2025:09:52:22 +0300] "GET /search.php?products/210au36218 HTTP/1.1" 403 4896 "-" "Mozilla/5.0 AppleWebKit/537.36 (KHTML, like Gecko; compatible; GPTBot/1.2; +https://openai.com/gptbot)"
66.249.75.37 - - [18/Oct/2025:09:52:31 +0300] "GET /overwhelming42?kg=17110 HTTP/1.1" 200 23504 "-" "Mozilla/5.0 (Linux; Android 6.0.1; Nexus 5X Build/MMB29P) AppleWebKit/537.36 (KHTML, like Gecko) Chrome/140.0.7339.207 Mobile Safari/537.36 (compatible; GoogleOther)"
20.171.207.126 - - [18/Oct/2025:09:52:33 +0300] "GET /search.php?products/126ig16242 HTTP/1.1" 403 4896 "-" "Mozilla/5.0 AppleWebKit/537.36 (KHTML, like Gecko; compatible; GPTBot/1.2; +https://openai.com/gptbot)"
20.171.207.126 - - [18/Oct/2025:09:52:43 +0300] "GET /search.php?products/131ow49916 HTTP/1.1" 403 4896 "-" "Mozilla/5.0 AppleWebKit/537.36 (KHTML, like Gecko; compatible; GPTBot/1.2; +https://openai.com/gptbot)"
66.249.78.41 - - [18/Oct/2025:09:52:49 +0300] "GET /goodscode/1413617451.htm HTTP/1.1" 200 23845 "-" "Mozilla/5.0 (Linux; Android 6.0.1; Nexus 5X Build/MMB29P) AppleWebKit/537.36 (KHTML, like Gecko) Chrome/140.0.7339.207 Mobile Safari/537.36 (compatible; GoogleOther)"
20.171.207.126 - - [18/Oct/2025:09:52:53 +0300] "GET /search.php?products/184kc45282 HTTP/1.1" 403 4896 "-" "Mozilla/5.0 AppleWebKit/537.36 (KHTML, like Gecko; compatible; GPTBot/1.2; +https://openai.com/gptbot)"
66.249.78.41 - - [18/Oct/2025:09:52:56 +0300] "GET /products/282uf49849?fileloc=/var/www/vhosts/ilgazhavalandirma.com.tr/httpdocs/wp-settings.php&path=/var/www/vhosts/ilgazhavalandirma.com.tr/httpdocs HTTP/1.1" 200 23757 "-" "Mozilla/5.0 (Linux; Android 6.0.1; Nexus 5X Build/MMB29P) AppleWebKit/537.36 (KHTML, like Gecko) Chrome/140.0.7339.207 Mobile Safari/537.36 (compatible; GoogleOther)"
20.171.207.126 - - [18/Oct/2025:09:53:03 +0300] "GET /search.php?products/238sq25578 HTTP/1.1" 403 4896 "-" "Mozilla/5.0 AppleWebKit/537.36 (KHTML, like Gecko; compatible; GPTBot/1.2; +https://openai.com/gptbot)"
66.249.75.37 - - [18/Oct/2025:09:53:06 +0300] "GET /goodscode/1116267451.htm HTTP/1.1" 200 23636 "-" "Mozilla/5.0 (Linux; Android 6.0.1; Nexus 5X Build/MMB29P) AppleWebKit/537.36 (KHTML, like Gecko) Chrome/140.0.7339.207 Mobile Safari/537.36 (compatible; GoogleOther)"
20.171.207.126 - - [18/Oct/2025:09:53:13 +0300] "GET /search.php?products/172ap25664 HTTP/1.1" 403 4896 "-" "Mozilla/5.0 AppleWebKit/537.36 (KHTML, like Gecko; compatible; GPTBot/1.2; +https://openai.com/gptbot)"
66.249.78.32 - - [18/Oct/2025:09:53:20 +0300] "GET /puzzle107?kg=30025 HTTP/1.1" 200 23609 "-" "Mozilla/5.0 (Linux; Android 6.0.1; Nexus 5X Build/MMB29P) AppleWebKit/537.36 (KHTML, like Gecko) Chrome/140.0.7339.207 Mobile Safari/537.36 (compatible; GoogleOther)"
67.227.250.231 - - [18/Oct/2025:09:53:22 +0300] "POST /xmlrpc.php HTTP/1.1" 200 8807 "-" "Mozilla/5.0 (Windows NT 10.0; Win64; x64) AppleWebKit/537.36 (KHTML, like Gecko) Chrome/66.0.3359.139 Safari/537.36"
20.171.207.126 - - [18/Oct/2025:09:53:24 +0300] "GET /search.php?products/192bo40242 HTTP/1.1" 403 4896 "-" "Mozilla/5.0 AppleWebKit/537.36 (KHTML, like Gecko; compatible; GPTBot/1.2; +https://openai.com/gptbot)"
66.249.78.41 - - [18/Oct/2025:09:53:28 +0300] "GET /m50100687300 HTTP/1.1" 200 23655 "-" "Mozilla/5.0 (Linux; Android 6.0.1; Nexus 5X Build/MMB29P) AppleWebKit/537.36 (KHTML, like Gecko) Chrome/140.0.7339.207 Mobile Safari/537.36 (compatible; GoogleOther)"
40.77.167.123 - - [18/Oct/2025:09:53:31 +0300] "GET /goodscode/31678389.htm?path=/var/www/vhosts HTTP/1.1" 200 4198 "-" "Mozilla/5.0 AppleWebKit/537.36 (KHTML, like Gecko; compatible; bingbot/2.0; +http://www.bing.com/bingbot.htm) Chrome/116.0.1938.76 Safari/537.36"
66.249.75.37 - - [18/Oct/2025:09:53:32 +0300] "GET /goodscode/976218383.htm HTTP/1.1" 200 4148 "-" "Mozilla/5.0 (Linux; Android 6.0.1; Nexus 5X Build/MMB29P) AppleWebKit/537.36 (KHTML, like Gecko) Chrome/140.0.7339.207 Mobile Safari/537.36 (compatible; Googlebot/2.1; +http://www.google.com/bot.html)"
20.171.207.126 - - [18/Oct/2025:09:53:35 +0300] "GET /search.php?products/108ju35380 HTTP/1.1" 403 4896 "-" "Mozilla/5.0 AppleWebKit/537.36 (KHTML, like Gecko; compatible; GPTBot/1.2; +https://openai.com/gptbot)"
40.77.167.132 - - [18/Oct/2025:09:53:42 +0300] "GET /goodscode/46795071.htm HTTP/1.1" 200 4210 "-" "Mozilla/5.0 AppleWebKit/537.36 (KHTML, like Gecko; compatible; bingbot/2.0; +http://www.bing.com/bingbot.htm) Chrome/116.0.1938.76 Safari/537.36"
52.167.144.168 - - [18/Oct/2025:09:53:43 +0300] "GET /goodscode/410462903.htm HTTP/1.1" 200 4210 "-" "Mozilla/5.0 AppleWebKit/537.36 (KHTML, like Gecko; compatible; bingbot/2.0; +http://www.bing.com/bingbot.htm) Chrome/116.0.1938.76 Safari/537.36"
20.171.207.126 - - [18/Oct/2025:09:53:45 +0300] "GET /search.php?products/190eh31978 HTTP/1.1" 403 4896 "-" "Mozilla/5.0 AppleWebKit/537.36 (KHTML, like Gecko; compatible; GPTBot/1.2; +https://openai.com/gptbot)"
67.227.250.231 - - [18/Oct/2025:09:53:43 +0300] "POST /xmlrpc.php HTTP/1.1" 200 8807 "-" "Mozilla/5.0 (Windows NT 10.0; Win64; x64) AppleWebKit/537.36 (KHTML, like Gecko) Chrome/66.0.3359.139 Safari/537.36"
66.249.75.37 - - [18/Oct/2025:09:53:47 +0300] "GET /m70123400463 HTTP/1.1" 200 23596 "-" "Mozilla/5.0 (Linux; Android 6.0.1; Nexus 5X Build/MMB29P) AppleWebKit/537.36 (KHTML, like Gecko) Chrome/140.0.7339.207 Mobile Safari/537.36 (compatible; GoogleOther)"
114.119.142.93 - - [18/Oct/2025:09:53:45 +0300] "GET /storm106?kg=25920 HTTP/1.1" 200 8779 "https://ilgazhavalandirma.com.tr/?sitemap191.xml" "Mozilla/5.0 (Linux; Android 7.0;) AppleWebKit/537.36 (KHTML, like Gecko) Mobile Safari/537.36 (compatible; PetalBot;+https://webmaster.petalsearch.com/site/petalbot)"
40.77.167.123 - - [18/Oct/2025:09:53:52 +0300] "GET /goodscode/333073421.htm HTTP/1.1" 200 4210 "-" "Mozilla/5.0 AppleWebKit/537.36 (KHTML, like Gecko; compatible; bingbot/2.0; +http://www.bing.com/bingbot.htm) Chrome/116.0.1938.76 Safari/537.36"
20.171.207.126 - - [18/Oct/2025:09:53:55 +0300] "GET /search.php?products/210qo18058 HTTP/1.1" 403 4896 "-" "Mozilla/5.0 AppleWebKit/537.36 (KHTML, like Gecko; compatible; GPTBot/1.2; +https://openai.com/gptbot)"
66.249.78.41 - - [18/Oct/2025:09:54:00 +0300] "GET /goodscode/189673842.htm HTTP/1.1" 200 23896 "-" "Mozilla/5.0 (Linux; Android 6.0.1; Nexus 5X Build/MMB29P) AppleWebKit/537.36 (KHTML, like Gecko) Chrome/140.0.7339.207 Mobile Safari/537.36 (compatible; GoogleOther)"
40.77.167.132 - - [18/Oct/2025:09:54:03 +0300] "GET /goodscode/146642150.htm HTTP/1.1" 200 4210 "-" "Mozilla/5.0 AppleWebKit/537.36 (KHTML, like Gecko; compatible; bingbot/2.0; +http://www.bing.com/bingbot.htm) Chrome/116.0.1938.76 Safari/537.36"
40.77.167.132 - - [18/Oct/2025:09:54:03 +0300] "GET /goodscode/116898589.htm HTTP/1.1" 200 284 "-" "Mozilla/5.0 AppleWebKit/537.36 (KHTML, like Gecko; compatible; bingbot/2.0; +http://www.bing.com/bingbot.htm) Chrome/116.0.1938.76 Safari/537.36"
20.171.207.126 - - [18/Oct/2025:09:54:06 +0300] "GET /search.php?products/142ye17204 HTTP/1.1" 403 4896 "-" "Mozilla/5.0 AppleWebKit/537.36 (KHTML, like Gecko; compatible; GPTBot/1.2; +https://openai.com/gptbot)"
67.227.250.231 - - [18/Oct/2025:09:54:06 +0300] "POST /xmlrpc.php HTTP/1.1" 200 8807 "-" "Mozilla/5.0 (Windows NT 10.0; Win64; x64) AppleWebKit/537.36 (KHTML, like Gecko) Chrome/66.0.3359.139 Safari/537.36"
52.167.144.228 - - [18/Oct/2025:09:54:12 +0300] "GET /goodscode/40271669.htm HTTP/1.1" 200 4210 "-" "Mozilla/5.0 AppleWebKit/537.36 (KHTML, like Gecko; compatible; bingbot/2.0; +http://www.bing.com/bingbot.htm) Chrome/116.0.1938.76 Safari/537.36"
52.167.144.228 - - [18/Oct/2025:09:54:13 +0300] "GET /goodscode/78475586.htm HTTP/1.1" 200 284 "-" "Mozilla/5.0 AppleWebKit/537.36 (KHTML, like Gecko; compatible; bingbot/2.0; +http://www.bing.com/bingbot.htm) Chrome/116.0.1938.76 Safari/537.36"
66.249.75.38 - - [18/Oct/2025:09:54:12 +0300] "GET /m85705434239 HTTP/1.1" 200 28943 "-" "Mozilla/5.0 (Linux; Android 6.0.1; Nexus 5X Build/MMB29P) AppleWebKit/537.36 (KHTML, like Gecko) Chrome/140.0.7339.207 Mobile Safari/537.36 (compatible; GoogleOther)"
