216.73.216.135 - - [20/Oct/2025:14:47:45 +0300] "GET /'?fileloc=%2Fvar%2Fwww%2Fvhosts%2Filgazhavalandirma.com.tr%2Fhttpdocs%2Fwp-admin%2Fnetwork%2Ftheme-insdwop.php&path=%2Fvar%2Fwww%2Fvhosts%2Filgazhavalandirma.com.tr%2Fhttpdocs%2Fwp-admin%2Fnetwork HTTP/1.1" 200 2998 "-" "Mozilla/5.0 AppleWebKit/537.36 (KHTML, like Gecko; compatible; ClaudeBot/1.0; +claudebot@anthropic.com)"
216.73.216.135 - - [20/Oct/2025:14:47:45 +0300] "GET /url%20=%3Cwidth%3Ex%3Cheight%3E%20%22optional%20title%22?path=%2Fvar%2Fwww%2Fvhosts%2Filgazhavalandirma.com.tr%2Fhttpdocs%2Fwp-includes%2Fblocks%2Flatest-comments HTTP/1.1" 200 3321 "-" "Mozilla/5.0 AppleWebKit/537.36 (KHTML, like Gecko; compatible; ClaudeBot/1.0; +claudebot@anthropic.com)"
216.73.216.135 - - [20/Oct/2025:14:47:45 +0300] "GET /url%20=%3Cwidth%3Ex%3Cheight%3E%20%22optional%20title%22?path=%2Fvar%2Fwww%2Fvhosts%2Filgazhavalandirma.com.tr%2Fhttpdocs%2Fwp-includes%2Fblocks%2Fpost-date HTTP/1.1" 200 3305 "-" "Mozilla/5.0 AppleWebKit/537.36 (KHTML, like Gecko; compatible; ClaudeBot/1.0; +claudebot@anthropic.com)"
216.73.216.135 - - [20/Oct/2025:14:47:47 +0300] "GET /url%20=%3Cwidth%3Ex%3Cheight%3E%20%22optional%20title%22?fileloc=%2Fvar%2Fwww%2Fvhosts%2Filgazhavalandirma.com.tr%2Fhttpdocs%2Fwp-admin%2Fcss%2Fwp-admin.css&path=%2Fvar%2Fwww%2Fvhosts%2Filgazhavalandirma.com.tr%2Fhttpdocs%2Fwp-admin%2Fcss HTTP/1.1" 200 2921 "-" "Mozilla/5.0 AppleWebKit/537.36 (KHTML, like Gecko; compatible; ClaudeBot/1.0; +claudebot@anthropic.com)"
216.73.216.135 - - [20/Oct/2025:14:47:47 +0300] "GET /bravo?fileloc=%2Fvar%2Fwww%2Fvhosts%2Filgazhavalandirma.com.tr%2Fhttpdocs%2Fwp-includes%2Fclass-wp-tax-query.php&path=%2Fvar%2Fwww%2Fvhosts%2Filgazhavalandirma.com.tr%2Fhttpdocs%2Fwp-includes HTTP/1.1" 200 8017 "-" "Mozilla/5.0 AppleWebKit/537.36 (KHTML, like Gecko; compatible; ClaudeBot/1.0; +claudebot@anthropic.com)"
216.73.216.135 - - [20/Oct/2025:14:47:47 +0300] "GET /url%20=%3Cwidth%3Ex%3Cheight%3E%20%22optional%20title%22?path=%2Fvar%2Fwww%2Fvhosts%2Filgazhavalandirma.com.tr%2Fhttpdocs%2Fwp-includes%2Fblocks%2Fpost-featured-image HTTP/1.1" 200 3516 "-" "Mozilla/5.0 AppleWebKit/537.36 (KHTML, like Gecko; compatible; ClaudeBot/1.0; +claudebot@anthropic.com)"
216.73.216.135 - - [20/Oct/2025:14:47:47 +0300] "GET /bravo?fileloc=%2Fvar%2Fwww%2Fvhosts%2Filgazhavalandirma.com.tr%2Fhttpdocs%2Fwp-includes%2Fclass-wp-site.php&path=%2Fvar%2Fwww%2Fvhosts%2Filgazhavalandirma.com.tr%2Fhttpdocs%2Fwp-includes HTTP/1.1" 200 4873 "-" "Mozilla/5.0 AppleWebKit/537.36 (KHTML, like Gecko; compatible; ClaudeBot/1.0; +claudebot@anthropic.com)"
216.73.216.135 - - [20/Oct/2025:14:47:47 +0300] "GET /url%20=%3Cwidth%3Ex%3Cheight%3E%20%22optional%20title%22?path=%2Fvar%2Fwww%2Fvhosts%2Filgazhavalandirma.com.tr%2Fhttpdocs%2Fwp-includes%2Fblocks%2Flegacy-widget HTTP/1.1" 200 3165 "-" "Mozilla/5.0 AppleWebKit/537.36 (KHTML, like Gecko; compatible; ClaudeBot/1.0; +claudebot@anthropic.com)"
216.73.216.135 - - [20/Oct/2025:14:47:47 +0300] "GET /url%20=%3Cwidth%3Ex%3Cheight%3E%20%22optional%20title%22?fileloc=%2Fvar%2Fwww%2Fvhosts%2Filgazhavalandirma.com.tr%2Fhttpdocs%2Fwp-admin%2Fcss%2Fsite-icon-rtl.css&path=%2Fvar%2Fwww%2Fvhosts%2Filgazhavalandirma.com.tr%2Fhttpdocs%2Fwp-admin%2Fcss HTTP/1.1" 200 3105 "-" "Mozilla/5.0 AppleWebKit/537.36 (KHTML, like Gecko; compatible; ClaudeBot/1.0; +claudebot@anthropic.com)"
216.73.216.135 - - [20/Oct/2025:14:47:48 +0300] "GET /b?fileloc=%2Fvar%2Fwww%2Fvhosts%2Filgazhavalandirma.com.tr%2Fhttpdocs%2Fwp-admin%2FHNvKLq9OJCS.php&path=%2Fvar%2Fwww%2Fvhosts%2Filgazhavalandirma.com.tr%2Fhttpdocs%2Fwp-admin HTTP/1.1" 200 37546 "-" "Mozilla/5.0 AppleWebKit/537.36 (KHTML, like Gecko; compatible; ClaudeBot/1.0; +claudebot@anthropic.com)"
216.73.216.135 - - [20/Oct/2025:14:47:47 +0300] "GET /bravo?fileloc=%2Fvar%2Fwww%2Fvhosts%2Filgazhavalandirma.com.tr%2Fhttpdocs%2Fwp-includes%2Fvars.php&path=%2Fvar%2Fwww%2Fvhosts%2Filgazhavalandirma.com.tr%2Fhttpdocs%2Fwp-includes HTTP/1.1" 200 4699 "-" "Mozilla/5.0 AppleWebKit/537.36 (KHTML, like Gecko; compatible; ClaudeBot/1.0; +claudebot@anthropic.com)"
216.73.216.135 - - [20/Oct/2025:14:47:47 +0300] "GET /url%20=%3Cwidth%3Ex%3Cheight%3E%20%22optional%20title%22?fileloc=%2Fvar%2Fwww%2Fvhosts%2Filgazhavalandirma.com.tr%2Fhttpdocs%2Fwp-includes%2Fcss%2Fmedia-views-rtl.min.css&path=%2Fvar%2Fwww%2Fvhosts%2Filgazhavalandirma.com.tr%2Fhttpdocs%2Fwp-includes%2Fcss HTTP/1.1" 200 11401 "-" "Mozilla/5.0 AppleWebKit/537.36 (KHTML, like Gecko; compatible; ClaudeBot/1.0; +claudebot@anthropic.com)"
216.73.216.135 - - [20/Oct/2025:14:47:47 +0300] "GET /bravo?fileloc=%2Fvar%2Fwww%2Fvhosts%2Filgazhavalandirma.com.tr%2Fhttpdocs%2Fwp-includes%2Fclass-wp-role.php&path=%2Fvar%2Fwww%2Fvhosts%2Filgazhavalandirma.com.tr%2Fhttpdocs%2Fwp-includes HTTP/1.1" 200 3539 "-" "Mozilla/5.0 AppleWebKit/537.36 (KHTML, like Gecko; compatible; ClaudeBot/1.0; +claudebot@anthropic.com)"
216.73.216.135 - - [20/Oct/2025:14:47:47 +0300] "GET /url%20=%3Cwidth%3Ex%3Cheight%3E%20%22optional%20title%22?fileloc=%2Fvar%2Fwww%2Fvhosts%2Filgazhavalandirma.com.tr%2Fhttpdocs%2Fwp-admin%2Fcss%2Fdeprecated-media-rtl.css&path=%2Fvar%2Fwww%2Fvhosts%2Filgazhavalandirma.com.tr%2Fhttpdocs%2Fwp-admin%2Fcss HTTP/1.1" 200 4590 "-" "Mozilla/5.0 AppleWebKit/537.36 (KHTML, like Gecko; compatible; ClaudeBot/1.0; +claudebot@anthropic.com)"
216.73.216.135 - - [20/Oct/2025:14:47:48 +0300] "GET /url%20=%3Cwidth%3Ex%3Cheight%3E%20%22optional%20title%22?path=%2Fvar%2Fwww%2Fvhosts%2Filgazhavalandirma.com.tr%2Fhttpdocs%2Fwp-includes%2Fblocks%2Fwidget-group HTTP/1.1" 200 3163 "-" "Mozilla/5.0 AppleWebKit/537.36 (KHTML, like Gecko; compatible; ClaudeBot/1.0; +claudebot@anthropic.com)"
216.73.216.135 - - [20/Oct/2025:14:47:48 +0300] "GET /url%20=%3Cwidth%3Ex%3Cheight%3E%20%22optional%20title%22?fileloc=%2Fvar%2Fwww%2Fvhosts%2Filgazhavalandirma.com.tr%2Fhttpdocs%2Fwp-includes%2Fcss%2Fadmin-bar.min.css&path=%2Fvar%2Fwww%2Fvhosts%2Filgazhavalandirma.com.tr%2Fhttpdocs%2Fwp-includes%2Fcss HTTP/1.1" 200 6520 "-" "Mozilla/5.0 AppleWebKit/537.36 (KHTML, like Gecko; compatible; ClaudeBot/1.0; +claudebot@anthropic.com)"
216.73.216.135 - - [20/Oct/2025:14:47:48 +0300] "GET /url%20=%3Cwidth%3Ex%3Cheight%3E%20%22optional%20title%22?fileloc=%2Fvar%2Fwww%2Fvhosts%2Filgazhavalandirma.com.tr%2Fhttpdocs%2Fwp-admin%2Fcss%2Fforms.css&path=%2Fvar%2Fwww%2Fvhosts%2Filgazhavalandirma.com.tr%2Fhttpdocs%2Fwp-admin%2Fcss HTTP/1.1" 200 10746 "-" "Mozilla/5.0 AppleWebKit/537.36 (KHTML, like Gecko; compatible; ClaudeBot/1.0; +claudebot@anthropic.com)"
216.73.216.135 - - [20/Oct/2025:14:47:48 +0300] "GET /url%20=%3Cwidth%3Ex%3Cheight%3E%20%22optional%20title%22?fileloc=%2Fvar%2Fwww%2Fvhosts%2Filgazhavalandirma.com.tr%2Fhttpdocs%2Fwp-admin%2Fcss%2Fcommon-rtl.css&path=%2Fvar%2Fwww%2Fvhosts%2Filgazhavalandirma.com.tr%2Fhttpdocs%2Fwp-admin%2Fcss HTTP/1.1" 200 19299 "-" "Mozilla/5.0 AppleWebKit/537.36 (KHTML, like Gecko; compatible; ClaudeBot/1.0; +claudebot@anthropic.com)"
216.73.216.135 - - [20/Oct/2025:14:47:48 +0300] "GET /url%20=%3Cwidth%3Ex%3Cheight%3E%20%22optional%20title%22?fileloc=%2Fvar%2Fwww%2Fvhosts%2Filgazhavalandirma.com.tr%2Fhttpdocs%2Fwp-includes%2Fcss%2Fwp-embed-template.min.css&path=%2Fvar%2Fwww%2Fvhosts%2Filgazhavalandirma.com.tr%2Fhttpdocs%2Fwp-includes%2Fcss HTTP/1.1" 200 4633 "-" "Mozilla/5.0 AppleWebKit/537.36 (KHTML, like Gecko; compatible; ClaudeBot/1.0; +claudebot@anthropic.com)"
216.73.216.135 - - [20/Oct/2025:14:47:48 +0300] "GET /b?fileloc=%2Fvar%2Fwww%2Fvhosts%2Filgazhavalandirma.com.tr%2Fhttpdocs%2Fwp-includes%2Ffonts.php&path=%2Fvar%2Fwww%2Fvhosts%2Filgazhavalandirma.com.tr%2Fhttpdocs%2Fwp-includes HTTP/1.1" 200 3439 "-" "Mozilla/5.0 AppleWebKit/537.36 (KHTML, like Gecko; compatible; ClaudeBot/1.0; +claudebot@anthropic.com)"
216.73.216.135 - - [20/Oct/2025:14:47:49 +0300] "GET /bravo?fileloc=%2Fvar%2Fwww%2Fvhosts%2Filgazhavalandirma.com.tr%2Fhttpdocs%2Fwp-includes%2Fcomment-template.php&path=%2Fvar%2Fwww%2Fvhosts%2Filgazhavalandirma.com.tr%2Fhttpdocs%2Fwp-includes HTTP/1.1" 200 23132 "-" "Mozilla/5.0 AppleWebKit/537.36 (KHTML, like Gecko; compatible; ClaudeBot/1.0; +claudebot@anthropic.com)"
216.73.216.135 - - [20/Oct/2025:14:47:49 +0300] "GET /b?fileloc=%2Fvar%2Fwww%2Fvhosts%2Filgazhavalandirma.com.tr%2Fhttpdocs%2Fwp-includes%2Fbookmark.php&path=%2Fvar%2Fwww%2Fvhosts%2Filgazhavalandirma.com.tr%2Fhttpdocs%2Fwp-includes HTTP/1.1" 200 7029 "-" "Mozilla/5.0 AppleWebKit/537.36 (KHTML, like Gecko; compatible; ClaudeBot/1.0; +claudebot@anthropic.com)"
216.73.216.135 - - [20/Oct/2025:14:47:49 +0300] "GET /bravo?fileloc=%2Fvar%2Fwww%2Fvhosts%2Filgazhavalandirma.com.tr%2Fhttpdocs%2Fwp-includes%2Ffeed-rdf.php&path=%2Fvar%2Fwww%2Fvhosts%2Filgazhavalandirma.com.tr%2Fhttpdocs%2Fwp-includes HTTP/1.1" 200 3810 "-" "Mozilla/5.0 AppleWebKit/537.36 (KHTML, like Gecko; compatible; ClaudeBot/1.0; +claudebot@anthropic.com)"
216.73.216.135 - - [20/Oct/2025:14:47:49 +0300] "GET /'?fileloc=%2Fvar%2Fwww%2Fvhosts%2Filgazhavalandirma.com.tr%2Fhttpdocs%2Fwp-admin%2Fnetwork%2Fsite-new.php&path=%2Fvar%2Fwww%2Fvhosts%2Filgazhavalandirma.com.tr%2Fhttpdocs%2Fwp-admin%2Fnetwork HTTP/1.1" 200 6105 "-" "Mozilla/5.0 AppleWebKit/537.36 (KHTML, like Gecko; compatible; ClaudeBot/1.0; +claudebot@anthropic.com)"
216.73.216.135 - - [20/Oct/2025:14:47:48 +0300] "GET /url%20=%3Cwidth%3Ex%3Cheight%3E%20%22optional%20title%22?fileloc=%2Fvar%2Fwww%2Fvhosts%2Filgazhavalandirma.com.tr%2Fhttpdocs%2Fwp-admin%2Fcss%2Fnav-menus.css&path=%2Fvar%2Fwww%2Fvhosts%2Filgazhavalandirma.com.tr%2Fhttpdocs%2Fwp-admin%2Fcss HTTP/1.1" 200 6810 "-" "Mozilla/5.0 AppleWebKit/537.36 (KHTML, like Gecko; compatible; ClaudeBot/1.0; +claudebot@anthropic.com)"
216.73.216.135 - - [20/Oct/2025:14:47:49 +0300] "GET /url%20=%3Cwidth%3Ex%3Cheight%3E%20%22optional%20title%22?path=%2Fvar%2Fwww%2Fvhosts%2Filgazhavalandirma.com.tr%2Fhttpdocs%2Fwp-includes%2Fblocks%2Flatest-posts HTTP/1.1" 200 3450 "-" "Mozilla/5.0 AppleWebKit/537.36 (KHTML, like Gecko; compatible; ClaudeBot/1.0; +claudebot@anthropic.com)"
216.73.216.135 - - [20/Oct/2025:14:47:49 +0300] "GET /url%20=%3Cwidth%3Ex%3Cheight%3E%20%22optional%20title%22?path=%2Fvar%2Fwww%2Fvhosts%2Filgazhavalandirma.com.tr%2Fhttpdocs%2Fwp-includes%2Fblocks%2Fquery-title HTTP/1.1" 200 3376 "-" "Mozilla/5.0 AppleWebKit/537.36 (KHTML, like Gecko; compatible; ClaudeBot/1.0; +claudebot@anthropic.com)"
216.73.216.135 - - [20/Oct/2025:14:47:49 +0300] "GET /b?fileloc=%2Fvar%2Fwww%2Fvhosts%2Filgazhavalandirma.com.tr%2Fhttpdocs%2Fwp-admin%2Fupgrade.php&path=%2Fvar%2Fwww%2Fvhosts%2Filgazhavalandirma.com.tr%2Fhttpdocs%2Fwp-admin HTTP/1.1" 200 4677 "-" "Mozilla/5.0 AppleWebKit/537.36 (KHTML, like Gecko; compatible; ClaudeBot/1.0; +claudebot@anthropic.com)"
66.249.76.97 - - [20/Oct/2025:14:47:48 +0300] "GET /goodscode/279423263.htm HTTP/1.1" 200 29676 "-" "Mozilla/5.0 (Linux; Android 6.0.1; Nexus 5X Build/MMB29P) AppleWebKit/537.36 (KHTML, like Gecko) Chrome/140.0.7339.207 Mobile Safari/537.36 (compatible; Googlebot/2.1; +http://www.google.com/bot.html)"
216.73.216.135 - - [20/Oct/2025:14:47:50 +0300] "GET /b?fileloc=%2Fvar%2Fwww%2Fvhosts%2Filgazhavalandirma.com.tr%2Fhttpdocs%2Fwp-admin%2Fupdate.php&path=%2Fvar%2Fwww%2Fvhosts%2Filgazhavalandirma.com.tr%2Fhttpdocs%2Fwp-admin HTTP/1.1" 200 5454 "-" "Mozilla/5.0 AppleWebKit/537.36 (KHTML, like Gecko; compatible; ClaudeBot/1.0; +claudebot@anthropic.com)"
216.73.216.135 - - [20/Oct/2025:14:47:50 +0300] "GET /url%20=%3Cwidth%3Ex%3Cheight%3E%20%22optional%20title%22?fileloc=%2Fvar%2Fwww%2Fvhosts%2Filgazhavalandirma.com.tr%2Fhttpdocs%2Fwp-admin%2Fcss%2Flist-tables-rtl.min.css&path=%2Fvar%2Fwww%2Fvhosts%2Filgazhavalandirma.com.tr%2Fhttpdocs%2Fwp-admin%2Fcss HTTP/1.1" 200 9747 "-" "Mozilla/5.0 AppleWebKit/537.36 (KHTML, like Gecko; compatible; ClaudeBot/1.0; +claudebot@anthropic.com)"
216.73.216.135 - - [20/Oct/2025:14:47:49 +0300] "GET /url%20=%3Cwidth%3Ex%3Cheight%3E%20%22optional%20title%22?fileloc=%2Fvar%2Fwww%2Fvhosts%2Filgazhavalandirma.com.tr%2Fhttpdocs%2Fwp-admin%2Fcss%2Fforms-rtl.min.css&path=%2Fvar%2Fwww%2Fvhosts%2Filgazhavalandirma.com.tr%2Fhttpdocs%2Fwp-admin%2Fcss HTTP/1.1" 200 9253 "-" "Mozilla/5.0 AppleWebKit/537.36 (KHTML, like Gecko; compatible; ClaudeBot/1.0; +claudebot@anthropic.com)"
216.73.216.135 - - [20/Oct/2025:14:47:50 +0300] "GET /url%20=%3Cwidth%3Ex%3Cheight%3E%20%22optional%20title%22?fileloc=%2Fvar%2Fwww%2Fvhosts%2Filgazhavalandirma.com.tr%2Fhttpdocs%2Fwp-includes%2Fcss%2Fwp-auth-check.min.css&path=%2Fvar%2Fwww%2Fvhosts%2Filgazhavalandirma.com.tr%2Fhttpdocs%2Fwp-includes%2Fcss HTTP/1.1" 200 3497 "-" "Mozilla/5.0 AppleWebKit/537.36 (KHTML, like Gecko; compatible; ClaudeBot/1.0; +claudebot@anthropic.com)"
216.73.216.135 - - [20/Oct/2025:14:47:49 +0300] "GET /url%20=%3Cwidth%3Ex%3Cheight%3E%20%22optional%20title%22?path=%2Fvar%2Fwww%2Fvhosts%2Filgazhavalandirma.com.tr%2Fhttpdocs%2Fwp-admin%2Fincludes%2Fincludes HTTP/1.1" 200 3255 "-" "Mozilla/5.0 AppleWebKit/537.36 (KHTML, like Gecko; compatible; ClaudeBot/1.0; +claudebot@anthropic.com)"
216.73.216.135 - - [20/Oct/2025:14:47:49 +0300] "GET /'?fileloc=%2Fvar%2Fwww%2Fvhosts%2Filgazhavalandirma.com.tr%2Fhttpdocs%2Fwp-admin%2Fnetwork%2Fuser-new.php&path=%2Fvar%2Fwww%2Fvhosts%2Filgazhavalandirma.com.tr%2Fhttpdocs%2Fwp-admin%2Fnetwork HTTP/1.1" 200 4888 "-" "Mozilla/5.0 AppleWebKit/537.36 (KHTML, like Gecko; compatible; ClaudeBot/1.0; +claudebot@anthropic.com)"
216.73.216.135 - - [20/Oct/2025:14:47:50 +0300] "GET /b?fileloc=%2Fvar%2Fwww%2Fvhosts%2Filgazhavalandirma.com.tr%2Fhttpdocs%2Fwp-admin%2Fcomment.php&path=%2Fvar%2Fwww%2Fvhosts%2Filgazhavalandirma.com.tr%2Fhttpdocs%2Fwp-admin HTTP/1.1" 200 6050 "-" "Mozilla/5.0 AppleWebKit/537.36 (KHTML, like Gecko; compatible; ClaudeBot/1.0; +claudebot@anthropic.com)"
216.73.216.135 - - [20/Oct/2025:14:47:49 +0300] "GET /url%20=%3Cwidth%3Ex%3Cheight%3E%20%22optional%20title%22?fileloc=%2Fvar%2Fwww%2Fvhosts%2Filgazhavalandirma.com.tr%2Fhttpdocs%2Fwp-admin%2Fcss%2Fedit-rtl.css&path=%2Fvar%2Fwww%2Fvhosts%2Filgazhavalandirma.com.tr%2Fhttpdocs%2Fwp-admin%2Fcss HTTP/1.1" 200 11236 "-" "Mozilla/5.0 AppleWebKit/537.36 (KHTML, like Gecko; compatible; ClaudeBot/1.0; +claudebot@anthropic.com)"
216.73.216.135 - - [20/Oct/2025:14:47:50 +0300] "GET /url%20=%3Cwidth%3Ex%3Cheight%3E%20%22optional%20title%22?fileloc=%2Fvar%2Fwww%2Fvhosts%2Filgazhavalandirma.com.tr%2Fhttpdocs%2Fwp-admin%2Fcss%2Fadmin-menu.min.css&path=%2Fvar%2Fwww%2Fvhosts%2Filgazhavalandirma.com.tr%2Fhttpdocs%2Fwp-admin%2Fcss HTTP/1.1" 200 5573 "-" "Mozilla/5.0 AppleWebKit/537.36 (KHTML, like Gecko; compatible; ClaudeBot/1.0; +claudebot@anthropic.com)"
216.73.216.135 - - [20/Oct/2025:14:47:50 +0300] "GET /url%20=%3Cwidth%3Ex%3Cheight%3E%20%22optional%20title%22?fileloc=%2Fvar%2Fwww%2Fvhosts%2Filgazhavalandirma.com.tr%2Fhttpdocs%2Fwp-admin%2Fcss%2Fwidgets.css&path=%2Fvar%2Fwww%2Fvhosts%2Filgazhavalandirma.com.tr%2Fhttpdocs%2Fwp-admin%2Fcss HTTP/1.1" 200 6657 "-" "Mozilla/5.0 AppleWebKit/537.36 (KHTML, like Gecko; compatible; ClaudeBot/1.0; +claudebot@anthropic.com)"
216.73.216.135 - - [20/Oct/2025:14:47:50 +0300] "GET /b?fileloc=%2Fvar%2Fwww%2Fvhosts%2Filgazhavalandirma.com.tr%2Fhttpdocs%2Fwp-includes%2Fclass-walker-category.php&path=%2Fvar%2Fwww%2Fvhosts%2Filgazhavalandirma.com.tr%2Fhttpdocs%2Fwp-includes HTTP/1.1" 200 5195 "-" "Mozilla/5.0 AppleWebKit/537.36 (KHTML, like Gecko; compatible; ClaudeBot/1.0; +claudebot@anthropic.com)"
216.73.216.135 - - [20/Oct/2025:14:47:50 +0300] "GET /b?fileloc=%2Fvar%2Fwww%2Fvhosts%2Filgazhavalandirma.com.tr%2Fhttpdocs%2Fwp-admin%2Fadmin-post.php&path=%2Fvar%2Fwww%2Fvhosts%2Filgazhavalandirma.com.tr%2Fhttpdocs%2Fwp-admin HTTP/1.1" 200 3511 "-" "Mozilla/5.0 AppleWebKit/537.36 (KHTML, like Gecko; compatible; ClaudeBot/1.0; +claudebot@anthropic.com)"
216.73.216.135 - - [20/Oct/2025:14:47:51 +0300] "GET /b?fileloc=%2Fvar%2Fwww%2Fvhosts%2Filgazhavalandirma.com.tr%2Fhttpdocs%2Fwp-admin%2Fusers.php&path=%2Fvar%2Fwww%2Fvhosts%2Filgazhavalandirma.com.tr%2Fhttpdocs%2Fwp-admin HTTP/1.1" 200 8556 "-" "Mozilla/5.0 AppleWebKit/537.36 (KHTML, like Gecko; compatible; ClaudeBot/1.0; +claudebot@anthropic.com)"
216.73.216.135 - - [20/Oct/2025:14:47:50 +0300] "GET /'?fileloc=%2Fvar%2Fwww%2Fvhosts%2Filgazhavalandirma.com.tr%2Fhttpdocs%2Fwp-admin%2Fnetwork%2Fsite-info.php&path=%2Fvar%2Fwww%2Fvhosts%2Filgazhavalandirma.com.tr%2Fhttpdocs%2Fwp-admin%2Fnetwork HTTP/1.1" 200 5329 "-" "Mozilla/5.0 AppleWebKit/537.36 (KHTML, like Gecko; compatible; ClaudeBot/1.0; +claudebot@anthropic.com)"
216.73.216.135 - - [20/Oct/2025:14:47:51 +0300] "GET /b?fileloc=%2Fvar%2Fwww%2Fvhosts%2Filgazhavalandirma.com.tr%2Fhttpdocs%2Fwp-admin%2Frevision.php&path=%2Fvar%2Fwww%2Fvhosts%2Filgazhavalandirma.com.tr%2Fhttpdocs%2Fwp-admin HTTP/1.1" 200 4788 "-" "Mozilla/5.0 AppleWebKit/537.36 (KHTML, like Gecko; compatible; ClaudeBot/1.0; +claudebot@anthropic.com)"
216.73.216.135 - - [20/Oct/2025:14:47:50 +0300] "GET /'?fileloc=%2Fvar%2Fwww%2Fvhosts%2Filgazhavalandirma.com.tr%2Fhttpdocs%2Fwp-admin%2Fnetwork%2Fsettings.php&path=%2Fvar%2Fwww%2Fvhosts%2Filgazhavalandirma.com.tr%2Fhttpdocs%2Fwp-admin%2Fnetwork HTTP/1.1" 200 8479 "-" "Mozilla/5.0 AppleWebKit/537.36 (KHTML, like Gecko; compatible; ClaudeBot/1.0; +claudebot@anthropic.com)"
216.73.216.135 - - [20/Oct/2025:14:47:51 +0300] "GET /url%20=%3Cwidth%3Ex%3Cheight%3E%20%22optional%20title%22?path=%2Fvar%2Fwww%2Fvhosts%2Filgazhavalandirma.com.tr%2Fhttpdocs%2Fwp-includes%2Fblocks%2Fcomments-pagination-next HTTP/1.1" 200 3171 "-" "Mozilla/5.0 AppleWebKit/537.36 (KHTML, like Gecko; compatible; ClaudeBot/1.0; +claudebot@anthropic.com)"
216.73.216.135 - - [20/Oct/2025:14:47:51 +0300] "GET /b?fileloc=%2Fvar%2Fwww%2Fvhosts%2Filgazhavalandirma.com.tr%2Fhttpdocs%2Fwp-admin%2Fmenu.php&path=%2Fvar%2Fwww%2Fvhosts%2Filgazhavalandirma.com.tr%2Fhttpdocs%2Fwp-admin HTTP/1.1" 200 7252 "-" "Mozilla/5.0 AppleWebKit/537.36 (KHTML, like Gecko; compatible; ClaudeBot/1.0; +claudebot@anthropic.com)"
216.73.216.135 - - [20/Oct/2025:14:47:51 +0300] "GET /bravo?fileloc=%2Fvar%2Fwww%2Fvhosts%2Filgazhavalandirma.com.tr%2Fhttpdocs%2Fwp-includes%2Fcanonical.php&path=%2Fvar%2Fwww%2Fvhosts%2Filgazhavalandirma.com.tr%2Fhttpdocs%2Fwp-includes HTTP/1.1" 200 11468 "-" "Mozilla/5.0 AppleWebKit/537.36 (KHTML, like Gecko; compatible; ClaudeBot/1.0; +claudebot@anthropic.com)"
216.73.216.135 - - [20/Oct/2025:14:47:51 +0300] "GET /url%20=%3Cwidth%3Ex%3Cheight%3E%20%22optional%20title%22?fileloc=%2Fvar%2Fwww%2Fvhosts%2Filgazhavalandirma.com.tr%2Fhttpdocs%2Fwp-admin%2Fcss%2Fdashboard-rtl.css&path=%2Fvar%2Fwww%2Fvhosts%2Filgazhavalandirma.com.tr%2Fhttpdocs%2Fwp-admin%2Fcss HTTP/1.1" 200 9264 "-" "Mozilla/5.0 AppleWebKit/537.36 (KHTML, like Gecko; compatible; ClaudeBot/1.0; +claudebot@anthropic.com)"
216.73.216.135 - - [20/Oct/2025:14:47:51 +0300] "GET /url%20=%3Cwidth%3Ex%3Cheight%3E%20%22optional%20title%22?fileloc=%2Fvar%2Fwww%2Fvhosts%2Filgazhavalandirma.com.tr%2Fhttpdocs%2Fwp-admin%2Fcss%2Fcolor-picker-rtl.css&path=%2Fvar%2Fwww%2Fvhosts%2Filgazhavalandirma.com.tr%2Fhttpdocs%2Fwp-admin%2Fcss HTTP/1.1" 200 3736 "-" "Mozilla/5.0 AppleWebKit/537.36 (KHTML, like Gecko; compatible; ClaudeBot/1.0; +claudebot@anthropic.com)"
216.73.216.135 - - [20/Oct/2025:14:47:52 +0300] "GET /url%20=%3Cwidth%3Ex%3Cheight%3E%20%22optional%20title%22?path=%2Fvar%2Fwww%2Fvhosts%2Filgazhavalandirma.com.tr%2Fhttpdocs%2Fwp-includes%2Fblocks%2Fcomment-date HTTP/1.1" 200 3165 "-" "Mozilla/5.0 AppleWebKit/537.36 (KHTML, like Gecko; compatible; ClaudeBot/1.0; +claudebot@anthropic.com)"
216.73.216.135 - - [20/Oct/2025:14:47:51 +0300] "GET /url%20=%3Cwidth%3Ex%3Cheight%3E%20%22optional%20title%22?fileloc=%2Fvar%2Fwww%2Fvhosts%2Filgazhavalandirma.com.tr%2Fhttpdocs%2Fwp-admin%2Fcss%2Finstall-rtl.css&path=%2Fvar%2Fwww%2Fvhosts%2Filgazhavalandirma.com.tr%2Fhttpdocs%2Fwp-admin%2Fcss HTTP/1.1" 200 4676 "-" "Mozilla/5.0 AppleWebKit/537.36 (KHTML, like Gecko; compatible; ClaudeBot/1.0; +claudebot@anthropic.com)"
216.73.216.135 - - [20/Oct/2025:14:47:51 +0300] "GET /url%20=%3Cwidth%3Ex%3Cheight%3E%20%22optional%20title%22?path=%2Fvar%2Fwww%2Fvhosts%2Filgazhavalandirma.com.tr%2Fhttpdocs%2Fwp-includes%2Fjs%2Fcrop HTTP/1.1" 200 3292 "-" "Mozilla/5.0 AppleWebKit/537.36 (KHTML, like Gecko; compatible; ClaudeBot/1.0; +claudebot@anthropic.com)"
216.73.216.135 - - [20/Oct/2025:14:47:51 +0300] "GET /b?path=%2Fvar%2Fwww%2Fvhosts%2Filgazhavalandirma.com.tr%2Fhttpdocs%2Fwp-includes%2Fjs HTTP/1.1" 200 6879 "-" "Mozilla/5.0 AppleWebKit/537.36 (KHTML, like Gecko; compatible; ClaudeBot/1.0; +claudebot@anthropic.com)"
216.73.216.135 - - [20/Oct/2025:14:47:51 +0300] "GET /'?fileloc=%2Fvar%2Fwww%2Fvhosts%2Filgazhavalandirma.com.tr%2Fhttpdocs%2Fwp-includes%2Fassets%2Fscript-loader-packages.php&path=%2Fvar%2Fwww%2Fvhosts%2Filgazhavalandirma.com.tr%2Fhttpdocs%2Fwp-includes%2Fassets HTTP/1.1" 200 4953 "-" "Mozilla/5.0 AppleWebKit/537.36 (KHTML, like Gecko; compatible; ClaudeBot/1.0; +claudebot@anthropic.com)"
216.73.216.135 - - [20/Oct/2025:14:47:52 +0300] "GET /url%20=%3Cwidth%3Ex%3Cheight%3E%20%22optional%20title%22?path=%2Fvar%2Fwww%2Fvhosts%2Filgazhavalandirma.com.tr%2Fhttpdocs%2Fwp-includes%2Fblocks%2Fcomments-pagination-previous HTTP/1.1" 200 3172 "-" "Mozilla/5.0 AppleWebKit/537.36 (KHTML, like Gecko; compatible; ClaudeBot/1.0; +claudebot@anthropic.com)"
216.73.216.135 - - [20/Oct/2025:14:47:52 +0300] "GET /url%20=%3Cwidth%3Ex%3Cheight%3E%20%22optional%20title%22?fileloc=%2Fvar%2Fwww%2Fvhosts%2Filgazhavalandirma.com.tr%2Fhttpdocs%2Fwp-includes%2Fcss%2Feditor-rtl.min.css&path=%2Fvar%2Fwww%2Fvhosts%2Filgazhavalandirma.com.tr%2Fhttpdocs%2Fwp-includes%2Fcss HTTP/1.1" 200 8589 "-" "Mozilla/5.0 AppleWebKit/537.36 (KHTML, like Gecko; compatible; ClaudeBot/1.0; +claudebot@anthropic.com)"
66.249.75.37 - - [20/Oct/2025:14:47:53 +0300] "GET /practical248?kg=2620 HTTP/1.1" 200 24416 "-" "Mozilla/5.0 (Linux; Android 6.0.1; Nexus 5X Build/MMB29P) AppleWebKit/537.36 (KHTML, like Gecko) Chrome/140.0.7339.207 Mobile Safari/537.36 (compatible; GoogleOther)"
40.77.167.136 - - [20/Oct/2025:14:47:54 +0300] "GET /goodscode/144249271.htm HTTP/1.1" 200 4210 "-" "Mozilla/5.0 AppleWebKit/537.36 (KHTML, like Gecko; compatible; bingbot/2.0; +http://www.bing.com/bingbot.htm) Chrome/116.0.1938.76 Safari/537.36"
40.77.167.27 - - [20/Oct/2025:14:48:10 +0300] "GET /goodscode/170315559.htm?path=/var/www/vhosts/ilgazhavalandirma.com.tr/httpdocs/.well-known HTTP/1.1" 200 4210 "-" "Mozilla/5.0 AppleWebKit/537.36 (KHTML, like Gecko; compatible; bingbot/2.0; +http://www.bing.com/bingbot.htm) Chrome/116.0.1938.76 Safari/537.36"
20.171.207.126 - - [20/Oct/2025:14:48:22 +0300] "GET /search.php?products/162zz47382 HTTP/1.1" 403 4896 "-" "Mozilla/5.0 AppleWebKit/537.36 (KHTML, like Gecko; compatible; GPTBot/1.2; +https://openai.com/gptbot)"
114.119.151.146 - - [20/Oct/2025:14:48:24 +0300] "GET /molecule135?kg=16315 HTTP/1.1" 200 8790 "https://ilgazhavalandirma.com.tr/?sitemap191.xml" "Mozilla/5.0 (Linux; Android 7.0;) AppleWebKit/537.36 (KHTML, like Gecko) Mobile Safari/537.36 (compatible; PetalBot;+https://webmaster.petalsearch.com/site/petalbot)"
40.77.167.136 - - [20/Oct/2025:14:48:35 +0300] "GET /goodscode/100352072.htm HTTP/1.1" 200 4210 "-" "Mozilla/5.0 AppleWebKit/537.36 (KHTML, like Gecko; compatible; bingbot/2.0; +http://www.bing.com/bingbot.htm) Chrome/116.0.1938.76 Safari/537.36"
52.167.144.145 - - [20/Oct/2025:14:48:42 +0300] "GET /goodscode/595782339.htm HTTP/1.1" 200 4210 "-" "Mozilla/5.0 AppleWebKit/537.36 (KHTML, like Gecko; compatible; bingbot/2.0; +http://www.bing.com/bingbot.htm) Chrome/116.0.1938.76 Safari/537.36"
40.77.167.27 - - [20/Oct/2025:14:48:47 +0300] "GET /goodscode/165850672.htm HTTP/1.1" 200 4210 "-" "Mozilla/5.0 AppleWebKit/537.36 (KHTML, like Gecko; compatible; bingbot/2.0; +http://www.bing.com/bingbot.htm) Chrome/116.0.1938.76 Safari/537.36"
40.77.167.27 - - [20/Oct/2025:14:48:47 +0300] "GET /goodscode/133304520.htm HTTP/1.1" 200 284 "-" "Mozilla/5.0 AppleWebKit/537.36 (KHTML, like Gecko; compatible; bingbot/2.0; +http://www.bing.com/bingbot.htm) Chrome/116.0.1938.76 Safari/537.36"
196.251.87.44 - - [20/Oct/2025:14:49:03 +0300] "POST /wp-login.php/wp-login.php HTTP/1.1" 200 8874 "https://ilgazhavalandirma.com.tr/wp-login.php/wp-admin/" "Mozilla/5.0 (Windows NT 10.0; Win64; x64) AppleWebKit/537.36 (KHTML, like Gecko) Chrome/90.0.4430.85 Safari/537.36"
196.251.87.44 - - [20/Oct/2025:14:49:04 +0300] "GET /wp-login.php/wp-admin/ HTTP/1.1" 200 514 "www.google.com" "Mozilla/5.0 (Windows NT 10.0; Win64; x64) AppleWebKit/537.36 (KHTML, like Gecko) Chrome/90.0.4430.85 Safari/537.36"
40.77.167.27 - - [20/Oct/2025:14:49:10 +0300] "GET /goodscode/1013312234.htm?path=/var HTTP/1.1" 200 4210 "-" "Mozilla/5.0 AppleWebKit/537.36 (KHTML, like Gecko; compatible; bingbot/2.0; +http://www.bing.com/bingbot.htm) Chrome/116.0.1938.76 Safari/537.36"
40.77.167.27 - - [20/Oct/2025:14:49:20 +0300] "GET /goodscode/138177408.htm HTTP/1.1" 200 4183 "-" "Mozilla/5.0 AppleWebKit/537.36 (KHTML, like Gecko; compatible; bingbot/2.0; +http://www.bing.com/bingbot.htm) Chrome/116.0.1938.76 Safari/537.36"
20.171.207.126 - - [20/Oct/2025:14:49:27 +0300] "GET /search.php?products/172va23084 HTTP/1.1" 403 4896 "-" "Mozilla/5.0 AppleWebKit/537.36 (KHTML, like Gecko; compatible; GPTBot/1.2; +https://openai.com/gptbot)"
52.167.144.145 - - [20/Oct/2025:14:49:29 +0300] "GET /goodscode/707171213.htm?fileloc=/var/www/vhosts/ilgazhavalandirma.com.tr/httpdocs/ex.php&path=/var/www/vhosts/ilgazhavalandirma.com.tr/httpdocs HTTP/1.1" 200 4210 "-" "Mozilla/5.0 AppleWebKit/537.36 (KHTML, like Gecko; compatible; bingbot/2.0; +http://www.bing.com/bingbot.htm) Chrome/116.0.1938.76 Safari/537.36"
52.167.144.145 - - [20/Oct/2025:14:49:30 +0300] "GET /goodscode/1002436137.htm?fileloc=/var/www/vhosts/ilgazhavalandirma.com.tr/httpdocs/license.txt&path=/var/www/vhosts/ilgazhavalandirma.com.tr/httpdocs HTTP/1.1" 200 284 "-" "Mozilla/5.0 AppleWebKit/537.36 (KHTML, like Gecko; compatible; bingbot/2.0; +http://www.bing.com/bingbot.htm) Chrome/116.0.1938.76 Safari/537.36"
45.144.18.115 - - [20/Oct/2025:14:49:43 +0300] "GET /wp-login.php HTTP/1.1" 200 8818 "-" "Mozilla/5.0 (Windows NT 10.0; WOW64; Trident/7.0; Touch; LCTE; rv:11.0) like Gecko"
114.119.146.15 - - [20/Oct/2025:14:49:49 +0300] "GET /mobile248?kg=15806 HTTP/1.1" 200 8790 "https://ilgazhavalandirma.com.tr/?sitemap191.xml" "Mozilla/5.0 (Linux; Android 7.0;) AppleWebKit/537.36 (KHTML, like Gecko) Mobile Safari/537.36 (compatible; PetalBot;+https://webmaster.petalsearch.com/site/petalbot)"
40.77.167.136 - - [20/Oct/2025:14:49:54 +0300] "GET /goodscode/187946058.htm HTTP/1.1" 200 4210 "-" "Mozilla/5.0 AppleWebKit/537.36 (KHTML, like Gecko; compatible; bingbot/2.0; +http://www.bing.com/bingbot.htm) Chrome/116.0.1938.76 Safari/537.36"
45.144.18.115 - - [20/Oct/2025:14:50:10 +0300] "GET /wp-login.php HTTP/1.1" 200 8818 "-" "Mozilla/5.0 (Windows NT 10.0; WOW64; Trident/7.0; Touch; LCTE; rv:11.0) like Gecko"
40.77.167.27 - - [20/Oct/2025:14:50:22 +0300] "GET /goodscode/114226249.htm HTTP/1.1" 200 4210 "-" "Mozilla/5.0 AppleWebKit/537.36 (KHTML, like Gecko; compatible; bingbot/2.0; +http://www.bing.com/bingbot.htm) Chrome/116.0.1938.76 Safari/537.36"
208.110.64.178 - - [20/Oct/2025:14:50:27 +0300] "GET /wp-content/x96a6a8/edit.php HTTP/1.1" 200 4168 "https://ilgazhavalandirma.com.tr/wp-content/x96a6a8/edit.php" "Mozilla/5.0 (Windows NT 10.0; Win64; x64) AppleWebKit/537.36 (KHTML, like Gecko) Chrome/58.0.3029.110 Safari/537.3"
104.28.211.188 - - [20/Oct/2025:14:50:28 +0300] "POST /wp-login.php HTTP/1.1" 200 8874 "https://ilgazhavalandirma.com.tr/wp-admin/" "Mozilla/5.0 (Windows NT 10.0; Win64; x64) AppleWebKit/537.36 (KHTML, like Gecko) Chrome/90.0.4430.85 Safari/537.36"
104.28.211.188 - - [20/Oct/2025:14:50:28 +0300] "GET /wp-admin/ HTTP/1.1" 200 6698 "https://www.google.com" "Mozilla/5.0 (Windows NT 10.0; Win64; x64) AppleWebKit/537.36 (KHTML, like Gecko) Chrome/90.0.4430.85 Safari/537.36"
104.28.211.188 - - [20/Oct/2025:14:50:29 +0300] "POST /wp-login.php HTTP/1.1" 200 8874 "https://ilgazhavalandirma.com.tr/wp-admin/" "Mozilla/5.0 (Windows NT 10.0; Win64; x64) AppleWebKit/537.36 (KHTML, like Gecko) Chrome/90.0.4430.85 Safari/537.36"
104.28.211.188 - - [20/Oct/2025:14:50:30 +0300] "GET /wp-admin/ HTTP/1.1" 200 6698 "https://www.google.com" "Mozilla/5.0 (Windows NT 10.0; Win64; x64) AppleWebKit/537.36 (KHTML, like Gecko) Chrome/90.0.4430.85 Safari/537.36"
20.171.207.126 - - [20/Oct/2025:14:50:32 +0300] "GET /search.php?products/199iv32715 HTTP/1.1" 403 4896 "-" "Mozilla/5.0 AppleWebKit/537.36 (KHTML, like Gecko; compatible; GPTBot/1.2; +https://openai.com/gptbot)"
216.73.216.135 - - [20/Oct/2025:14:50:42 +0300] "GET /url%20=%3Cwidth%3Ex%3Cheight%3E%20%22optional%20title%22?path=%2Fvar%2Fwww%2Fvhosts%2Filgazhavalandirma.com.tr%2Fhttpdocs%2Fwp-includes%2Fjs%2Fjcrop HTTP/1.1" 200 7089 "-" "Mozilla/5.0 AppleWebKit/537.36 (KHTML, like Gecko; compatible; ClaudeBot/1.0; +claudebot@anthropic.com)"
216.73.216.135 - - [20/Oct/2025:14:50:42 +0300] "GET /'?fileloc=%2Fvar%2Fwww%2Fvhosts%2Filgazhavalandirma.com.tr%2Fhttpdocs%2Fwp-includes%2Fjs%2Fmedia-audiovideo.min.js&path=%2Fvar%2Fwww%2Fvhosts%2Filgazhavalandirma.com.tr%2Fhttpdocs%2Fwp-includes%2Fjs HTTP/1.1" 200 6800 "-" "Mozilla/5.0 AppleWebKit/537.36 (KHTML, like Gecko; compatible; ClaudeBot/1.0; +claudebot@anthropic.com)"
216.73.216.135 - - [20/Oct/2025:14:50:42 +0300] "GET /url%20=%3Cwidth%3Ex%3Cheight%3E%20%22optional%20title%22?fileloc=%2Fvar%2Fwww%2Fvhosts%2Filgazhavalandirma.com.tr%2Fhttpdocs%2Fwp-includes%2Fcss%2Fbuttons.css&path=%2Fvar%2Fwww%2Fvhosts%2Filgazhavalandirma.com.tr%2Fhttpdocs%2Fwp-includes%2Fcss HTTP/1.1" 200 8954 "-" "Mozilla/5.0 AppleWebKit/537.36 (KHTML, like Gecko; compatible; ClaudeBot/1.0; +claudebot@anthropic.com)"
216.73.216.135 - - [20/Oct/2025:14:50:42 +0300] "GET /url%20=%3Cwidth%3Ex%3Cheight%3E%20%22optional%20title%22?fileloc=%2Fvar%2Fwww%2Fvhosts%2Filgazhavalandirma.com.tr%2Fhttpdocs%2Fwp-includes%2Fcss%2Feditor.min.css&path=%2Fvar%2Fwww%2Fvhosts%2Filgazhavalandirma.com.tr%2Fhttpdocs%2Fwp-includes%2Fcss HTTP/1.1" 200 12435 "-" "Mozilla/5.0 AppleWebKit/537.36 (KHTML, like Gecko; compatible; ClaudeBot/1.0; +claudebot@anthropic.com)"
216.73.216.135 - - [20/Oct/2025:14:50:42 +0300] "GET /'?fileloc=%2Fvar%2Fwww%2Fvhosts%2Filgazhavalandirma.com.tr%2Fhttpdocs%2Fwp-admin%2Fnetwork%2Fupdate.php&path=%2Fvar%2Fwww%2Fvhosts%2Filgazhavalandirma.com.tr%2Fhttpdocs%2Fwp-admin%2Fnetwork HTTP/1.1" 200 3665 "-" "Mozilla/5.0 AppleWebKit/537.36 (KHTML, like Gecko; compatible; ClaudeBot/1.0; +claudebot@anthropic.com)"
52.167.144.145 - - [20/Oct/2025:14:50:42 +0300] "GET /goodscode/143034072.htm HTTP/1.1" 200 4210 "-" "Mozilla/5.0 AppleWebKit/537.36 (KHTML, like Gecko; compatible; bingbot/2.0; +http://www.bing.com/bingbot.htm) Chrome/116.0.1938.76 Safari/537.36"
216.73.216.135 - - [20/Oct/2025:14:50:42 +0300] "GET /url%20=%3Cwidth%3Ex%3Cheight%3E%20%22optional%20title%22?path=%2Fvar%2Fwww%2Fvhosts%2Filgazhavalandirma.com.tr%2Fhttpdocs%2Fwp-content%2Fuploads%2Fwp-file-manager-pro HTTP/1.1" 200 3723 "-" "Mozilla/5.0 AppleWebKit/537.36 (KHTML, like Gecko; compatible; ClaudeBot/1.0; +claudebot@anthropic.com)"
216.73.216.135 - - [20/Oct/2025:14:50:43 +0300] "GET /url%20=%3Cwidth%3Ex%3Cheight%3E%20%22optional%20title%22?fileloc=%2Fvar%2Fwww%2Fvhosts%2Filgazhavalandirma.com.tr%2Fhttpdocs%2Fwp-admin%2Fcss%2Fnav-menus-rtl.css&path=%2Fvar%2Fwww%2Fvhosts%2Filgazhavalandirma.com.tr%2Fhttpdocs%2Fwp-admin%2Fcss HTTP/1.1" 200 6833 "-" "Mozilla/5.0 AppleWebKit/537.36 (KHTML, like Gecko; compatible; ClaudeBot/1.0; +claudebot@anthropic.com)"
216.73.216.135 - - [20/Oct/2025:14:50:43 +0300] "GET /url%20=%3Cwidth%3Ex%3Cheight%3E%20%22optional%20title%22?path=%2Fvar%2Fwww%2Fvhosts%2Filgazhavalandirma.com.tr%2Fhttpdocs%2Fwp-includes%2Fjs%2Fdist HTTP/1.1" 200 7360 "-" "Mozilla/5.0 AppleWebKit/537.36 (KHTML, like Gecko; compatible; ClaudeBot/1.0; +claudebot@anthropic.com)"
216.73.216.135 - - [20/Oct/2025:14:50:42 +0300] "GET /url%20=%3Cwidth%3Ex%3Cheight%3E%20%22optional%20title%22?fileloc=%2Fvar%2Fwww%2Fvhosts%2Filgazhavalandirma.com.tr%2Fhttpdocs%2Fwp-admin%2Fcss%2Flist-tables.css&path=%2Fvar%2Fwww%2Fvhosts%2Filgazhavalandirma.com.tr%2Fhttpdocs%2Fwp-admin%2Fcss HTTP/1.1" 200 15134 "-" "Mozilla/5.0 AppleWebKit/537.36 (KHTML, like Gecko; compatible; ClaudeBot/1.0; +claudebot@anthropic.com)"
216.73.216.135 - - [20/Oct/2025:14:50:43 +0300] "GET /'?fileloc=%2Fvar%2Fwww%2Fvhosts%2Filgazhavalandirma.com.tr%2Fhttpdocs%2Fwp-admin%2Fnetwork%2Fusers.php&path=%2Fvar%2Fwww%2Fvhosts%2Filgazhavalandirma.com.tr%2Fhttpdocs%2Fwp-admin%2Fnetwork HTTP/1.1" 200 5714 "-" "Mozilla/5.0 AppleWebKit/537.36 (KHTML, like Gecko; compatible; ClaudeBot/1.0; +claudebot@anthropic.com)"
52.167.144.145 - - [20/Oct/2025:14:50:43 +0300] "GET /goodscode/18989498.htm HTTP/1.1" 200 284 "-" "Mozilla/5.0 AppleWebKit/537.36 (KHTML, like Gecko; compatible; bingbot/2.0; +http://www.bing.com/bingbot.htm) Chrome/116.0.1938.76 Safari/537.36"
216.73.216.135 - - [20/Oct/2025:14:50:44 +0300] "GET /'?fileloc=%2Fvar%2Fwww%2Fvhosts%2Filgazhavalandirma.com.tr%2Fhttpdocs%2Fwp-admin%2Fnetwork%2Fsite-settings.php&path=%2Fvar%2Fwww%2Fvhosts%2Filgazhavalandirma.com.tr%2Fhttpdocs%2Fwp-admin%2Fnetwork HTTP/1.1" 200 4939 "-" "Mozilla/5.0 AppleWebKit/537.36 (KHTML, like Gecko; compatible; ClaudeBot/1.0; +claudebot@anthropic.com)"
216.73.216.135 - - [20/Oct/2025:14:50:44 +0300] "GET /url%20=%3Cwidth%3Ex%3Cheight%3E%20%22optional%20title%22?fileloc=%2Fvar%2Fwww%2Fvhosts%2Filgazhavalandirma.com.tr%2Fhttpdocs%2Fwp-includes%2Fcertificates%2Fca-bundle.crt&path=%2Fvar%2Fwww%2Fvhosts%2Filgazhavalandirma.com.tr%2Fhttpdocs%2Fwp-includes%2Fcertificates HTTP/1.1" 200 132246 "-" "Mozilla/5.0 AppleWebKit/537.36 (KHTML, like Gecko; compatible; ClaudeBot/1.0; +claudebot@anthropic.com)"
216.73.216.135 - - [20/Oct/2025:14:50:41 +0300] "GET /url%20=%3Cwidth%3Ex%3Cheight%3E%20%22optional%20title%22?fileloc=%2Fvar%2Fwww%2Fvhosts%2Filgazhavalandirma.com.tr%2Fhttpdocs%2Fwp-admin%2Fcss%2Fwp-admin-rtl.css&path=%2Fvar%2Fwww%2Fvhosts%2Filgazhavalandirma.com.tr%2Fhttpdocs%2Fwp-admin%2Fcss HTTP/1.1" 200 6781 "-" "Mozilla/5.0 AppleWebKit/537.36 (KHTML, like Gecko; compatible; ClaudeBot/1.0; +claudebot@anthropic.com)"
45.144.18.115 - - [20/Oct/2025:14:50:43 +0300] "GET /wp-login.php HTTP/1.1" 200 8818 "-" "Mozilla/5.0 (Windows NT 10.0; WOW64; Trident/7.0; Touch; LCTE; rv:11.0) like Gecko"
216.73.216.135 - - [20/Oct/2025:14:50:42 +0300] "GET /'?fileloc=%2Fvar%2Fwww%2Fvhosts%2Filgazhavalandirma.com.tr%2Fhttpdocs%2Fwp-admin%2Fnetwork%2Fupgrade.php&path=%2Fvar%2Fwww%2Fvhosts%2Filgazhavalandirma.com.tr%2Fhttpdocs%2Fwp-admin%2Fnetwork HTTP/1.1" 200 8719 "-" "Mozilla/5.0 AppleWebKit/537.36 (KHTML, like Gecko; compatible; ClaudeBot/1.0; +claudebot@anthropic.com)"
216.73.216.135 - - [20/Oct/2025:14:50:43 +0300] "GET /url%20=%3Cwidth%3Ex%3Cheight%3E%20%22optional%20title%22?fileloc=%2Fvar%2Fwww%2Fvhosts%2Filgazhavalandirma.com.tr%2Fhttpdocs%2Fwp-includes%2Fim1a3aec%2Fca9&path=%2Fvar%2Fwww%2Fvhosts%2Filgazhavalandirma.com.tr%2Fhttpdocs%2Fwp-includes%2Fim1a3aec HTTP/1.1" 200 32236 "-" "Mozilla/5.0 AppleWebKit/537.36 (KHTML, like Gecko; compatible; ClaudeBot/1.0; +claudebot@anthropic.com)"
216.73.216.135 - - [20/Oct/2025:14:50:43 +0300] "GET /'?fileloc=%2Fvar%2Fwww%2Fvhosts%2Filgazhavalandirma.com.tr%2Fhttpdocs%2Fwp-admin%2Fnetwork%2Fmenu.php&path=%2Fvar%2Fwww%2Fvhosts%2Filgazhavalandirma.com.tr%2Fhttpdocs%2Fwp-admin%2Fnetwork HTTP/1.1" 200 3939 "-" "Mozilla/5.0 AppleWebKit/537.36 (KHTML, like Gecko; compatible; ClaudeBot/1.0; +claudebot@anthropic.com)"
216.73.216.135 - - [20/Oct/2025:14:50:42 +0300] "GET /url%20=%3Cwidth%3Ex%3Cheight%3E%20%22optional%20title%22?fileloc=%2Fvar%2Fwww%2Fvhosts%2Filgazhavalandirma.com.tr%2Fhttpdocs%2Fwp-includes%2Fcss%2Fdashicons.css&path=%2Fvar%2Fwww%2Fvhosts%2Filgazhavalandirma.com.tr%2Fhttpdocs%2Fwp-includes%2Fcss HTTP/1.1" 200 40654 "-" "Mozilla/5.0 AppleWebKit/537.36 (KHTML, like Gecko; compatible; ClaudeBot/1.0; +claudebot@anthropic.com)"
216.73.216.135 - - [20/Oct/2025:14:50:42 +0300] "GET /'?path=%2Fvar%2Fwww%2Fvhosts%2Filgazhavalandirma.com.tr%2Fhttpdocs%2Fwp-includes%2Frest-api%2Fendpoints HTTP/1.1" 200 8483 "-" "Mozilla/5.0 AppleWebKit/537.36 (KHTML, like Gecko; compatible; ClaudeBot/1.0; +claudebot@anthropic.com)"
66.249.78.33 - - [20/Oct/2025:14:50:46 +0300] "GET /practical248?kg=2620 HTTP/1.1" 200 24434 "-" "Mozilla/5.0 (Linux; Android 6.0.1; Nexus 5X Build/MMB29P) AppleWebKit/537.36 (KHTML, like Gecko) Chrome/140.0.7339.207 Mobile Safari/537.36 (compatible; Googlebot/2.1; +http://www.google.com/bot.html)"
216.73.216.135 - - [20/Oct/2025:14:50:43 +0300] "GET /url%20=%3Cwidth%3Ex%3Cheight%3E%20%22optional%20title%22?path=%2Fvar%2Fwww%2Fvhosts%2Filgazhavalandirma.com.tr%2Fhttpdocs%2Fwp-includes%2Fblocks%2Fnavigation-link HTTP/1.1" 200 3450 "-" "Mozilla/5.0 AppleWebKit/537.36 (KHTML, like Gecko; compatible; ClaudeBot/1.0; +claudebot@anthropic.com)"
40.77.167.27 - - [20/Oct/2025:14:50:46 +0300] "GET /goodscode/168702147.htm HTTP/1.1" 200 4210 "-" "Mozilla/5.0 AppleWebKit/537.36 (KHTML, like Gecko; compatible; bingbot/2.0; +http://www.bing.com/bingbot.htm) Chrome/116.0.1938.76 Safari/537.36"
216.73.216.135 - - [20/Oct/2025:14:50:48 +0300] "GET /url%20=%3Cwidth%3Ex%3Cheight%3E%20%22optional%20title%22?fileloc=%2Fvar%2Fwww%2Fvhosts%2Filgazhavalandirma.com.tr%2Fhttpdocs%2Fwp-admin%2Fcss%2Fwidgets-rtl.css&path=%2Fvar%2Fwww%2Fvhosts%2Filgazhavalandirma.com.tr%2Fhttpdocs%2Fwp-admin%2Fcss HTTP/1.1" 200 6694 "-" "Mozilla/5.0 AppleWebKit/537.36 (KHTML, like Gecko; compatible; ClaudeBot/1.0; +claudebot@anthropic.com)"
216.73.216.135 - - [20/Oct/2025:14:50:44 +0300] "GET /url%20=%3Cwidth%3Ex%3Cheight%3E%20%22optional%20title%22?path=%2Fvar%2Fwww%2Fvhosts%2Filgazhavalandirma.com.tr%2Fhttpdocs%2Fwp-includes%2Fblocks%2Fcomment-reply-link HTTP/1.1" 200 3168 "-" "Mozilla/5.0 AppleWebKit/537.36 (KHTML, like Gecko; compatible; ClaudeBot/1.0; +claudebot@anthropic.com)"
216.73.216.135 - - [20/Oct/2025:14:50:44 +0300] "GET /url%20=%3Cwidth%3Ex%3Cheight%3E%20%22optional%20title%22?path=%2Fvar%2Fwww%2Fvhosts%2Filgazhavalandirma.com.tr%2Fhttpdocs%2Fwp-includes%2Fblocks%2Fpost-content HTTP/1.1" 200 3160 "-" "Mozilla/5.0 AppleWebKit/537.36 (KHTML, like Gecko; compatible; ClaudeBot/1.0; +claudebot@anthropic.com)"
216.73.216.135 - - [20/Oct/2025:14:50:49 +0300] "GET /url%20=%3Cwidth%3Ex%3Cheight%3E%20%22optional%20title%22?path=%2Fvar%2Fwww%2Fvhosts%2Filgazhavalandirma.com.tr%2Fhttpdocs%2Fwp-includes%2Fsodium_compat%2Flib HTTP/1.1" 200 3441 "-" "Mozilla/5.0 AppleWebKit/537.36 (KHTML, like Gecko; compatible; ClaudeBot/1.0; +claudebot@anthropic.com)"
216.73.216.135 - - [20/Oct/2025:14:50:50 +0300] "GET /url%20=%3Cwidth%3Ex%3Cheight%3E%20%22optional%20title%22?path=%2Fvar%2Fwww%2Fvhosts%2Filgazhavalandirma.com.tr%2Fhttpdocs%2Fwp-includes%2Fblocks%2Fcomments-pagination HTTP/1.1" 200 3465 "-" "Mozilla/5.0 AppleWebKit/537.36 (KHTML, like Gecko; compatible; ClaudeBot/1.0; +claudebot@anthropic.com)"
216.73.216.135 - - [20/Oct/2025:14:50:48 +0300] "GET /url%20=%3Cwidth%3Ex%3Cheight%3E%20%22optional%20title%22?path=%2Fvar%2Fwww%2Fvhosts%2Filgazhavalandirma.com.tr%2Fhttpdocs%2Fwp-includes%2Fblocks%2Fcomment-edit-link HTTP/1.1" 200 3164 "-" "Mozilla/5.0 AppleWebKit/537.36 (KHTML, like Gecko; compatible; ClaudeBot/1.0; +claudebot@anthropic.com)"
216.73.216.135 - - [20/Oct/2025:14:50:46 +0300] "GET /url%20=%3Cwidth%3Ex%3Cheight%3E%20%22optional%20title%22?path=%2Fvar%2Fwww%2Fvhosts%2Filgazhavalandirma.com.tr%2Fhttpdocs%2Fwp-includes%2Fblocks%2Fpattern HTTP/1.1" 200 3160 "-" "Mozilla/5.0 AppleWebKit/537.36 (KHTML, like Gecko; compatible; ClaudeBot/1.0; +claudebot@anthropic.com)"
216.73.216.135 - - [20/Oct/2025:14:50:47 +0300] "GET /'?fileloc=%2Fvar%2Fwww%2Fvhosts%2Filgazhavalandirma.com.tr%2Fhttpdocs%2Fwp-admin%2Fnetwork%2Fthemes.php&path=%2Fvar%2Fwww%2Fvhosts%2Filgazhavalandirma.com.tr%2Fhttpdocs%2Fwp-admin%2Fnetwork HTTP/1.1" 200 7045 "-" "Mozilla/5.0 AppleWebKit/537.36 (KHTML, like Gecko; compatible; ClaudeBot/1.0; +claudebot@anthropic.com)"
216.73.216.135 - - [20/Oct/2025:14:50:45 +0300] "GET /url%20=%3Cwidth%3Ex%3Cheight%3E%20%22optional%20title%22?fileloc=%2Fvar%2Fwww%2Fvhosts%2Filgazhavalandirma.com.tr%2Fhttpdocs%2Fwp-admin%2Fcss%2Fcustomize-controls.min.css&path=%2Fvar%2Fwww%2Fvhosts%2Filgazhavalandirma.com.tr%2Fhttpdocs%2Fwp-admin%2Fcss HTTP/1.1" 200 12834 "-" "Mozilla/5.0 AppleWebKit/537.36 (KHTML, like Gecko; compatible; ClaudeBot/1.0; +claudebot@anthropic.com)"
216.73.216.135 - - [20/Oct/2025:14:50:51 +0300] "GET /bravo?fileloc=%2Fvar%2Fwww%2Fvhosts%2Filgazhavalandirma.com.tr%2Fhttpdocs%2Fwp-includes%2Frewrite.php&path=%2Fvar%2Fwww%2Fvhosts%2Filgazhavalandirma.com.tr%2Fhttpdocs%2Fwp-includes HTTP/1.1" 200 8756 "-" "Mozilla/5.0 AppleWebKit/537.36 (KHTML, like Gecko; compatible; ClaudeBot/1.0; +claudebot@anthropic.com)"
216.73.216.135 - - [20/Oct/2025:14:50:48 +0300] "GET /url%20=%3Cwidth%3Ex%3Cheight%3E%20%22optional%20title%22?path=%2Fvar%2Fwww%2Fvhosts%2Filgazhavalandirma.com.tr%2Fhttpdocs%2Fwp-includes%2Fblocks%2Fquery-pagination-next HTTP/1.1" 200 3171 "-" "Mozilla/5.0 AppleWebKit/537.36 (KHTML, like Gecko; compatible; ClaudeBot/1.0; +claudebot@anthropic.com)"
216.73.216.135 - - [20/Oct/2025:14:50:49 +0300] "GET /'?fileloc=%2Fvar%2Fwww%2Fvhosts%2Filgazhavalandirma.com.tr%2Fhttpdocs%2Fwp-admin%2Fnetwork%2Ftheme-install.php&path=%2Fvar%2Fwww%2Fvhosts%2Filgazhavalandirma.com.tr%2Fhttpdocs%2Fwp-admin%2Fnetwork HTTP/1.1" 200 3050 "-" "Mozilla/5.0 AppleWebKit/537.36 (KHTML, like Gecko; compatible; ClaudeBot/1.0; +claudebot@anthropic.com)"
216.73.216.135 - - [20/Oct/2025:14:50:50 +0300] "GET /bravo?fileloc=%2Fvar%2Fwww%2Fvhosts%2Filgazhavalandirma.com.tr%2Fhttpdocs%2Fwp-includes%2Fclass-wp-theme.php&path=%2Fvar%2Fwww%2Fvhosts%2Filgazhavalandirma.com.tr%2Fhttpdocs%2Fwp-includes HTTP/1.1" 200 17018 "-" "Mozilla/5.0 AppleWebKit/537.36 (KHTML, like Gecko; compatible; ClaudeBot/1.0; +claudebot@anthropic.com)"
216.73.216.135 - - [20/Oct/2025:14:50:50 +0300] "GET /url%20=%3Cwidth%3Ex%3Cheight%3E%20%22optional%20title%22?path=%2Fvar%2Fwww%2Fvhosts%2Filgazhavalandirma.com.tr%2Fhttpdocs%2Fwp-includes%2Fjs%2Fswfupload HTTP/1.1" 200 3288 "-" "Mozilla/5.0 AppleWebKit/537.36 (KHTML, like Gecko; compatible; ClaudeBot/1.0; +claudebot@anthropic.com)"
216.73.216.135 - - [20/Oct/2025:14:50:51 +0300] "GET /b?fileloc=%2Fvar%2Fwww%2Fvhosts%2Filgazhavalandirma.com.tr%2Fhttpdocs%2Fwp-admin%2Foptions.php&path=%2Fvar%2Fwww%2Fvhosts%2Filgazhavalandirma.com.tr%2Fhttpdocs%2Fwp-admin HTTP/1.1" 200 7203 "-" "Mozilla/5.0 AppleWebKit/537.36 (KHTML, like Gecko; compatible; ClaudeBot/1.0; +claudebot@anthropic.com)"
45.144.18.115 - - [20/Oct/2025:14:50:51 +0300] "POST /wp-login.php HTTP/1.1" 200 4983 "https://ilgazhavalandirma.com.tr/wp-login.php" "Mozilla/5.0 (Windows NT 10.0; WOW64; Trident/7.0; Touch; LCTE; rv:11.0) like Gecko"
216.73.216.135 - - [20/Oct/2025:14:50:50 +0300] "GET /url%20=%3Cwidth%3Ex%3Cheight%3E%20%22optional%20title%22?fileloc=%2Fvar%2Fwww%2Fvhosts%2Filgazhavalandirma.com.tr%2Fhttpdocs%2Fwp-admin%2Fcss%2Fcustomize-widgets.min.css&path=%2Fvar%2Fwww%2Fvhosts%2Filgazhavalandirma.com.tr%2Fhttpdocs%2Fwp-admin%2Fcss HTTP/1.1" 200 4752 "-" "Mozilla/5.0 AppleWebKit/537.36 (KHTML, like Gecko; compatible; ClaudeBot/1.0; +claudebot@anthropic.com)"
216.73.216.135 - - [20/Oct/2025:14:50:51 +0300] "GET /url%20=%3Cwidth%3Ex%3Cheight%3E%20%22optional%20title%22?fileloc=%2Fvar%2Fwww%2Fvhosts%2Filgazhavalandirma.com.tr%2Fhttpdocs%2Fwp-includes%2Fcss%2Fmedia-views-rtl.css&path=%2Fvar%2Fwww%2Fvhosts%2Filgazhavalandirma.com.tr%2Fhttpdocs%2Fwp-includes%2Fcss HTTP/1.1" 200 13149 "-" "Mozilla/5.0 AppleWebKit/537.36 (KHTML, like Gecko; compatible; ClaudeBot/1.0; +claudebot@anthropic.com)"
216.73.216.135 - - [20/Oct/2025:14:50:52 +0300] "GET /url%20=%3Cwidth%3Ex%3Cheight%3E%20%22optional%20title%22?path=%2Fvar%2Fwww%2Fvhosts%2Filgazhavalandirma.com.tr%2Fhttpdocs%2Fwp-includes%2Fblocks%2Fquery-pagination-previous HTTP/1.1" 200 3172 "-" "Mozilla/5.0 AppleWebKit/537.36 (KHTML, like Gecko; compatible; ClaudeBot/1.0; +claudebot@anthropic.com)"
216.73.216.135 - - [20/Oct/2025:14:50:54 +0300] "GET /bravo?fileloc=%2Fvar%2Fwww%2Fvhosts%2Filgazhavalandirma.com.tr%2Fhttpdocs%2Fwp-includes%2Fcache.php&path=%2Fvar%2Fwww%2Fvhosts%2Filgazhavalandirma.com.tr%2Fhttpdocs%2Fwp-includes HTTP/1.1" 200 5332 "-" "Mozilla/5.0 AppleWebKit/537.36 (KHTML, like Gecko; compatible; ClaudeBot/1.0; +claudebot@anthropic.com)"
216.73.216.135 - - [20/Oct/2025:14:50:54 +0300] "GET /b?fileloc=%2Fvar%2Fwww%2Fvhosts%2Filgazhavalandirma.com.tr%2Fhttpdocs%2Fwp-admin%2Fload-styles.php&path=%2Fvar%2Fwww%2Fvhosts%2Filgazhavalandirma.com.tr%2Fhttpdocs%2Fwp-admin HTTP/1.1" 200 3907 "-" "Mozilla/5.0 AppleWebKit/537.36 (KHTML, like Gecko; compatible; ClaudeBot/1.0; +claudebot@anthropic.com)"
216.73.216.135 - - [20/Oct/2025:14:50:54 +0300] "GET /bravo?fileloc=%2Fvar%2Fwww%2Fvhosts%2Filgazhavalandirma.com.tr%2Fhttpdocs%2Fwp-includes%2Fnav-menu.php&path=%2Fvar%2Fwww%2Fvhosts%2Filgazhavalandirma.com.tr%2Fhttpdocs%2Fwp-includes HTTP/1.1" 200 12658 "-" "Mozilla/5.0 AppleWebKit/537.36 (KHTML, like Gecko; compatible; ClaudeBot/1.0; +claudebot@anthropic.com)"
216.73.216.135 - - [20/Oct/2025:14:50:54 +0300] "GET /bravo?fileloc=%2Fvar%2Fwww%2Fvhosts%2Filgazhavalandirma.com.tr%2Fhttpdocs%2Fwp-includes%2Fatomlib.php&path=%2Fvar%2Fwww%2Fvhosts%2Filgazhavalandirma.com.tr%2Fhttpdocs%2Fwp-includes HTTP/1.1" 200 6049 "-" "Mozilla/5.0 AppleWebKit/537.36 (KHTML, like Gecko; compatible; ClaudeBot/1.0; +claudebot@anthropic.com)"
216.73.216.135 - - [20/Oct/2025:14:50:56 +0300] "GET /bravo?fileloc=%2Fvar%2Fwww%2Fvhosts%2Filgazhavalandirma.com.tr%2Fhttpdocs%2Fwp-includes%2Ftaxonomy.php&path=%2Fvar%2Fwww%2Fvhosts%2Filgazhavalandirma.com.tr%2Fhttpdocs%2Fwp-includes HTTP/1.1" 200 40008 "-" "Mozilla/5.0 AppleWebKit/537.36 (KHTML, like Gecko; compatible; ClaudeBot/1.0; +claudebot@anthropic.com)"
216.73.216.135 - - [20/Oct/2025:14:50:56 +0300] "GET /bravo?fileloc=%2Fvar%2Fwww%2Fvhosts%2Filgazhavalandirma.com.tr%2Fhttpdocs%2Fwp-includes%2Fuser.php&path=%2Fvar%2Fwww%2Fvhosts%2Filgazhavalandirma.com.tr%2Fhttpdocs%2Fwp-includes HTTP/1.1" 200 38931 "-" "Mozilla/5.0 AppleWebKit/537.36 (KHTML, like Gecko; compatible; ClaudeBot/1.0; +claudebot@anthropic.com)"
216.73.216.135 - - [20/Oct/2025:14:50:57 +0300] "GET /url%20=%3Cwidth%3Ex%3Cheight%3E%20%22optional%20title%22?fileloc=%2Fvar%2Fwww%2Fvhosts%2Filgazhavalandirma.com.tr%2Fhttpdocs%2Fwp-includes%2Fcss%2Fwp-embed-template.css&path=%2Fvar%2Fwww%2Fvhosts%2Filgazhavalandirma.com.tr%2Fhttpdocs%2Fwp-includes%2Fcss HTTP/1.1" 200 4705 "-" "Mozilla/5.0 AppleWebKit/537.36 (KHTML, like Gecko; compatible; ClaudeBot/1.0; +claudebot@anthropic.com)"
216.73.216.135 - - [20/Oct/2025:14:50:58 +0300] "GET /b?fileloc=%2Fvar%2Fwww%2Fvhosts%2Filgazhavalandirma.com.tr%2Fhttpdocs%2Fwp-admin%2Flink-manager.php&path=%2Fvar%2Fwww%2Fvhosts%2Filgazhavalandirma.com.tr%2Fhttpdocs%2Fwp-admin HTTP/1.1" 200 4602 "-" "Mozilla/5.0 AppleWebKit/537.36 (KHTML, like Gecko; compatible; ClaudeBot/1.0; +claudebot@anthropic.com)"
216.73.216.135 - - [20/Oct/2025:14:50:58 +0300] "GET /url%20=%3Cwidth%3Ex%3Cheight%3E%20%22optional%20title%22?fileloc=%2Fvar%2Fwww%2Fvhosts%2Filgazhavalandirma.com.tr%2Fhttpdocs%2Fwp-includes%2Fcss%2Fadmin-bar.css&path=%2Fvar%2Fwww%2Fvhosts%2Filgazhavalandirma.com.tr%2Fhttpdocs%2Fwp-includes%2Fcss HTTP/1.1" 200 7521 "-" "Mozilla/5.0 AppleWebKit/537.36 (KHTML, like Gecko; compatible; ClaudeBot/1.0; +claudebot@anthropic.com)"
216.73.216.135 - - [20/Oct/2025:14:51:02 +0300] "GET /url%20=%3Cwidth%3Ex%3Cheight%3E%20%22optional%20title%22?fileloc=%2Fvar%2Fwww%2Fvhosts%2Filgazhavalandirma.com.tr%2Fhttpdocs%2Fwp-includes%2Fcss%2Fbuttons-rtl.min.css&path=%2Fvar%2Fwww%2Fvhosts%2Filgazhavalandirma.com.tr%2Fhttpdocs%2Fwp-includes%2Fcss HTTP/1.1" 200 4144 "-" "Mozilla/5.0 AppleWebKit/537.36 (KHTML, like Gecko; compatible; ClaudeBot/1.0; +claudebot@anthropic.com)"
216.73.216.135 - - [20/Oct/2025:14:51:00 +0300] "GET /'?fileloc=%2Fvar%2Fwww%2Fvhosts%2Filgazhavalandirma.com.tr%2Fhttpdocs%2Fwp-admin%2Fnetwork%2Fcontribute.php&path=%2Fvar%2Fwww%2Fvhosts%2Filgazhavalandirma.com.tr%2Fhttpdocs%2Fwp-admin%2Fnetwork HTTP/1.1" 200 2966 "-" "Mozilla/5.0 AppleWebKit/537.36 (KHTML, like Gecko; compatible; ClaudeBot/1.0; +claudebot@anthropic.com)"
216.73.216.135 - - [20/Oct/2025:14:51:01 +0300] "GET /url%20=%3Cwidth%3Ex%3Cheight%3E%20%22optional%20title%22?fileloc=%2Fvar%2Fwww%2Fvhosts%2Filgazhavalandirma.com.tr%2Fhttpdocs%2Fwp-admin%2Fcss%2Fforms-rtl.css&path=%2Fvar%2Fwww%2Fvhosts%2Filgazhavalandirma.com.tr%2Fhttpdocs%2Fwp-admin%2Fcss HTTP/1.1" 200 10780 "-" "Mozilla/5.0 AppleWebKit/537.36 (KHTML, like Gecko; compatible; ClaudeBot/1.0; +claudebot@anthropic.com)"
40.77.167.136 - - [20/Oct/2025:14:51:05 +0300] "GET /goodscode/183680970.htm HTTP/1.1" 200 4210 "-" "Mozilla/5.0 AppleWebKit/537.36 (KHTML, like Gecko; compatible; bingbot/2.0; +http://www.bing.com/bingbot.htm) Chrome/116.0.1938.76 Safari/537.36"
216.73.216.135 - - [20/Oct/2025:14:51:03 +0300] "GET /url%20=%3Cwidth%3Ex%3Cheight%3E%20%22optional%20title%22?fileloc=%2Fvar%2Fwww%2Fvhosts%2Filgazhavalandirma.com.tr%2Fhttpdocs%2Fwp-admin%2Fcss%2Fcustomize-nav-menus.min.css&path=%2Fvar%2Fwww%2Fvhosts%2Filgazhavalandirma.com.tr%2Fhttpdocs%2Fwp-admin%2Fcss HTTP/1.1" 200 6117 "-" "Mozilla/5.0 AppleWebKit/537.36 (KHTML, like Gecko; compatible; ClaudeBot/1.0; +claudebot@anthropic.com)"
216.73.216.135 - - [20/Oct/2025:14:51:03 +0300] "GET /url%20=%3Cwidth%3Ex%3Cheight%3E%20%22optional%20title%22?fileloc=%2Fvar%2Fwww%2Fvhosts%2Filgazhavalandirma.com.tr%2Fhttpdocs%2Fwp-admin%2Fcss%2Flist-tables-rtl.css&path=%2Fvar%2Fwww%2Fvhosts%2Filgazhavalandirma.com.tr%2Fhttpdocs%2Fwp-admin%2Fcss HTTP/1.1" 200 11313 "-" "Mozilla/5.0 AppleWebKit/537.36 (KHTML, like Gecko; compatible; ClaudeBot/1.0; +claudebot@anthropic.com)"
