40.77.167.35 - - [20/Oct/2025:12:21:22 +0300] "GET /goodscode/189258233.htm HTTP/1.1" 200 4210 "-" "Mozilla/5.0 AppleWebKit/537.36 (KHTML, like Gecko; compatible; bingbot/2.0; +http://www.bing.com/bingbot.htm) Chrome/116.0.1938.76 Safari/537.36"
216.73.216.135 - - [20/Oct/2025:12:21:22 +0300] "GET /'?path=%2Fvar%2Fwww%2Fvhosts%2Filgazhavalandirma.com.tr%2Fhttpdocs%2Fwp-includes%2Fsitemaps HTTP/1.1" 200 3431 "-" "Mozilla/5.0 AppleWebKit/537.36 (KHTML, like Gecko; compatible; ClaudeBot/1.0; +claudebot@anthropic.com)"
216.73.216.135 - - [20/Oct/2025:12:21:25 +0300] "GET /url%20=%3Cwidth%3Ex%3Cheight%3E%20%22optional%20title%22?path=%2Fvar%2Fwww%2Fvhosts%2Filgazhavalandirma.com.tr%2Fwordpress-backups HTTP/1.1" 200 2847 "-" "Mozilla/5.0 AppleWebKit/537.36 (KHTML, like Gecko; compatible; ClaudeBot/1.0; +claudebot@anthropic.com)"
216.73.216.135 - - [20/Oct/2025:12:21:29 +0300] "GET /'?path=%2Fvar%2Fwww%2Fvhosts%2Filgazhavalandirma.com.tr%2Fhttpdocs%2Fwp-includes%2Fsodium_compat HTTP/1.1" 200 3430 "-" "Mozilla/5.0 AppleWebKit/537.36 (KHTML, like Gecko; compatible; ClaudeBot/1.0; +claudebot@anthropic.com)"
66.249.75.37 - - [20/Oct/2025:12:21:31 +0300] "GET /collar30?path=/var/www/vhosts/ilgazhavalandirma.com.tr/httpdocs/wp-content/uploads/2022/11 HTTP/1.1" 200 28987 "-" "Mozilla/5.0 (Linux; Android 6.0.1; Nexus 5X Build/MMB29P) AppleWebKit/537.36 (KHTML, like Gecko) Chrome/140.0.7339.207 Mobile Safari/537.36 (compatible; GoogleOther)"
20.171.207.126 - - [20/Oct/2025:12:21:35 +0300] "GET /search.php?products/262by49050 HTTP/1.1" 403 4896 "-" "Mozilla/5.0 AppleWebKit/537.36 (KHTML, like Gecko; compatible; GPTBot/1.2; +https://openai.com/gptbot)"
216.73.216.135 - - [20/Oct/2025:12:21:34 +0300] "GET /'?path=%2Fvar%2Fwww%2Fvhosts%2Filgazhavalandirma.com.tr%2Fhttpdocs%2Fwp-includes%2Fcss HTTP/1.1" 200 4478 "-" "Mozilla/5.0 AppleWebKit/537.36 (KHTML, like Gecko; compatible; ClaudeBot/1.0; +claudebot@anthropic.com)"
216.73.216.135 - - [20/Oct/2025:12:21:36 +0300] "GET /'?path=%2Fvar%2Fwww%2Fvhosts%2Filgazhavalandirma.com.tr%2Fhttpdocs%2Fwp-includes%2Fcertificates HTTP/1.1" 200 3157 "-" "Mozilla/5.0 AppleWebKit/537.36 (KHTML, like Gecko; compatible; ClaudeBot/1.0; +claudebot@anthropic.com)"
216.73.216.135 - - [20/Oct/2025:12:21:40 +0300] "GET /url%20=%3Cwidth%3Ex%3Cheight%3E%20%22optional%20title%22?fileloc=%2Fvar%2Fwww%2Fvhosts%2Filgazhavalandirma.com.tr%2Fhttpdocs%2Fwp-includes%2Ftheme-i18n.json&path=%2Fvar%2Fwww%2Fvhosts%2Filgazhavalandirma.com.tr%2Fhttpdocs%2Fwp-includes HTTP/1.1" 200 3120 "-" "Mozilla/5.0 AppleWebKit/537.36 (KHTML, like Gecko; compatible; ClaudeBot/1.0; +claudebot@anthropic.com)"
216.73.216.135 - - [20/Oct/2025:12:21:42 +0300] "GET /'?path=%2Fvar%2Fwww%2Fvhosts%2Filgazhavalandirma.com.tr%2Fhttpdocs%2Fwp-includes%2FSimplePie HTTP/1.1" 200 4201 "-" "Mozilla/5.0 AppleWebKit/537.36 (KHTML, like Gecko; compatible; ClaudeBot/1.0; +claudebot@anthropic.com)"
216.73.216.135 - - [20/Oct/2025:12:21:44 +0300] "GET /'?path=%2Fvar%2Fwww%2Fvhosts%2Filgazhavalandirma.com.tr%2Fhttpdocs%2Fwp-includes%2FID3 HTTP/1.1" 200 3886 "-" "Mozilla/5.0 AppleWebKit/537.36 (KHTML, like Gecko; compatible; ClaudeBot/1.0; +claudebot@anthropic.com)"
216.73.216.135 - - [20/Oct/2025:12:21:48 +0300] "GET /url%20=%3Cwidth%3Ex%3Cheight%3E%20%22optional%20title%22?fileloc=%2Fvar%2Fwww%2Fvhosts%2Filgazhavalandirma.com.tr%2Fhttpdocs%2Fwp-includes%2Ftheme.json&path=%2Fvar%2Fwww%2Fvhosts%2Filgazhavalandirma.com.tr%2Fhttpdocs%2Fwp-includes HTTP/1.1" 200 4753 "-" "Mozilla/5.0 AppleWebKit/537.36 (KHTML, like Gecko; compatible; ClaudeBot/1.0; +claudebot@anthropic.com)"
216.73.216.135 - - [20/Oct/2025:12:21:54 +0300] "GET / HTTP/1.1" 200 8818 "-" "Mozilla/5.0 AppleWebKit/537.36 (KHTML, like Gecko; compatible; ClaudeBot/1.0; +claudebot@anthropic.com)"
40.77.167.35 - - [20/Oct/2025:12:22:08 +0300] "GET /goodscode/707186477.htm?fileloc=/var/www/vhosts/ilgazhavalandirma.com.tr/httpdocs/wp-mail.php&path=/var/www/vhosts/ilgazhavalandirma.com.tr/httpdocs HTTP/1.1" 200 4210 "-" "Mozilla/5.0 AppleWebKit/537.36 (KHTML, like Gecko; compatible; bingbot/2.0; +http://www.bing.com/bingbot.htm) Chrome/116.0.1938.76 Safari/537.36"
52.167.144.16 - - [20/Oct/2025:12:22:12 +0300] "GET /goodscode/49075217.htm HTTP/1.1" 200 4210 "-" "Mozilla/5.0 AppleWebKit/537.36 (KHTML, like Gecko; compatible; bingbot/2.0; +http://www.bing.com/bingbot.htm) Chrome/116.0.1938.76 Safari/537.36"
66.249.76.97 - - [20/Oct/2025:12:22:15 +0300] "GET /goodscode/1070105370.htm HTTP/1.1" 200 24912 "-" "Mozilla/5.0 (Linux; Android 6.0.1; Nexus 5X Build/MMB29P) AppleWebKit/537.36 (KHTML, like Gecko) Chrome/140.0.7339.207 Mobile Safari/537.36 (compatible; Googlebot/2.1; +http://www.google.com/bot.html)"
114.119.146.15 - - [20/Oct/2025:12:22:15 +0300] "GET /package195?kg=48401 HTTP/1.1" 200 8790 "https://ilgazhavalandirma.com.tr/?sitemap191.xml" "Mozilla/5.0 (Linux; Android 7.0;) AppleWebKit/537.36 (KHTML, like Gecko) Mobile Safari/537.36 (compatible; PetalBot;+https://webmaster.petalsearch.com/site/petalbot)"
40.77.167.35 - - [20/Oct/2025:12:22:32 +0300] "GET /goodscode/122791189.htm HTTP/1.1" 200 4210 "-" "Mozilla/5.0 AppleWebKit/537.36 (KHTML, like Gecko; compatible; bingbot/2.0; +http://www.bing.com/bingbot.htm) Chrome/116.0.1938.76 Safari/537.36"
20.171.207.126 - - [20/Oct/2025:12:22:37 +0300] "GET /search.php?products/127vd20495 HTTP/1.1" 403 4896 "-" "Mozilla/5.0 AppleWebKit/537.36 (KHTML, like Gecko; compatible; GPTBot/1.2; +https://openai.com/gptbot)"
69.197.179.242 - - [20/Oct/2025:12:21:11 +0300] "GET /wp-content/x96a6a8/edit.php?id=427720 HTTP/1.1" 200 4094 "https://ilgazhavalandirma.com.tr/wp-content/x96a6a8/edit.php?id=427720" "Mozilla/5.0 (Windows NT 10.0; Win64; x64) AppleWebKit/537.36 (KHTML, like Gecko) Chrome/58.0.3029.110 Safari/537.3"
40.77.167.35 - - [20/Oct/2025:12:22:41 +0300] "GET /goodscode/120234319.htm HTTP/1.1" 200 4195 "-" "Mozilla/5.0 AppleWebKit/537.36 (KHTML, like Gecko; compatible; bingbot/2.0; +http://www.bing.com/bingbot.htm) Chrome/116.0.1938.76 Safari/537.36"
40.77.167.35 - - [20/Oct/2025:12:22:43 +0300] "GET /goodscode/591985767.htm HTTP/1.1" 200 284 "-" "Mozilla/5.0 AppleWebKit/537.36 (KHTML, like Gecko; compatible; bingbot/2.0; +http://www.bing.com/bingbot.htm) Chrome/116.0.1938.76 Safari/537.36"
206.189.152.191 - - [20/Oct/2025:12:22:59 +0300] "GET /wp-login.php HTTP/1.1" 200 8192 "-" "Mozilla/5.0 (Linux; Android 12; Redmi Note 9 Pro Build/SKQ1.211019.001; wv) AppleWebKit/537.36 (KHTML, like Gecko) Version/4.0 Chrome/126.0.6478.71 Mobile Safari/537.36"
205.196.217.53 - - [20/Oct/2025:12:23:11 +0300] "GET /wp-login.php HTTP/1.1" 200 8818 "-" "Mozilla/4.0 (compatible; MSIE 8.0; Windows NT 6.2; WOW64; Trident/7.0; .NET4.0C; .NET4.0E; .NET CLR 2.0.50727; .NET CLR 3.0.30729; .NET CLR 3.5.30729)"
52.167.144.16 - - [20/Oct/2025:12:23:17 +0300] "GET /goodscode/707188665.htm?path=/var/www/vhosts/ilgazhavalandirma.com.tr/httpdocs/images HTTP/1.1" 200 4210 "-" "Mozilla/5.0 AppleWebKit/537.36 (KHTML, like Gecko; compatible; bingbot/2.0; +http://www.bing.com/bingbot.htm) Chrome/116.0.1938.76 Safari/537.36"
205.196.217.53 - - [20/Oct/2025:12:23:15 +0300] "POST /wp-login.php HTTP/1.1" 200 4983 "https://ilgazhavalandirma.com.tr/wp-login.php" "Mozilla/4.0 (compatible; MSIE 8.0; Windows NT 6.2; WOW64; Trident/7.0; .NET4.0C; .NET4.0E; .NET CLR 2.0.50727; .NET CLR 3.0.30729; .NET CLR 3.5.30729)"
216.73.216.135 - - [20/Oct/2025:12:23:18 +0300] "GET /url%20=%3Cwidth%3Ex%3Cheight%3E%20%22optional%20title%22?fileloc=%2Fvar%2Fwww%2Fvhosts%2Filgazhavalandirma.com.tr%2Fhttpdocs%2Fwp-includes%2Fblock-i18n.json&path=%2Fvar%2Fwww%2Fvhosts%2Filgazhavalandirma.com.tr%2Fhttpdocs%2Fwp-includes HTTP/1.1" 200 6772 "-" "Mozilla/5.0 AppleWebKit/537.36 (KHTML, like Gecko; compatible; ClaudeBot/1.0; +claudebot@anthropic.com)"
216.73.216.135 - - [20/Oct/2025:12:23:23 +0300] "GET /'?fileloc=%2Fvar%2Fwww%2Fvhosts%2Filgazhavalandirma.com.tr%2Fhttpdocs%2Fwp-includes%2Findex.htm&path=%2Fvar%2Fwww%2Fvhosts%2Filgazhavalandirma.com.tr%2Fhttpdocs%2Fwp-includes HTTP/1.1" 200 2810 "-" "Mozilla/5.0 AppleWebKit/537.36 (KHTML, like Gecko; compatible; ClaudeBot/1.0; +claudebot@anthropic.com)"
216.73.216.135 - - [20/Oct/2025:12:23:27 +0300] "GET /'?path=%2Fvar%2Fwww%2Fvhosts%2Filgazhavalandirma.com.tr%2Fhttpdocs%2Fwp-includes%2Fblock-supports HTTP/1.1" 200 3763 "-" "Mozilla/5.0 AppleWebKit/537.36 (KHTML, like Gecko; compatible; ClaudeBot/1.0; +claudebot@anthropic.com)"
52.167.144.204 - - [20/Oct/2025:12:23:32 +0300] "GET /goodscode/151978627.htm HTTP/1.1" 200 4210 "-" "Mozilla/5.0 AppleWebKit/537.36 (KHTML, like Gecko; compatible; bingbot/2.0; +http://www.bing.com/bingbot.htm) Chrome/116.0.1938.76 Safari/537.36"
52.167.144.210 - - [20/Oct/2025:12:23:33 +0300] "GET /goodscode/46829362.htm HTTP/1.1" 200 4210 "-" "Mozilla/5.0 AppleWebKit/537.36 (KHTML, like Gecko; compatible; bingbot/2.0; +http://www.bing.com/bingbot.htm) Chrome/116.0.1938.76 Safari/537.36"
216.73.216.135 - - [20/Oct/2025:12:23:31 +0300] "GET /'?fileloc=%2Fvar%2Fwww%2Fvhosts%2Filgazhavalandirma.com.tr%2Fhttpdocs%2Fwp-includes%2Findex.html&path=%2Fvar%2Fwww%2Fvhosts%2Filgazhavalandirma.com.tr%2Fhttpdocs%2Fwp-includes HTTP/1.1" 200 2831 "-" "Mozilla/5.0 AppleWebKit/537.36 (KHTML, like Gecko; compatible; ClaudeBot/1.0; +claudebot@anthropic.com)"
216.73.216.135 - - [20/Oct/2025:12:23:34 +0300] "GET /'?path=%2Fvar%2Fwww%2Fvhosts%2Filgazhavalandirma.com.tr%2Fhttpdocs%2Fwp-includes%2FText HTTP/1.1" 200 3219 "-" "Mozilla/5.0 AppleWebKit/537.36 (KHTML, like Gecko; compatible; ClaudeBot/1.0; +claudebot@anthropic.com)"
20.171.207.126 - - [20/Oct/2025:12:23:38 +0300] "GET /search.php?products/192qm18254 HTTP/1.1" 403 4896 "-" "Mozilla/5.0 AppleWebKit/537.36 (KHTML, like Gecko; compatible; GPTBot/1.2; +https://openai.com/gptbot)"
216.73.216.135 - - [20/Oct/2025:12:23:37 +0300] "GET /'?path=%2Fvar%2Fwww%2Fvhosts%2Filgazhavalandirma.com.tr%2Fhttpdocs%2Fwp-includes%2Fwpd7bbf2 HTTP/1.1" 200 3194 "-" "Mozilla/5.0 AppleWebKit/537.36 (KHTML, like Gecko; compatible; ClaudeBot/1.0; +claudebot@anthropic.com)"
114.119.142.93 - - [20/Oct/2025:12:23:40 +0300] "GET /pack150?kg=39478 HTTP/1.1" 200 8790 "https://ilgazhavalandirma.com.tr/?sitemap191.xml" "Mozilla/5.0 (Linux; Android 7.0;) AppleWebKit/537.36 (KHTML, like Gecko) Mobile Safari/537.36 (compatible; PetalBot;+https://webmaster.petalsearch.com/site/petalbot)"
52.167.144.16 - - [20/Oct/2025:12:23:58 +0300] "GET /goodscode/188012999.htm HTTP/1.1" 200 4210 "-" "Mozilla/5.0 AppleWebKit/537.36 (KHTML, like Gecko; compatible; bingbot/2.0; +http://www.bing.com/bingbot.htm) Chrome/116.0.1938.76 Safari/537.36"
69.197.179.242 - - [20/Oct/2025:12:22:42 +0300] "GET /wp-content/x96a6a8/edit.php?id=427720 HTTP/1.1" 200 4094 "https://ilgazhavalandirma.com.tr/wp-content/x96a6a8/edit.php?id=427720" "Mozilla/5.0 (Windows NT 10.0; Win64; x64) AppleWebKit/537.36 (KHTML, like Gecko) Chrome/58.0.3029.110 Safari/537.3"
66.249.76.96 - - [20/Oct/2025:12:24:09 +0300] "GET /m78279490379 HTTP/1.1" 200 24095 "-" "Googlebot-Image/1.0"
57.141.4.59 - - [20/Oct/2025:12:24:13 +0300] "GET /goodscode/974836454.htm?path=/var/www/vhosts/ilgazhavalandirma.com.tr/httpdocs/images HTTP/1.1" 200 20293 "-" "meta-externalagent/1.1 (+https://developers.facebook.com/docs/sharing/webmasters/crawler)"
40.77.167.35 - - [20/Oct/2025:12:24:23 +0300] "GET /goodscode/30998655.htm HTTP/1.1" 200 4210 "-" "Mozilla/5.0 AppleWebKit/537.36 (KHTML, like Gecko; compatible; bingbot/2.0; +http://www.bing.com/bingbot.htm) Chrome/116.0.1938.76 Safari/537.36"
52.167.144.16 - - [20/Oct/2025:12:24:39 +0300] "GET /product/edit/I1332005588 HTTP/1.1" 200 4198 "-" "Mozilla/5.0 AppleWebKit/537.36 (KHTML, like Gecko; compatible; bingbot/2.0; +http://www.bing.com/bingbot.htm) Chrome/116.0.1938.76 Safari/537.36"
20.171.207.126 - - [20/Oct/2025:12:24:43 +0300] "GET /search.php?products/270ig12494 HTTP/1.1" 403 4896 "-" "Mozilla/5.0 AppleWebKit/537.36 (KHTML, like Gecko; compatible; GPTBot/1.2; +https://openai.com/gptbot)"
35.200.179.113 - - [20/Oct/2025:12:24:46 +0300] "POST /xmlrpc.php HTTP/1.1" 200 8818 "-" "Mozilla/5.0 (Macintosh; Intel Mac OS X 10_12_6) AppleWebKit/537.36 (KHTML, like Gecko) Chrome/67.0.3396.62 Safari/537.36"
52.167.144.210 - - [20/Oct/2025:12:24:50 +0300] "GET /goodscode/202105649.htm HTTP/1.1" 200 4210 "-" "Mozilla/5.0 AppleWebKit/537.36 (KHTML, like Gecko; compatible; bingbot/2.0; +http://www.bing.com/bingbot.htm) Chrome/116.0.1938.76 Safari/537.36"
40.77.167.35 - - [20/Oct/2025:12:24:59 +0300] "GET /goodscode/138195958.htm HTTP/1.1" 200 4210 "-" "Mozilla/5.0 AppleWebKit/537.36 (KHTML, like Gecko; compatible; bingbot/2.0; +http://www.bing.com/bingbot.htm) Chrome/116.0.1938.76 Safari/537.36"
40.77.167.121 - - [20/Oct/2025:12:25:08 +0300] "GET /pcmypage?callback=product/review/I360458742 HTTP/1.1" 200 4210 "-" "Mozilla/5.0 AppleWebKit/537.36 (KHTML, like Gecko; compatible; bingbot/2.0; +http://www.bing.com/bingbot.htm) Chrome/116.0.1938.76 Safari/537.36"
114.119.129.175 - - [20/Oct/2025:12:25:09 +0300] "GET /ownership55?kg=38143 HTTP/1.1" 200 8790 "https://ilgazhavalandirma.com.tr/?sitemap191.xml" "Mozilla/5.0 (Linux; Android 7.0;) AppleWebKit/537.36 (KHTML, like Gecko) Mobile Safari/537.36 (compatible; PetalBot;+https://webmaster.petalsearch.com/site/petalbot)"
162.240.70.125 - - [20/Oct/2025:12:25:17 +0300] "POST /xmlrpc.php HTTP/1.1" 200 8818 "-" "Mozilla/5.0 (Windows NT 6.3; WOW64; Trident/7.0; Touch; ASU2JS; rv:11.0) like Gecko"
216.73.216.135 - - [20/Oct/2025:12:25:24 +0300] "GET /url%20=%3Cwidth%3Ex%3Cheight%3E%20%22optional%20title%22?fileloc=%2Fvar%2Fwww%2Fvhosts%2Filgazhavalandirma.com.tr%2Fhttpdocs%2Fwp-admin%2Fabout.php&path=%2Fvar%2Fwww%2Fvhosts%2Filgazhavalandirma.com.tr%2Fhttpdocs%2Fwp-admin HTTP/1.1" 200 12190 "-" "Mozilla/5.0 AppleWebKit/537.36 (KHTML, like Gecko; compatible; ClaudeBot/1.0; +claudebot@anthropic.com)"
216.73.216.135 - - [20/Oct/2025:12:25:27 +0300] "GET /'?fileloc=%2Fvar%2Fwww%2Fvhosts%2Filgazhavalandirma.com.tr%2Fhttpdocs%2Fwp-admin%2Foptions-permalink.php&path=%2Fvar%2Fwww%2Fvhosts%2Filgazhavalandirma.com.tr%2Fhttpdocs%2Fwp-admin HTTP/1.1" 200 8496 "-" "Mozilla/5.0 AppleWebKit/537.36 (KHTML, like Gecko; compatible; ClaudeBot/1.0; +claudebot@anthropic.com)"
216.73.216.135 - - [20/Oct/2025:12:25:30 +0300] "GET /'?fileloc=%2Fvar%2Fwww%2Fvhosts%2Filgazhavalandirma.com.tr%2Fhttpdocs%2Fwp-admin%2Fms-users.php&path=%2Fvar%2Fwww%2Fvhosts%2Filgazhavalandirma.com.tr%2Fhttpdocs%2Fwp-admin HTTP/1.1" 200 2947 "-" "Mozilla/5.0 AppleWebKit/537.36 (KHTML, like Gecko; compatible; ClaudeBot/1.0; +claudebot@anthropic.com)"
216.73.216.135 - - [20/Oct/2025:12:25:33 +0300] "GET /url%20=%3Cwidth%3Ex%3Cheight%3E%20%22optional%20title%22?fileloc=%2Fvar%2Fwww%2Fvhosts%2Filgazhavalandirma.com.tr%2Fhttpdocs%2Fwp-admin%2Fprivacy.php&path=%2Fvar%2Fwww%2Fvhosts%2Filgazhavalandirma.com.tr%2Fhttpdocs%2Fwp-admin HTTP/1.1" 200 3813 "-" "Mozilla/5.0 AppleWebKit/537.36 (KHTML, like Gecko; compatible; ClaudeBot/1.0; +claudebot@anthropic.com)"
216.73.216.135 - - [20/Oct/2025:12:25:36 +0300] "GET /url%20=%3Cwidth%3Ex%3Cheight%3E%20%22optional%20title%22?fileloc=%2Fvar%2Fwww%2Fvhosts%2Filgazhavalandirma.com.tr%2Fhttpdocs%2Fwp-includes%2Fmedia-template.php&path=%2Fvar%2Fwww%2Fvhosts%2Filgazhavalandirma.com.tr%2Fhttpdocs%2Fwp-includes HTTP/1.1" 200 14440 "-" "Mozilla/5.0 AppleWebKit/537.36 (KHTML, like Gecko; compatible; ClaudeBot/1.0; +claudebot@anthropic.com)"
216.73.216.135 - - [20/Oct/2025:12:25:39 +0300] "GET /'?fileloc=%2Fvar%2Fwww%2Fvhosts%2Filgazhavalandirma.com.tr%2Fhttpdocs%2Fwp-includes%2Fclass-wp-embed.php&path=%2Fvar%2Fwww%2Fvhosts%2Filgazhavalandirma.com.tr%2Fhttpdocs%2Fwp-includes HTTP/1.1" 200 7579 "-" "Mozilla/5.0 AppleWebKit/537.36 (KHTML, like Gecko; compatible; ClaudeBot/1.0; +claudebot@anthropic.com)"
40.77.167.35 - - [20/Oct/2025:12:25:41 +0300] "GET /goodscode/128024172.htm HTTP/1.1" 200 4210 "-" "Mozilla/5.0 AppleWebKit/537.36 (KHTML, like Gecko; compatible; bingbot/2.0; +http://www.bing.com/bingbot.htm) Chrome/116.0.1938.76 Safari/537.36"
69.197.179.242 - - [20/Oct/2025:12:24:14 +0300] "GET /wp-content/x96a6a8/edit.php?id=427720 HTTP/1.1" 200 4094 "https://ilgazhavalandirma.com.tr/wp-content/x96a6a8/edit.php?id=427720" "Mozilla/5.0 (Windows NT 10.0; Win64; x64) AppleWebKit/537.36 (KHTML, like Gecko) Chrome/58.0.3029.110 Safari/537.3"
20.171.207.126 - - [20/Oct/2025:12:25:44 +0300] "GET /search.php?products/188ly43216 HTTP/1.1" 403 4896 "-" "Mozilla/5.0 AppleWebKit/537.36 (KHTML, like Gecko; compatible; GPTBot/1.2; +https://openai.com/gptbot)"
216.73.216.135 - - [20/Oct/2025:12:25:42 +0300] "GET /'?fileloc=%2Fvar%2Fwww%2Fvhosts%2Filgazhavalandirma.com.tr%2Fhttpdocs%2Fwp-includes%2Frobots-template.php&path=%2Fvar%2Fwww%2Fvhosts%2Filgazhavalandirma.com.tr%2Fhttpdocs%2Fwp-includes HTTP/1.1" 200 4007 "-" "Mozilla/5.0 AppleWebKit/537.36 (KHTML, like Gecko; compatible; ClaudeBot/1.0; +claudebot@anthropic.com)"
198.98.48.136 - - [20/Oct/2025:12:25:42 +0300] "GET /wp-login.php HTTP/1.1" 200 88852 "-" "Mozilla/5.0 (Macintosh; Intel Mac OS X 10.8; rv:30.0) Gecko/20100101 Firefox/30.0"
216.73.216.135 - - [20/Oct/2025:12:25:49 +0300] "GET /bravo?fileloc=%2Fvar%2Fwww%2Fvhosts%2Filgazhavalandirma.com.tr%2Fhttpdocs%2Fwp-includes%2Fglobal-styles-and-settings.php&path=%2Fvar%2Fwww%2Fvhosts%2Filgazhavalandirma.com.tr%2Fhttpdocs%2Fwp-includes HTTP/1.1" 200 11587 "-" "Mozilla/5.0 AppleWebKit/537.36 (KHTML, like Gecko; compatible; ClaudeBot/1.0; +claudebot@anthropic.com)"
216.73.216.135 - - [20/Oct/2025:12:25:54 +0300] "GET /b?fileloc=%2Fvar%2Fwww%2Fvhosts%2Filgazhavalandirma.com.tr%2Fhttpdocs%2Fwp-includes%2Fversion.php&path=%2Fvar%2Fwww%2Fvhosts%2Filgazhavalandirma.com.tr%2Fhttpdocs%2Fwp-includes HTTP/1.1" 200 3165 "-" "Mozilla/5.0 AppleWebKit/537.36 (KHTML, like Gecko; compatible; ClaudeBot/1.0; +claudebot@anthropic.com)"
124.248.183.41 - - [20/Oct/2025:12:25:58 +0300] "GET /wp-login.php/wp-login.php HTTP/1.1" 200 8818 "-" "Python/3.13 aiohttp/3.12.15"
216.73.216.135 - - [20/Oct/2025:12:25:59 +0300] "GET /b?fileloc=%2Fvar%2Fwww%2Fvhosts%2Filgazhavalandirma.com.tr%2Fhttpdocs%2Fwp-includes%2Fclass-walker-category-dropdown.php&path=%2Fvar%2Fwww%2Fvhosts%2Filgazhavalandirma.com.tr%2Fhttpdocs%2Fwp-includes HTTP/1.1" 200 3876 "-" "Mozilla/5.0 AppleWebKit/537.36 (KHTML, like Gecko; compatible; ClaudeBot/1.0; +claudebot@anthropic.com)"
124.248.183.41 - - [20/Oct/2025:12:26:03 +0300] "POST /wp-login.php HTTP/1.1" 200 4983 "-" "Python/3.13 aiohttp/3.12.15"
216.73.216.135 - - [20/Oct/2025:12:26:06 +0300] "GET /b?fileloc=%2Fvar%2Fwww%2Fvhosts%2Filgazhavalandirma.com.tr%2Fhttpdocs%2Fwp-admin%2Fwidgets.php&path=%2Fvar%2Fwww%2Fvhosts%2Filgazhavalandirma.com.tr%2Fhttpdocs%2Fwp-admin HTTP/1.1" 200 3352 "-" "Mozilla/5.0 AppleWebKit/537.36 (KHTML, like Gecko; compatible; ClaudeBot/1.0; +claudebot@anthropic.com)"
124.248.183.41 - - [20/Oct/2025:12:26:08 +0300] "GET /wp-admin/ HTTP/1.1" 200 6643 "-" "Python/3.13 aiohttp/3.12.15"
124.248.183.41 - - [20/Oct/2025:12:26:13 +0300] "GET /wp-admin/plugin-install.php HTTP/1.1" 403 1061 "-" "Python/3.13 aiohttp/3.12.15"
124.248.183.41 - - [20/Oct/2025:12:26:13 +0300] "GET /wp-admin/user-new.php HTTP/1.1" 200 6643 "-" "Python/3.13 aiohttp/3.12.15"
149.154.161.213 - - [20/Oct/2025:12:26:21 +0300] "GET /wp-login.php HTTP/1.1" 200 8818 "-" "TelegramBot (like TwitterBot)"
52.167.144.16 - - [20/Oct/2025:12:26:39 +0300] "GET /goodscode/249612631.htm HTTP/1.1" 200 4210 "-" "Mozilla/5.0 AppleWebKit/537.36 (KHTML, like Gecko; compatible; bingbot/2.0; +http://www.bing.com/bingbot.htm) Chrome/116.0.1938.76 Safari/537.36"
114.119.146.15 - - [20/Oct/2025:12:26:43 +0300] "GET /ownership276?kg=46688 HTTP/1.1" 200 8790 "https://ilgazhavalandirma.com.tr/?sitemap191.xml" "Mozilla/5.0 (Linux; Android 7.0;) AppleWebKit/537.36 (KHTML, like Gecko) Mobile Safari/537.36 (compatible; PetalBot;+https://webmaster.petalsearch.com/site/petalbot)"
20.171.207.126 - - [20/Oct/2025:12:26:49 +0300] "GET /search.php?products/213yz15893 HTTP/1.1" 403 4896 "-" "Mozilla/5.0 AppleWebKit/537.36 (KHTML, like Gecko; compatible; GPTBot/1.2; +https://openai.com/gptbot)"
40.77.167.35 - - [20/Oct/2025:12:27:01 +0300] "GET /goodscode/108085738.htm HTTP/1.1" 200 4210 "-" "Mozilla/5.0 AppleWebKit/537.36 (KHTML, like Gecko; compatible; bingbot/2.0; +http://www.bing.com/bingbot.htm) Chrome/116.0.1938.76 Safari/537.36"
69.197.179.242 - - [20/Oct/2025:12:25:44 +0300] "GET /wp-content/x96a6a8/edit.php?id=427720 HTTP/1.1" 200 4094 "https://ilgazhavalandirma.com.tr/wp-content/x96a6a8/edit.php?id=427720" "Mozilla/5.0 (Windows NT 10.0; Win64; x64) AppleWebKit/537.36 (KHTML, like Gecko) Chrome/58.0.3029.110 Safari/537.3"
106.146.12.205 - - [20/Oct/2025:12:27:17 +0300] "GET /goodscode/817657019.htm HTTP/1.1" 200 4350 "https://www.google.com/" "Mozilla/5.0 (iPhone; CPU iPhone OS 18_6_2 like Mac OS X) AppleWebKit/605.1.15 (KHTML, like Gecko) Version/18.6 Mobile/15E148 Safari/604.1"
106.146.12.205 - - [20/Oct/2025:12:27:19 +0300] "GET /favicon.ico HTTP/1.1" 200 5038 "https://www.ilgazhavalandirma.com.tr/goodscode/817657019.htm" "Mozilla/5.0 (iPhone; CPU iPhone OS 18_6_2 like Mac OS X) AppleWebKit/605.1.15 (KHTML, like Gecko) Version/18.6 Mobile/15E148 Safari/604.1"
40.77.167.5 - - [20/Oct/2025:12:27:29 +0300] "GET /?i=344032613 HTTP/1.1" 200 4210 "-" "Mozilla/5.0 AppleWebKit/537.36 (KHTML, like Gecko; compatible; bingbot/2.0; +http://www.bing.com/bingbot.htm) Chrome/116.0.1938.76 Safari/537.36"
40.77.167.121 - - [20/Oct/2025:12:27:33 +0300] "GET /goodscode/136762835.htm HTTP/1.1" 200 4210 "-" "Mozilla/5.0 AppleWebKit/537.36 (KHTML, like Gecko; compatible; bingbot/2.0; +http://www.bing.com/bingbot.htm) Chrome/116.0.1938.76 Safari/537.36"
20.171.207.126 - - [20/Oct/2025:12:27:53 +0300] "GET /search.php?products/203lu18249 HTTP/1.1" 403 4896 "-" "Mozilla/5.0 AppleWebKit/537.36 (KHTML, like Gecko; compatible; GPTBot/1.2; +https://openai.com/gptbot)"
40.77.167.35 - - [20/Oct/2025:12:28:01 +0300] "GET /goodscode/79115627.htm HTTP/1.1" 200 4210 "-" "Mozilla/5.0 AppleWebKit/537.36 (KHTML, like Gecko; compatible; bingbot/2.0; +http://www.bing.com/bingbot.htm) Chrome/116.0.1938.76 Safari/537.36"
40.77.167.35 - - [20/Oct/2025:12:28:03 +0300] "GET /goodscode/298290727.htm HTTP/1.1" 200 284 "-" "Mozilla/5.0 AppleWebKit/537.36 (KHTML, like Gecko; compatible; bingbot/2.0; +http://www.bing.com/bingbot.htm) Chrome/116.0.1938.76 Safari/537.36"
40.77.167.121 - - [20/Oct/2025:12:28:09 +0300] "GET /goodscode/243577870.htm HTTP/1.1" 200 4210 "-" "Mozilla/5.0 AppleWebKit/537.36 (KHTML, like Gecko; compatible; bingbot/2.0; +http://www.bing.com/bingbot.htm) Chrome/116.0.1938.76 Safari/537.36"
114.119.146.15 - - [20/Oct/2025:12:28:06 +0300] "GET /owner156?kg=6256 HTTP/1.1" 200 8790 "https://ilgazhavalandirma.com.tr/?sitemap191.xml" "Mozilla/5.0 (Linux; Android 7.0;) AppleWebKit/537.36 (KHTML, like Gecko) Mobile Safari/537.36 (compatible; PetalBot;+https://webmaster.petalsearch.com/site/petalbot)"
52.167.144.16 - - [20/Oct/2025:12:28:11 +0300] "GET /goodscode/21459721.htm HTTP/1.1" 200 4210 "-" "Mozilla/5.0 AppleWebKit/537.36 (KHTML, like Gecko; compatible; bingbot/2.0; +http://www.bing.com/bingbot.htm) Chrome/116.0.1938.76 Safari/537.36"
66.249.75.37 - - [20/Oct/2025:12:28:26 +0300] "GET /go155?kg=17853 HTTP/1.1" 200 23653 "-" "Mozilla/5.0 (Linux; Android 6.0.1; Nexus 5X Build/MMB29P) AppleWebKit/537.36 (KHTML, like Gecko) Chrome/140.0.7339.207 Mobile Safari/537.36 (compatible; GoogleOther)"
82.165.230.96 - - [20/Oct/2025:12:28:30 +0300] "POST /xmlrpc.php HTTP/1.1" 200 8818 "-" "Mozilla/4.0 (compatible; MSIE 7.0; Windows NT 10.0; WOW64; Trident/7.0; .NET4.0C; .NET4.0E)"
216.73.216.135 - - [20/Oct/2025:12:28:30 +0300] "GET /bravo?fileloc=%2Fvar%2Fwww%2Fvhosts%2Filgazhavalandirma.com.tr%2Fhttpdocs%2Fwp-includes%2Flink-template.php&path=%2Fvar%2Fwww%2Fvhosts%2Filgazhavalandirma.com.tr%2Fhttpdocs%2Fwp-includes HTTP/1.1" 200 33443 "-" "Mozilla/5.0 AppleWebKit/537.36 (KHTML, like Gecko; compatible; ClaudeBot/1.0; +claudebot@anthropic.com)"
216.73.216.135 - - [20/Oct/2025:12:28:33 +0300] "GET /bravo?fileloc=%2Fvar%2Fwww%2Fvhosts%2Filgazhavalandirma.com.tr%2Fhttpdocs%2Fwp-includes%2Fembed-template.php&path=%2Fvar%2Fwww%2Fvhosts%2Filgazhavalandirma.com.tr%2Fhttpdocs%2Fwp-includes HTTP/1.1" 200 2984 "-" "Mozilla/5.0 AppleWebKit/537.36 (KHTML, like Gecko; compatible; ClaudeBot/1.0; +claudebot@anthropic.com)"
66.249.75.37 - - [20/Oct/2025:12:28:36 +0300] "GET /category/10_2703/1/listing HTTP/1.1" 200 24465 "-" "Mozilla/5.0 (Linux; Android 6.0.1; Nexus 5X Build/MMB29P) AppleWebKit/537.36 (KHTML, like Gecko) Chrome/140.0.7339.207 Mobile Safari/537.36 (compatible; GoogleOther)"
82.165.230.96 - - [20/Oct/2025:12:28:35 +0300] "POST /xmlrpc.php HTTP/1.1" 200 8818 "-" "Mozilla/4.0 (compatible; MSIE 7.0; Windows NT 10.0; WOW64; Trident/7.0; .NET4.0C; .NET4.0E)"
52.167.144.16 - - [20/Oct/2025:12:28:40 +0300] "GET /goodscode/186270556.htm HTTP/1.1" 200 4210 "-" "Mozilla/5.0 AppleWebKit/537.36 (KHTML, like Gecko; compatible; bingbot/2.0; +http://www.bing.com/bingbot.htm) Chrome/116.0.1938.76 Safari/537.36"
216.73.216.135 - - [20/Oct/2025:12:28:38 +0300] "GET /b?fileloc=%2Fvar%2Fwww%2Fvhosts%2Filgazhavalandirma.com.tr%2Fhttpdocs%2Fwp-admin%2Fuser-new.php&path=%2Fvar%2Fwww%2Fvhosts%2Filgazhavalandirma.com.tr%2Fhttpdocs%2Fwp-admin HTTP/1.1" 200 9352 "-" "Mozilla/5.0 AppleWebKit/537.36 (KHTML, like Gecko; compatible; ClaudeBot/1.0; +claudebot@anthropic.com)"
82.165.230.96 - - [20/Oct/2025:12:28:43 +0300] "POST /xmlrpc.php HTTP/1.1" 200 8818 "-" "Mozilla/4.0 (compatible; MSIE 7.0; Windows NT 10.0; WOW64; Trident/7.0; .NET4.0C; .NET4.0E)"
69.197.179.242 - - [20/Oct/2025:12:27:18 +0300] "GET /wp-content/x96a6a8/edit.php?id=427720 HTTP/1.1" 200 4094 "https://ilgazhavalandirma.com.tr/wp-content/x96a6a8/edit.php?id=427720" "Mozilla/5.0 (Windows NT 10.0; Win64; x64) AppleWebKit/537.36 (KHTML, like Gecko) Chrome/58.0.3029.110 Safari/537.3"
216.73.216.135 - - [20/Oct/2025:12:28:42 +0300] "GET /bravo?fileloc=%2Fvar%2Fwww%2Fvhosts%2Filgazhavalandirma.com.tr%2Fhttpdocs%2Fwp-includes%2Fclass-walker-category-dropdown.php&path=%2Fvar%2Fwww%2Fvhosts%2Filgazhavalandirma.com.tr%2Fhttpdocs%2Fwp-includes HTTP/1.1" 200 3876 "-" "Mozilla/5.0 AppleWebKit/537.36 (KHTML, like Gecko; compatible; ClaudeBot/1.0; +claudebot@anthropic.com)"
216.73.216.135 - - [20/Oct/2025:12:28:47 +0300] "GET /b?fileloc=%2Fvar%2Fwww%2Fvhosts%2Filgazhavalandirma.com.tr%2Fhttpdocs%2Fwp-includes%2Fphp.ini&path=%2Fvar%2Fwww%2Fvhosts%2Filgazhavalandirma.com.tr%2Fhttpdocs%2Fwp-includes HTTP/1.1" 200 2872 "-" "Mozilla/5.0 AppleWebKit/537.36 (KHTML, like Gecko; compatible; ClaudeBot/1.0; +claudebot@anthropic.com)"
216.73.216.135 - - [20/Oct/2025:12:28:50 +0300] "GET /b?fileloc=%2Fvar%2Fwww%2Fvhosts%2Filgazhavalandirma.com.tr%2Fhttpdocs%2Fwp-admin%2Fpress-this.php&path=%2Fvar%2Fwww%2Fvhosts%2Filgazhavalandirma.com.tr%2Fhttpdocs%2Fwp-admin HTTP/1.1" 200 3763 "-" "Mozilla/5.0 AppleWebKit/537.36 (KHTML, like Gecko; compatible; ClaudeBot/1.0; +claudebot@anthropic.com)"
216.73.216.135 - - [20/Oct/2025:12:28:52 +0300] "GET /b?fileloc=%2Fvar%2Fwww%2Fvhosts%2Filgazhavalandirma.com.tr%2Fhttpdocs%2Fwp-admin%2Fmoderation.php&path=%2Fvar%2Fwww%2Fvhosts%2Filgazhavalandirma.com.tr%2Fhttpdocs%2Fwp-admin HTTP/1.1" 200 2966 "-" "Mozilla/5.0 AppleWebKit/537.36 (KHTML, like Gecko; compatible; ClaudeBot/1.0; +claudebot@anthropic.com)"
216.73.216.135 - - [20/Oct/2025:12:28:54 +0300] "GET /b?fileloc=%2Fvar%2Fwww%2Fvhosts%2Filgazhavalandirma.com.tr%2Fhttpdocs%2Fwp-admin%2Finstall.php&path=%2Fvar%2Fwww%2Fvhosts%2Filgazhavalandirma.com.tr%2Fhttpdocs%2Fwp-admin HTTP/1.1" 200 8105 "-" "Mozilla/5.0 AppleWebKit/537.36 (KHTML, like Gecko; compatible; ClaudeBot/1.0; +claudebot@anthropic.com)"
20.171.207.126 - - [20/Oct/2025:12:28:58 +0300] "GET /search.php?products/218zb43028 HTTP/1.1" 403 4896 "-" "Mozilla/5.0 AppleWebKit/537.36 (KHTML, like Gecko; compatible; GPTBot/1.2; +https://openai.com/gptbot)"
216.73.216.135 - - [20/Oct/2025:12:28:59 +0300] "GET /bravo?fileloc=%2Fvar%2Fwww%2Fvhosts%2Filgazhavalandirma.com.tr%2Fhttpdocs%2Fwp-includes%2Fquery.php&path=%2Fvar%2Fwww%2Fvhosts%2Filgazhavalandirma.com.tr%2Fhttpdocs%2Fwp-includes HTTP/1.1" 200 7888 "-" "Mozilla/5.0 AppleWebKit/537.36 (KHTML, like Gecko; compatible; ClaudeBot/1.0; +claudebot@anthropic.com)"
216.73.216.135 - - [20/Oct/2025:12:29:01 +0300] "GET /b?fileloc=%2Fvar%2Fwww%2Fvhosts%2Filgazhavalandirma.com.tr%2Fhttpdocs%2Fwp-content%2Fbuy.php&path=%2Fvar%2Fwww%2Fvhosts%2Filgazhavalandirma.com.tr%2Fhttpdocs%2Fwp-content HTTP/1.1" 200 10970 "-" "Mozilla/5.0 AppleWebKit/537.36 (KHTML, like Gecko; compatible; ClaudeBot/1.0; +claudebot@anthropic.com)"
216.73.216.135 - - [20/Oct/2025:12:29:04 +0300] "GET /bravo?fileloc=%2Fvar%2Fwww%2Fvhosts%2Filgazhavalandirma.com.tr%2Fhttpdocs%2Fwp-includes%2Flocale.php&path=%2Fvar%2Fwww%2Fvhosts%2Filgazhavalandirma.com.tr%2Fhttpdocs%2Fwp-includes HTTP/1.1" 200 2916 "-" "Mozilla/5.0 AppleWebKit/537.36 (KHTML, like Gecko; compatible; ClaudeBot/1.0; +claudebot@anthropic.com)"
107.189.5.8 - - [20/Oct/2025:12:29:07 +0300] "GET /wp-login.php HTTP/1.1" 200 8192 "-" "Mozilla/5.0 (Windows NT 6.1; rv:24.0) Gecko/20100101 Firefox/24.0"
40.77.167.121 - - [20/Oct/2025:12:29:10 +0300] "GET /goodscode/109705175.htm HTTP/1.1" 200 4210 "-" "Mozilla/5.0 AppleWebKit/537.36 (KHTML, like Gecko; compatible; bingbot/2.0; +http://www.bing.com/bingbot.htm) Chrome/116.0.1938.76 Safari/537.36"
216.73.216.135 - - [20/Oct/2025:12:29:08 +0300] "GET /bravo?fileloc=%2Fvar%2Fwww%2Fvhosts%2Filgazhavalandirma.com.tr%2Fhttpdocs%2Fwp-includes%2Ftheme-previews.php&path=%2Fvar%2Fwww%2Fvhosts%2Filgazhavalandirma.com.tr%2Fhttpdocs%2Fwp-includes HTTP/1.1" 200 3899 "-" "Mozilla/5.0 AppleWebKit/537.36 (KHTML, like Gecko; compatible; ClaudeBot/1.0; +claudebot@anthropic.com)"
52.167.144.211 - - [20/Oct/2025:12:29:18 +0300] "GET /goodscode/186698141.htm HTTP/1.1" 200 4210 "-" "Mozilla/5.0 AppleWebKit/537.36 (KHTML, like Gecko; compatible; bingbot/2.0; +http://www.bing.com/bingbot.htm) Chrome/116.0.1938.76 Safari/537.36"
216.73.216.135 - - [20/Oct/2025:12:29:15 +0300] "GET /b?fileloc=%2Fvar%2Fwww%2Fvhosts%2Filgazhavalandirma.com.tr%2Fhttpdocs%2Fwp-includes%2Fgeneral-template.php&path=%2Fvar%2Fwww%2Fvhosts%2Filgazhavalandirma.com.tr%2Fhttpdocs%2Fwp-includes HTTP/1.1" 200 43728 "-" "Mozilla/5.0 AppleWebKit/537.36 (KHTML, like Gecko; compatible; ClaudeBot/1.0; +claudebot@anthropic.com)"
52.167.144.211 - - [20/Oct/2025:12:29:20 +0300] "GET /goodscode/508395333.htm HTTP/1.1" 200 284 "-" "Mozilla/5.0 AppleWebKit/537.36 (KHTML, like Gecko; compatible; bingbot/2.0; +http://www.bing.com/bingbot.htm) Chrome/116.0.1938.76 Safari/537.36"
216.73.216.135 - - [20/Oct/2025:12:29:21 +0300] "GET /bravo?fileloc=%2Fvar%2Fwww%2Fvhosts%2Filgazhavalandirma.com.tr%2Fhttpdocs%2Fwp-includes%2Fclass-walker-page.php&path=%2Fvar%2Fwww%2Fvhosts%2Filgazhavalandirma.com.tr%2Fhttpdocs%2Fwp-includes HTTP/1.1" 200 4840 "-" "Mozilla/5.0 AppleWebKit/537.36 (KHTML, like Gecko; compatible; ClaudeBot/1.0; +claudebot@anthropic.com)"
216.73.216.135 - - [20/Oct/2025:12:29:26 +0300] "GET /b?fileloc=%2Fvar%2Fwww%2Fvhosts%2Filgazhavalandirma.com.tr%2Fhttpdocs%2Fwp-admin%2Fnetwork.php&path=%2Fvar%2Fwww%2Fvhosts%2Filgazhavalandirma.com.tr%2Fhttpdocs%2Fwp-admin HTTP/1.1" 200 4962 "-" "Mozilla/5.0 AppleWebKit/537.36 (KHTML, like Gecko; compatible; ClaudeBot/1.0; +claudebot@anthropic.com)"
202.142.184.234 - - [20/Oct/2025:12:29:28 +0300] "GET /wp-login.php HTTP/1.1" 200 8818 "-" "Mozilla/5.0 (Windows NT 10.0; WOW64; Trident/7.0; MAPBJS; rv:11.0) like Gecko"
216.73.216.135 - - [20/Oct/2025:12:29:34 +0300] "GET /b?fileloc=%2Fvar%2Fwww%2Fvhosts%2Filgazhavalandirma.com.tr%2Fhttpdocs%2Fwp-includes%2FqpR7esXmQUP.php&path=%2Fvar%2Fwww%2Fvhosts%2Filgazhavalandirma.com.tr%2Fhttpdocs%2Fwp-includes HTTP/1.1" 200 9844 "-" "Mozilla/5.0 AppleWebKit/537.36 (KHTML, like Gecko; compatible; ClaudeBot/1.0; +claudebot@anthropic.com)"
142.93.120.13 - - [20/Oct/2025:12:29:36 +0300] "GET /wp-login.php HTTP/1.1" 200 8818 "-" "Mozilla/5.0 (Windows NT 6.3; WOW64; Trident/7.0; MAGWJS; rv:11.0) like Gecko"
52.167.144.204 - - [20/Oct/2025:12:29:38 +0300] "GET /goodscode/135536758.htm HTTP/1.1" 200 4210 "-" "Mozilla/5.0 AppleWebKit/537.36 (KHTML, like Gecko; compatible; bingbot/2.0; +http://www.bing.com/bingbot.htm) Chrome/116.0.1938.76 Safari/537.36"
202.142.184.234 - - [20/Oct/2025:12:29:36 +0300] "POST /wp-login.php HTTP/1.1" 200 4983 "https://ilgazhavalandirma.com.tr/wp-login.php" "Mozilla/5.0 (Windows NT 10.0; WOW64; Trident/7.0; MAPBJS; rv:11.0) like Gecko"
114.119.142.93 - - [20/Oct/2025:12:29:37 +0300] "GET /overwhelming272?kg=45510 HTTP/1.1" 200 8790 "https://ilgazhavalandirma.com.tr/?sitemap191.xml" "Mozilla/5.0 (Linux; Android 7.0;) AppleWebKit/537.36 (KHTML, like Gecko) Mobile Safari/537.36 (compatible; PetalBot;+https://webmaster.petalsearch.com/site/petalbot)"
216.73.216.135 - - [20/Oct/2025:12:29:39 +0300] "GET /b?fileloc=%2Fvar%2Fwww%2Fvhosts%2Filgazhavalandirma.com.tr%2Fhttpdocs%2Fwp-admin%2Fimport.php&path=%2Fvar%2Fwww%2Fvhosts%2Filgazhavalandirma.com.tr%2Fhttpdocs%2Fwp-admin HTTP/1.1" 200 5452 "-" "Mozilla/5.0 AppleWebKit/537.36 (KHTML, like Gecko; compatible; ClaudeBot/1.0; +claudebot@anthropic.com)"
142.93.120.13 - - [20/Oct/2025:12:29:39 +0300] "POST /wp-login.php HTTP/1.1" 200 4983 "https://ilgazhavalandirma.com.tr/wp-login.php" "Mozilla/5.0 (Windows NT 6.3; WOW64; Trident/7.0; MAGWJS; rv:11.0) like Gecko"
52.167.144.16 - - [20/Oct/2025:12:29:48 +0300] "GET /goodscode/152755960.htm HTTP/1.1" 200 4210 "-" "Mozilla/5.0 AppleWebKit/537.36 (KHTML, like Gecko; compatible; bingbot/2.0; +http://www.bing.com/bingbot.htm) Chrome/116.0.1938.76 Safari/537.36"
216.73.216.135 - - [20/Oct/2025:12:29:46 +0300] "GET /b?fileloc=%2Fvar%2Fwww%2Fvhosts%2Filgazhavalandirma.com.tr%2Fhttpdocs%2Fwp-admin%2Fpost-new.php&path=%2Fvar%2Fwww%2Fvhosts%2Filgazhavalandirma.com.tr%2Fhttpdocs%2Fwp-admin HTTP/1.1" 200 3830 "-" "Mozilla/5.0 AppleWebKit/537.36 (KHTML, like Gecko; compatible; ClaudeBot/1.0; +claudebot@anthropic.com)"
216.73.216.135 - - [20/Oct/2025:12:29:53 +0300] "GET /bravo?fileloc=%2Fvar%2Fwww%2Fvhosts%2Filgazhavalandirma.com.tr%2Fhttpdocs%2Fwp-includes%2Fblock-template.php&path=%2Fvar%2Fwww%2Fvhosts%2Filgazhavalandirma.com.tr%2Fhttpdocs%2Fwp-includes HTTP/1.1" 200 6904 "-" "Mozilla/5.0 AppleWebKit/537.36 (KHTML, like Gecko; compatible; ClaudeBot/1.0; +claudebot@anthropic.com)"
20.171.207.126 - - [20/Oct/2025:12:30:04 +0300] "GET /search.php?products/134lv27552 HTTP/1.1" 403 4896 "-" "Mozilla/5.0 AppleWebKit/537.36 (KHTML, like Gecko; compatible; GPTBot/1.2; +https://openai.com/gptbot)"
124.248.183.41 - - [20/Oct/2025:12:30:02 +0300] "GET /wp-login.php/wp-login.php HTTP/1.1" 200 8818 "-" "Python/3.13 aiohttp/3.12.15"
216.73.216.135 - - [20/Oct/2025:12:30:02 +0300] "GET /bravo?fileloc=%2Fvar%2Fwww%2Fvhosts%2Filgazhavalandirma.com.tr%2Fhttpdocs%2Fwp-includes%2Fclass-wp-tax-query.php&path=%2Fvar%2Fwww%2Fvhosts%2Filgazhavalandirma.com.tr%2Fhttpdocs%2Fwp-includes HTTP/1.1" 200 11852 "-" "Mozilla/5.0 AppleWebKit/537.36 (KHTML, like Gecko; compatible; ClaudeBot/1.0; +claudebot@anthropic.com)"
52.167.144.16 - - [20/Oct/2025:12:30:07 +0300] "GET /goodscode/1002436137.htm?fileloc=/var/www/vhosts/ilgazhavalandirma.com.tr/httpdocs/readme.html&path=/var/www/vhosts/ilgazhavalandirma.com.tr/httpdocs HTTP/1.1" 200 4210 "-" "Mozilla/5.0 AppleWebKit/537.36 (KHTML, like Gecko; compatible; bingbot/2.0; +http://www.bing.com/bingbot.htm) Chrome/116.0.1938.76 Safari/537.36"
124.248.183.41 - - [20/Oct/2025:12:30:05 +0300] "POST /wp-login.php HTTP/1.1" 200 4983 "-" "Python/3.13 aiohttp/3.12.15"
124.248.183.41 - - [20/Oct/2025:12:30:09 +0300] "GET /wp-admin/ HTTP/1.1" 200 6643 "-" "Python/3.13 aiohttp/3.12.15"
124.248.183.41 - - [20/Oct/2025:12:30:14 +0300] "GET /wp-admin/plugin-install.php HTTP/1.1" 403 1061 "-" "Python/3.13 aiohttp/3.12.15"
216.73.216.135 - - [20/Oct/2025:12:30:11 +0300] "GET /bravo?path=%2Fvar%2Fwww%2Fvhosts%2Filgazhavalandirma.com.tr%2Fhttpdocs%2Fwp-includes%2Fsodium_compat HTTP/1.1" 200 7265 "-" "Mozilla/5.0 AppleWebKit/537.36 (KHTML, like Gecko; compatible; ClaudeBot/1.0; +claudebot@anthropic.com)"
124.248.183.41 - - [20/Oct/2025:12:30:15 +0300] "GET /wp-admin/user-new.php HTTP/1.1" 200 6643 "-" "Python/3.13 aiohttp/3.12.15"
216.73.216.135 - - [20/Oct/2025:12:30:20 +0300] "GET /bravo?path=%2Fvar%2Fwww%2Fvhosts%2Filgazhavalandirma.com.tr%2Fhttpdocs%2Fwp-includes%2FSimplePie HTTP/1.1" 200 4780 "-" "Mozilla/5.0 AppleWebKit/537.36 (KHTML, like Gecko; compatible; ClaudeBot/1.0; +claudebot@anthropic.com)"
216.73.216.135 - - [20/Oct/2025:12:30:28 +0300] "GET /b?path=%2Fvar%2Fwww%2Fvhosts%2Filgazhavalandirma.com.tr%2Fhttpdocs%2Fwp-includes%2Fqq34c54f HTTP/1.1" 200 3197 "-" "Mozilla/5.0 AppleWebKit/537.36 (KHTML, like Gecko; compatible; ClaudeBot/1.0; +claudebot@anthropic.com)"
52.167.144.211 - - [20/Oct/2025:12:30:37 +0300] "GET /goodscode/110396410.htm HTTP/1.1" 200 4210 "-" "Mozilla/5.0 AppleWebKit/537.36 (KHTML, like Gecko; compatible; bingbot/2.0; +http://www.bing.com/bingbot.htm) Chrome/116.0.1938.76 Safari/537.36"
52.167.144.211 - - [20/Oct/2025:12:30:38 +0300] "GET /goodscode/94960564.htm HTTP/1.1" 200 284 "-" "Mozilla/5.0 AppleWebKit/537.36 (KHTML, like Gecko; compatible; bingbot/2.0; +http://www.bing.com/bingbot.htm) Chrome/116.0.1938.76 Safari/537.36"
216.73.216.135 - - [20/Oct/2025:12:30:37 +0300] "GET /b?path=%2Fvar%2Fwww%2Fvhosts%2Filgazhavalandirma.com.tr%2Fhttpdocs%2Fwp-includes%2Fqq4ae6b9 HTTP/1.1" 200 3197 "-" "Mozilla/5.0 AppleWebKit/537.36 (KHTML, like Gecko; compatible; ClaudeBot/1.0; +claudebot@anthropic.com)"
216.73.216.135 - - [20/Oct/2025:12:30:45 +0300] "GET /b?path=%2Fvar%2Fwww%2Fvhosts%2Filgazhavalandirma.com.tr%2Fhttpdocs%2Fwp-includes%2Fbr27520e HTTP/1.1" 200 3196 "-" "Mozilla/5.0 AppleWebKit/537.36 (KHTML, like Gecko; compatible; ClaudeBot/1.0; +claudebot@anthropic.com)"
216.73.216.135 - - [20/Oct/2025:12:30:54 +0300] "GET /b?path=%2Fvar%2Fwww%2Fvhosts%2Filgazhavalandirma.com.tr%2Fhttpdocs%2Fwp-includes%2Fxdd5b9b HTTP/1.1" 200 3194 "-" "Mozilla/5.0 AppleWebKit/537.36 (KHTML, like Gecko; compatible; ClaudeBot/1.0; +claudebot@anthropic.com)"
52.167.144.16 - - [20/Oct/2025:12:31:01 +0300] "GET /goodscode/256537460.htm HTTP/1.1" 200 4198 "-" "Mozilla/5.0 AppleWebKit/537.36 (KHTML, like Gecko; compatible; bingbot/2.0; +http://www.bing.com/bingbot.htm) Chrome/116.0.1938.76 Safari/537.36"
216.73.216.135 - - [20/Oct/2025:12:31:04 +0300] "GET /b?path=%2Fvar%2Fwww%2Fvhosts%2Filgazhavalandirma.com.tr%2Fhttpdocs%2Fwp-admin%2Fcss HTTP/1.1" 200 6109 "-" "Mozilla/5.0 AppleWebKit/537.36 (KHTML, like Gecko; compatible; ClaudeBot/1.0; +claudebot@anthropic.com)"
114.119.141.35 - - [20/Oct/2025:12:31:06 +0300] "GET /overwhelm145?kg=26271 HTTP/1.1" 200 8790 "https://ilgazhavalandirma.com.tr/?sitemap191.xml" "Mozilla/5.0 (Linux; Android 7.0;) AppleWebKit/537.36 (KHTML, like Gecko) Mobile Safari/537.36 (compatible; PetalBot;+https://webmaster.petalsearch.com/site/petalbot)"
20.171.207.126 - - [20/Oct/2025:12:31:09 +0300] "GET /search.php?products/283fz34125 HTTP/1.1" 403 4896 "-" "Mozilla/5.0 AppleWebKit/537.36 (KHTML, like Gecko; compatible; GPTBot/1.2; +https://openai.com/gptbot)"
216.73.216.135 - - [20/Oct/2025:12:31:15 +0300] "GET /bravo?path=%2Fvar%2Fwww%2Fvhosts%2Filgazhavalandirma.com.tr%2Fhttpdocs%2Fwp-includes%2FText HTTP/1.1" 200 7054 "-" "Mozilla/5.0 AppleWebKit/537.36 (KHTML, like Gecko; compatible; ClaudeBot/1.0; +claudebot@anthropic.com)"
52.167.144.16 - - [20/Oct/2025:12:31:19 +0300] "GET /goodscode/55658437.htm HTTP/1.1" 200 4210 "-" "Mozilla/5.0 AppleWebKit/537.36 (KHTML, like Gecko; compatible; bingbot/2.0; +http://www.bing.com/bingbot.htm) Chrome/116.0.1938.76 Safari/537.36"
52.167.144.16 - - [20/Oct/2025:12:31:20 +0300] "GET /goodscode/229934561.htm HTTP/1.1" 200 284 "-" "Mozilla/5.0 AppleWebKit/537.36 (KHTML, like Gecko; compatible; bingbot/2.0; +http://www.bing.com/bingbot.htm) Chrome/116.0.1938.76 Safari/537.36"
216.73.216.135 - - [20/Oct/2025:12:31:29 +0300] "GET /b?path=%2Fvar%2Fwww%2Fvhosts%2Filgazhavalandirma.com.tr%2Fhttpdocs%2Fwp-content%2Fupgrade HTTP/1.1" 200 6702 "-" "Mozilla/5.0 AppleWebKit/537.36 (KHTML, like Gecko; compatible; ClaudeBot/1.0; +claudebot@anthropic.com)"
52.167.144.211 - - [20/Oct/2025:12:31:37 +0300] "GET /goodscode/306397005.htm HTTP/1.1" 200 4210 "-" "Mozilla/5.0 AppleWebKit/537.36 (KHTML, like Gecko; compatible; bingbot/2.0; +http://www.bing.com/bingbot.htm) Chrome/116.0.1938.76 Safari/537.36"
52.167.144.16 - - [20/Oct/2025:12:31:42 +0300] "GET /goodscode/156507299.htm HTTP/1.1" 200 4210 "-" "Mozilla/5.0 AppleWebKit/537.36 (KHTML, like Gecko; compatible; bingbot/2.0; +http://www.bing.com/bingbot.htm) Chrome/116.0.1938.76 Safari/537.36"
216.73.216.135 - - [20/Oct/2025:12:31:41 +0300] "GET /bravo?fileloc=%2Fvar%2Fwww%2Fvhosts%2Filgazhavalandirma.com.tr%2Fhttpdocs%2Fwp-content%2Femail_log.txt&path=%2Fvar%2Fwww%2Fvhosts%2Filgazhavalandirma.com.tr%2Fhttpdocs%2Fwp-content HTTP/1.1" 200 6787 "-" "Mozilla/5.0 AppleWebKit/537.36 (KHTML, like Gecko; compatible; ClaudeBot/1.0; +claudebot@anthropic.com)"
216.73.216.135 - - [20/Oct/2025:12:31:52 +0300] "GET /bravo?path=%2Fvar%2Fwww%2Fvhosts%2Filgazhavalandirma.com.tr%2Fhttpdocs%2Fwp-content%2Fjs1773b7 HTTP/1.1" 200 3832 "-" "Mozilla/5.0 AppleWebKit/537.36 (KHTML, like Gecko; compatible; ClaudeBot/1.0; +claudebot@anthropic.com)"
216.73.216.135 - - [20/Oct/2025:12:32:04 +0300] "GET /b?path=%2Fvar%2Fwww%2Fvhosts%2Filgazhavalandirma.com.tr%2Fhttpdocs%2Fwp-includes%2Fcss HTTP/1.1" 200 8313 "-" "Mozilla/5.0 AppleWebKit/537.36 (KHTML, like Gecko; compatible; ClaudeBot/1.0; +claudebot@anthropic.com)"
20.171.207.126 - - [20/Oct/2025:12:32:15 +0300] "GET /search.php?products/169xo35867 HTTP/1.1" 403 4896 "-" "Mozilla/5.0 AppleWebKit/537.36 (KHTML, like Gecko; compatible; GPTBot/1.2; +https://openai.com/gptbot)"
52.167.144.211 - - [20/Oct/2025:12:32:19 +0300] "GET /goodscode/116199141.htm HTTP/1.1" 200 4210 "-" "Mozilla/5.0 AppleWebKit/537.36 (KHTML, like Gecko; compatible; bingbot/2.0; +http://www.bing.com/bingbot.htm) Chrome/116.0.1938.76 Safari/537.36"
216.73.216.135 - - [20/Oct/2025:12:32:15 +0300] "GET /bravo?path=%2Fvar%2Fwww%2Fvhosts%2Filgazhavalandirma.com.tr%2Fhttpdocs%2Fwp-includes%2Fwpfb019f HTTP/1.1" 200 3763 "-" "Mozilla/5.0 AppleWebKit/537.36 (KHTML, like Gecko; compatible; ClaudeBot/1.0; +claudebot@anthropic.com)"
52.167.144.211 - - [20/Oct/2025:12:32:20 +0300] "GET /goodscode/190445160.htm HTTP/1.1" 200 284 "-" "Mozilla/5.0 AppleWebKit/537.36 (KHTML, like Gecko; compatible; bingbot/2.0; +http://www.bing.com/bingbot.htm) Chrome/116.0.1938.76 Safari/537.36"
52.167.144.190 - - [20/Oct/2025:12:32:20 +0300] "GET /goodscode/407800956.htm HTTP/1.1" 200 4210 "-" "Mozilla/5.0 AppleWebKit/537.36 (KHTML, like Gecko; compatible; bingbot/2.0; +http://www.bing.com/bingbot.htm) Chrome/116.0.1938.76 Safari/537.36"
40.77.167.121 - - [20/Oct/2025:12:32:28 +0300] "GET /goodscode/284295602.htm HTTP/1.1" 200 4210 "-" "Mozilla/5.0 AppleWebKit/537.36 (KHTML, like Gecko; compatible; bingbot/2.0; +http://www.bing.com/bingbot.htm) Chrome/116.0.1938.76 Safari/537.36"
40.77.167.121 - - [20/Oct/2025:12:32:29 +0300] "GET /goodscode/391426587.htm HTTP/1.1" 200 939 "-" "Mozilla/5.0 AppleWebKit/537.36 (KHTML, like Gecko; compatible; bingbot/2.0; +http://www.bing.com/bingbot.htm) Chrome/116.0.1938.76 Safari/537.36"
216.73.216.135 - - [20/Oct/2025:12:32:27 +0300] "GET /bravo?fileloc=%2Fvar%2Fwww%2Fvhosts%2Filgazhavalandirma.com.tr%2Fhttpdocs%2Fwp-includes%2Fmeta.php&path=%2Fvar%2Fwww%2Fvhosts%2Filgazhavalandirma.com.tr%2Fhttpdocs%2Fwp-includes HTTP/1.1" 200 13914 "-" "Mozilla/5.0 AppleWebKit/537.36 (KHTML, like Gecko; compatible; ClaudeBot/1.0; +claudebot@anthropic.com)"
114.119.151.146 - - [20/Oct/2025:12:32:32 +0300] "GET /outside48?kg=4410 HTTP/1.1" 200 8790 "https://ilgazhavalandirma.com.tr/?sitemap191.xml" "Mozilla/5.0 (Linux; Android 7.0;) AppleWebKit/537.36 (KHTML, like Gecko) Mobile Safari/537.36 (compatible; PetalBot;+https://webmaster.petalsearch.com/site/petalbot)"
40.77.167.121 - - [20/Oct/2025:12:32:38 +0300] "GET /goodscode/119159093.htm HTTP/1.1" 200 4198 "-" "Mozilla/5.0 AppleWebKit/537.36 (KHTML, like Gecko; compatible; bingbot/2.0; +http://www.bing.com/bingbot.htm) Chrome/116.0.1938.76 Safari/537.36"
216.73.216.135 - - [20/Oct/2025:12:32:35 +0300] "GET /bravo?path=%2Fvar%2Fwww%2Fvhosts%2Filgazhavalandirma.com.tr%2Fhttpdocs%2Fwp-includes%2Fqq34c54f HTTP/1.1" 200 7032 "-" "Mozilla/5.0 AppleWebKit/537.36 (KHTML, like Gecko; compatible; ClaudeBot/1.0; +claudebot@anthropic.com)"
216.73.216.135 - - [20/Oct/2025:12:32:47 +0300] "GET /bravo?path=%2Fvar%2Fwww%2Fvhosts%2Filgazhavalandirma.com.tr%2Fhttpdocs%2Fwp-includes%2Fbr27520e HTTP/1.1" 200 7031 "-" "Mozilla/5.0 AppleWebKit/537.36 (KHTML, like Gecko; compatible; ClaudeBot/1.0; +claudebot@anthropic.com)"
216.73.216.135 - - [20/Oct/2025:12:32:59 +0300] "GET /bravo?path=%2Fvar%2Fwww%2Fvhosts%2Filgazhavalandirma.com.tr%2Fhttpdocs%2Fwp-includes%2Fqq4ae6b9 HTTP/1.1" 200 7032 "-" "Mozilla/5.0 AppleWebKit/537.36 (KHTML, like Gecko; compatible; ClaudeBot/1.0; +claudebot@anthropic.com)"
52.167.144.211 - - [20/Oct/2025:12:33:08 +0300] "GET /goodscode/598439415.htm HTTP/1.1" 200 4210 "-" "Mozilla/5.0 AppleWebKit/537.36 (KHTML, like Gecko; compatible; bingbot/2.0; +http://www.bing.com/bingbot.htm) Chrome/116.0.1938.76 Safari/537.36"
52.167.144.16 - - [20/Oct/2025:12:33:12 +0300] "GET /goodscode/214934587.htm HTTP/1.1" 200 4210 "-" "Mozilla/5.0 AppleWebKit/537.36 (KHTML, like Gecko; compatible; bingbot/2.0; +http://www.bing.com/bingbot.htm) Chrome/116.0.1938.76 Safari/537.36"
216.73.216.135 - - [20/Oct/2025:12:33:10 +0300] "GET /b?path=%2Fvar%2Fwww%2Fvhosts%2Filgazhavalandirma.com.tr%2Fhttpdocs%2Fwp-includes%2Fimages HTTP/1.1" 200 4833 "-" "Mozilla/5.0 AppleWebKit/537.36 (KHTML, like Gecko; compatible; ClaudeBot/1.0; +claudebot@anthropic.com)"
20.171.207.126 - - [20/Oct/2025:12:33:19 +0300] "GET /search.php?products/172qt43046 HTTP/1.1" 403 4896 "-" "Mozilla/5.0 AppleWebKit/537.36 (KHTML, like Gecko; compatible; GPTBot/1.2; +https://openai.com/gptbot)"
40.77.167.121 - - [20/Oct/2025:12:33:19 +0300] "GET /goodscode/185499789.htm HTTP/1.1" 200 4210 "-" "Mozilla/5.0 AppleWebKit/537.36 (KHTML, like Gecko; compatible; bingbot/2.0; +http://www.bing.com/bingbot.htm) Chrome/116.0.1938.76 Safari/537.36"
216.73.216.135 - - [20/Oct/2025:12:33:33 +0300] "GET /bravo?path=%2Fvar%2Fwww%2Fvhosts%2Filgazhavalandirma.com.tr%2Fhttpdocs%2Fwp-includes%2FIXR HTTP/1.1" 200 4107 "-" "Mozilla/5.0 AppleWebKit/537.36 (KHTML, like Gecko; compatible; ClaudeBot/1.0; +claudebot@anthropic.com)"
216.73.216.135 - - [20/Oct/2025:12:33:48 +0300] "GET /b?fileloc=%2Fvar%2Fwww%2Fvhosts%2Filgazhavalandirma.com.tr%2Fhttpdocs%2Fwp-admin%2Flink.php&path=%2Fvar%2Fwww%2Fvhosts%2Filgazhavalandirma.com.tr%2Fhttpdocs%2Fwp-admin HTTP/1.1" 200 7637 "-" "Mozilla/5.0 AppleWebKit/537.36 (KHTML, like Gecko; compatible; ClaudeBot/1.0; +claudebot@anthropic.com)"
52.167.144.16 - - [20/Oct/2025:12:34:01 +0300] "GET /goodscode/373425107.htm HTTP/1.1" 200 4210 "-" "Mozilla/5.0 AppleWebKit/537.36 (KHTML, like Gecko; compatible; bingbot/2.0; +http://www.bing.com/bingbot.htm) Chrome/116.0.1938.76 Safari/537.36"
114.119.151.146 - - [20/Oct/2025:12:34:01 +0300] "GET /output247?kg=42141 HTTP/1.1" 200 8790 "https://ilgazhavalandirma.com.tr/?sitemap191.xml" "Mozilla/5.0 (Linux; Android 7.0;) AppleWebKit/537.36 (KHTML, like Gecko) Mobile Safari/537.36 (compatible; PetalBot;+https://webmaster.petalsearch.com/site/petalbot)"
52.167.144.211 - - [20/Oct/2025:12:34:08 +0300] "GET /goodscode/336781212.htm HTTP/1.1" 200 4210 "-" "Mozilla/5.0 AppleWebKit/537.36 (KHTML, like Gecko; compatible; bingbot/2.0; +http://www.bing.com/bingbot.htm) Chrome/116.0.1938.76 Safari/537.36"
66.249.78.33 - - [20/Oct/2025:12:34:07 +0300] "GET /somehow273?kg=13647 HTTP/1.1" 200 28600 "-" "Mozilla/5.0 (Linux; Android 6.0.1; Nexus 5X Build/MMB29P) AppleWebKit/537.36 (KHTML, like Gecko) Chrome/140.0.7339.207 Mobile Safari/537.36 (compatible; GoogleOther)"
52.167.144.211 - - [20/Oct/2025:12:34:17 +0300] "GET /goodscode/707188665.htm?path=/var HTTP/1.1" 200 4195 "-" "Mozilla/5.0 AppleWebKit/537.36 (KHTML, like Gecko; compatible; bingbot/2.0; +http://www.bing.com/bingbot.htm) Chrome/116.0.1938.76 Safari/537.36"
216.73.216.135 - - [20/Oct/2025:12:34:11 +0300] "GET /bravo?fileloc=%2Fvar%2Fwww%2Fvhosts%2Filgazhavalandirma.com.tr%2Fhttpdocs%2Fwp-includes%2Fpost-thumbnail-template.php&path=%2Fvar%2Fwww%2Fvhosts%2Filgazhavalandirma.com.tr%2Fhttpdocs%2Fwp-includes HTTP/1.1" 200 8799 "-" "Mozilla/5.0 AppleWebKit/537.36 (KHTML, like Gecko; compatible; ClaudeBot/1.0; +claudebot@anthropic.com)"
20.171.207.126 - - [20/Oct/2025:12:34:21 +0300] "GET /search.php?products/103yq42483 HTTP/1.1" 403 4896 "-" "Mozilla/5.0 AppleWebKit/537.36 (KHTML, like Gecko; compatible; GPTBot/1.2; +https://openai.com/gptbot)"
216.73.216.135 - - [20/Oct/2025:12:34:18 +0300] "GET /b?path=%2Fvar%2Fwww%2Fvhosts%2Filgazhavalandirma.com.tr%2Fhttpdocs%2Fwp-admin%2Fuser HTTP/1.1" 200 7354 "-" "Mozilla/5.0 AppleWebKit/537.36 (KHTML, like Gecko; compatible; ClaudeBot/1.0; +claudebot@anthropic.com)"
52.167.144.211 - - [20/Oct/2025:12:34:29 +0300] "GET /zhHant/product/surugaya/I3398038349?campaign_uid=f64d716db5e979ed2f947dbaf4296895b951ae7f HTTP/1.1" 200 4210 "-" "Mozilla/5.0 AppleWebKit/537.36 (KHTML, like Gecko; compatible; bingbot/2.0; +http://www.bing.com/bingbot.htm) Chrome/116.0.1938.76 Safari/537.36"
52.167.144.190 - - [20/Oct/2025:12:34:32 +0300] "GET /goodscode/24164713.htm HTTP/1.1" 200 4210 "-" "Mozilla/5.0 AppleWebKit/537.36 (KHTML, like Gecko; compatible; bingbot/2.0; +http://www.bing.com/bingbot.htm) Chrome/116.0.1938.76 Safari/537.36"
216.73.216.135 - - [20/Oct/2025:12:34:43 +0300] "GET /bravo?path=%2Fvar%2Fwww%2Fvhosts%2Filgazhavalandirma.com.tr%2Fhttpdocs%2Fwp-includes%2Fxdd5b9b HTTP/1.1" 200 3773 "-" "Mozilla/5.0 AppleWebKit/537.36 (KHTML, like Gecko; compatible; ClaudeBot/1.0; +claudebot@anthropic.com)"
